Aug 26 06:11:47.556546 np0000008141 devstack@g-api.service[103009]: [pid: 103009|app: 0|req: 44/183] 127.0.0.1 () {44 vars in 1115 bytes} [Wed Aug 26 06:11:47 2026] GET /v2/images/3531c2ac-7cd5-414f-adc3-a7d3ba4255d3 => generated 1336 bytes in 17 msecs (HTTP/1.1 200) 4 headers in 158 bytes (1 switches on core 0)
Aug 26 06:11:47.608558 np0000008141 devstack@g-api.service[103008]: DEBUG glance.api.middleware.version_negotiation [None req-536553c3-7d79-4121-a77f-d3542574eb12 tempest-AttachVolumeShelveTestJSON-132485974 tempest-AttachVolumeShelveTestJSON-132485974-project-member] Determining version of request: GET /v2/schemas/image Accept: */* {{(pid=103008) process_request /opt/stack/glance/glance/api/middleware/version_negotiation.py:44}}
Aug 26 06:11:47.610101 np0000008141 devstack@g-api.service[103008]: DEBUG glance.api.middleware.version_negotiation [None req-536553c3-7d79-4121-a77f-d3542574eb12 tempest-AttachVolumeShelveTestJSON-132485974 tempest-AttachVolumeShelveTestJSON-132485974-project-member] Using url versioning {{(pid=103008) process_request /opt/stack/glance/glance/api/middleware/version_negotiation.py:57}}
Aug 26 06:11:47.610101 np0000008141 devstack@g-api.service[103008]: DEBUG glance.api.middleware.version_negotiation [None req-536553c3-7d79-4121-a77f-d3542574eb12 tempest-AttachVolumeShelveTestJSON-132485974 tempest-AttachVolumeShelveTestJSON-132485974-project-member] Matched version: v2 {{(pid=103008) process_request /opt/stack/glance/glance/api/middleware/version_negotiation.py:69}}
Aug 26 06:11:47.610101 np0000008141 devstack@g-api.service[103008]: DEBUG glance.api.middleware.version_negotiation [None req-536553c3-7d79-4121-a77f-d3542574eb12 tempest-AttachVolumeShelveTestJSON-132485974 tempest-AttachVolumeShelveTestJSON-132485974-project-member] new path /v2/schemas/image {{(pid=103008) process_request /opt/stack/glance/glance/api/middleware/version_negotiation.py:70}}
Aug 26 06:11:47.613141 np0000008141 devstack@g-api.service[103008]: [pid: 103008|app: 0|req: 47/184] 127.0.0.1 () {44 vars in 1055 bytes} [Wed Aug 26 06:11:47 2026] GET /v2/schemas/image => generated 6083 bytes in 5 msecs (HTTP/1.1 200) 4 headers in 158 bytes (1 switches on core 0)
Aug 26 06:11:47.676442 np0000008141 devstack@g-api.service[103010]: DEBUG glance.location [None req-5a51ab0f-8c81-4b14-a633-06b76a968e00 tempest-ServerBootFromVolumeStableRescueTest-97069215 tempest-ServerBootFromVolumeStableRescueTest-97069215-project-member] Enabling in-flight format inspection for qcow2 {{(pid=103010) set_data /opt/stack/glance/glance/location.py:596}}
Aug 26 06:11:47.677217 np0000008141 devstack@g-api.service[103010]: DEBUG glance_store.backend [None req-5a51ab0f-8c81-4b14-a633-06b76a968e00 tempest-ServerBootFromVolumeStableRescueTest-97069215 tempest-ServerBootFromVolumeStableRescueTest-97069215-project-member] Attempting to import store swift {{(pid=103010) _load_store /opt/stack/data/venv/lib/python3.12/site-packages/glance_store/backend.py:215}}
Aug 26 06:11:47.679230 np0000008141 devstack@g-api.service[103010]: DEBUG glance_store.capabilities [None req-5a51ab0f-8c81-4b14-a633-06b76a968e00 tempest-ServerBootFromVolumeStableRescueTest-97069215 tempest-ServerBootFromVolumeStableRescueTest-97069215-project-member] Store glance_store._drivers.swift.store.SingleTenantStore doesn't support updating dynamic storage capabilities. Please overwrite 'update_capabilities' method of the store to implement updating logics if needed. {{(pid=103010) update_capabilities /opt/stack/data/venv/lib/python3.12/site-packages/glance_store/capabilities.py:91}}
Aug 26 06:11:47.679485 np0000008141 devstack@g-api.service[103010]: DEBUG glance_store.driver [None req-5a51ab0f-8c81-4b14-a633-06b76a968e00 tempest-ServerBootFromVolumeStableRescueTest-97069215 tempest-ServerBootFromVolumeStableRescueTest-97069215-project-member] Late loading location class glance_store._drivers.swift.store.StoreLocation {{(pid=103010) get_store_location_class /opt/stack/data/venv/lib/python3.12/site-packages/glance_store/driver.py:134}}
Aug 26 06:11:47.679485 np0000008141 devstack@g-api.service[103010]: DEBUG glance_store.location [None req-5a51ab0f-8c81-4b14-a633-06b76a968e00 tempest-ServerBootFromVolumeStableRescueTest-97069215 tempest-ServerBootFromVolumeStableRescueTest-97069215-project-member] Registering scheme swift+https with {'store': , 'location_class': , 'store_entry': 'swift'} {{(pid=103010) register_scheme_map /opt/stack/data/venv/lib/python3.12/site-packages/glance_store/location.py:146}}
Aug 26 06:11:47.679894 np0000008141 devstack@g-api.service[103010]: DEBUG glance_store.location [None req-5a51ab0f-8c81-4b14-a633-06b76a968e00 tempest-ServerBootFromVolumeStableRescueTest-97069215 tempest-ServerBootFromVolumeStableRescueTest-97069215-project-member] Registering scheme swift+https with {'store': , 'location_class': , 'store_entry': 'swift'} {{(pid=103010) register_scheme_map /opt/stack/data/venv/lib/python3.12/site-packages/glance_store/location.py:146}}
Aug 26 06:11:47.679894 np0000008141 devstack@g-api.service[103010]: DEBUG glance_store.location [None req-5a51ab0f-8c81-4b14-a633-06b76a968e00 tempest-ServerBootFromVolumeStableRescueTest-97069215 tempest-ServerBootFromVolumeStableRescueTest-97069215-project-member] Registering scheme swift with {'store': , 'location_class': , 'store_entry': 'swift'} {{(pid=103010) register_scheme_map /opt/stack/data/venv/lib/python3.12/site-packages/glance_store/location.py:146}}
Aug 26 06:11:47.679894 np0000008141 devstack@g-api.service[103010]: DEBUG glance_store.location [None req-5a51ab0f-8c81-4b14-a633-06b76a968e00 tempest-ServerBootFromVolumeStableRescueTest-97069215 tempest-ServerBootFromVolumeStableRescueTest-97069215-project-member] Registering scheme swift+https with {'store': , 'location_class': , 'store_entry': 'swift'} {{(pid=103010) register_scheme_map /opt/stack/data/venv/lib/python3.12/site-packages/glance_store/location.py:146}}
Aug 26 06:11:47.679894 np0000008141 devstack@g-api.service[103010]: DEBUG glance_store.location [None req-5a51ab0f-8c81-4b14-a633-06b76a968e00 tempest-ServerBootFromVolumeStableRescueTest-97069215 tempest-ServerBootFromVolumeStableRescueTest-97069215-project-member] Registering scheme swift with {'store': , 'location_class': , 'store_entry': 'swift'} {{(pid=103010) register_scheme_map /opt/stack/data/venv/lib/python3.12/site-packages/glance_store/location.py:146}}
Aug 26 06:11:47.681715 np0000008141 devstack@g-api.service[103010]: DEBUG glance_store.location [None req-5a51ab0f-8c81-4b14-a633-06b76a968e00 tempest-ServerBootFromVolumeStableRescueTest-97069215 tempest-ServerBootFromVolumeStableRescueTest-97069215-project-member] Registering scheme swift+http with {'store': , 'location_class': , 'store_entry': 'swift'} {{(pid=103010) register_scheme_map /opt/stack/data/venv/lib/python3.12/site-packages/glance_store/location.py:146}}
Aug 26 06:11:47.681715 np0000008141 devstack@g-api.service[103010]: DEBUG glance_store.location [None req-5a51ab0f-8c81-4b14-a633-06b76a968e00 tempest-ServerBootFromVolumeStableRescueTest-97069215 tempest-ServerBootFromVolumeStableRescueTest-97069215-project-member] Registering scheme swift+https with {'store': , 'location_class': , 'store_entry': 'swift'} {{(pid=103010) register_scheme_map /opt/stack/data/venv/lib/python3.12/site-packages/glance_store/location.py:146}}
Aug 26 06:11:47.681715 np0000008141 devstack@g-api.service[103010]: DEBUG glance_store.location [None req-5a51ab0f-8c81-4b14-a633-06b76a968e00 tempest-ServerBootFromVolumeStableRescueTest-97069215 tempest-ServerBootFromVolumeStableRescueTest-97069215-project-member] Registering scheme swift with {'store': , 'location_class': , 'store_entry': 'swift'} {{(pid=103010) register_scheme_map /opt/stack/data/venv/lib/python3.12/site-packages/glance_store/location.py:146}}
Aug 26 06:11:47.681715 np0000008141 devstack@g-api.service[103010]: DEBUG glance_store.location [None req-5a51ab0f-8c81-4b14-a633-06b76a968e00 tempest-ServerBootFromVolumeStableRescueTest-97069215 tempest-ServerBootFromVolumeStableRescueTest-97069215-project-member] Registering scheme swift+http with {'store': , 'location_class': , 'store_entry': 'swift'} {{(pid=103010) register_scheme_map /opt/stack/data/venv/lib/python3.12/site-packages/glance_store/location.py:146}}
Aug 26 06:11:47.681715 np0000008141 devstack@g-api.service[103010]: DEBUG glance_store.location [None req-5a51ab0f-8c81-4b14-a633-06b76a968e00 tempest-ServerBootFromVolumeStableRescueTest-97069215 tempest-ServerBootFromVolumeStableRescueTest-97069215-project-member] Registering scheme swift+config with {'store': , 'location_class': , 'store_entry': 'swift'} {{(pid=103010) register_scheme_map /opt/stack/data/venv/lib/python3.12/site-packages/glance_store/location.py:146}}
Aug 26 06:11:48.058173 np0000008141 devstack@g-api.service[103007]: DEBUG glance.api.middleware.version_negotiation [None req-b0e40258-fd7d-4139-ac2d-8013696f134b tempest-ServerBootFromVolumeStableRescueTest-97069215 tempest-ServerBootFromVolumeStableRescueTest-97069215-project-member] Determining version of request: GET /v2/images/38e34090-dca2-4da3-9121-9213af929bcc Accept: application/json {{(pid=103007) process_request /opt/stack/glance/glance/api/middleware/version_negotiation.py:44}}
Aug 26 06:11:48.058468 np0000008141 devstack@g-api.service[103007]: DEBUG glance.api.middleware.version_negotiation [None req-b0e40258-fd7d-4139-ac2d-8013696f134b tempest-ServerBootFromVolumeStableRescueTest-97069215 tempest-ServerBootFromVolumeStableRescueTest-97069215-project-member] Using url versioning {{(pid=103007) process_request /opt/stack/glance/glance/api/middleware/version_negotiation.py:57}}
Aug 26 06:11:48.058622 np0000008141 devstack@g-api.service[103007]: DEBUG glance.api.middleware.version_negotiation [None req-b0e40258-fd7d-4139-ac2d-8013696f134b tempest-ServerBootFromVolumeStableRescueTest-97069215 tempest-ServerBootFromVolumeStableRescueTest-97069215-project-member] Matched version: v2 {{(pid=103007) process_request /opt/stack/glance/glance/api/middleware/version_negotiation.py:69}}
Aug 26 06:11:48.059228 np0000008141 devstack@g-api.service[103007]: DEBUG glance.api.middleware.version_negotiation [None req-b0e40258-fd7d-4139-ac2d-8013696f134b tempest-ServerBootFromVolumeStableRescueTest-97069215 tempest-ServerBootFromVolumeStableRescueTest-97069215-project-member] new path /v2/images/38e34090-dca2-4da3-9121-9213af929bcc {{(pid=103007) process_request /opt/stack/glance/glance/api/middleware/version_negotiation.py:70}}
Aug 26 06:11:48.078215 np0000008141 devstack@g-api.service[103007]: [pid: 103007|app: 0|req: 48/185] 127.0.0.1 () {40 vars in 838 bytes} [Wed Aug 26 06:11:48 2026] GET /v2/images/38e34090-dca2-4da3-9121-9213af929bcc => generated 1466 bytes in 20 msecs (HTTP/1.1 200) 4 headers in 158 bytes (1 switches on core 0)
Aug 26 06:11:48.167219 np0000008141 devstack@g-api.service[103010]: DEBUG swiftclient [None req-5a51ab0f-8c81-4b14-a633-06b76a968e00 tempest-ServerBootFromVolumeStableRescueTest-97069215 tempest-ServerBootFromVolumeStableRescueTest-97069215-project-member] REQ: curl -i https://10.4.3.136:8080/v1/AUTH_16f818aef783429289f3037e9ecb8519/glance -I -H "X-Auth-Token: gAAAAABqjoOjiGMc..." {{(pid=103010) http_log /opt/stack/data/venv/lib/python3.12/site-packages/swiftclient/client.py:160}}
Aug 26 06:11:48.167359 np0000008141 devstack@g-api.service[103010]: DEBUG swiftclient [None req-5a51ab0f-8c81-4b14-a633-06b76a968e00 tempest-ServerBootFromVolumeStableRescueTest-97069215 tempest-ServerBootFromVolumeStableRescueTest-97069215-project-member] RESP STATUS: 204 No Content {{(pid=103010) http_log /opt/stack/data/venv/lib/python3.12/site-packages/swiftclient/client.py:161}}
Aug 26 06:11:48.168187 np0000008141 devstack@g-api.service[103010]: DEBUG swiftclient [None req-5a51ab0f-8c81-4b14-a633-06b76a968e00 tempest-ServerBootFromVolumeStableRescueTest-97069215 tempest-ServerBootFromVolumeStableRescueTest-97069215-project-member] RESP HEADERS: {'Date': 'Wed, 26 Aug 2026 06:11:48 GMT', 'Server': 'Apache/2.4.58 (Ubuntu)', 'Content-Type': 'text/plain; charset=utf-8', 'X-Container-Object-Count': '3', 'X-Container-Bytes-Used': '64356352', 'X-Timestamp': '1787724373.07620', 'Last-Modified': 'Wed, 26 Aug 2026 06:06:14 GMT', 'Accept-Ranges': 'bytes', 'X-Storage-Policy': 'Policy-0', 'X-Container-Sharding': 'False', 'Vary': 'Accept', 'X-Trans-Id': 'txf0b7ca5c4b2f4d8bbadfe-006a8e83a3', 'X-Openstack-Request-Id': 'txf0b7ca5c4b2f4d8bbadfe-006a8e83a3', 'Connection': 'close'} {{(pid=103010) http_log /opt/stack/data/venv/lib/python3.12/site-packages/swiftclient/client.py:162}}
Aug 26 06:11:48.168187 np0000008141 devstack@g-api.service[103010]: DEBUG glance_store._drivers.swift.store [None req-5a51ab0f-8c81-4b14-a633-06b76a968e00 tempest-ServerBootFromVolumeStableRescueTest-97069215 tempest-ServerBootFromVolumeStableRescueTest-97069215-project-member] Adding image object '38e34090-dca2-4da3-9121-9213af929bcc' to Swift {{(pid=103010) add /opt/stack/data/venv/lib/python3.12/site-packages/glance_store/_drivers/swift/store.py:970}}
Aug 26 06:11:48.168655 np0000008141 devstack@g-api.service[103010]: DEBUG glance_store._drivers.swift.store [None req-5a51ab0f-8c81-4b14-a633-06b76a968e00 tempest-ServerBootFromVolumeStableRescueTest-97069215 tempest-ServerBootFromVolumeStableRescueTest-97069215-project-member] Cannot determine image size because it is either not provided in the request or chunked-transfer encoding is used. Adding image as a segmented object to Swift. {{(pid=103010) add /opt/stack/data/venv/lib/python3.12/site-packages/glance_store/_drivers/swift/store.py:994}}
Aug 26 06:11:48.175646 np0000008141 devstack@g-api.service[103010]: DEBUG oslo_utils.imageutils.format_inspector [None req-5a51ab0f-8c81-4b14-a633-06b76a968e00 tempest-ServerBootFromVolumeStableRescueTest-97069215 tempest-ServerBootFromVolumeStableRescueTest-97069215-project-member] Format inspector for vmdk does not match, excluding from consideration (Signature KDMV not found: b'QFI\xfb') {{(pid=103010) _process_chunk /opt/stack/data/venv/lib/python3.12/site-packages/oslo_utils/imageutils/format_inspector.py:1758}}
Aug 26 06:11:48.179039 np0000008141 devstack@g-api.service[103010]: DEBUG oslo_utils.imageutils.format_inspector [None req-5a51ab0f-8c81-4b14-a633-06b76a968e00 tempest-ServerBootFromVolumeStableRescueTest-97069215 tempest-ServerBootFromVolumeStableRescueTest-97069215-project-member] Format inspector for vhdx does not match, excluding from consideration (Region signature not found at 30000) {{(pid=103010) _process_chunk /opt/stack/data/venv/lib/python3.12/site-packages/oslo_utils/imageutils/format_inspector.py:1758}}
Aug 26 06:11:48.386668 np0000008141 devstack@g-api.service[103009]: DEBUG glance.api.middleware.version_negotiation [None req-536553c3-7d79-4121-a77f-d3542574eb12 tempest-AttachVolumeShelveTestJSON-132485974 tempest-AttachVolumeShelveTestJSON-132485974-project-member] Determining version of request: GET /v2/images/3531c2ac-7cd5-414f-adc3-a7d3ba4255d3 Accept: */* {{(pid=103009) process_request /opt/stack/glance/glance/api/middleware/version_negotiation.py:44}}
Aug 26 06:11:48.388457 np0000008141 devstack@g-api.service[103009]: DEBUG glance.api.middleware.version_negotiation [None req-536553c3-7d79-4121-a77f-d3542574eb12 tempest-AttachVolumeShelveTestJSON-132485974 tempest-AttachVolumeShelveTestJSON-132485974-project-member] Using url versioning {{(pid=103009) process_request /opt/stack/glance/glance/api/middleware/version_negotiation.py:57}}
Aug 26 06:11:48.388457 np0000008141 devstack@g-api.service[103009]: DEBUG glance.api.middleware.version_negotiation [None req-536553c3-7d79-4121-a77f-d3542574eb12 tempest-AttachVolumeShelveTestJSON-132485974 tempest-AttachVolumeShelveTestJSON-132485974-project-member] Matched version: v2 {{(pid=103009) process_request /opt/stack/glance/glance/api/middleware/version_negotiation.py:69}}
Aug 26 06:11:48.388457 np0000008141 devstack@g-api.service[103009]: DEBUG glance.api.middleware.version_negotiation [None req-536553c3-7d79-4121-a77f-d3542574eb12 tempest-AttachVolumeShelveTestJSON-132485974 tempest-AttachVolumeShelveTestJSON-132485974-project-member] new path /v2/images/3531c2ac-7cd5-414f-adc3-a7d3ba4255d3 {{(pid=103009) process_request /opt/stack/glance/glance/api/middleware/version_negotiation.py:70}}
Aug 26 06:11:48.408212 np0000008141 devstack@g-api.service[103009]: [pid: 103009|app: 0|req: 45/186] 127.0.0.1 () {44 vars in 1115 bytes} [Wed Aug 26 06:11:48 2026] GET /v2/images/3531c2ac-7cd5-414f-adc3-a7d3ba4255d3 => generated 1336 bytes in 21 msecs (HTTP/1.1 200) 4 headers in 158 bytes (1 switches on core 0)
Aug 26 06:11:48.469055 np0000008141 devstack@g-api.service[103008]: DEBUG glance.api.middleware.version_negotiation [None req-536553c3-7d79-4121-a77f-d3542574eb12 tempest-AttachVolumeShelveTestJSON-132485974 tempest-AttachVolumeShelveTestJSON-132485974-project-member] Determining version of request: GET /v2/schemas/image Accept: */* {{(pid=103008) process_request /opt/stack/glance/glance/api/middleware/version_negotiation.py:44}}
Aug 26 06:11:48.469462 np0000008141 devstack@g-api.service[103008]: DEBUG glance.api.middleware.version_negotiation [None req-536553c3-7d79-4121-a77f-d3542574eb12 tempest-AttachVolumeShelveTestJSON-132485974 tempest-AttachVolumeShelveTestJSON-132485974-project-member] Using url versioning {{(pid=103008) process_request /opt/stack/glance/glance/api/middleware/version_negotiation.py:57}}
Aug 26 06:11:48.469462 np0000008141 devstack@g-api.service[103008]: DEBUG glance.api.middleware.version_negotiation [None req-536553c3-7d79-4121-a77f-d3542574eb12 tempest-AttachVolumeShelveTestJSON-132485974 tempest-AttachVolumeShelveTestJSON-132485974-project-member] Matched version: v2 {{(pid=103008) process_request /opt/stack/glance/glance/api/middleware/version_negotiation.py:69}}
Aug 26 06:11:48.469462 np0000008141 devstack@g-api.service[103008]: DEBUG glance.api.middleware.version_negotiation [None req-536553c3-7d79-4121-a77f-d3542574eb12 tempest-AttachVolumeShelveTestJSON-132485974 tempest-AttachVolumeShelveTestJSON-132485974-project-member] new path /v2/schemas/image {{(pid=103008) process_request /opt/stack/glance/glance/api/middleware/version_negotiation.py:70}}
Aug 26 06:11:48.476867 np0000008141 devstack@g-api.service[103008]: [pid: 103008|app: 0|req: 48/187] 127.0.0.1 () {44 vars in 1055 bytes} [Wed Aug 26 06:11:48 2026] GET /v2/schemas/image => generated 6083 bytes in 7 msecs (HTTP/1.1 200) 4 headers in 158 bytes (1 switches on core 0)
Aug 26 06:11:48.506847 np0000008141 devstack@g-api.service[103010]: DEBUG swiftclient [None req-5a51ab0f-8c81-4b14-a633-06b76a968e00 tempest-ServerBootFromVolumeStableRescueTest-97069215 tempest-ServerBootFromVolumeStableRescueTest-97069215-project-member] REQ: curl -i https://10.4.3.136:8080/v1/AUTH_16f818aef783429289f3037e9ecb8519/glance/38e34090-dca2-4da3-9121-9213af929bcc-00001 -X PUT -H "X-Auth-Token: gAAAAABqjoOjiGMc..." {{(pid=103010) http_log /opt/stack/data/venv/lib/python3.12/site-packages/swiftclient/client.py:160}}
Aug 26 06:11:48.506994 np0000008141 devstack@g-api.service[103010]: DEBUG swiftclient [None req-5a51ab0f-8c81-4b14-a633-06b76a968e00 tempest-ServerBootFromVolumeStableRescueTest-97069215 tempest-ServerBootFromVolumeStableRescueTest-97069215-project-member] RESP STATUS: 201 Created {{(pid=103010) http_log /opt/stack/data/venv/lib/python3.12/site-packages/swiftclient/client.py:161}}
Aug 26 06:11:48.507221 np0000008141 devstack@g-api.service[103010]: DEBUG swiftclient [None req-5a51ab0f-8c81-4b14-a633-06b76a968e00 tempest-ServerBootFromVolumeStableRescueTest-97069215 tempest-ServerBootFromVolumeStableRescueTest-97069215-project-member] RESP HEADERS: {'Date': 'Wed, 26 Aug 2026 06:11:48 GMT', 'Server': 'Apache/2.4.58 (Ubuntu)', 'Content-Type': 'text/html; charset=UTF-8', 'Content-Length': '0', 'Etag': '4fa343ee581d8d2e78533191fd1ac3e1', 'Last-Modified': 'Wed, 26 Aug 2026 06:11:49 GMT', 'X-Trans-Id': 'txa9a2ef31c76c499d9c656-006a8e83a4', 'X-Openstack-Request-Id': 'txa9a2ef31c76c499d9c656-006a8e83a4', 'Connection': 'close'} {{(pid=103010) http_log /opt/stack/data/venv/lib/python3.12/site-packages/swiftclient/client.py:162}}
Aug 26 06:11:48.507378 np0000008141 devstack@g-api.service[103010]: DEBUG glance_store._drivers.swift.store [None req-5a51ab0f-8c81-4b14-a633-06b76a968e00 tempest-ServerBootFromVolumeStableRescueTest-97069215 tempest-ServerBootFromVolumeStableRescueTest-97069215-project-member] Wrote chunk 38e34090-dca2-4da3-9121-9213af929bcc-00001 (1/?) of length 23527424 to Swift returning MD5 of content: 4fa343ee581d8d2e78533191fd1ac3e1 {{(pid=103010) add /opt/stack/data/venv/lib/python3.12/site-packages/glance_store/_drivers/swift/store.py:1059}}
Aug 26 06:11:48.507661 np0000008141 devstack@g-api.service[103010]: DEBUG glance_store._drivers.swift.store [None req-5a51ab0f-8c81-4b14-a633-06b76a968e00 tempest-ServerBootFromVolumeStableRescueTest-97069215 tempest-ServerBootFromVolumeStableRescueTest-97069215-project-member] Not writing zero-length chunk. {{(pid=103010) add /opt/stack/data/venv/lib/python3.12/site-packages/glance_store/_drivers/swift/store.py:1028}}
Aug 26 06:11:48.523841 np0000008141 devstack@g-api.service[103007]: DEBUG glance.api.middleware.version_negotiation [None req-d698c8e6-daad-4d77-a1b9-3f1fc647960d tempest-ServerBootFromVolumeStableRescueTest-97069215 tempest-ServerBootFromVolumeStableRescueTest-97069215-project-member] Determining version of request: GET /v2/schemas/image Accept: */* {{(pid=103007) process_request /opt/stack/glance/glance/api/middleware/version_negotiation.py:44}}
Aug 26 06:11:48.523841 np0000008141 devstack@g-api.service[103007]: DEBUG glance.api.middleware.version_negotiation [None req-d698c8e6-daad-4d77-a1b9-3f1fc647960d tempest-ServerBootFromVolumeStableRescueTest-97069215 tempest-ServerBootFromVolumeStableRescueTest-97069215-project-member] Using url versioning {{(pid=103007) process_request /opt/stack/glance/glance/api/middleware/version_negotiation.py:57}}
Aug 26 06:11:48.524001 np0000008141 devstack@g-api.service[103007]: DEBUG glance.api.middleware.version_negotiation [None req-d698c8e6-daad-4d77-a1b9-3f1fc647960d tempest-ServerBootFromVolumeStableRescueTest-97069215 tempest-ServerBootFromVolumeStableRescueTest-97069215-project-member] Matched version: v2 {{(pid=103007) process_request /opt/stack/glance/glance/api/middleware/version_negotiation.py:69}}
Aug 26 06:11:48.524285 np0000008141 devstack@g-api.service[103007]: DEBUG glance.api.middleware.version_negotiation [None req-d698c8e6-daad-4d77-a1b9-3f1fc647960d tempest-ServerBootFromVolumeStableRescueTest-97069215 tempest-ServerBootFromVolumeStableRescueTest-97069215-project-member] new path /v2/schemas/image {{(pid=103007) process_request /opt/stack/glance/glance/api/middleware/version_negotiation.py:70}}
Aug 26 06:11:48.527359 np0000008141 devstack@g-api.service[103007]: [pid: 103007|app: 0|req: 49/188] 127.0.0.1 () {44 vars in 1055 bytes} [Wed Aug 26 06:11:48 2026] GET /v2/schemas/image => generated 6083 bytes in 4 msecs (HTTP/1.1 200) 4 headers in 158 bytes (1 switches on core 0)
Aug 26 06:11:48.541640 np0000008141 devstack@g-api.service[103010]: DEBUG swiftclient [None req-5a51ab0f-8c81-4b14-a633-06b76a968e00 tempest-ServerBootFromVolumeStableRescueTest-97069215 tempest-ServerBootFromVolumeStableRescueTest-97069215-project-member] REQ: curl -i https://10.4.3.136:8080/v1/AUTH_16f818aef783429289f3037e9ecb8519/glance/38e34090-dca2-4da3-9121-9213af929bcc -X PUT -H "X-Object-Manifest: glance/38e34090-dca2-4da3-9121-9213af929bcc-" -H "X-Auth-Token: gAAAAABqjoOjiGMc..." -H "Content-Length: 0" {{(pid=103010) http_log /opt/stack/data/venv/lib/python3.12/site-packages/swiftclient/client.py:160}}
Aug 26 06:11:48.541783 np0000008141 devstack@g-api.service[103010]: DEBUG swiftclient [None req-5a51ab0f-8c81-4b14-a633-06b76a968e00 tempest-ServerBootFromVolumeStableRescueTest-97069215 tempest-ServerBootFromVolumeStableRescueTest-97069215-project-member] RESP STATUS: 201 Created {{(pid=103010) http_log /opt/stack/data/venv/lib/python3.12/site-packages/swiftclient/client.py:161}}
Aug 26 06:11:48.542667 np0000008141 devstack@g-api.service[103010]: DEBUG swiftclient [None req-5a51ab0f-8c81-4b14-a633-06b76a968e00 tempest-ServerBootFromVolumeStableRescueTest-97069215 tempest-ServerBootFromVolumeStableRescueTest-97069215-project-member] RESP HEADERS: {'Date': 'Wed, 26 Aug 2026 06:11:48 GMT', 'Server': 'Apache/2.4.58 (Ubuntu)', 'Content-Type': 'text/html; charset=UTF-8', 'Content-Length': '0', 'Etag': 'd41d8cd98f00b204e9800998ecf8427e', 'Last-Modified': 'Wed, 26 Aug 2026 06:11:49 GMT', 'X-Trans-Id': 'tx67adbff32f3242afb77d4-006a8e83a4', 'X-Openstack-Request-Id': 'tx67adbff32f3242afb77d4-006a8e83a4', 'Connection': 'close'} {{(pid=103010) http_log /opt/stack/data/venv/lib/python3.12/site-packages/swiftclient/client.py:162}}
Aug 26 06:11:48.542667 np0000008141 devstack@g-api.service[103010]: INFO glance.location [None req-5a51ab0f-8c81-4b14-a633-06b76a968e00 tempest-ServerBootFromVolumeStableRescueTest-97069215 tempest-ServerBootFromVolumeStableRescueTest-97069215-project-member] Image format matched and virtual size computed: 1073741824
Aug 26 06:11:48.578877 np0000008141 devstack@g-api.service[103009]: DEBUG glance.api.middleware.version_negotiation [None req-536553c3-7d79-4121-a77f-d3542574eb12 tempest-AttachVolumeShelveTestJSON-132485974 tempest-AttachVolumeShelveTestJSON-132485974-project-member] Determining version of request: PATCH /v2/images/3531c2ac-7cd5-414f-adc3-a7d3ba4255d3 Accept: */* {{(pid=103009) process_request /opt/stack/glance/glance/api/middleware/version_negotiation.py:44}}
Aug 26 06:11:48.578877 np0000008141 devstack@g-api.service[103009]: DEBUG glance.api.middleware.version_negotiation [None req-536553c3-7d79-4121-a77f-d3542574eb12 tempest-AttachVolumeShelveTestJSON-132485974 tempest-AttachVolumeShelveTestJSON-132485974-project-member] Using url versioning {{(pid=103009) process_request /opt/stack/glance/glance/api/middleware/version_negotiation.py:57}}
Aug 26 06:11:48.578877 np0000008141 devstack@g-api.service[103009]: DEBUG glance.api.middleware.version_negotiation [None req-536553c3-7d79-4121-a77f-d3542574eb12 tempest-AttachVolumeShelveTestJSON-132485974 tempest-AttachVolumeShelveTestJSON-132485974-project-member] Matched version: v2 {{(pid=103009) process_request /opt/stack/glance/glance/api/middleware/version_negotiation.py:69}}
Aug 26 06:11:48.578877 np0000008141 devstack@g-api.service[103009]: DEBUG glance.api.middleware.version_negotiation [None req-536553c3-7d79-4121-a77f-d3542574eb12 tempest-AttachVolumeShelveTestJSON-132485974 tempest-AttachVolumeShelveTestJSON-132485974-project-member] new path /v2/images/3531c2ac-7cd5-414f-adc3-a7d3ba4255d3 {{(pid=103009) process_request /opt/stack/glance/glance/api/middleware/version_negotiation.py:70}}
Aug 26 06:11:48.622575 np0000008141 devstack@g-api.service[103010]: DEBUG glance_store.backend [None req-5a51ab0f-8c81-4b14-a633-06b76a968e00 tempest-ServerBootFromVolumeStableRescueTest-97069215 tempest-ServerBootFromVolumeStableRescueTest-97069215-project-member] Attempting to import store swift {{(pid=103010) _load_store /opt/stack/data/venv/lib/python3.12/site-packages/glance_store/backend.py:215}}
Aug 26 06:11:48.624319 np0000008141 devstack@g-api.service[103010]: DEBUG glance_store.capabilities [None req-5a51ab0f-8c81-4b14-a633-06b76a968e00 tempest-ServerBootFromVolumeStableRescueTest-97069215 tempest-ServerBootFromVolumeStableRescueTest-97069215-project-member] Store glance_store._drivers.swift.store.SingleTenantStore doesn't support updating dynamic storage capabilities. Please overwrite 'update_capabilities' method of the store to implement updating logics if needed. {{(pid=103010) update_capabilities /opt/stack/data/venv/lib/python3.12/site-packages/glance_store/capabilities.py:91}}
Aug 26 06:11:48.625320 np0000008141 devstack@g-api.service[103010]: DEBUG glance_store.driver [None req-5a51ab0f-8c81-4b14-a633-06b76a968e00 tempest-ServerBootFromVolumeStableRescueTest-97069215 tempest-ServerBootFromVolumeStableRescueTest-97069215-project-member] Late loading location class glance_store._drivers.swift.store.StoreLocation {{(pid=103010) get_store_location_class /opt/stack/data/venv/lib/python3.12/site-packages/glance_store/driver.py:134}}
Aug 26 06:11:48.625320 np0000008141 devstack@g-api.service[103010]: DEBUG glance_store.location [None req-5a51ab0f-8c81-4b14-a633-06b76a968e00 tempest-ServerBootFromVolumeStableRescueTest-97069215 tempest-ServerBootFromVolumeStableRescueTest-97069215-project-member] Registering scheme swift+https with {'store': , 'location_class': , 'store_entry': 'swift'} {{(pid=103010) register_scheme_map /opt/stack/data/venv/lib/python3.12/site-packages/glance_store/location.py:146}}
Aug 26 06:11:48.625320 np0000008141 devstack@g-api.service[103010]: DEBUG glance_store.location [None req-5a51ab0f-8c81-4b14-a633-06b76a968e00 tempest-ServerBootFromVolumeStableRescueTest-97069215 tempest-ServerBootFromVolumeStableRescueTest-97069215-project-member] Registering scheme swift+https with {'store': , 'location_class': , 'store_entry': 'swift'} {{(pid=103010) register_scheme_map /opt/stack/data/venv/lib/python3.12/site-packages/glance_store/location.py:146}}
Aug 26 06:11:48.625320 np0000008141 devstack@g-api.service[103010]: DEBUG glance_store.location [None req-5a51ab0f-8c81-4b14-a633-06b76a968e00 tempest-ServerBootFromVolumeStableRescueTest-97069215 tempest-ServerBootFromVolumeStableRescueTest-97069215-project-member] Registering scheme swift with {'store': , 'location_class': , 'store_entry': 'swift'} {{(pid=103010) register_scheme_map /opt/stack/data/venv/lib/python3.12/site-packages/glance_store/location.py:146}}
Aug 26 06:11:48.625320 np0000008141 devstack@g-api.service[103010]: DEBUG glance_store.location [None req-5a51ab0f-8c81-4b14-a633-06b76a968e00 tempest-ServerBootFromVolumeStableRescueTest-97069215 tempest-ServerBootFromVolumeStableRescueTest-97069215-project-member] Registering scheme swift+https with {'store': , 'location_class': , 'store_entry': 'swift'} {{(pid=103010) register_scheme_map /opt/stack/data/venv/lib/python3.12/site-packages/glance_store/location.py:146}}
Aug 26 06:11:48.625320 np0000008141 devstack@g-api.service[103010]: DEBUG glance_store.location [None req-5a51ab0f-8c81-4b14-a633-06b76a968e00 tempest-ServerBootFromVolumeStableRescueTest-97069215 tempest-ServerBootFromVolumeStableRescueTest-97069215-project-member] Registering scheme swift with {'store': , 'location_class': , 'store_entry': 'swift'} {{(pid=103010) register_scheme_map /opt/stack/data/venv/lib/python3.12/site-packages/glance_store/location.py:146}}
Aug 26 06:11:48.625320 np0000008141 devstack@g-api.service[103010]: DEBUG glance_store.location [None req-5a51ab0f-8c81-4b14-a633-06b76a968e00 tempest-ServerBootFromVolumeStableRescueTest-97069215 tempest-ServerBootFromVolumeStableRescueTest-97069215-project-member] Registering scheme swift+http with {'store': , 'location_class': , 'store_entry': 'swift'} {{(pid=103010) register_scheme_map /opt/stack/data/venv/lib/python3.12/site-packages/glance_store/location.py:146}}
Aug 26 06:11:48.625702 np0000008141 devstack@g-api.service[103010]: DEBUG glance_store.location [None req-5a51ab0f-8c81-4b14-a633-06b76a968e00 tempest-ServerBootFromVolumeStableRescueTest-97069215 tempest-ServerBootFromVolumeStableRescueTest-97069215-project-member] Registering scheme swift+https with {'store': , 'location_class': , 'store_entry': 'swift'} {{(pid=103010) register_scheme_map /opt/stack/data/venv/lib/python3.12/site-packages/glance_store/location.py:146}}
Aug 26 06:11:48.625822 np0000008141 devstack@g-api.service[103010]: DEBUG glance_store.location [None req-5a51ab0f-8c81-4b14-a633-06b76a968e00 tempest-ServerBootFromVolumeStableRescueTest-97069215 tempest-ServerBootFromVolumeStableRescueTest-97069215-project-member] Registering scheme swift with {'store': , 'location_class': , 'store_entry': 'swift'} {{(pid=103010) register_scheme_map /opt/stack/data/venv/lib/python3.12/site-packages/glance_store/location.py:146}}
Aug 26 06:11:48.625879 np0000008141 devstack@g-api.service[103010]: DEBUG glance_store.location [None req-5a51ab0f-8c81-4b14-a633-06b76a968e00 tempest-ServerBootFromVolumeStableRescueTest-97069215 tempest-ServerBootFromVolumeStableRescueTest-97069215-project-member] Registering scheme swift+http with {'store': , 'location_class': , 'store_entry': 'swift'} {{(pid=103010) register_scheme_map /opt/stack/data/venv/lib/python3.12/site-packages/glance_store/location.py:146}}
Aug 26 06:11:48.626024 np0000008141 devstack@g-api.service[103010]: DEBUG glance_store.location [None req-5a51ab0f-8c81-4b14-a633-06b76a968e00 tempest-ServerBootFromVolumeStableRescueTest-97069215 tempest-ServerBootFromVolumeStableRescueTest-97069215-project-member] Registering scheme swift+config with {'store': , 'location_class': , 'store_entry': 'swift'} {{(pid=103010) register_scheme_map /opt/stack/data/venv/lib/python3.12/site-packages/glance_store/location.py:146}}
Aug 26 06:11:48.626167 np0000008141 devstack@g-api.service[103010]: DEBUG glance_store.backend [None req-5a51ab0f-8c81-4b14-a633-06b76a968e00 tempest-ServerBootFromVolumeStableRescueTest-97069215 tempest-ServerBootFromVolumeStableRescueTest-97069215-project-member] Skipping store.set_acls... not implemented. {{(pid=103010) set_acls /opt/stack/data/venv/lib/python3.12/site-packages/glance_store/backend.py:507}}
Aug 26 06:11:48.631518 np0000008141 devstack@g-api.service[103010]: [pid: 103010|app: 0|req: 47/189] 127.0.0.1 () {46 vars in 1158 bytes} [Wed Aug 26 06:11:46 2026] PUT /v2/images/38e34090-dca2-4da3-9121-9213af929bcc/file => generated 0 bytes in 2409 msecs (HTTP/1.1 204) 4 headers in 171 bytes (1 switches on core 0)
Aug 26 06:11:48.729901 np0000008141 devstack@g-api.service[103008]: DEBUG glance.api.middleware.version_negotiation [None req-536553c3-7d79-4121-a77f-d3542574eb12 tempest-AttachVolumeShelveTestJSON-132485974 tempest-AttachVolumeShelveTestJSON-132485974-project-member] Determining version of request: GET /v2/images/38e34090-dca2-4da3-9121-9213af929bcc Accept: */* {{(pid=103008) process_request /opt/stack/glance/glance/api/middleware/version_negotiation.py:44}}
Aug 26 06:11:48.729901 np0000008141 devstack@g-api.service[103008]: DEBUG glance.api.middleware.version_negotiation [None req-536553c3-7d79-4121-a77f-d3542574eb12 tempest-AttachVolumeShelveTestJSON-132485974 tempest-AttachVolumeShelveTestJSON-132485974-project-member] Using url versioning {{(pid=103008) process_request /opt/stack/glance/glance/api/middleware/version_negotiation.py:57}}
Aug 26 06:11:48.730174 np0000008141 devstack@g-api.service[103008]: DEBUG glance.api.middleware.version_negotiation [None req-536553c3-7d79-4121-a77f-d3542574eb12 tempest-AttachVolumeShelveTestJSON-132485974 tempest-AttachVolumeShelveTestJSON-132485974-project-member] Matched version: v2 {{(pid=103008) process_request /opt/stack/glance/glance/api/middleware/version_negotiation.py:69}}
Aug 26 06:11:48.731648 np0000008141 devstack@g-api.service[103008]: DEBUG glance.api.middleware.version_negotiation [None req-536553c3-7d79-4121-a77f-d3542574eb12 tempest-AttachVolumeShelveTestJSON-132485974 tempest-AttachVolumeShelveTestJSON-132485974-project-member] new path /v2/images/38e34090-dca2-4da3-9121-9213af929bcc {{(pid=103008) process_request /opt/stack/glance/glance/api/middleware/version_negotiation.py:70}}
Aug 26 06:11:48.756023 np0000008141 devstack@g-api.service[103008]: [pid: 103008|app: 0|req: 49/190] 127.0.0.1 () {44 vars in 1115 bytes} [Wed Aug 26 06:11:48 2026] GET /v2/images/38e34090-dca2-4da3-9121-9213af929bcc => generated 1636 bytes in 27 msecs (HTTP/1.1 200) 4 headers in 158 bytes (1 switches on core 0)
Aug 26 06:11:48.790628 np0000008141 devstack@g-api.service[103009]: [pid: 103009|app: 0|req: 46/191] 127.0.0.1 () {46 vars in 1158 bytes} [Wed Aug 26 06:11:48 2026] PATCH /v2/images/3531c2ac-7cd5-414f-adc3-a7d3ba4255d3 => generated 1447 bytes in 213 msecs (HTTP/1.1 200) 4 headers in 158 bytes (1 switches on core 0)
Aug 26 06:11:48.851031 np0000008141 devstack@g-api.service[103007]: DEBUG glance.api.middleware.version_negotiation [None req-536553c3-7d79-4121-a77f-d3542574eb12 tempest-AttachVolumeShelveTestJSON-132485974 tempest-AttachVolumeShelveTestJSON-132485974-project-member] Determining version of request: GET /v2/schemas/image Accept: */* {{(pid=103007) process_request /opt/stack/glance/glance/api/middleware/version_negotiation.py:44}}
Aug 26 06:11:48.851171 np0000008141 devstack@g-api.service[103007]: DEBUG glance.api.middleware.version_negotiation [None req-536553c3-7d79-4121-a77f-d3542574eb12 tempest-AttachVolumeShelveTestJSON-132485974 tempest-AttachVolumeShelveTestJSON-132485974-project-member] Using url versioning {{(pid=103007) process_request /opt/stack/glance/glance/api/middleware/version_negotiation.py:57}}
Aug 26 06:11:48.851325 np0000008141 devstack@g-api.service[103007]: DEBUG glance.api.middleware.version_negotiation [None req-536553c3-7d79-4121-a77f-d3542574eb12 tempest-AttachVolumeShelveTestJSON-132485974 tempest-AttachVolumeShelveTestJSON-132485974-project-member] Matched version: v2 {{(pid=103007) process_request /opt/stack/glance/glance/api/middleware/version_negotiation.py:69}}
Aug 26 06:11:48.851684 np0000008141 devstack@g-api.service[103007]: DEBUG glance.api.middleware.version_negotiation [None req-536553c3-7d79-4121-a77f-d3542574eb12 tempest-AttachVolumeShelveTestJSON-132485974 tempest-AttachVolumeShelveTestJSON-132485974-project-member] new path /v2/schemas/image {{(pid=103007) process_request /opt/stack/glance/glance/api/middleware/version_negotiation.py:70}}
Aug 26 06:11:48.856371 np0000008141 devstack@g-api.service[103007]: [pid: 103007|app: 0|req: 50/192] 127.0.0.1 () {44 vars in 1055 bytes} [Wed Aug 26 06:11:48 2026] GET /v2/schemas/image => generated 6083 bytes in 5 msecs (HTTP/1.1 200) 4 headers in 158 bytes (1 switches on core 0)
Aug 26 06:11:48.857621 np0000008141 devstack@g-api.service[103010]: DEBUG glance.api.middleware.version_negotiation [None req-5a51ab0f-8c81-4b14-a633-06b76a968e00 tempest-ServerBootFromVolumeStableRescueTest-97069215 tempest-ServerBootFromVolumeStableRescueTest-97069215-project-member] Determining version of request: GET /v2/images/3531c2ac-7cd5-414f-adc3-a7d3ba4255d3 Accept: */* {{(pid=103010) process_request /opt/stack/glance/glance/api/middleware/version_negotiation.py:44}}
Aug 26 06:11:48.858398 np0000008141 devstack@g-api.service[103010]: DEBUG glance.api.middleware.version_negotiation [None req-5a51ab0f-8c81-4b14-a633-06b76a968e00 tempest-ServerBootFromVolumeStableRescueTest-97069215 tempest-ServerBootFromVolumeStableRescueTest-97069215-project-member] Using url versioning {{(pid=103010) process_request /opt/stack/glance/glance/api/middleware/version_negotiation.py:57}}
Aug 26 06:11:48.858398 np0000008141 devstack@g-api.service[103010]: DEBUG glance.api.middleware.version_negotiation [None req-5a51ab0f-8c81-4b14-a633-06b76a968e00 tempest-ServerBootFromVolumeStableRescueTest-97069215 tempest-ServerBootFromVolumeStableRescueTest-97069215-project-member] Matched version: v2 {{(pid=103010) process_request /opt/stack/glance/glance/api/middleware/version_negotiation.py:69}}
Aug 26 06:11:48.858398 np0000008141 devstack@g-api.service[103010]: DEBUG glance.api.middleware.version_negotiation [None req-5a51ab0f-8c81-4b14-a633-06b76a968e00 tempest-ServerBootFromVolumeStableRescueTest-97069215 tempest-ServerBootFromVolumeStableRescueTest-97069215-project-member] new path /v2/images/3531c2ac-7cd5-414f-adc3-a7d3ba4255d3 {{(pid=103010) process_request /opt/stack/glance/glance/api/middleware/version_negotiation.py:70}}
Aug 26 06:11:48.879263 np0000008141 devstack@g-api.service[103010]: [pid: 103010|app: 0|req: 48/193] 127.0.0.1 () {44 vars in 1115 bytes} [Wed Aug 26 06:11:48 2026] GET /v2/images/3531c2ac-7cd5-414f-adc3-a7d3ba4255d3 => generated 1447 bytes in 22 msecs (HTTP/1.1 200) 4 headers in 158 bytes (1 switches on core 0)
Aug 26 06:11:48.943703 np0000008141 devstack@g-api.service[103008]: DEBUG glance.api.middleware.version_negotiation [None req-5a51ab0f-8c81-4b14-a633-06b76a968e00 tempest-ServerBootFromVolumeStableRescueTest-97069215 tempest-ServerBootFromVolumeStableRescueTest-97069215-project-member] Determining version of request: PUT /v2/images/3531c2ac-7cd5-414f-adc3-a7d3ba4255d3/file Accept: */* {{(pid=103008) process_request /opt/stack/glance/glance/api/middleware/version_negotiation.py:44}}
Aug 26 06:11:48.944898 np0000008141 devstack@g-api.service[103008]: DEBUG glance.api.middleware.version_negotiation [None req-5a51ab0f-8c81-4b14-a633-06b76a968e00 tempest-ServerBootFromVolumeStableRescueTest-97069215 tempest-ServerBootFromVolumeStableRescueTest-97069215-project-member] Using url versioning {{(pid=103008) process_request /opt/stack/glance/glance/api/middleware/version_negotiation.py:57}}
Aug 26 06:11:48.944898 np0000008141 devstack@g-api.service[103008]: DEBUG glance.api.middleware.version_negotiation [None req-5a51ab0f-8c81-4b14-a633-06b76a968e00 tempest-ServerBootFromVolumeStableRescueTest-97069215 tempest-ServerBootFromVolumeStableRescueTest-97069215-project-member] Matched version: v2 {{(pid=103008) process_request /opt/stack/glance/glance/api/middleware/version_negotiation.py:69}}
Aug 26 06:11:48.944898 np0000008141 devstack@g-api.service[103008]: DEBUG glance.api.middleware.version_negotiation [None req-5a51ab0f-8c81-4b14-a633-06b76a968e00 tempest-ServerBootFromVolumeStableRescueTest-97069215 tempest-ServerBootFromVolumeStableRescueTest-97069215-project-member] new path /v2/images/3531c2ac-7cd5-414f-adc3-a7d3ba4255d3/file {{(pid=103008) process_request /opt/stack/glance/glance/api/middleware/version_negotiation.py:70}}
Aug 26 06:11:49.090742 np0000008141 devstack@g-api.service[103009]: DEBUG glance.api.middleware.version_negotiation [None req-536553c3-7d79-4121-a77f-d3542574eb12 tempest-AttachVolumeShelveTestJSON-132485974 tempest-AttachVolumeShelveTestJSON-132485974-project-member] Determining version of request: GET /v2/images/38e34090-dca2-4da3-9121-9213af929bcc Accept: application/json {{(pid=103009) process_request /opt/stack/glance/glance/api/middleware/version_negotiation.py:44}}
Aug 26 06:11:49.091137 np0000008141 devstack@g-api.service[103009]: DEBUG glance.api.middleware.version_negotiation [None req-536553c3-7d79-4121-a77f-d3542574eb12 tempest-AttachVolumeShelveTestJSON-132485974 tempest-AttachVolumeShelveTestJSON-132485974-project-member] Using url versioning {{(pid=103009) process_request /opt/stack/glance/glance/api/middleware/version_negotiation.py:57}}
Aug 26 06:11:49.091355 np0000008141 devstack@g-api.service[103009]: DEBUG glance.api.middleware.version_negotiation [None req-536553c3-7d79-4121-a77f-d3542574eb12 tempest-AttachVolumeShelveTestJSON-132485974 tempest-AttachVolumeShelveTestJSON-132485974-project-member] Matched version: v2 {{(pid=103009) process_request /opt/stack/glance/glance/api/middleware/version_negotiation.py:69}}
Aug 26 06:11:49.091535 np0000008141 devstack@g-api.service[103009]: DEBUG glance.api.middleware.version_negotiation [None req-536553c3-7d79-4121-a77f-d3542574eb12 tempest-AttachVolumeShelveTestJSON-132485974 tempest-AttachVolumeShelveTestJSON-132485974-project-member] new path /v2/images/38e34090-dca2-4da3-9121-9213af929bcc {{(pid=103009) process_request /opt/stack/glance/glance/api/middleware/version_negotiation.py:70}}
Aug 26 06:11:49.107865 np0000008141 devstack@g-api.service[103009]: [pid: 103009|app: 0|req: 47/194] 127.0.0.1 () {40 vars in 838 bytes} [Wed Aug 26 06:11:49 2026] GET /v2/images/38e34090-dca2-4da3-9121-9213af929bcc => generated 1636 bytes in 17 msecs (HTTP/1.1 200) 4 headers in 158 bytes (1 switches on core 0)
Aug 26 06:11:49.118095 np0000008141 devstack@g-api.service[103007]: DEBUG glance.api.middleware.version_negotiation [None req-5a51ab0f-8c81-4b14-a633-06b76a968e00 tempest-ServerBootFromVolumeStableRescueTest-97069215 tempest-ServerBootFromVolumeStableRescueTest-97069215-project-member] Determining version of request: GET /v2/images/38e34090-dca2-4da3-9121-9213af929bcc Accept: application/json {{(pid=103007) process_request /opt/stack/glance/glance/api/middleware/version_negotiation.py:44}}
Aug 26 06:11:49.118095 np0000008141 devstack@g-api.service[103007]: DEBUG glance.api.middleware.version_negotiation [None req-5a51ab0f-8c81-4b14-a633-06b76a968e00 tempest-ServerBootFromVolumeStableRescueTest-97069215 tempest-ServerBootFromVolumeStableRescueTest-97069215-project-member] Using url versioning {{(pid=103007) process_request /opt/stack/glance/glance/api/middleware/version_negotiation.py:57}}
Aug 26 06:11:49.118580 np0000008141 devstack@g-api.service[103007]: DEBUG glance.api.middleware.version_negotiation [None req-5a51ab0f-8c81-4b14-a633-06b76a968e00 tempest-ServerBootFromVolumeStableRescueTest-97069215 tempest-ServerBootFromVolumeStableRescueTest-97069215-project-member] Matched version: v2 {{(pid=103007) process_request /opt/stack/glance/glance/api/middleware/version_negotiation.py:69}}
Aug 26 06:11:49.118580 np0000008141 devstack@g-api.service[103007]: DEBUG glance.api.middleware.version_negotiation [None req-5a51ab0f-8c81-4b14-a633-06b76a968e00 tempest-ServerBootFromVolumeStableRescueTest-97069215 tempest-ServerBootFromVolumeStableRescueTest-97069215-project-member] new path /v2/images/38e34090-dca2-4da3-9121-9213af929bcc {{(pid=103007) process_request /opt/stack/glance/glance/api/middleware/version_negotiation.py:70}}
Aug 26 06:11:49.134688 np0000008141 devstack@g-api.service[103007]: [pid: 103007|app: 0|req: 51/195] 127.0.0.1 () {40 vars in 838 bytes} [Wed Aug 26 06:11:49 2026] GET /v2/images/38e34090-dca2-4da3-9121-9213af929bcc => generated 1636 bytes in 17 msecs (HTTP/1.1 200) 4 headers in 158 bytes (1 switches on core 0)
Aug 26 06:11:49.774959 np0000008141 devstack@g-api.service[103010]: DEBUG glance.api.middleware.version_negotiation [None req-536553c3-7d79-4121-a77f-d3542574eb12 tempest-AttachVolumeShelveTestJSON-132485974 tempest-AttachVolumeShelveTestJSON-132485974-project-member] Determining version of request: GET /v2/images/faaf0fec-2a2a-42dc-9d66-522c2220d634 Accept: */* {{(pid=103010) process_request /opt/stack/glance/glance/api/middleware/version_negotiation.py:44}}
Aug 26 06:11:49.774959 np0000008141 devstack@g-api.service[103010]: DEBUG glance.api.middleware.version_negotiation [None req-536553c3-7d79-4121-a77f-d3542574eb12 tempest-AttachVolumeShelveTestJSON-132485974 tempest-AttachVolumeShelveTestJSON-132485974-project-member] Using url versioning {{(pid=103010) process_request /opt/stack/glance/glance/api/middleware/version_negotiation.py:57}}
Aug 26 06:11:49.775357 np0000008141 devstack@g-api.service[103010]: DEBUG glance.api.middleware.version_negotiation [None req-536553c3-7d79-4121-a77f-d3542574eb12 tempest-AttachVolumeShelveTestJSON-132485974 tempest-AttachVolumeShelveTestJSON-132485974-project-member] Matched version: v2 {{(pid=103010) process_request /opt/stack/glance/glance/api/middleware/version_negotiation.py:69}}
Aug 26 06:11:49.775977 np0000008141 devstack@g-api.service[103010]: DEBUG glance.api.middleware.version_negotiation [None req-536553c3-7d79-4121-a77f-d3542574eb12 tempest-AttachVolumeShelveTestJSON-132485974 tempest-AttachVolumeShelveTestJSON-132485974-project-member] new path /v2/images/faaf0fec-2a2a-42dc-9d66-522c2220d634 {{(pid=103010) process_request /opt/stack/glance/glance/api/middleware/version_negotiation.py:70}}
Aug 26 06:11:49.794021 np0000008141 devstack@g-api.service[103010]: [pid: 103010|app: 0|req: 49/196] 127.0.0.1 () {44 vars in 1115 bytes} [Wed Aug 26 06:11:49 2026] GET /v2/images/faaf0fec-2a2a-42dc-9d66-522c2220d634 => generated 1044 bytes in 19 msecs (HTTP/1.1 200) 4 headers in 158 bytes (1 switches on core 0)
Aug 26 06:11:49.801187 np0000008141 devstack@g-api.service[103008]: INFO glance.api.v2.image_data [None req-536553c3-7d79-4121-a77f-d3542574eb12 tempest-AttachVolumeShelveTestJSON-132485974 tempest-AttachVolumeShelveTestJSON-132485974-project-member] Unable to create trust: no such option collect_timing in group [keystone_authtoken] Use the existing user token.
Aug 26 06:11:49.848148 np0000008141 devstack@g-api.service[103009]: DEBUG glance.api.middleware.version_negotiation [None req-104a7858-97d0-4d0e-b518-b6cea86217d4 tempest-ServerBootFromVolumeStableRescueTest-97069215 tempest-ServerBootFromVolumeStableRescueTest-97069215-project-member] Determining version of request: GET /v2/schemas/image Accept: */* {{(pid=103009) process_request /opt/stack/glance/glance/api/middleware/version_negotiation.py:44}}
Aug 26 06:11:49.848712 np0000008141 devstack@g-api.service[103009]: DEBUG glance.api.middleware.version_negotiation [None req-104a7858-97d0-4d0e-b518-b6cea86217d4 tempest-ServerBootFromVolumeStableRescueTest-97069215 tempest-ServerBootFromVolumeStableRescueTest-97069215-project-member] Using url versioning {{(pid=103009) process_request /opt/stack/glance/glance/api/middleware/version_negotiation.py:57}}
Aug 26 06:11:49.848712 np0000008141 devstack@g-api.service[103009]: DEBUG glance.api.middleware.version_negotiation [None req-104a7858-97d0-4d0e-b518-b6cea86217d4 tempest-ServerBootFromVolumeStableRescueTest-97069215 tempest-ServerBootFromVolumeStableRescueTest-97069215-project-member] Matched version: v2 {{(pid=103009) process_request /opt/stack/glance/glance/api/middleware/version_negotiation.py:69}}
Aug 26 06:11:49.848712 np0000008141 devstack@g-api.service[103009]: DEBUG glance.api.middleware.version_negotiation [None req-104a7858-97d0-4d0e-b518-b6cea86217d4 tempest-ServerBootFromVolumeStableRescueTest-97069215 tempest-ServerBootFromVolumeStableRescueTest-97069215-project-member] new path /v2/schemas/image {{(pid=103009) process_request /opt/stack/glance/glance/api/middleware/version_negotiation.py:70}}
