Aug 26 06:05:41.794333 np0000008141 systemd[1]: Starting devstack@n-api-meta.service - Devstack devstack@n-api-meta.service...
Aug 26 06:05:41.800890 np0000008141 devstack@n-api-meta.service[96021]: [uWSGI] getting INI configuration from /etc/nova/nova-metadata-uwsgi.ini
Aug 26 06:05:41.803312 np0000008141 devstack@n-api-meta.service[96021]: *** Starting uWSGI 2.0.24-debian (64bit) on [Wed Aug 26 06:05:41 2026] ***
Aug 26 06:05:41.803312 np0000008141 devstack@n-api-meta.service[96021]: compiled with version: 13.2.0 on 17 April 2024 16:23:48
Aug 26 06:05:41.803312 np0000008141 devstack@n-api-meta.service[96021]: os: Linux-6.8.0-100-generic #100-Ubuntu SMP PREEMPT_DYNAMIC Tue Jan 13 16:40:06 UTC 2026
Aug 26 06:05:41.803312 np0000008141 devstack@n-api-meta.service[96021]: nodename: np0000008141
Aug 26 06:05:41.803312 np0000008141 devstack@n-api-meta.service[96021]: machine: x86_64
Aug 26 06:05:41.803312 np0000008141 devstack@n-api-meta.service[96021]: clock source: unix
Aug 26 06:05:41.803312 np0000008141 devstack@n-api-meta.service[96021]: pcre jit disabled
Aug 26 06:05:41.803312 np0000008141 devstack@n-api-meta.service[96021]: detected number of CPU cores: 16
Aug 26 06:05:41.803312 np0000008141 devstack@n-api-meta.service[96021]: current working directory: /
Aug 26 06:05:41.803312 np0000008141 devstack@n-api-meta.service[96021]: detected binary path: /usr/bin/uwsgi-core
Aug 26 06:05:41.803312 np0000008141 devstack@n-api-meta.service[96021]: your processes number limit is 257052
Aug 26 06:05:41.803312 np0000008141 devstack@n-api-meta.service[96021]: your memory page size is 4096 bytes
Aug 26 06:05:41.803312 np0000008141 devstack@n-api-meta.service[96021]: detected max file descriptor number: 2048
Aug 26 06:05:41.803312 np0000008141 devstack@n-api-meta.service[96021]: lock engine: pthread robust mutexes
Aug 26 06:05:41.803666 np0000008141 devstack@n-api-meta.service[96021]: thunder lock: enabled
Aug 26 06:05:41.803756 np0000008141 devstack@n-api-meta.service[96021]: uWSGI http bound on 0.0.0.0:8775 fd 5
Aug 26 06:05:41.803797 np0000008141 devstack@n-api-meta.service[96021]: uwsgi socket 0 bound to TCP address 127.0.0.1:34387 (port auto-assigned) fd 4
Aug 26 06:05:41.803797 np0000008141 devstack@n-api-meta.service[96021]: Python version: 3.12.3 (main, Jul 15 2026, 23:46:41) [GCC 13.3.0]
Aug 26 06:05:41.803841 np0000008141 devstack@n-api-meta.service[96021]: PEP 405 virtualenv detected: /opt/stack/data/venv
Aug 26 06:05:41.803841 np0000008141 devstack@n-api-meta.service[96021]: Set PythonHome to /opt/stack/data/venv
Aug 26 06:05:41.839199 np0000008141 devstack@n-api-meta.service[96021]: Python main interpreter initialized at 0x7bbb728a4668
Aug 26 06:05:41.839199 np0000008141 devstack@n-api-meta.service[96021]: python threads support enabled
Aug 26 06:05:41.839199 np0000008141 devstack@n-api-meta.service[96021]: your server socket listen backlog is limited to 100 connections
Aug 26 06:05:41.839199 np0000008141 devstack@n-api-meta.service[96021]: your mercy for graceful operations on workers is 80 seconds
Aug 26 06:05:41.839887 np0000008141 devstack@n-api-meta.service[96021]: mapped 671795 bytes (656 KB) for 4 cores
Aug 26 06:05:41.840095 np0000008141 devstack@n-api-meta.service[96021]: *** Operational MODE: preforking ***
Aug 26 06:05:41.840312 np0000008141 devstack@n-api-meta.service[96021]: *** uWSGI is running in multiple interpreter mode ***
Aug 26 06:05:41.840312 np0000008141 devstack@n-api-meta.service[96021]: spawned uWSGI master process (pid: 96021)
Aug 26 06:05:41.840533 np0000008141 systemd[1]: Started devstack@n-api-meta.service - Devstack devstack@n-api-meta.service.
Aug 26 06:05:41.840994 np0000008141 devstack@n-api-meta.service[96021]: spawned uWSGI worker 1 (pid: 96022, cores: 1)
Aug 26 06:05:41.841483 np0000008141 devstack@n-api-meta.service[96021]: spawned uWSGI worker 2 (pid: 96023, cores: 1)
Aug 26 06:05:41.841979 np0000008141 devstack@n-api-meta.service[96021]: spawned uWSGI worker 3 (pid: 96024, cores: 1)
Aug 26 06:05:41.842458 np0000008141 devstack@n-api-meta.service[96021]: spawned uWSGI worker 4 (pid: 96025, cores: 1)
Aug 26 06:05:41.842902 np0000008141 devstack@n-api-meta.service[96021]: spawned uWSGI http 1 (pid: 96026)
Aug 26 06:05:41.842902 np0000008141 devstack@n-api-meta.service[96021]: running "unix_signal:15 gracefully_kill_them_all" (master-start)...
Aug 26 06:05:43.518303 np0000008141 devstack@n-api-meta.service[96022]: INFO dbcounter [None req-b41ab532-ff43-437a-b250-4987f114f69b None None] Registered counter for database nova_api
Aug 26 06:05:43.555534 np0000008141 devstack@n-api-meta.service[96023]: INFO dbcounter [None req-2ebc5463-96d3-407f-a7e6-c3bac00467d8 None None] Registered counter for database nova_api
Aug 26 06:05:43.563602 np0000008141 devstack@n-api-meta.service[96022]: DEBUG oslo_db.sqlalchemy.engines [None req-b41ab532-ff43-437a-b250-4987f114f69b None None] MySQL server mode set to STRICT_TRANS_TABLES,STRICT_ALL_TABLES,NO_ZERO_IN_DATE,NO_ZERO_DATE,ERROR_FOR_DIVISION_BY_ZERO,TRADITIONAL,NO_ENGINE_SUBSTITUTION {{(pid=96022) _check_effective_sql_mode /opt/stack/data/venv/lib/python3.12/site-packages/oslo_db/sqlalchemy/engines.py:325}}
Aug 26 06:05:43.590683 np0000008141 devstack@n-api-meta.service[96025]: INFO dbcounter [None req-5a64267c-8f99-4bcc-b46e-3e5dd937c51f None None] Registered counter for database nova_api
Aug 26 06:05:43.592532 np0000008141 devstack@n-api-meta.service[96022]: DEBUG dbcounter [-] [96022] Writer thread running {{(pid=96022) stat_writer /opt/stack/data/venv/lib/python3.12/site-packages/dbcounter.py:102}}
Aug 26 06:05:43.594697 np0000008141 devstack@n-api-meta.service[96022]: DEBUG nova.context [None req-b41ab532-ff43-437a-b250-4987f114f69b None None] Found 2 cells: 00000000-0000-0000-0000-000000000000(cell0),78433c16-56d1-4d3d-b3f1-c8e5080202c0(cell1) {{(pid=96022) load_cells /opt/stack/nova/nova/context.py:509}}
Aug 26 06:05:43.596307 np0000008141 devstack@n-api-meta.service[96022]: DEBUG oslo_concurrency.lockutils [None req-b41ab532-ff43-437a-b250-4987f114f69b None None] Acquiring lock "00000000-0000-0000-0000-000000000000" by "nova.context.set_target_cell..get_or_set_cached_cell_and_set_connections" {{(pid=96022) inner /opt/stack/data/venv/lib/python3.12/site-packages/oslo_concurrency/lockutils.py:512}}
Aug 26 06:05:43.596462 np0000008141 devstack@n-api-meta.service[96022]: DEBUG oslo_concurrency.lockutils [None req-b41ab532-ff43-437a-b250-4987f114f69b None None] Lock "00000000-0000-0000-0000-000000000000" acquired by "nova.context.set_target_cell..get_or_set_cached_cell_and_set_connections" :: waited 0.000s {{(pid=96022) inner /opt/stack/data/venv/lib/python3.12/site-packages/oslo_concurrency/lockutils.py:525}}
Aug 26 06:05:43.596825 np0000008141 devstack@n-api-meta.service[96022]: DEBUG oslo_concurrency.lockutils [None req-b41ab532-ff43-437a-b250-4987f114f69b None None] Lock "00000000-0000-0000-0000-000000000000" "released" by "nova.context.set_target_cell..get_or_set_cached_cell_and_set_connections" :: held 0.000s {{(pid=96022) inner /opt/stack/data/venv/lib/python3.12/site-packages/oslo_concurrency/lockutils.py:544}}
Aug 26 06:05:43.597072 np0000008141 devstack@n-api-meta.service[96022]: INFO nova.thread_pool_factory [None req-b41ab532-ff43-437a-b250-4987f114f69b None None] The cell_worker thread pool MainProcess.cell_worker is initialized
Aug 26 06:05:43.597703 np0000008141 devstack@n-api-meta.service[96022]: DEBUG oslo_concurrency.lockutils [None req-b41ab532-ff43-437a-b250-4987f114f69b None None] Acquiring lock "78433c16-56d1-4d3d-b3f1-c8e5080202c0" by "nova.context.set_target_cell..get_or_set_cached_cell_and_set_connections" {{(pid=96022) inner /opt/stack/data/venv/lib/python3.12/site-packages/oslo_concurrency/lockutils.py:512}}
Aug 26 06:05:43.598932 np0000008141 devstack@n-api-meta.service[96022]: INFO dbcounter [None req-b41ab532-ff43-437a-b250-4987f114f69b None None] Registered counter for database nova_cell0
Aug 26 06:05:43.599977 np0000008141 devstack@n-api-meta.service[96023]: DEBUG oslo_db.sqlalchemy.engines [None req-2ebc5463-96d3-407f-a7e6-c3bac00467d8 None None] MySQL server mode set to STRICT_TRANS_TABLES,STRICT_ALL_TABLES,NO_ZERO_IN_DATE,NO_ZERO_DATE,ERROR_FOR_DIVISION_BY_ZERO,TRADITIONAL,NO_ENGINE_SUBSTITUTION {{(pid=96023) _check_effective_sql_mode /opt/stack/data/venv/lib/python3.12/site-packages/oslo_db/sqlalchemy/engines.py:325}}
Aug 26 06:05:43.600024 np0000008141 devstack@n-api-meta.service[96022]: DEBUG oslo_concurrency.lockutils [None req-b41ab532-ff43-437a-b250-4987f114f69b None None] Lock "78433c16-56d1-4d3d-b3f1-c8e5080202c0" acquired by "nova.context.set_target_cell..get_or_set_cached_cell_and_set_connections" :: waited 0.001s {{(pid=96022) inner /opt/stack/data/venv/lib/python3.12/site-packages/oslo_concurrency/lockutils.py:525}}
Aug 26 06:05:43.600994 np0000008141 devstack@n-api-meta.service[96022]: DEBUG oslo_concurrency.lockutils [None req-b41ab532-ff43-437a-b250-4987f114f69b None None] Lock "78433c16-56d1-4d3d-b3f1-c8e5080202c0" "released" by "nova.context.set_target_cell..get_or_set_cached_cell_and_set_connections" :: held 0.002s {{(pid=96022) inner /opt/stack/data/venv/lib/python3.12/site-packages/oslo_concurrency/lockutils.py:544}}
Aug 26 06:05:43.602800 np0000008141 devstack@n-api-meta.service[96022]: INFO dbcounter [None req-b41ab532-ff43-437a-b250-4987f114f69b None None] Registered counter for database nova_cell1
Aug 26 06:05:43.612301 np0000008141 devstack@n-api-meta.service[96024]: INFO dbcounter [None req-d0138267-c20b-4dba-8e6b-07c9e654ba85 None None] Registered counter for database nova_api
Aug 26 06:05:43.638987 np0000008141 devstack@n-api-meta.service[96025]: DEBUG oslo_db.sqlalchemy.engines [None req-5a64267c-8f99-4bcc-b46e-3e5dd937c51f None None] MySQL server mode set to STRICT_TRANS_TABLES,STRICT_ALL_TABLES,NO_ZERO_IN_DATE,NO_ZERO_DATE,ERROR_FOR_DIVISION_BY_ZERO,TRADITIONAL,NO_ENGINE_SUBSTITUTION {{(pid=96025) _check_effective_sql_mode /opt/stack/data/venv/lib/python3.12/site-packages/oslo_db/sqlalchemy/engines.py:325}}
Aug 26 06:05:43.639588 np0000008141 devstack@n-api-meta.service[96023]: DEBUG dbcounter [-] [96023] Writer thread running {{(pid=96023) stat_writer /opt/stack/data/venv/lib/python3.12/site-packages/dbcounter.py:102}}
Aug 26 06:05:43.642278 np0000008141 devstack@n-api-meta.service[96023]: DEBUG nova.context [None req-2ebc5463-96d3-407f-a7e6-c3bac00467d8 None None] Found 2 cells: 00000000-0000-0000-0000-000000000000(cell0),78433c16-56d1-4d3d-b3f1-c8e5080202c0(cell1) {{(pid=96023) load_cells /opt/stack/nova/nova/context.py:509}}
Aug 26 06:05:43.644472 np0000008141 devstack@n-api-meta.service[96023]: DEBUG oslo_concurrency.lockutils [None req-2ebc5463-96d3-407f-a7e6-c3bac00467d8 None None] Acquiring lock "00000000-0000-0000-0000-000000000000" by "nova.context.set_target_cell..get_or_set_cached_cell_and_set_connections" {{(pid=96023) inner /opt/stack/data/venv/lib/python3.12/site-packages/oslo_concurrency/lockutils.py:512}}
Aug 26 06:05:43.644678 np0000008141 devstack@n-api-meta.service[96023]: DEBUG oslo_concurrency.lockutils [None req-2ebc5463-96d3-407f-a7e6-c3bac00467d8 None None] Lock "00000000-0000-0000-0000-000000000000" acquired by "nova.context.set_target_cell..get_or_set_cached_cell_and_set_connections" :: waited 0.000s {{(pid=96023) inner /opt/stack/data/venv/lib/python3.12/site-packages/oslo_concurrency/lockutils.py:525}}
Aug 26 06:05:43.645171 np0000008141 devstack@n-api-meta.service[96023]: DEBUG oslo_concurrency.lockutils [None req-2ebc5463-96d3-407f-a7e6-c3bac00467d8 None None] Lock "00000000-0000-0000-0000-000000000000" "released" by "nova.context.set_target_cell..get_or_set_cached_cell_and_set_connections" :: held 0.000s {{(pid=96023) inner /opt/stack/data/venv/lib/python3.12/site-packages/oslo_concurrency/lockutils.py:544}}
Aug 26 06:05:43.645451 np0000008141 devstack@n-api-meta.service[96023]: INFO nova.thread_pool_factory [None req-2ebc5463-96d3-407f-a7e6-c3bac00467d8 None None] The cell_worker thread pool MainProcess.cell_worker is initialized
Aug 26 06:05:43.646222 np0000008141 devstack@n-api-meta.service[96023]: DEBUG oslo_concurrency.lockutils [None req-2ebc5463-96d3-407f-a7e6-c3bac00467d8 None None] Acquiring lock "78433c16-56d1-4d3d-b3f1-c8e5080202c0" by "nova.context.set_target_cell..get_or_set_cached_cell_and_set_connections" {{(pid=96023) inner /opt/stack/data/venv/lib/python3.12/site-packages/oslo_concurrency/lockutils.py:512}}
Aug 26 06:05:43.648002 np0000008141 devstack@n-api-meta.service[96023]: INFO dbcounter [None req-2ebc5463-96d3-407f-a7e6-c3bac00467d8 None None] Registered counter for database nova_cell0
Aug 26 06:05:43.649549 np0000008141 devstack@n-api-meta.service[96023]: DEBUG oslo_concurrency.lockutils [None req-2ebc5463-96d3-407f-a7e6-c3bac00467d8 None None] Lock "78433c16-56d1-4d3d-b3f1-c8e5080202c0" acquired by "nova.context.set_target_cell..get_or_set_cached_cell_and_set_connections" :: waited 0.002s {{(pid=96023) inner /opt/stack/data/venv/lib/python3.12/site-packages/oslo_concurrency/lockutils.py:525}}
Aug 26 06:05:43.650472 np0000008141 devstack@n-api-meta.service[96023]: DEBUG oslo_concurrency.lockutils [None req-2ebc5463-96d3-407f-a7e6-c3bac00467d8 None None] Lock "78433c16-56d1-4d3d-b3f1-c8e5080202c0" "released" by "nova.context.set_target_cell..get_or_set_cached_cell_and_set_connections" :: held 0.003s {{(pid=96023) inner /opt/stack/data/venv/lib/python3.12/site-packages/oslo_concurrency/lockutils.py:544}}
Aug 26 06:05:43.653982 np0000008141 devstack@n-api-meta.service[96023]: INFO dbcounter [None req-2ebc5463-96d3-407f-a7e6-c3bac00467d8 None None] Registered counter for database nova_cell1
Aug 26 06:05:43.658823 np0000008141 devstack@n-api-meta.service[96022]: DEBUG oslo_db.sqlalchemy.engines [None req-b41ab532-ff43-437a-b250-4987f114f69b None None] MySQL server mode set to STRICT_TRANS_TABLES,STRICT_ALL_TABLES,NO_ZERO_IN_DATE,NO_ZERO_DATE,ERROR_FOR_DIVISION_BY_ZERO,TRADITIONAL,NO_ENGINE_SUBSTITUTION {{(pid=96022) _check_effective_sql_mode /opt/stack/data/venv/lib/python3.12/site-packages/oslo_db/sqlalchemy/engines.py:325}}
Aug 26 06:05:43.663025 np0000008141 devstack@n-api-meta.service[96022]: DEBUG oslo_db.sqlalchemy.engines [None req-b41ab532-ff43-437a-b250-4987f114f69b None None] MySQL server mode set to STRICT_TRANS_TABLES,STRICT_ALL_TABLES,NO_ZERO_IN_DATE,NO_ZERO_DATE,ERROR_FOR_DIVISION_BY_ZERO,TRADITIONAL,NO_ENGINE_SUBSTITUTION {{(pid=96022) _check_effective_sql_mode /opt/stack/data/venv/lib/python3.12/site-packages/oslo_db/sqlalchemy/engines.py:325}}
Aug 26 06:05:43.668194 np0000008141 devstack@n-api-meta.service[96025]: DEBUG dbcounter [-] [96025] Writer thread running {{(pid=96025) stat_writer /opt/stack/data/venv/lib/python3.12/site-packages/dbcounter.py:102}}
Aug 26 06:05:43.671236 np0000008141 devstack@n-api-meta.service[96025]: DEBUG nova.context [None req-5a64267c-8f99-4bcc-b46e-3e5dd937c51f None None] Found 2 cells: 00000000-0000-0000-0000-000000000000(cell0),78433c16-56d1-4d3d-b3f1-c8e5080202c0(cell1) {{(pid=96025) load_cells /opt/stack/nova/nova/context.py:509}}
Aug 26 06:05:43.672127 np0000008141 devstack@n-api-meta.service[96024]: DEBUG oslo_db.sqlalchemy.engines [None req-d0138267-c20b-4dba-8e6b-07c9e654ba85 None None] MySQL server mode set to STRICT_TRANS_TABLES,STRICT_ALL_TABLES,NO_ZERO_IN_DATE,NO_ZERO_DATE,ERROR_FOR_DIVISION_BY_ZERO,TRADITIONAL,NO_ENGINE_SUBSTITUTION {{(pid=96024) _check_effective_sql_mode /opt/stack/data/venv/lib/python3.12/site-packages/oslo_db/sqlalchemy/engines.py:325}}
Aug 26 06:05:43.673022 np0000008141 devstack@n-api-meta.service[96025]: DEBUG oslo_concurrency.lockutils [None req-5a64267c-8f99-4bcc-b46e-3e5dd937c51f None None] Acquiring lock "00000000-0000-0000-0000-000000000000" by "nova.context.set_target_cell..get_or_set_cached_cell_and_set_connections" {{(pid=96025) inner /opt/stack/data/venv/lib/python3.12/site-packages/oslo_concurrency/lockutils.py:512}}
Aug 26 06:05:43.673207 np0000008141 devstack@n-api-meta.service[96025]: DEBUG oslo_concurrency.lockutils [None req-5a64267c-8f99-4bcc-b46e-3e5dd937c51f None None] Lock "00000000-0000-0000-0000-000000000000" acquired by "nova.context.set_target_cell..get_or_set_cached_cell_and_set_connections" :: waited 0.000s {{(pid=96025) inner /opt/stack/data/venv/lib/python3.12/site-packages/oslo_concurrency/lockutils.py:525}}
Aug 26 06:05:43.673598 np0000008141 devstack@n-api-meta.service[96025]: DEBUG oslo_concurrency.lockutils [None req-5a64267c-8f99-4bcc-b46e-3e5dd937c51f None None] Lock "00000000-0000-0000-0000-000000000000" "released" by "nova.context.set_target_cell..get_or_set_cached_cell_and_set_connections" :: held 0.000s {{(pid=96025) inner /opt/stack/data/venv/lib/python3.12/site-packages/oslo_concurrency/lockutils.py:544}}
Aug 26 06:05:43.673850 np0000008141 devstack@n-api-meta.service[96025]: INFO nova.thread_pool_factory [None req-5a64267c-8f99-4bcc-b46e-3e5dd937c51f None None] The cell_worker thread pool MainProcess.cell_worker is initialized
Aug 26 06:05:43.674553 np0000008141 devstack@n-api-meta.service[96025]: DEBUG oslo_concurrency.lockutils [None req-5a64267c-8f99-4bcc-b46e-3e5dd937c51f None None] Acquiring lock "78433c16-56d1-4d3d-b3f1-c8e5080202c0" by "nova.context.set_target_cell..get_or_set_cached_cell_and_set_connections" {{(pid=96025) inner /opt/stack/data/venv/lib/python3.12/site-packages/oslo_concurrency/lockutils.py:512}}
Aug 26 06:05:43.674689 np0000008141 devstack@n-api-meta.service[96025]: DEBUG oslo_concurrency.lockutils [None req-5a64267c-8f99-4bcc-b46e-3e5dd937c51f None None] Lock "78433c16-56d1-4d3d-b3f1-c8e5080202c0" acquired by "nova.context.set_target_cell..get_or_set_cached_cell_and_set_connections" :: waited 0.000s {{(pid=96025) inner /opt/stack/data/venv/lib/python3.12/site-packages/oslo_concurrency/lockutils.py:525}}
Aug 26 06:05:43.675575 np0000008141 devstack@n-api-meta.service[96025]: DEBUG oslo_concurrency.lockutils [None req-5a64267c-8f99-4bcc-b46e-3e5dd937c51f None None] Lock "78433c16-56d1-4d3d-b3f1-c8e5080202c0" "released" by "nova.context.set_target_cell..get_or_set_cached_cell_and_set_connections" :: held 0.001s {{(pid=96025) inner /opt/stack/data/venv/lib/python3.12/site-packages/oslo_concurrency/lockutils.py:544}}
Aug 26 06:05:43.677609 np0000008141 devstack@n-api-meta.service[96025]: INFO dbcounter [None req-5a64267c-8f99-4bcc-b46e-3e5dd937c51f None None] Registered counter for database nova_cell0
Aug 26 06:05:43.680646 np0000008141 devstack@n-api-meta.service[96025]: INFO dbcounter [None req-5a64267c-8f99-4bcc-b46e-3e5dd937c51f None None] Registered counter for database nova_cell1
Aug 26 06:05:43.699223 np0000008141 devstack@n-api-meta.service[96023]: DEBUG oslo_db.sqlalchemy.engines [None req-2ebc5463-96d3-407f-a7e6-c3bac00467d8 None None] MySQL server mode set to STRICT_TRANS_TABLES,STRICT_ALL_TABLES,NO_ZERO_IN_DATE,NO_ZERO_DATE,ERROR_FOR_DIVISION_BY_ZERO,TRADITIONAL,NO_ENGINE_SUBSTITUTION {{(pid=96023) _check_effective_sql_mode /opt/stack/data/venv/lib/python3.12/site-packages/oslo_db/sqlalchemy/engines.py:325}}
Aug 26 06:05:43.703448 np0000008141 devstack@n-api-meta.service[96024]: DEBUG dbcounter [-] [96024] Writer thread running {{(pid=96024) stat_writer /opt/stack/data/venv/lib/python3.12/site-packages/dbcounter.py:102}}
Aug 26 06:05:43.707012 np0000008141 devstack@n-api-meta.service[96024]: DEBUG nova.context [None req-d0138267-c20b-4dba-8e6b-07c9e654ba85 None None] Found 2 cells: 00000000-0000-0000-0000-000000000000(cell0),78433c16-56d1-4d3d-b3f1-c8e5080202c0(cell1) {{(pid=96024) load_cells /opt/stack/nova/nova/context.py:509}}
Aug 26 06:05:43.708921 np0000008141 devstack@n-api-meta.service[96024]: DEBUG oslo_concurrency.lockutils [None req-d0138267-c20b-4dba-8e6b-07c9e654ba85 None None] Acquiring lock "00000000-0000-0000-0000-000000000000" by "nova.context.set_target_cell..get_or_set_cached_cell_and_set_connections" {{(pid=96024) inner /opt/stack/data/venv/lib/python3.12/site-packages/oslo_concurrency/lockutils.py:512}}
Aug 26 06:05:43.709144 np0000008141 devstack@n-api-meta.service[96024]: DEBUG oslo_concurrency.lockutils [None req-d0138267-c20b-4dba-8e6b-07c9e654ba85 None None] Lock "00000000-0000-0000-0000-000000000000" acquired by "nova.context.set_target_cell..get_or_set_cached_cell_and_set_connections" :: waited 0.000s {{(pid=96024) inner /opt/stack/data/venv/lib/python3.12/site-packages/oslo_concurrency/lockutils.py:525}}
Aug 26 06:05:43.709492 np0000008141 devstack@n-api-meta.service[96024]: DEBUG oslo_concurrency.lockutils [None req-d0138267-c20b-4dba-8e6b-07c9e654ba85 None None] Lock "00000000-0000-0000-0000-000000000000" "released" by "nova.context.set_target_cell..get_or_set_cached_cell_and_set_connections" :: held 0.000s {{(pid=96024) inner /opt/stack/data/venv/lib/python3.12/site-packages/oslo_concurrency/lockutils.py:544}}
Aug 26 06:05:43.710400 np0000008141 devstack@n-api-meta.service[96024]: INFO nova.thread_pool_factory [None req-d0138267-c20b-4dba-8e6b-07c9e654ba85 None None] The cell_worker thread pool MainProcess.cell_worker is initialized
Aug 26 06:05:43.710513 np0000008141 devstack@n-api-meta.service[96023]: DEBUG oslo_db.sqlalchemy.engines [None req-2ebc5463-96d3-407f-a7e6-c3bac00467d8 None None] MySQL server mode set to STRICT_TRANS_TABLES,STRICT_ALL_TABLES,NO_ZERO_IN_DATE,NO_ZERO_DATE,ERROR_FOR_DIVISION_BY_ZERO,TRADITIONAL,NO_ENGINE_SUBSTITUTION {{(pid=96023) _check_effective_sql_mode /opt/stack/data/venv/lib/python3.12/site-packages/oslo_db/sqlalchemy/engines.py:325}}
Aug 26 06:05:43.710566 np0000008141 devstack@n-api-meta.service[96024]: DEBUG oslo_concurrency.lockutils [None req-d0138267-c20b-4dba-8e6b-07c9e654ba85 None None] Acquiring lock "78433c16-56d1-4d3d-b3f1-c8e5080202c0" by "nova.context.set_target_cell..get_or_set_cached_cell_and_set_connections" {{(pid=96024) inner /opt/stack/data/venv/lib/python3.12/site-packages/oslo_concurrency/lockutils.py:512}}
Aug 26 06:05:43.710566 np0000008141 devstack@n-api-meta.service[96024]: DEBUG oslo_concurrency.lockutils [None req-d0138267-c20b-4dba-8e6b-07c9e654ba85 None None] Lock "78433c16-56d1-4d3d-b3f1-c8e5080202c0" acquired by "nova.context.set_target_cell..get_or_set_cached_cell_and_set_connections" :: waited 0.000s {{(pid=96024) inner /opt/stack/data/venv/lib/python3.12/site-packages/oslo_concurrency/lockutils.py:525}}
Aug 26 06:05:43.711324 np0000008141 devstack@n-api-meta.service[96024]: DEBUG oslo_concurrency.lockutils [None req-d0138267-c20b-4dba-8e6b-07c9e654ba85 None None] Lock "78433c16-56d1-4d3d-b3f1-c8e5080202c0" "released" by "nova.context.set_target_cell..get_or_set_cached_cell_and_set_connections" :: held 0.001s {{(pid=96024) inner /opt/stack/data/venv/lib/python3.12/site-packages/oslo_concurrency/lockutils.py:544}}
Aug 26 06:05:43.713193 np0000008141 devstack@n-api-meta.service[96024]: INFO dbcounter [None req-d0138267-c20b-4dba-8e6b-07c9e654ba85 None None] Registered counter for database nova_cell0
Aug 26 06:05:43.716401 np0000008141 devstack@n-api-meta.service[96024]: INFO dbcounter [None req-d0138267-c20b-4dba-8e6b-07c9e654ba85 None None] Registered counter for database nova_cell1
Aug 26 06:05:43.741675 np0000008141 devstack@n-api-meta.service[96025]: DEBUG oslo_db.sqlalchemy.engines [None req-5a64267c-8f99-4bcc-b46e-3e5dd937c51f None None] MySQL server mode set to STRICT_TRANS_TABLES,STRICT_ALL_TABLES,NO_ZERO_IN_DATE,NO_ZERO_DATE,ERROR_FOR_DIVISION_BY_ZERO,TRADITIONAL,NO_ENGINE_SUBSTITUTION {{(pid=96025) _check_effective_sql_mode /opt/stack/data/venv/lib/python3.12/site-packages/oslo_db/sqlalchemy/engines.py:325}}
Aug 26 06:05:43.742366 np0000008141 devstack@n-api-meta.service[96025]: DEBUG oslo_db.sqlalchemy.engines [None req-5a64267c-8f99-4bcc-b46e-3e5dd937c51f None None] MySQL server mode set to STRICT_TRANS_TABLES,STRICT_ALL_TABLES,NO_ZERO_IN_DATE,NO_ZERO_DATE,ERROR_FOR_DIVISION_BY_ZERO,TRADITIONAL,NO_ENGINE_SUBSTITUTION {{(pid=96025) _check_effective_sql_mode /opt/stack/data/venv/lib/python3.12/site-packages/oslo_db/sqlalchemy/engines.py:325}}
Aug 26 06:05:43.748867 np0000008141 devstack@n-api-meta.service[96022]: DEBUG dbcounter [-] [96022] Writer thread running {{(pid=96022) stat_writer /opt/stack/data/venv/lib/python3.12/site-packages/dbcounter.py:102}}
Aug 26 06:05:43.753950 np0000008141 devstack@n-api-meta.service[96022]: DEBUG dbcounter [-] [96022] Writer thread running {{(pid=96022) stat_writer /opt/stack/data/venv/lib/python3.12/site-packages/dbcounter.py:102}}
Aug 26 06:05:43.757015 np0000008141 devstack@n-api-meta.service[96022]: INFO dbcounter [None req-b41ab532-ff43-437a-b250-4987f114f69b None None] Registered counter for database nova_cell0
Aug 26 06:05:43.774934 np0000008141 devstack@n-api-meta.service[96024]: DEBUG oslo_db.sqlalchemy.engines [None req-d0138267-c20b-4dba-8e6b-07c9e654ba85 None None] MySQL server mode set to STRICT_TRANS_TABLES,STRICT_ALL_TABLES,NO_ZERO_IN_DATE,NO_ZERO_DATE,ERROR_FOR_DIVISION_BY_ZERO,TRADITIONAL,NO_ENGINE_SUBSTITUTION {{(pid=96024) _check_effective_sql_mode /opt/stack/data/venv/lib/python3.12/site-packages/oslo_db/sqlalchemy/engines.py:325}}
Aug 26 06:05:43.779323 np0000008141 devstack@n-api-meta.service[96024]: DEBUG oslo_db.sqlalchemy.engines [None req-d0138267-c20b-4dba-8e6b-07c9e654ba85 None None] MySQL server mode set to STRICT_TRANS_TABLES,STRICT_ALL_TABLES,NO_ZERO_IN_DATE,NO_ZERO_DATE,ERROR_FOR_DIVISION_BY_ZERO,TRADITIONAL,NO_ENGINE_SUBSTITUTION {{(pid=96024) _check_effective_sql_mode /opt/stack/data/venv/lib/python3.12/site-packages/oslo_db/sqlalchemy/engines.py:325}}
Aug 26 06:05:43.795213 np0000008141 devstack@n-api-meta.service[96023]: DEBUG dbcounter [-] [96023] Writer thread running {{(pid=96023) stat_writer /opt/stack/data/venv/lib/python3.12/site-packages/dbcounter.py:102}}
Aug 26 06:05:43.795347 np0000008141 devstack@n-api-meta.service[96022]: DEBUG oslo_db.sqlalchemy.engines [None req-b41ab532-ff43-437a-b250-4987f114f69b None None] MySQL server mode set to STRICT_TRANS_TABLES,STRICT_ALL_TABLES,NO_ZERO_IN_DATE,NO_ZERO_DATE,ERROR_FOR_DIVISION_BY_ZERO,TRADITIONAL,NO_ENGINE_SUBSTITUTION {{(pid=96022) _check_effective_sql_mode /opt/stack/data/venv/lib/python3.12/site-packages/oslo_db/sqlalchemy/engines.py:325}}
Aug 26 06:05:43.799045 np0000008141 devstack@n-api-meta.service[96023]: DEBUG dbcounter [-] [96023] Writer thread running {{(pid=96023) stat_writer /opt/stack/data/venv/lib/python3.12/site-packages/dbcounter.py:102}}
Aug 26 06:05:43.801152 np0000008141 devstack@n-api-meta.service[96022]: DEBUG dbcounter [-] [96022] Writer thread running {{(pid=96022) stat_writer /opt/stack/data/venv/lib/python3.12/site-packages/dbcounter.py:102}}
Aug 26 06:05:43.802036 np0000008141 devstack@n-api-meta.service[96023]: INFO dbcounter [None req-2ebc5463-96d3-407f-a7e6-c3bac00467d8 None None] Registered counter for database nova_cell0
Aug 26 06:05:43.839890 np0000008141 devstack@n-api-meta.service[96022]: WARNING nova.api.metadata.handler [None req-b41ab532-ff43-437a-b250-4987f114f69b None None] metadata_proxy_shared_secret is not configured, the metadata information returned by the proxy cannot be trusted
Aug 26 06:05:43.840522 np0000008141 devstack@n-api-meta.service[96023]: DEBUG oslo_db.sqlalchemy.engines [None req-2ebc5463-96d3-407f-a7e6-c3bac00467d8 None None] MySQL server mode set to STRICT_TRANS_TABLES,STRICT_ALL_TABLES,NO_ZERO_IN_DATE,NO_ZERO_DATE,ERROR_FOR_DIVISION_BY_ZERO,TRADITIONAL,NO_ENGINE_SUBSTITUTION {{(pid=96023) _check_effective_sql_mode /opt/stack/data/venv/lib/python3.12/site-packages/oslo_db/sqlalchemy/engines.py:325}}
Aug 26 06:05:43.841643 np0000008141 devstack@n-api-meta.service[96022]: DEBUG nova.api.openstack.wsgi_app [None req-b41ab532-ff43-437a-b250-4987f114f69b None None] ******************************************************************************** {{(pid=96022) log_opt_values /opt/stack/data/venv/lib/python3.12/site-packages/oslo_config/cfg.py:3533}}
Aug 26 06:05:43.841732 np0000008141 devstack@n-api-meta.service[96022]: DEBUG nova.api.openstack.wsgi_app [None req-b41ab532-ff43-437a-b250-4987f114f69b None None] Configuration options gathered from: {{(pid=96022) log_opt_values /opt/stack/data/venv/lib/python3.12/site-packages/oslo_config/cfg.py:3534}}
Aug 26 06:05:43.842352 np0000008141 devstack@n-api-meta.service[96022]: DEBUG nova.api.openstack.wsgi_app [None req-b41ab532-ff43-437a-b250-4987f114f69b None None] command line args: [] {{(pid=96022) log_opt_values /opt/stack/data/venv/lib/python3.12/site-packages/oslo_config/cfg.py:3535}}
Aug 26 06:05:43.842352 np0000008141 devstack@n-api-meta.service[96022]: DEBUG nova.api.openstack.wsgi_app [None req-b41ab532-ff43-437a-b250-4987f114f69b None None] config files: ['/etc/nova/api-paste.ini', '/etc/nova/nova.conf'] {{(pid=96022) log_opt_values /opt/stack/data/venv/lib/python3.12/site-packages/oslo_config/cfg.py:3536}}
Aug 26 06:05:43.842352 np0000008141 devstack@n-api-meta.service[96022]: DEBUG nova.api.openstack.wsgi_app [None req-b41ab532-ff43-437a-b250-4987f114f69b None None] ================================================================================ {{(pid=96022) log_opt_values /opt/stack/data/venv/lib/python3.12/site-packages/oslo_config/cfg.py:3541}}
Aug 26 06:05:43.842452 np0000008141 devstack@n-api-meta.service[96022]: DEBUG nova.api.openstack.wsgi_app [None req-b41ab532-ff43-437a-b250-4987f114f69b None None] allow_resize_to_same_host = True {{(pid=96022) log_opt_values /opt/stack/data/venv/lib/python3.12/site-packages/oslo_config/cfg.py:3549}}
Aug 26 06:05:43.842593 np0000008141 devstack@n-api-meta.service[96022]: DEBUG nova.api.openstack.wsgi_app [None req-b41ab532-ff43-437a-b250-4987f114f69b None None] arq_binding_timeout = 300 {{(pid=96022) log_opt_values /opt/stack/data/venv/lib/python3.12/site-packages/oslo_config/cfg.py:3549}}
Aug 26 06:05:43.842766 np0000008141 devstack@n-api-meta.service[96022]: DEBUG nova.api.openstack.wsgi_app [None req-b41ab532-ff43-437a-b250-4987f114f69b None None] block_device_allocate_retries = 60 {{(pid=96022) log_opt_values /opt/stack/data/venv/lib/python3.12/site-packages/oslo_config/cfg.py:3549}}
Aug 26 06:05:43.842945 np0000008141 devstack@n-api-meta.service[96022]: DEBUG nova.api.openstack.wsgi_app [None req-b41ab532-ff43-437a-b250-4987f114f69b None None] block_device_allocate_retries_interval = 3 {{(pid=96022) log_opt_values /opt/stack/data/venv/lib/python3.12/site-packages/oslo_config/cfg.py:3549}}
Aug 26 06:05:43.843422 np0000008141 devstack@n-api-meta.service[96022]: DEBUG nova.api.openstack.wsgi_app [None req-b41ab532-ff43-437a-b250-4987f114f69b None None] cell_worker_thread_pool_size = 5 {{(pid=96022) log_opt_values /opt/stack/data/venv/lib/python3.12/site-packages/oslo_config/cfg.py:3549}}
Aug 26 06:05:43.843422 np0000008141 devstack@n-api-meta.service[96022]: DEBUG nova.api.openstack.wsgi_app [None req-b41ab532-ff43-437a-b250-4987f114f69b None None] cert = self.pem {{(pid=96022) log_opt_values /opt/stack/data/venv/lib/python3.12/site-packages/oslo_config/cfg.py:3549}}
Aug 26 06:05:43.843484 np0000008141 devstack@n-api-meta.service[96025]: DEBUG dbcounter [-] [96025] Writer thread running {{(pid=96025) stat_writer /opt/stack/data/venv/lib/python3.12/site-packages/dbcounter.py:102}}
Aug 26 06:05:43.843512 np0000008141 devstack@n-api-meta.service[96022]: DEBUG nova.api.openstack.wsgi_app [None req-b41ab532-ff43-437a-b250-4987f114f69b None None] compute_driver = libvirt.LibvirtDriver {{(pid=96022) log_opt_values /opt/stack/data/venv/lib/python3.12/site-packages/oslo_config/cfg.py:3549}}
Aug 26 06:05:43.843660 np0000008141 devstack@n-api-meta.service[96022]: DEBUG nova.api.openstack.wsgi_app [None req-b41ab532-ff43-437a-b250-4987f114f69b None None] compute_monitors = [] {{(pid=96022) log_opt_values /opt/stack/data/venv/lib/python3.12/site-packages/oslo_config/cfg.py:3549}}
Aug 26 06:05:43.843852 np0000008141 devstack@n-api-meta.service[96022]: DEBUG nova.api.openstack.wsgi_app [None req-b41ab532-ff43-437a-b250-4987f114f69b None None] concurrency_backend = auto {{(pid=96022) log_opt_values /opt/stack/data/venv/lib/python3.12/site-packages/oslo_config/cfg.py:3549}}
Aug 26 06:05:43.844039 np0000008141 devstack@n-api-meta.service[96022]: DEBUG nova.api.openstack.wsgi_app [None req-b41ab532-ff43-437a-b250-4987f114f69b None None] config_dir = [] {{(pid=96022) log_opt_values /opt/stack/data/venv/lib/python3.12/site-packages/oslo_config/cfg.py:3549}}
Aug 26 06:05:43.844214 np0000008141 devstack@n-api-meta.service[96022]: DEBUG nova.api.openstack.wsgi_app [None req-b41ab532-ff43-437a-b250-4987f114f69b None None] config_drive_format = iso9660 {{(pid=96022) log_opt_values /opt/stack/data/venv/lib/python3.12/site-packages/oslo_config/cfg.py:3549}}
Aug 26 06:05:43.844365 np0000008141 devstack@n-api-meta.service[96022]: DEBUG nova.api.openstack.wsgi_app [None req-b41ab532-ff43-437a-b250-4987f114f69b None None] config_file = ['/etc/nova/api-paste.ini', '/etc/nova/nova.conf'] {{(pid=96022) log_opt_values /opt/stack/data/venv/lib/python3.12/site-packages/oslo_config/cfg.py:3549}}
Aug 26 06:05:43.844536 np0000008141 devstack@n-api-meta.service[96022]: DEBUG nova.api.openstack.wsgi_app [None req-b41ab532-ff43-437a-b250-4987f114f69b None None] config_source = [] {{(pid=96022) log_opt_values /opt/stack/data/venv/lib/python3.12/site-packages/oslo_config/cfg.py:3549}}
Aug 26 06:05:43.844708 np0000008141 devstack@n-api-meta.service[96022]: DEBUG nova.api.openstack.wsgi_app [None req-b41ab532-ff43-437a-b250-4987f114f69b None None] console_host = np0000008141 {{(pid=96022) log_opt_values /opt/stack/data/venv/lib/python3.12/site-packages/oslo_config/cfg.py:3549}}
Aug 26 06:05:43.844904 np0000008141 devstack@n-api-meta.service[96022]: DEBUG nova.api.openstack.wsgi_app [None req-b41ab532-ff43-437a-b250-4987f114f69b None None] control_exchange = nova {{(pid=96022) log_opt_values /opt/stack/data/venv/lib/python3.12/site-packages/oslo_config/cfg.py:3549}}
Aug 26 06:05:43.845072 np0000008141 devstack@n-api-meta.service[96022]: DEBUG nova.api.openstack.wsgi_app [None req-b41ab532-ff43-437a-b250-4987f114f69b None None] cpu_allocation_ratio = None {{(pid=96022) log_opt_values /opt/stack/data/venv/lib/python3.12/site-packages/oslo_config/cfg.py:3549}}
Aug 26 06:05:43.845624 np0000008141 devstack@n-api-meta.service[96022]: DEBUG nova.api.openstack.wsgi_app [None req-b41ab532-ff43-437a-b250-4987f114f69b None None] daemon = False {{(pid=96022) log_opt_values /opt/stack/data/venv/lib/python3.12/site-packages/oslo_config/cfg.py:3549}}
Aug 26 06:05:43.845624 np0000008141 devstack@n-api-meta.service[96022]: DEBUG nova.api.openstack.wsgi_app [None req-b41ab532-ff43-437a-b250-4987f114f69b None None] debug = True {{(pid=96022) log_opt_values /opt/stack/data/venv/lib/python3.12/site-packages/oslo_config/cfg.py:3549}}
Aug 26 06:05:43.845624 np0000008141 devstack@n-api-meta.service[96022]: DEBUG nova.api.openstack.wsgi_app [None req-b41ab532-ff43-437a-b250-4987f114f69b None None] default_access_ip_network_name = None {{(pid=96022) log_opt_values /opt/stack/data/venv/lib/python3.12/site-packages/oslo_config/cfg.py:3549}}
Aug 26 06:05:43.845721 np0000008141 devstack@n-api-meta.service[96022]: DEBUG nova.api.openstack.wsgi_app [None req-b41ab532-ff43-437a-b250-4987f114f69b None None] default_availability_zone = nova {{(pid=96022) log_opt_values /opt/stack/data/venv/lib/python3.12/site-packages/oslo_config/cfg.py:3549}}
Aug 26 06:05:43.845915 np0000008141 devstack@n-api-meta.service[96022]: DEBUG nova.api.openstack.wsgi_app [None req-b41ab532-ff43-437a-b250-4987f114f69b None None] default_ephemeral_format = ext4 {{(pid=96022) log_opt_values /opt/stack/data/venv/lib/python3.12/site-packages/oslo_config/cfg.py:3549}}
Aug 26 06:05:43.846121 np0000008141 devstack@n-api-meta.service[96022]: DEBUG nova.api.openstack.wsgi_app [None req-b41ab532-ff43-437a-b250-4987f114f69b None None] default_green_pool_size = 1000 {{(pid=96022) log_opt_values /opt/stack/data/venv/lib/python3.12/site-packages/oslo_config/cfg.py:3549}}
Aug 26 06:05:43.846413 np0000008141 devstack@n-api-meta.service[96022]: DEBUG nova.api.openstack.wsgi_app [None req-b41ab532-ff43-437a-b250-4987f114f69b None None] default_log_levels = ['amqp=WARN', 'boto=WARN', 'sqlalchemy=WARN', 'suds=INFO', 'oslo.messaging=INFO', 'oslo_messaging=INFO', 'iso8601=WARN', 'requests.packages.urllib3.connectionpool=WARN', 'urllib3.connectionpool=WARN', 'websocket=WARN', 'requests.packages.urllib3.util.retry=WARN', 'urllib3.util.retry=WARN', 'keystonemiddleware=WARN', 'routes.middleware=WARN', 'stevedore=WARN', 'taskflow=WARN', 'keystoneauth=WARN', 'oslo.cache=INFO', 'oslo_policy=INFO', 'dogpile.core.dogpile=INFO', 'glanceclient=WARN', 'oslo.privsep.daemon=INFO'] {{(pid=96022) log_opt_values /opt/stack/data/venv/lib/python3.12/site-packages/oslo_config/cfg.py:3549}}
Aug 26 06:05:43.846582 np0000008141 devstack@n-api-meta.service[96022]: DEBUG nova.api.openstack.wsgi_app [None req-b41ab532-ff43-437a-b250-4987f114f69b None None] default_schedule_zone = None {{(pid=96022) log_opt_values /opt/stack/data/venv/lib/python3.12/site-packages/oslo_config/cfg.py:3549}}
Aug 26 06:05:43.846807 np0000008141 devstack@n-api-meta.service[96022]: DEBUG nova.api.openstack.wsgi_app [None req-b41ab532-ff43-437a-b250-4987f114f69b None None] default_thread_pool_size = 10 {{(pid=96022) log_opt_values /opt/stack/data/venv/lib/python3.12/site-packages/oslo_config/cfg.py:3549}}
Aug 26 06:05:43.847022 np0000008141 devstack@n-api-meta.service[96022]: DEBUG nova.api.openstack.wsgi_app [None req-b41ab532-ff43-437a-b250-4987f114f69b None None] disk_allocation_ratio = None {{(pid=96022) log_opt_values /opt/stack/data/venv/lib/python3.12/site-packages/oslo_config/cfg.py:3549}}
Aug 26 06:05:43.847162 np0000008141 devstack@n-api-meta.service[96022]: DEBUG nova.api.openstack.wsgi_app [None req-b41ab532-ff43-437a-b250-4987f114f69b None None] enable_new_services = True {{(pid=96022) log_opt_values /opt/stack/data/venv/lib/python3.12/site-packages/oslo_config/cfg.py:3549}}
Aug 26 06:05:43.847351 np0000008141 devstack@n-api-meta.service[96022]: DEBUG nova.api.openstack.wsgi_app [None req-b41ab532-ff43-437a-b250-4987f114f69b None None] flat_injected = False {{(pid=96022) log_opt_values /opt/stack/data/venv/lib/python3.12/site-packages/oslo_config/cfg.py:3549}}
Aug 26 06:05:43.847544 np0000008141 devstack@n-api-meta.service[96022]: DEBUG nova.api.openstack.wsgi_app [None req-b41ab532-ff43-437a-b250-4987f114f69b None None] force_config_drive = True {{(pid=96022) log_opt_values /opt/stack/data/venv/lib/python3.12/site-packages/oslo_config/cfg.py:3549}}
Aug 26 06:05:43.847730 np0000008141 devstack@n-api-meta.service[96022]: DEBUG nova.api.openstack.wsgi_app [None req-b41ab532-ff43-437a-b250-4987f114f69b None None] force_raw_images = True {{(pid=96022) log_opt_values /opt/stack/data/venv/lib/python3.12/site-packages/oslo_config/cfg.py:3549}}
Aug 26 06:05:43.848060 np0000008141 devstack@n-api-meta.service[96022]: DEBUG nova.api.openstack.wsgi_app [None req-b41ab532-ff43-437a-b250-4987f114f69b None None] graceful_shutdown_timeout = 5 {{(pid=96022) log_opt_values /opt/stack/data/venv/lib/python3.12/site-packages/oslo_config/cfg.py:3549}}
Aug 26 06:05:43.848113 np0000008141 devstack@n-api-meta.service[96025]: DEBUG dbcounter [-] [96025] Writer thread running {{(pid=96025) stat_writer /opt/stack/data/venv/lib/python3.12/site-packages/dbcounter.py:102}}
Aug 26 06:05:43.848151 np0000008141 devstack@n-api-meta.service[96022]: DEBUG nova.api.openstack.wsgi_app [None req-b41ab532-ff43-437a-b250-4987f114f69b None None] heal_instance_info_cache_interval = -1 {{(pid=96022) log_opt_values /opt/stack/data/venv/lib/python3.12/site-packages/oslo_config/cfg.py:3549}}
Aug 26 06:05:43.848380 np0000008141 devstack@n-api-meta.service[96022]: DEBUG nova.api.openstack.wsgi_app [None req-b41ab532-ff43-437a-b250-4987f114f69b None None] host = np0000008141 {{(pid=96022) log_opt_values /opt/stack/data/venv/lib/python3.12/site-packages/oslo_config/cfg.py:3549}}
Aug 26 06:05:43.848557 np0000008141 devstack@n-api-meta.service[96022]: DEBUG nova.api.openstack.wsgi_app [None req-b41ab532-ff43-437a-b250-4987f114f69b None None] initial_cpu_allocation_ratio = 4.0 {{(pid=96022) log_opt_values /opt/stack/data/venv/lib/python3.12/site-packages/oslo_config/cfg.py:3549}}
Aug 26 06:05:43.848741 np0000008141 devstack@n-api-meta.service[96022]: DEBUG nova.api.openstack.wsgi_app [None req-b41ab532-ff43-437a-b250-4987f114f69b None None] initial_disk_allocation_ratio = 1.0 {{(pid=96022) log_opt_values /opt/stack/data/venv/lib/python3.12/site-packages/oslo_config/cfg.py:3549}}
Aug 26 06:05:43.848956 np0000008141 devstack@n-api-meta.service[96022]: DEBUG nova.api.openstack.wsgi_app [None req-b41ab532-ff43-437a-b250-4987f114f69b None None] initial_ram_allocation_ratio = 1.0 {{(pid=96022) log_opt_values /opt/stack/data/venv/lib/python3.12/site-packages/oslo_config/cfg.py:3549}}
Aug 26 06:05:43.849310 np0000008141 devstack@n-api-meta.service[96022]: DEBUG nova.api.openstack.wsgi_app [None req-b41ab532-ff43-437a-b250-4987f114f69b None None] injected_network_template = /opt/stack/nova/nova/virt/interfaces.template {{(pid=96022) log_opt_values /opt/stack/data/venv/lib/python3.12/site-packages/oslo_config/cfg.py:3549}}
Aug 26 06:05:43.849875 np0000008141 devstack@n-api-meta.service[96022]: DEBUG nova.api.openstack.wsgi_app [None req-b41ab532-ff43-437a-b250-4987f114f69b None None] instance_build_timeout = 0 {{(pid=96022) log_opt_values /opt/stack/data/venv/lib/python3.12/site-packages/oslo_config/cfg.py:3549}}
Aug 26 06:05:43.849875 np0000008141 devstack@n-api-meta.service[96022]: DEBUG nova.api.openstack.wsgi_app [None req-b41ab532-ff43-437a-b250-4987f114f69b None None] instance_delete_interval = 300 {{(pid=96022) log_opt_values /opt/stack/data/venv/lib/python3.12/site-packages/oslo_config/cfg.py:3549}}
Aug 26 06:05:43.849875 np0000008141 devstack@n-api-meta.service[96022]: DEBUG nova.api.openstack.wsgi_app [None req-b41ab532-ff43-437a-b250-4987f114f69b None None] instance_format = [instance: %(uuid)s] {{(pid=96022) log_opt_values /opt/stack/data/venv/lib/python3.12/site-packages/oslo_config/cfg.py:3549}}
Aug 26 06:05:43.850003 np0000008141 devstack@n-api-meta.service[96023]: DEBUG dbcounter [-] [96023] Writer thread running {{(pid=96023) stat_writer /opt/stack/data/venv/lib/python3.12/site-packages/dbcounter.py:102}}
Aug 26 06:05:43.850109 np0000008141 devstack@n-api-meta.service[96022]: DEBUG nova.api.openstack.wsgi_app [None req-b41ab532-ff43-437a-b250-4987f114f69b None None] instance_name_template = instance-%08x {{(pid=96022) log_opt_values /opt/stack/data/venv/lib/python3.12/site-packages/oslo_config/cfg.py:3549}}
Aug 26 06:05:43.850279 np0000008141 devstack@n-api-meta.service[96022]: DEBUG nova.api.openstack.wsgi_app [None req-b41ab532-ff43-437a-b250-4987f114f69b None None] instance_usage_audit = False {{(pid=96022) log_opt_values /opt/stack/data/venv/lib/python3.12/site-packages/oslo_config/cfg.py:3549}}
Aug 26 06:05:43.850459 np0000008141 devstack@n-api-meta.service[96022]: DEBUG nova.api.openstack.wsgi_app [None req-b41ab532-ff43-437a-b250-4987f114f69b None None] instance_usage_audit_period = month {{(pid=96022) log_opt_values /opt/stack/data/venv/lib/python3.12/site-packages/oslo_config/cfg.py:3549}}
Aug 26 06:05:43.850631 np0000008141 devstack@n-api-meta.service[96022]: DEBUG nova.api.openstack.wsgi_app [None req-b41ab532-ff43-437a-b250-4987f114f69b None None] instance_uuid_format = [instance: %(uuid)s] {{(pid=96022) log_opt_values /opt/stack/data/venv/lib/python3.12/site-packages/oslo_config/cfg.py:3549}}
Aug 26 06:05:43.850805 np0000008141 devstack@n-api-meta.service[96022]: DEBUG nova.api.openstack.wsgi_app [None req-b41ab532-ff43-437a-b250-4987f114f69b None None] instances_path = /opt/stack/data/nova/instances {{(pid=96022) log_opt_values /opt/stack/data/venv/lib/python3.12/site-packages/oslo_config/cfg.py:3549}}
Aug 26 06:05:43.851001 np0000008141 devstack@n-api-meta.service[96025]: INFO dbcounter [None req-5a64267c-8f99-4bcc-b46e-3e5dd937c51f None None] Registered counter for database nova_cell0
Aug 26 06:05:43.851045 np0000008141 devstack@n-api-meta.service[96022]: DEBUG nova.api.openstack.wsgi_app [None req-b41ab532-ff43-437a-b250-4987f114f69b None None] internal_service_availability_zone = internal {{(pid=96022) log_opt_values /opt/stack/data/venv/lib/python3.12/site-packages/oslo_config/cfg.py:3549}}
Aug 26 06:05:43.851172 np0000008141 devstack@n-api-meta.service[96022]: DEBUG nova.api.openstack.wsgi_app [None req-b41ab532-ff43-437a-b250-4987f114f69b None None] key = None {{(pid=96022) log_opt_values /opt/stack/data/venv/lib/python3.12/site-packages/oslo_config/cfg.py:3549}}
Aug 26 06:05:43.851333 np0000008141 devstack@n-api-meta.service[96022]: DEBUG nova.api.openstack.wsgi_app [None req-b41ab532-ff43-437a-b250-4987f114f69b None None] live_migration_retry_count = 30 {{(pid=96022) log_opt_values /opt/stack/data/venv/lib/python3.12/site-packages/oslo_config/cfg.py:3549}}
Aug 26 06:05:43.851501 np0000008141 devstack@n-api-meta.service[96022]: DEBUG nova.api.openstack.wsgi_app [None req-b41ab532-ff43-437a-b250-4987f114f69b None None] log_color = False {{(pid=96022) log_opt_values /opt/stack/data/venv/lib/python3.12/site-packages/oslo_config/cfg.py:3549}}
Aug 26 06:05:43.851674 np0000008141 devstack@n-api-meta.service[96022]: DEBUG nova.api.openstack.wsgi_app [None req-b41ab532-ff43-437a-b250-4987f114f69b None None] log_config_append = None {{(pid=96022) log_opt_values /opt/stack/data/venv/lib/python3.12/site-packages/oslo_config/cfg.py:3549}}
Aug 26 06:05:43.851855 np0000008141 devstack@n-api-meta.service[96022]: DEBUG nova.api.openstack.wsgi_app [None req-b41ab532-ff43-437a-b250-4987f114f69b None None] log_date_format = %Y-%m-%d %H:%M:%S {{(pid=96022) log_opt_values /opt/stack/data/venv/lib/python3.12/site-packages/oslo_config/cfg.py:3549}}
Aug 26 06:05:43.852042 np0000008141 devstack@n-api-meta.service[96022]: DEBUG nova.api.openstack.wsgi_app [None req-b41ab532-ff43-437a-b250-4987f114f69b None None] log_dir = None {{(pid=96022) log_opt_values /opt/stack/data/venv/lib/python3.12/site-packages/oslo_config/cfg.py:3549}}
Aug 26 06:05:43.852208 np0000008141 devstack@n-api-meta.service[96022]: DEBUG nova.api.openstack.wsgi_app [None req-b41ab532-ff43-437a-b250-4987f114f69b None None] log_file = None {{(pid=96022) log_opt_values /opt/stack/data/venv/lib/python3.12/site-packages/oslo_config/cfg.py:3549}}
Aug 26 06:05:43.852355 np0000008141 devstack@n-api-meta.service[96022]: DEBUG nova.api.openstack.wsgi_app [None req-b41ab532-ff43-437a-b250-4987f114f69b None None] log_options = True {{(pid=96022) log_opt_values /opt/stack/data/venv/lib/python3.12/site-packages/oslo_config/cfg.py:3549}}
Aug 26 06:05:43.852523 np0000008141 devstack@n-api-meta.service[96022]: DEBUG nova.api.openstack.wsgi_app [None req-b41ab532-ff43-437a-b250-4987f114f69b None None] log_rotate_interval = 1 {{(pid=96022) log_opt_values /opt/stack/data/venv/lib/python3.12/site-packages/oslo_config/cfg.py:3549}}
Aug 26 06:05:43.852699 np0000008141 devstack@n-api-meta.service[96022]: DEBUG nova.api.openstack.wsgi_app [None req-b41ab532-ff43-437a-b250-4987f114f69b None None] log_rotate_interval_type = days {{(pid=96022) log_opt_values /opt/stack/data/venv/lib/python3.12/site-packages/oslo_config/cfg.py:3549}}
Aug 26 06:05:43.852886 np0000008141 devstack@n-api-meta.service[96022]: DEBUG nova.api.openstack.wsgi_app [None req-b41ab532-ff43-437a-b250-4987f114f69b None None] log_rotation_type = none {{(pid=96022) log_opt_values /opt/stack/data/venv/lib/python3.12/site-packages/oslo_config/cfg.py:3549}}
Aug 26 06:05:43.853501 np0000008141 devstack@n-api-meta.service[96022]: DEBUG nova.api.openstack.wsgi_app [None req-b41ab532-ff43-437a-b250-4987f114f69b None None] logging_context_format_string = %(color)s%(levelname)s %(name)s [%(global_request_id)s %(request_id)s %(project_name)s %(user_name)s%(color)s] %(instance)s%(color)s%(message)s {{(pid=96022) log_opt_values /opt/stack/data/venv/lib/python3.12/site-packages/oslo_config/cfg.py:3549}}
Aug 26 06:05:43.853501 np0000008141 devstack@n-api-meta.service[96022]: DEBUG nova.api.openstack.wsgi_app [None req-b41ab532-ff43-437a-b250-4987f114f69b None None] logging_debug_format_suffix = {{(pid=%(process)d) %(funcName)s %(pathname)s:%(lineno)d}} {{(pid=96022) log_opt_values /opt/stack/data/venv/lib/python3.12/site-packages/oslo_config/cfg.py:3549}}
Aug 26 06:05:43.853501 np0000008141 devstack@n-api-meta.service[96022]: DEBUG nova.api.openstack.wsgi_app [None req-b41ab532-ff43-437a-b250-4987f114f69b None None] logging_default_format_string = %(color)s%(levelname)s %(name)s [-%(color)s] %(instance)s%(color)s%(message)s {{(pid=96022) log_opt_values /opt/stack/data/venv/lib/python3.12/site-packages/oslo_config/cfg.py:3549}}
Aug 26 06:05:43.853501 np0000008141 devstack@n-api-meta.service[96022]: DEBUG nova.api.openstack.wsgi_app [None req-b41ab532-ff43-437a-b250-4987f114f69b None None] logging_exception_prefix = ERROR %(name)s %(instance)s {{(pid=96022) log_opt_values /opt/stack/data/venv/lib/python3.12/site-packages/oslo_config/cfg.py:3549}}
Aug 26 06:05:43.853610 np0000008141 devstack@n-api-meta.service[96022]: DEBUG nova.api.openstack.wsgi_app [None req-b41ab532-ff43-437a-b250-4987f114f69b None None] logging_user_identity_format = %(user)s %(project)s %(domain)s %(system_scope)s %(user_domain)s %(project_domain)s {{(pid=96022) log_opt_values /opt/stack/data/venv/lib/python3.12/site-packages/oslo_config/cfg.py:3549}}
Aug 26 06:05:43.853697 np0000008141 devstack@n-api-meta.service[96022]: DEBUG nova.api.openstack.wsgi_app [None req-b41ab532-ff43-437a-b250-4987f114f69b None None] long_rpc_timeout = 1800 {{(pid=96022) log_opt_values /opt/stack/data/venv/lib/python3.12/site-packages/oslo_config/cfg.py:3549}}
Aug 26 06:05:43.853866 np0000008141 devstack@n-api-meta.service[96022]: DEBUG nova.api.openstack.wsgi_app [None req-b41ab532-ff43-437a-b250-4987f114f69b None None] manager_shutdown_timeout = 160 {{(pid=96022) log_opt_values /opt/stack/data/venv/lib/python3.12/site-packages/oslo_config/cfg.py:3549}}
