Jul 12 20:23:40.819694 np0000005102 systemd[1]: Starting devstack@n-api-meta.service - Devstack devstack@n-api-meta.service...
Jul 12 20:23:40.825050 np0000005102 devstack@n-api-meta.service[95856]: [uWSGI] getting INI configuration from /etc/nova/nova-metadata-uwsgi.ini
Jul 12 20:23:40.827242 np0000005102 devstack@n-api-meta.service[95856]: *** Starting uWSGI 2.0.24-debian (64bit) on [Sun Jul 12 20:23:40 2026] ***
Jul 12 20:23:40.827242 np0000005102 devstack@n-api-meta.service[95856]: compiled with version: 13.2.0 on 17 April 2024 16:23:48
Jul 12 20:23:40.827242 np0000005102 devstack@n-api-meta.service[95856]: os: Linux-6.8.0-100-generic #100-Ubuntu SMP PREEMPT_DYNAMIC Tue Jan 13 16:40:06 UTC 2026
Jul 12 20:23:40.827242 np0000005102 devstack@n-api-meta.service[95856]: nodename: np0000005102
Jul 12 20:23:40.827242 np0000005102 devstack@n-api-meta.service[95856]: machine: x86_64
Jul 12 20:23:40.827242 np0000005102 devstack@n-api-meta.service[95856]: clock source: unix
Jul 12 20:23:40.827242 np0000005102 devstack@n-api-meta.service[95856]: pcre jit disabled
Jul 12 20:23:40.827242 np0000005102 devstack@n-api-meta.service[95856]: detected number of CPU cores: 16
Jul 12 20:23:40.827242 np0000005102 devstack@n-api-meta.service[95856]: current working directory: /
Jul 12 20:23:40.827242 np0000005102 devstack@n-api-meta.service[95856]: detected binary path: /usr/bin/uwsgi-core
Jul 12 20:23:40.827242 np0000005102 devstack@n-api-meta.service[95856]: your processes number limit is 257052
Jul 12 20:23:40.827496 np0000005102 devstack@n-api-meta.service[95856]: your memory page size is 4096 bytes
Jul 12 20:23:40.827496 np0000005102 devstack@n-api-meta.service[95856]: detected max file descriptor number: 2048
Jul 12 20:23:40.827496 np0000005102 devstack@n-api-meta.service[95856]: lock engine: pthread robust mutexes
Jul 12 20:23:40.827496 np0000005102 devstack@n-api-meta.service[95856]: thunder lock: enabled
Jul 12 20:23:40.827675 np0000005102 devstack@n-api-meta.service[95856]: uWSGI http bound on 0.0.0.0:8775 fd 5
Jul 12 20:23:40.827709 np0000005102 devstack@n-api-meta.service[95856]: uwsgi socket 0 bound to TCP address 127.0.0.1:46171 (port auto-assigned) fd 4
Jul 12 20:23:40.827736 np0000005102 devstack@n-api-meta.service[95856]: Python version: 3.12.3 (main, Jun 19 2026, 12:46:00) [GCC 13.3.0]
Jul 12 20:23:40.827736 np0000005102 devstack@n-api-meta.service[95856]: PEP 405 virtualenv detected: /opt/stack/data/venv
Jul 12 20:23:40.827736 np0000005102 devstack@n-api-meta.service[95856]: Set PythonHome to /opt/stack/data/venv
Jul 12 20:23:40.859974 np0000005102 devstack@n-api-meta.service[95856]: Python main interpreter initialized at 0x7d3a14ca4668
Jul 12 20:23:40.859974 np0000005102 devstack@n-api-meta.service[95856]: python threads support enabled
Jul 12 20:23:40.859974 np0000005102 devstack@n-api-meta.service[95856]: your server socket listen backlog is limited to 100 connections
Jul 12 20:23:40.859974 np0000005102 devstack@n-api-meta.service[95856]: your mercy for graceful operations on workers is 80 seconds
Jul 12 20:23:40.860451 np0000005102 devstack@n-api-meta.service[95856]: mapped 671795 bytes (656 KB) for 4 cores
Jul 12 20:23:40.860585 np0000005102 devstack@n-api-meta.service[95856]: *** Operational MODE: preforking ***
Jul 12 20:23:40.860752 np0000005102 devstack@n-api-meta.service[95856]: *** uWSGI is running in multiple interpreter mode ***
Jul 12 20:23:40.860752 np0000005102 devstack@n-api-meta.service[95856]: spawned uWSGI master process (pid: 95856)
Jul 12 20:23:40.860897 np0000005102 systemd[1]: Started devstack@n-api-meta.service - Devstack devstack@n-api-meta.service.
Jul 12 20:23:40.861261 np0000005102 devstack@n-api-meta.service[95856]: spawned uWSGI worker 1 (pid: 95859, cores: 1)
Jul 12 20:23:40.861847 np0000005102 devstack@n-api-meta.service[95856]: spawned uWSGI worker 2 (pid: 95860, cores: 1)
Jul 12 20:23:40.862288 np0000005102 devstack@n-api-meta.service[95856]: spawned uWSGI worker 3 (pid: 95861, cores: 1)
Jul 12 20:23:40.862743 np0000005102 devstack@n-api-meta.service[95856]: spawned uWSGI worker 4 (pid: 95862, cores: 1)
Jul 12 20:23:40.863449 np0000005102 devstack@n-api-meta.service[95856]: spawned uWSGI http 1 (pid: 95863)
Jul 12 20:23:40.863449 np0000005102 devstack@n-api-meta.service[95856]: running "unix_signal:15 gracefully_kill_them_all" (master-start)...
Jul 12 20:23:42.514677 np0000005102 devstack@n-api-meta.service[95862]: INFO dbcounter [None req-fbf496b2-9f39-4925-8433-6c2345b079d0 None None] Registered counter for database nova_api
Jul 12 20:23:42.562652 np0000005102 devstack@n-api-meta.service[95862]: DEBUG oslo_db.sqlalchemy.engines [None req-fbf496b2-9f39-4925-8433-6c2345b079d0 None None] MySQL server mode set to STRICT_TRANS_TABLES,STRICT_ALL_TABLES,NO_ZERO_IN_DATE,NO_ZERO_DATE,ERROR_FOR_DIVISION_BY_ZERO,TRADITIONAL,NO_ENGINE_SUBSTITUTION {{(pid=95862) _check_effective_sql_mode /opt/stack/data/venv/lib/python3.12/site-packages/oslo_db/sqlalchemy/engines.py:325}}
Jul 12 20:23:42.565904 np0000005102 devstack@n-api-meta.service[95861]: INFO dbcounter [None req-1d8d3884-3d70-4adc-9aa8-cfc64cc85052 None None] Registered counter for database nova_api
Jul 12 20:23:42.591726 np0000005102 devstack@n-api-meta.service[95862]: DEBUG dbcounter [-] [95862] Writer thread running {{(pid=95862) stat_writer /opt/stack/data/venv/lib/python3.12/site-packages/dbcounter.py:102}}
Jul 12 20:23:42.593772 np0000005102 devstack@n-api-meta.service[95862]: DEBUG nova.context [None req-fbf496b2-9f39-4925-8433-6c2345b079d0 None None] Found 2 cells: 00000000-0000-0000-0000-000000000000(cell0),781aa286-402b-401f-a26d-fdaa791f1eda(cell1) {{(pid=95862) load_cells /opt/stack/nova/nova/context.py:509}}
Jul 12 20:23:42.593973 np0000005102 devstack@n-api-meta.service[95862]: INFO nova.utils [None req-fbf496b2-9f39-4925-8433-6c2345b079d0 None None] The cell worker thread pool MainProcess.cell_worker is initialized
Jul 12 20:23:42.595527 np0000005102 devstack@n-api-meta.service[95862]: DEBUG oslo_concurrency.lockutils [None req-fbf496b2-9f39-4925-8433-6c2345b079d0 None None] Acquiring lock "00000000-0000-0000-0000-000000000000" by "nova.context.set_target_cell..get_or_set_cached_cell_and_set_connections" {{(pid=95862) inner /opt/stack/data/venv/lib/python3.12/site-packages/oslo_concurrency/lockutils.py:511}}
Jul 12 20:23:42.595684 np0000005102 devstack@n-api-meta.service[95862]: DEBUG oslo_concurrency.lockutils [None req-fbf496b2-9f39-4925-8433-6c2345b079d0 None None] Lock "00000000-0000-0000-0000-000000000000" acquired by "nova.context.set_target_cell..get_or_set_cached_cell_and_set_connections" :: waited 0.000s {{(pid=95862) inner /opt/stack/data/venv/lib/python3.12/site-packages/oslo_concurrency/lockutils.py:524}}
Jul 12 20:23:42.595992 np0000005102 devstack@n-api-meta.service[95862]: DEBUG oslo_concurrency.lockutils [None req-fbf496b2-9f39-4925-8433-6c2345b079d0 None None] Lock "00000000-0000-0000-0000-000000000000" "released" by "nova.context.set_target_cell..get_or_set_cached_cell_and_set_connections" :: held 0.000s {{(pid=95862) inner /opt/stack/data/venv/lib/python3.12/site-packages/oslo_concurrency/lockutils.py:543}}
Jul 12 20:23:42.596882 np0000005102 devstack@n-api-meta.service[95862]: DEBUG oslo_concurrency.lockutils [None req-fbf496b2-9f39-4925-8433-6c2345b079d0 None None] Acquiring lock "781aa286-402b-401f-a26d-fdaa791f1eda" by "nova.context.set_target_cell..get_or_set_cached_cell_and_set_connections" {{(pid=95862) inner /opt/stack/data/venv/lib/python3.12/site-packages/oslo_concurrency/lockutils.py:511}}
Jul 12 20:23:42.597020 np0000005102 devstack@n-api-meta.service[95862]: DEBUG oslo_concurrency.lockutils [None req-fbf496b2-9f39-4925-8433-6c2345b079d0 None None] Lock "781aa286-402b-401f-a26d-fdaa791f1eda" acquired by "nova.context.set_target_cell..get_or_set_cached_cell_and_set_connections" :: waited 0.000s {{(pid=95862) inner /opt/stack/data/venv/lib/python3.12/site-packages/oslo_concurrency/lockutils.py:524}}
Jul 12 20:23:42.597767 np0000005102 devstack@n-api-meta.service[95862]: DEBUG oslo_concurrency.lockutils [None req-fbf496b2-9f39-4925-8433-6c2345b079d0 None None] Lock "781aa286-402b-401f-a26d-fdaa791f1eda" "released" by "nova.context.set_target_cell..get_or_set_cached_cell_and_set_connections" :: held 0.001s {{(pid=95862) inner /opt/stack/data/venv/lib/python3.12/site-packages/oslo_concurrency/lockutils.py:543}}
Jul 12 20:23:42.599536 np0000005102 devstack@n-api-meta.service[95862]: INFO dbcounter [None req-fbf496b2-9f39-4925-8433-6c2345b079d0 None None] Registered counter for database nova_cell0
Jul 12 20:23:42.602216 np0000005102 devstack@n-api-meta.service[95862]: INFO dbcounter [None req-fbf496b2-9f39-4925-8433-6c2345b079d0 None None] Registered counter for database nova_cell1
Jul 12 20:23:42.608132 np0000005102 devstack@n-api-meta.service[95861]: DEBUG oslo_db.sqlalchemy.engines [None req-1d8d3884-3d70-4adc-9aa8-cfc64cc85052 None None] MySQL server mode set to STRICT_TRANS_TABLES,STRICT_ALL_TABLES,NO_ZERO_IN_DATE,NO_ZERO_DATE,ERROR_FOR_DIVISION_BY_ZERO,TRADITIONAL,NO_ENGINE_SUBSTITUTION {{(pid=95861) _check_effective_sql_mode /opt/stack/data/venv/lib/python3.12/site-packages/oslo_db/sqlalchemy/engines.py:325}}
Jul 12 20:23:42.637168 np0000005102 devstack@n-api-meta.service[95861]: DEBUG dbcounter [-] [95861] Writer thread running {{(pid=95861) stat_writer /opt/stack/data/venv/lib/python3.12/site-packages/dbcounter.py:102}}
Jul 12 20:23:42.639814 np0000005102 devstack@n-api-meta.service[95861]: DEBUG nova.context [None req-1d8d3884-3d70-4adc-9aa8-cfc64cc85052 None None] Found 2 cells: 00000000-0000-0000-0000-000000000000(cell0),781aa286-402b-401f-a26d-fdaa791f1eda(cell1) {{(pid=95861) load_cells /opt/stack/nova/nova/context.py:509}}
Jul 12 20:23:42.640068 np0000005102 devstack@n-api-meta.service[95861]: INFO nova.utils [None req-1d8d3884-3d70-4adc-9aa8-cfc64cc85052 None None] The cell worker thread pool MainProcess.cell_worker is initialized
Jul 12 20:23:42.640702 np0000005102 devstack@n-api-meta.service[95860]: INFO dbcounter [None req-8aeb6a7b-c5c3-4cda-8cd3-d70f7f35af3f None None] Registered counter for database nova_api
Jul 12 20:23:42.641964 np0000005102 devstack@n-api-meta.service[95861]: DEBUG oslo_concurrency.lockutils [None req-1d8d3884-3d70-4adc-9aa8-cfc64cc85052 None None] Acquiring lock "00000000-0000-0000-0000-000000000000" by "nova.context.set_target_cell..get_or_set_cached_cell_and_set_connections" {{(pid=95861) inner /opt/stack/data/venv/lib/python3.12/site-packages/oslo_concurrency/lockutils.py:511}}
Jul 12 20:23:42.642132 np0000005102 devstack@n-api-meta.service[95859]: INFO dbcounter [None req-40395b9d-4ff8-48e3-bd54-c31ac1ce37e0 None None] Registered counter for database nova_api
Jul 12 20:23:42.642424 np0000005102 devstack@n-api-meta.service[95861]: DEBUG oslo_concurrency.lockutils [None req-1d8d3884-3d70-4adc-9aa8-cfc64cc85052 None None] Lock "00000000-0000-0000-0000-000000000000" acquired by "nova.context.set_target_cell..get_or_set_cached_cell_and_set_connections" :: waited 0.000s {{(pid=95861) inner /opt/stack/data/venv/lib/python3.12/site-packages/oslo_concurrency/lockutils.py:524}}
Jul 12 20:23:42.642513 np0000005102 devstack@n-api-meta.service[95861]: DEBUG oslo_concurrency.lockutils [None req-1d8d3884-3d70-4adc-9aa8-cfc64cc85052 None None] Lock "00000000-0000-0000-0000-000000000000" "released" by "nova.context.set_target_cell..get_or_set_cached_cell_and_set_connections" :: held 0.000s {{(pid=95861) inner /opt/stack/data/venv/lib/python3.12/site-packages/oslo_concurrency/lockutils.py:543}}
Jul 12 20:23:42.643094 np0000005102 devstack@n-api-meta.service[95861]: DEBUG oslo_concurrency.lockutils [None req-1d8d3884-3d70-4adc-9aa8-cfc64cc85052 None None] Acquiring lock "781aa286-402b-401f-a26d-fdaa791f1eda" by "nova.context.set_target_cell..get_or_set_cached_cell_and_set_connections" {{(pid=95861) inner /opt/stack/data/venv/lib/python3.12/site-packages/oslo_concurrency/lockutils.py:511}}
Jul 12 20:23:42.644410 np0000005102 devstack@n-api-meta.service[95861]: INFO dbcounter [None req-1d8d3884-3d70-4adc-9aa8-cfc64cc85052 None None] Registered counter for database nova_cell0
Jul 12 20:23:42.645378 np0000005102 devstack@n-api-meta.service[95861]: DEBUG oslo_concurrency.lockutils [None req-1d8d3884-3d70-4adc-9aa8-cfc64cc85052 None None] Lock "781aa286-402b-401f-a26d-fdaa791f1eda" acquired by "nova.context.set_target_cell..get_or_set_cached_cell_and_set_connections" :: waited 0.001s {{(pid=95861) inner /opt/stack/data/venv/lib/python3.12/site-packages/oslo_concurrency/lockutils.py:524}}
Jul 12 20:23:42.646430 np0000005102 devstack@n-api-meta.service[95861]: DEBUG oslo_concurrency.lockutils [None req-1d8d3884-3d70-4adc-9aa8-cfc64cc85052 None None] Lock "781aa286-402b-401f-a26d-fdaa791f1eda" "released" by "nova.context.set_target_cell..get_or_set_cached_cell_and_set_connections" :: held 0.002s {{(pid=95861) inner /opt/stack/data/venv/lib/python3.12/site-packages/oslo_concurrency/lockutils.py:543}}
Jul 12 20:23:42.648394 np0000005102 devstack@n-api-meta.service[95861]: INFO dbcounter [None req-1d8d3884-3d70-4adc-9aa8-cfc64cc85052 None None] Registered counter for database nova_cell1
Jul 12 20:23:42.661304 np0000005102 devstack@n-api-meta.service[95862]: DEBUG oslo_db.sqlalchemy.engines [None req-fbf496b2-9f39-4925-8433-6c2345b079d0 None None] MySQL server mode set to STRICT_TRANS_TABLES,STRICT_ALL_TABLES,NO_ZERO_IN_DATE,NO_ZERO_DATE,ERROR_FOR_DIVISION_BY_ZERO,TRADITIONAL,NO_ENGINE_SUBSTITUTION {{(pid=95862) _check_effective_sql_mode /opt/stack/data/venv/lib/python3.12/site-packages/oslo_db/sqlalchemy/engines.py:325}}
Jul 12 20:23:42.664769 np0000005102 devstack@n-api-meta.service[95862]: DEBUG oslo_db.sqlalchemy.engines [None req-fbf496b2-9f39-4925-8433-6c2345b079d0 None None] MySQL server mode set to STRICT_TRANS_TABLES,STRICT_ALL_TABLES,NO_ZERO_IN_DATE,NO_ZERO_DATE,ERROR_FOR_DIVISION_BY_ZERO,TRADITIONAL,NO_ENGINE_SUBSTITUTION {{(pid=95862) _check_effective_sql_mode /opt/stack/data/venv/lib/python3.12/site-packages/oslo_db/sqlalchemy/engines.py:325}}
Jul 12 20:23:42.684898 np0000005102 devstack@n-api-meta.service[95859]: DEBUG oslo_db.sqlalchemy.engines [None req-40395b9d-4ff8-48e3-bd54-c31ac1ce37e0 None None] MySQL server mode set to STRICT_TRANS_TABLES,STRICT_ALL_TABLES,NO_ZERO_IN_DATE,NO_ZERO_DATE,ERROR_FOR_DIVISION_BY_ZERO,TRADITIONAL,NO_ENGINE_SUBSTITUTION {{(pid=95859) _check_effective_sql_mode /opt/stack/data/venv/lib/python3.12/site-packages/oslo_db/sqlalchemy/engines.py:325}}
Jul 12 20:23:42.690142 np0000005102 devstack@n-api-meta.service[95860]: DEBUG oslo_db.sqlalchemy.engines [None req-8aeb6a7b-c5c3-4cda-8cd3-d70f7f35af3f None None] MySQL server mode set to STRICT_TRANS_TABLES,STRICT_ALL_TABLES,NO_ZERO_IN_DATE,NO_ZERO_DATE,ERROR_FOR_DIVISION_BY_ZERO,TRADITIONAL,NO_ENGINE_SUBSTITUTION {{(pid=95860) _check_effective_sql_mode /opt/stack/data/venv/lib/python3.12/site-packages/oslo_db/sqlalchemy/engines.py:325}}
Jul 12 20:23:42.696427 np0000005102 devstack@n-api-meta.service[95861]: DEBUG oslo_db.sqlalchemy.engines [None req-1d8d3884-3d70-4adc-9aa8-cfc64cc85052 None None] MySQL server mode set to STRICT_TRANS_TABLES,STRICT_ALL_TABLES,NO_ZERO_IN_DATE,NO_ZERO_DATE,ERROR_FOR_DIVISION_BY_ZERO,TRADITIONAL,NO_ENGINE_SUBSTITUTION {{(pid=95861) _check_effective_sql_mode /opt/stack/data/venv/lib/python3.12/site-packages/oslo_db/sqlalchemy/engines.py:325}}
Jul 12 20:23:42.718356 np0000005102 devstack@n-api-meta.service[95859]: DEBUG dbcounter [-] [95859] Writer thread running {{(pid=95859) stat_writer /opt/stack/data/venv/lib/python3.12/site-packages/dbcounter.py:102}}
Jul 12 20:23:42.720912 np0000005102 devstack@n-api-meta.service[95859]: DEBUG nova.context [None req-40395b9d-4ff8-48e3-bd54-c31ac1ce37e0 None None] Found 2 cells: 00000000-0000-0000-0000-000000000000(cell0),781aa286-402b-401f-a26d-fdaa791f1eda(cell1) {{(pid=95859) load_cells /opt/stack/nova/nova/context.py:509}}
Jul 12 20:23:42.721174 np0000005102 devstack@n-api-meta.service[95859]: INFO nova.utils [None req-40395b9d-4ff8-48e3-bd54-c31ac1ce37e0 None None] The cell worker thread pool MainProcess.cell_worker is initialized
Jul 12 20:23:42.723103 np0000005102 devstack@n-api-meta.service[95859]: DEBUG oslo_concurrency.lockutils [None req-40395b9d-4ff8-48e3-bd54-c31ac1ce37e0 None None] Acquiring lock "00000000-0000-0000-0000-000000000000" by "nova.context.set_target_cell..get_or_set_cached_cell_and_set_connections" {{(pid=95859) inner /opt/stack/data/venv/lib/python3.12/site-packages/oslo_concurrency/lockutils.py:511}}
Jul 12 20:23:42.723261 np0000005102 devstack@n-api-meta.service[95859]: DEBUG oslo_concurrency.lockutils [None req-40395b9d-4ff8-48e3-bd54-c31ac1ce37e0 None None] Lock "00000000-0000-0000-0000-000000000000" acquired by "nova.context.set_target_cell..get_or_set_cached_cell_and_set_connections" :: waited 0.000s {{(pid=95859) inner /opt/stack/data/venv/lib/python3.12/site-packages/oslo_concurrency/lockutils.py:524}}
Jul 12 20:23:42.723614 np0000005102 devstack@n-api-meta.service[95859]: DEBUG oslo_concurrency.lockutils [None req-40395b9d-4ff8-48e3-bd54-c31ac1ce37e0 None None] Lock "00000000-0000-0000-0000-000000000000" "released" by "nova.context.set_target_cell..get_or_set_cached_cell_and_set_connections" :: held 0.000s {{(pid=95859) inner /opt/stack/data/venv/lib/python3.12/site-packages/oslo_concurrency/lockutils.py:543}}
Jul 12 20:23:42.723948 np0000005102 devstack@n-api-meta.service[95860]: DEBUG dbcounter [-] [95860] Writer thread running {{(pid=95860) stat_writer /opt/stack/data/venv/lib/python3.12/site-packages/dbcounter.py:102}}
Jul 12 20:23:42.724238 np0000005102 devstack@n-api-meta.service[95859]: DEBUG oslo_concurrency.lockutils [None req-40395b9d-4ff8-48e3-bd54-c31ac1ce37e0 None None] Acquiring lock "781aa286-402b-401f-a26d-fdaa791f1eda" by "nova.context.set_target_cell..get_or_set_cached_cell_and_set_connections" {{(pid=95859) inner /opt/stack/data/venv/lib/python3.12/site-packages/oslo_concurrency/lockutils.py:511}}
Jul 12 20:23:42.724391 np0000005102 devstack@n-api-meta.service[95859]: DEBUG oslo_concurrency.lockutils [None req-40395b9d-4ff8-48e3-bd54-c31ac1ce37e0 None None] Lock "781aa286-402b-401f-a26d-fdaa791f1eda" acquired by "nova.context.set_target_cell..get_or_set_cached_cell_and_set_connections" :: waited 0.000s {{(pid=95859) inner /opt/stack/data/venv/lib/python3.12/site-packages/oslo_concurrency/lockutils.py:524}}
Jul 12 20:23:42.725131 np0000005102 devstack@n-api-meta.service[95859]: DEBUG oslo_concurrency.lockutils [None req-40395b9d-4ff8-48e3-bd54-c31ac1ce37e0 None None] Lock "781aa286-402b-401f-a26d-fdaa791f1eda" "released" by "nova.context.set_target_cell..get_or_set_cached_cell_and_set_connections" :: held 0.001s {{(pid=95859) inner /opt/stack/data/venv/lib/python3.12/site-packages/oslo_concurrency/lockutils.py:543}}
Jul 12 20:23:42.726899 np0000005102 devstack@n-api-meta.service[95859]: INFO dbcounter [None req-40395b9d-4ff8-48e3-bd54-c31ac1ce37e0 None None] Registered counter for database nova_cell0
Jul 12 20:23:42.731299 np0000005102 devstack@n-api-meta.service[95860]: DEBUG nova.context [None req-8aeb6a7b-c5c3-4cda-8cd3-d70f7f35af3f None None] Found 2 cells: 00000000-0000-0000-0000-000000000000(cell0),781aa286-402b-401f-a26d-fdaa791f1eda(cell1) {{(pid=95860) load_cells /opt/stack/nova/nova/context.py:509}}
Jul 12 20:23:42.731386 np0000005102 devstack@n-api-meta.service[95859]: INFO dbcounter [None req-40395b9d-4ff8-48e3-bd54-c31ac1ce37e0 None None] Registered counter for database nova_cell1
Jul 12 20:23:42.731420 np0000005102 devstack@n-api-meta.service[95860]: INFO nova.utils [None req-8aeb6a7b-c5c3-4cda-8cd3-d70f7f35af3f None None] The cell worker thread pool MainProcess.cell_worker is initialized
Jul 12 20:23:42.732087 np0000005102 devstack@n-api-meta.service[95860]: DEBUG oslo_concurrency.lockutils [None req-8aeb6a7b-c5c3-4cda-8cd3-d70f7f35af3f None None] Acquiring lock "00000000-0000-0000-0000-000000000000" by "nova.context.set_target_cell..get_or_set_cached_cell_and_set_connections" {{(pid=95860) inner /opt/stack/data/venv/lib/python3.12/site-packages/oslo_concurrency/lockutils.py:511}}
Jul 12 20:23:42.732331 np0000005102 devstack@n-api-meta.service[95860]: DEBUG oslo_concurrency.lockutils [None req-8aeb6a7b-c5c3-4cda-8cd3-d70f7f35af3f None None] Lock "00000000-0000-0000-0000-000000000000" acquired by "nova.context.set_target_cell..get_or_set_cached_cell_and_set_connections" :: waited 0.000s {{(pid=95860) inner /opt/stack/data/venv/lib/python3.12/site-packages/oslo_concurrency/lockutils.py:524}}
Jul 12 20:23:42.732864 np0000005102 devstack@n-api-meta.service[95860]: DEBUG oslo_concurrency.lockutils [None req-8aeb6a7b-c5c3-4cda-8cd3-d70f7f35af3f None None] Lock "00000000-0000-0000-0000-000000000000" "released" by "nova.context.set_target_cell..get_or_set_cached_cell_and_set_connections" :: held 0.001s {{(pid=95860) inner /opt/stack/data/venv/lib/python3.12/site-packages/oslo_concurrency/lockutils.py:543}}
Jul 12 20:23:42.733753 np0000005102 devstack@n-api-meta.service[95860]: DEBUG oslo_concurrency.lockutils [None req-8aeb6a7b-c5c3-4cda-8cd3-d70f7f35af3f None None] Acquiring lock "781aa286-402b-401f-a26d-fdaa791f1eda" by "nova.context.set_target_cell..get_or_set_cached_cell_and_set_connections" {{(pid=95860) inner /opt/stack/data/venv/lib/python3.12/site-packages/oslo_concurrency/lockutils.py:511}}
Jul 12 20:23:42.733960 np0000005102 devstack@n-api-meta.service[95860]: DEBUG oslo_concurrency.lockutils [None req-8aeb6a7b-c5c3-4cda-8cd3-d70f7f35af3f None None] Lock "781aa286-402b-401f-a26d-fdaa791f1eda" acquired by "nova.context.set_target_cell..get_or_set_cached_cell_and_set_connections" :: waited 0.000s {{(pid=95860) inner /opt/stack/data/venv/lib/python3.12/site-packages/oslo_concurrency/lockutils.py:524}}
Jul 12 20:23:42.735056 np0000005102 devstack@n-api-meta.service[95860]: DEBUG oslo_concurrency.lockutils [None req-8aeb6a7b-c5c3-4cda-8cd3-d70f7f35af3f None None] Lock "781aa286-402b-401f-a26d-fdaa791f1eda" "released" by "nova.context.set_target_cell..get_or_set_cached_cell_and_set_connections" :: held 0.001s {{(pid=95860) inner /opt/stack/data/venv/lib/python3.12/site-packages/oslo_concurrency/lockutils.py:543}}
Jul 12 20:23:42.737334 np0000005102 devstack@n-api-meta.service[95860]: INFO dbcounter [None req-8aeb6a7b-c5c3-4cda-8cd3-d70f7f35af3f None None] Registered counter for database nova_cell0
Jul 12 20:23:42.741122 np0000005102 devstack@n-api-meta.service[95860]: INFO dbcounter [None req-8aeb6a7b-c5c3-4cda-8cd3-d70f7f35af3f None None] Registered counter for database nova_cell1
Jul 12 20:23:42.746786 np0000005102 devstack@n-api-meta.service[95862]: DEBUG dbcounter [-] [95862] Writer thread running {{(pid=95862) stat_writer /opt/stack/data/venv/lib/python3.12/site-packages/dbcounter.py:102}}
Jul 12 20:23:42.750877 np0000005102 devstack@n-api-meta.service[95862]: DEBUG dbcounter [-] [95862] Writer thread running {{(pid=95862) stat_writer /opt/stack/data/venv/lib/python3.12/site-packages/dbcounter.py:102}}
Jul 12 20:23:42.754282 np0000005102 devstack@n-api-meta.service[95862]: INFO dbcounter [None req-fbf496b2-9f39-4925-8433-6c2345b079d0 None None] Registered counter for database nova_cell0
Jul 12 20:23:42.760655 np0000005102 devstack@n-api-meta.service[95861]: DEBUG oslo_db.sqlalchemy.engines [None req-1d8d3884-3d70-4adc-9aa8-cfc64cc85052 None None] MySQL server mode set to STRICT_TRANS_TABLES,STRICT_ALL_TABLES,NO_ZERO_IN_DATE,NO_ZERO_DATE,ERROR_FOR_DIVISION_BY_ZERO,TRADITIONAL,NO_ENGINE_SUBSTITUTION {{(pid=95861) _check_effective_sql_mode /opt/stack/data/venv/lib/python3.12/site-packages/oslo_db/sqlalchemy/engines.py:325}}
Jul 12 20:23:42.788015 np0000005102 devstack@n-api-meta.service[95859]: DEBUG oslo_db.sqlalchemy.engines [None req-40395b9d-4ff8-48e3-bd54-c31ac1ce37e0 None None] MySQL server mode set to STRICT_TRANS_TABLES,STRICT_ALL_TABLES,NO_ZERO_IN_DATE,NO_ZERO_DATE,ERROR_FOR_DIVISION_BY_ZERO,TRADITIONAL,NO_ENGINE_SUBSTITUTION {{(pid=95859) _check_effective_sql_mode /opt/stack/data/venv/lib/python3.12/site-packages/oslo_db/sqlalchemy/engines.py:325}}
Jul 12 20:23:42.788936 np0000005102 devstack@n-api-meta.service[95861]: DEBUG dbcounter [-] [95861] Writer thread running {{(pid=95861) stat_writer /opt/stack/data/venv/lib/python3.12/site-packages/dbcounter.py:102}}
Jul 12 20:23:42.790762 np0000005102 devstack@n-api-meta.service[95859]: DEBUG oslo_db.sqlalchemy.engines [None req-40395b9d-4ff8-48e3-bd54-c31ac1ce37e0 None None] MySQL server mode set to STRICT_TRANS_TABLES,STRICT_ALL_TABLES,NO_ZERO_IN_DATE,NO_ZERO_DATE,ERROR_FOR_DIVISION_BY_ZERO,TRADITIONAL,NO_ENGINE_SUBSTITUTION {{(pid=95859) _check_effective_sql_mode /opt/stack/data/venv/lib/python3.12/site-packages/oslo_db/sqlalchemy/engines.py:325}}
Jul 12 20:23:42.794988 np0000005102 devstack@n-api-meta.service[95861]: DEBUG dbcounter [-] [95861] Writer thread running {{(pid=95861) stat_writer /opt/stack/data/venv/lib/python3.12/site-packages/dbcounter.py:102}}
Jul 12 20:23:42.799296 np0000005102 devstack@n-api-meta.service[95861]: INFO dbcounter [None req-1d8d3884-3d70-4adc-9aa8-cfc64cc85052 None None] Registered counter for database nova_cell0
Jul 12 20:23:42.805040 np0000005102 devstack@n-api-meta.service[95862]: DEBUG oslo_db.sqlalchemy.engines [None req-fbf496b2-9f39-4925-8433-6c2345b079d0 None None] MySQL server mode set to STRICT_TRANS_TABLES,STRICT_ALL_TABLES,NO_ZERO_IN_DATE,NO_ZERO_DATE,ERROR_FOR_DIVISION_BY_ZERO,TRADITIONAL,NO_ENGINE_SUBSTITUTION {{(pid=95862) _check_effective_sql_mode /opt/stack/data/venv/lib/python3.12/site-packages/oslo_db/sqlalchemy/engines.py:325}}
Jul 12 20:23:42.809415 np0000005102 devstack@n-api-meta.service[95860]: DEBUG oslo_db.sqlalchemy.engines [None req-8aeb6a7b-c5c3-4cda-8cd3-d70f7f35af3f None None] MySQL server mode set to STRICT_TRANS_TABLES,STRICT_ALL_TABLES,NO_ZERO_IN_DATE,NO_ZERO_DATE,ERROR_FOR_DIVISION_BY_ZERO,TRADITIONAL,NO_ENGINE_SUBSTITUTION {{(pid=95860) _check_effective_sql_mode /opt/stack/data/venv/lib/python3.12/site-packages/oslo_db/sqlalchemy/engines.py:325}}
Jul 12 20:23:42.812521 np0000005102 devstack@n-api-meta.service[95860]: DEBUG oslo_db.sqlalchemy.engines [None req-8aeb6a7b-c5c3-4cda-8cd3-d70f7f35af3f None None] MySQL server mode set to STRICT_TRANS_TABLES,STRICT_ALL_TABLES,NO_ZERO_IN_DATE,NO_ZERO_DATE,ERROR_FOR_DIVISION_BY_ZERO,TRADITIONAL,NO_ENGINE_SUBSTITUTION {{(pid=95860) _check_effective_sql_mode /opt/stack/data/venv/lib/python3.12/site-packages/oslo_db/sqlalchemy/engines.py:325}}
Jul 12 20:23:42.813310 np0000005102 devstack@n-api-meta.service[95862]: DEBUG dbcounter [-] [95862] Writer thread running {{(pid=95862) stat_writer /opt/stack/data/venv/lib/python3.12/site-packages/dbcounter.py:102}}
Jul 12 20:23:42.837223 np0000005102 devstack@n-api-meta.service[95861]: DEBUG oslo_db.sqlalchemy.engines [None req-1d8d3884-3d70-4adc-9aa8-cfc64cc85052 None None] MySQL server mode set to STRICT_TRANS_TABLES,STRICT_ALL_TABLES,NO_ZERO_IN_DATE,NO_ZERO_DATE,ERROR_FOR_DIVISION_BY_ZERO,TRADITIONAL,NO_ENGINE_SUBSTITUTION {{(pid=95861) _check_effective_sql_mode /opt/stack/data/venv/lib/python3.12/site-packages/oslo_db/sqlalchemy/engines.py:325}}
Jul 12 20:23:42.844012 np0000005102 devstack@n-api-meta.service[95861]: DEBUG dbcounter [-] [95861] Writer thread running {{(pid=95861) stat_writer /opt/stack/data/venv/lib/python3.12/site-packages/dbcounter.py:102}}
Jul 12 20:23:42.864432 np0000005102 devstack@n-api-meta.service[95862]: WARNING nova.api.metadata.handler [None req-fbf496b2-9f39-4925-8433-6c2345b079d0 None None] metadata_proxy_shared_secret is not configured, the metadata information returned by the proxy cannot be trusted
Jul 12 20:23:42.867299 np0000005102 devstack@n-api-meta.service[95862]: DEBUG nova.api.openstack.wsgi_app [None req-fbf496b2-9f39-4925-8433-6c2345b079d0 None None] ******************************************************************************** {{(pid=95862) log_opt_values /opt/stack/data/venv/lib/python3.12/site-packages/oslo_config/cfg.py:3226}}
Jul 12 20:23:42.867486 np0000005102 devstack@n-api-meta.service[95862]: DEBUG nova.api.openstack.wsgi_app [None req-fbf496b2-9f39-4925-8433-6c2345b079d0 None None] Configuration options gathered from: {{(pid=95862) log_opt_values /opt/stack/data/venv/lib/python3.12/site-packages/oslo_config/cfg.py:3227}}
Jul 12 20:23:42.867595 np0000005102 devstack@n-api-meta.service[95862]: DEBUG nova.api.openstack.wsgi_app [None req-fbf496b2-9f39-4925-8433-6c2345b079d0 None None] command line args: [] {{(pid=95862) log_opt_values /opt/stack/data/venv/lib/python3.12/site-packages/oslo_config/cfg.py:3228}}
Jul 12 20:23:42.867799 np0000005102 devstack@n-api-meta.service[95862]: DEBUG nova.api.openstack.wsgi_app [None req-fbf496b2-9f39-4925-8433-6c2345b079d0 None None] config files: ['/etc/nova/api-paste.ini', '/etc/nova/nova.conf'] {{(pid=95862) log_opt_values /opt/stack/data/venv/lib/python3.12/site-packages/oslo_config/cfg.py:3229}}
Jul 12 20:23:42.867931 np0000005102 devstack@n-api-meta.service[95862]: DEBUG nova.api.openstack.wsgi_app [None req-fbf496b2-9f39-4925-8433-6c2345b079d0 None None] ================================================================================ {{(pid=95862) log_opt_values /opt/stack/data/venv/lib/python3.12/site-packages/oslo_config/cfg.py:3234}}
Jul 12 20:23:42.871340 np0000005102 devstack@n-api-meta.service[95862]: DEBUG nova.api.openstack.wsgi_app [None req-fbf496b2-9f39-4925-8433-6c2345b079d0 None None] allow_resize_to_same_host = True {{(pid=95862) log_opt_values /opt/stack/data/venv/lib/python3.12/site-packages/oslo_config/cfg.py:3242}}
Jul 12 20:23:42.871340 np0000005102 devstack@n-api-meta.service[95862]: DEBUG nova.api.openstack.wsgi_app [None req-fbf496b2-9f39-4925-8433-6c2345b079d0 None None] arq_binding_timeout = 300 {{(pid=95862) log_opt_values /opt/stack/data/venv/lib/python3.12/site-packages/oslo_config/cfg.py:3242}}
Jul 12 20:23:42.871340 np0000005102 devstack@n-api-meta.service[95862]: DEBUG nova.api.openstack.wsgi_app [None req-fbf496b2-9f39-4925-8433-6c2345b079d0 None None] block_device_allocate_retries = 60 {{(pid=95862) log_opt_values /opt/stack/data/venv/lib/python3.12/site-packages/oslo_config/cfg.py:3242}}
Jul 12 20:23:42.871340 np0000005102 devstack@n-api-meta.service[95862]: DEBUG nova.api.openstack.wsgi_app [None req-fbf496b2-9f39-4925-8433-6c2345b079d0 None None] block_device_allocate_retries_interval = 3 {{(pid=95862) log_opt_values /opt/stack/data/venv/lib/python3.12/site-packages/oslo_config/cfg.py:3242}}
Jul 12 20:23:42.871340 np0000005102 devstack@n-api-meta.service[95862]: DEBUG nova.api.openstack.wsgi_app [None req-fbf496b2-9f39-4925-8433-6c2345b079d0 None None] cell_worker_thread_pool_size = 5 {{(pid=95862) log_opt_values /opt/stack/data/venv/lib/python3.12/site-packages/oslo_config/cfg.py:3242}}
Jul 12 20:23:42.871340 np0000005102 devstack@n-api-meta.service[95862]: DEBUG nova.api.openstack.wsgi_app [None req-fbf496b2-9f39-4925-8433-6c2345b079d0 None None] cert = self.pem {{(pid=95862) log_opt_values /opt/stack/data/venv/lib/python3.12/site-packages/oslo_config/cfg.py:3242}}
Jul 12 20:23:42.871340 np0000005102 devstack@n-api-meta.service[95862]: DEBUG nova.api.openstack.wsgi_app [None req-fbf496b2-9f39-4925-8433-6c2345b079d0 None None] compute_driver = libvirt.LibvirtDriver {{(pid=95862) log_opt_values /opt/stack/data/venv/lib/python3.12/site-packages/oslo_config/cfg.py:3242}}
Jul 12 20:23:42.871545 np0000005102 devstack@n-api-meta.service[95862]: DEBUG nova.api.openstack.wsgi_app [None req-fbf496b2-9f39-4925-8433-6c2345b079d0 None None] compute_monitors = [] {{(pid=95862) log_opt_values /opt/stack/data/venv/lib/python3.12/site-packages/oslo_config/cfg.py:3242}}
Jul 12 20:23:42.871545 np0000005102 devstack@n-api-meta.service[95862]: DEBUG nova.api.openstack.wsgi_app [None req-fbf496b2-9f39-4925-8433-6c2345b079d0 None None] concurrency_backend = auto {{(pid=95862) log_opt_values /opt/stack/data/venv/lib/python3.12/site-packages/oslo_config/cfg.py:3242}}
Jul 12 20:23:42.871545 np0000005102 devstack@n-api-meta.service[95862]: DEBUG nova.api.openstack.wsgi_app [None req-fbf496b2-9f39-4925-8433-6c2345b079d0 None None] config_dir = [] {{(pid=95862) log_opt_values /opt/stack/data/venv/lib/python3.12/site-packages/oslo_config/cfg.py:3242}}
Jul 12 20:23:42.871545 np0000005102 devstack@n-api-meta.service[95862]: DEBUG nova.api.openstack.wsgi_app [None req-fbf496b2-9f39-4925-8433-6c2345b079d0 None None] config_drive_format = iso9660 {{(pid=95862) log_opt_values /opt/stack/data/venv/lib/python3.12/site-packages/oslo_config/cfg.py:3242}}
Jul 12 20:23:42.871545 np0000005102 devstack@n-api-meta.service[95862]: DEBUG nova.api.openstack.wsgi_app [None req-fbf496b2-9f39-4925-8433-6c2345b079d0 None None] config_file = ['/etc/nova/api-paste.ini', '/etc/nova/nova.conf'] {{(pid=95862) log_opt_values /opt/stack/data/venv/lib/python3.12/site-packages/oslo_config/cfg.py:3242}}
Jul 12 20:23:42.871545 np0000005102 devstack@n-api-meta.service[95862]: DEBUG nova.api.openstack.wsgi_app [None req-fbf496b2-9f39-4925-8433-6c2345b079d0 None None] config_source = [] {{(pid=95862) log_opt_values /opt/stack/data/venv/lib/python3.12/site-packages/oslo_config/cfg.py:3242}}
Jul 12 20:23:42.871545 np0000005102 devstack@n-api-meta.service[95862]: DEBUG nova.api.openstack.wsgi_app [None req-fbf496b2-9f39-4925-8433-6c2345b079d0 None None] console_host = np0000005102 {{(pid=95862) log_opt_values /opt/stack/data/venv/lib/python3.12/site-packages/oslo_config/cfg.py:3242}}
Jul 12 20:23:42.871686 np0000005102 devstack@n-api-meta.service[95862]: DEBUG nova.api.openstack.wsgi_app [None req-fbf496b2-9f39-4925-8433-6c2345b079d0 None None] control_exchange = nova {{(pid=95862) log_opt_values /opt/stack/data/venv/lib/python3.12/site-packages/oslo_config/cfg.py:3242}}
Jul 12 20:23:42.871686 np0000005102 devstack@n-api-meta.service[95862]: DEBUG nova.api.openstack.wsgi_app [None req-fbf496b2-9f39-4925-8433-6c2345b079d0 None None] cpu_allocation_ratio = None {{(pid=95862) log_opt_values /opt/stack/data/venv/lib/python3.12/site-packages/oslo_config/cfg.py:3242}}
Jul 12 20:23:42.871686 np0000005102 devstack@n-api-meta.service[95862]: DEBUG nova.api.openstack.wsgi_app [None req-fbf496b2-9f39-4925-8433-6c2345b079d0 None None] daemon = False {{(pid=95862) log_opt_values /opt/stack/data/venv/lib/python3.12/site-packages/oslo_config/cfg.py:3242}}
Jul 12 20:23:42.871686 np0000005102 devstack@n-api-meta.service[95862]: DEBUG nova.api.openstack.wsgi_app [None req-fbf496b2-9f39-4925-8433-6c2345b079d0 None None] debug = True {{(pid=95862) log_opt_values /opt/stack/data/venv/lib/python3.12/site-packages/oslo_config/cfg.py:3242}}
Jul 12 20:23:42.871686 np0000005102 devstack@n-api-meta.service[95862]: DEBUG nova.api.openstack.wsgi_app [None req-fbf496b2-9f39-4925-8433-6c2345b079d0 None None] default_access_ip_network_name = None {{(pid=95862) log_opt_values /opt/stack/data/venv/lib/python3.12/site-packages/oslo_config/cfg.py:3242}}
Jul 12 20:23:42.871686 np0000005102 devstack@n-api-meta.service[95862]: DEBUG nova.api.openstack.wsgi_app [None req-fbf496b2-9f39-4925-8433-6c2345b079d0 None None] default_availability_zone = nova {{(pid=95862) log_opt_values /opt/stack/data/venv/lib/python3.12/site-packages/oslo_config/cfg.py:3242}}
Jul 12 20:23:42.871686 np0000005102 devstack@n-api-meta.service[95862]: DEBUG nova.api.openstack.wsgi_app [None req-fbf496b2-9f39-4925-8433-6c2345b079d0 None None] default_ephemeral_format = ext4 {{(pid=95862) log_opt_values /opt/stack/data/venv/lib/python3.12/site-packages/oslo_config/cfg.py:3242}}
Jul 12 20:23:42.871821 np0000005102 devstack@n-api-meta.service[95862]: DEBUG nova.api.openstack.wsgi_app [None req-fbf496b2-9f39-4925-8433-6c2345b079d0 None None] default_green_pool_size = 1000 {{(pid=95862) log_opt_values /opt/stack/data/venv/lib/python3.12/site-packages/oslo_config/cfg.py:3242}}
Jul 12 20:23:42.871947 np0000005102 devstack@n-api-meta.service[95862]: DEBUG nova.api.openstack.wsgi_app [None req-fbf496b2-9f39-4925-8433-6c2345b079d0 None None] default_log_levels = ['amqp=WARN', 'boto=WARN', 'sqlalchemy=WARN', 'suds=INFO', 'oslo.messaging=INFO', 'oslo_messaging=INFO', 'iso8601=WARN', 'requests.packages.urllib3.connectionpool=WARN', 'urllib3.connectionpool=WARN', 'websocket=WARN', 'requests.packages.urllib3.util.retry=WARN', 'urllib3.util.retry=WARN', 'keystonemiddleware=WARN', 'routes.middleware=WARN', 'stevedore=WARN', 'taskflow=WARN', 'keystoneauth=WARN', 'oslo.cache=INFO', 'oslo_policy=INFO', 'dogpile.core.dogpile=INFO', 'glanceclient=WARN', 'oslo.privsep.daemon=INFO'] {{(pid=95862) log_opt_values /opt/stack/data/venv/lib/python3.12/site-packages/oslo_config/cfg.py:3242}}
Jul 12 20:23:42.872142 np0000005102 devstack@n-api-meta.service[95862]: DEBUG nova.api.openstack.wsgi_app [None req-fbf496b2-9f39-4925-8433-6c2345b079d0 None None] default_schedule_zone = None {{(pid=95862) log_opt_values /opt/stack/data/venv/lib/python3.12/site-packages/oslo_config/cfg.py:3242}}
Jul 12 20:23:42.872287 np0000005102 devstack@n-api-meta.service[95862]: DEBUG nova.api.openstack.wsgi_app [None req-fbf496b2-9f39-4925-8433-6c2345b079d0 None None] default_thread_pool_size = 10 {{(pid=95862) log_opt_values /opt/stack/data/venv/lib/python3.12/site-packages/oslo_config/cfg.py:3242}}
Jul 12 20:23:42.872454 np0000005102 devstack@n-api-meta.service[95862]: DEBUG nova.api.openstack.wsgi_app [None req-fbf496b2-9f39-4925-8433-6c2345b079d0 None None] disk_allocation_ratio = None {{(pid=95862) log_opt_values /opt/stack/data/venv/lib/python3.12/site-packages/oslo_config/cfg.py:3242}}
Jul 12 20:23:42.872614 np0000005102 devstack@n-api-meta.service[95862]: DEBUG nova.api.openstack.wsgi_app [None req-fbf496b2-9f39-4925-8433-6c2345b079d0 None None] enable_new_services = True {{(pid=95862) log_opt_values /opt/stack/data/venv/lib/python3.12/site-packages/oslo_config/cfg.py:3242}}
Jul 12 20:23:42.872790 np0000005102 devstack@n-api-meta.service[95862]: DEBUG nova.api.openstack.wsgi_app [None req-fbf496b2-9f39-4925-8433-6c2345b079d0 None None] flat_injected = False {{(pid=95862) log_opt_values /opt/stack/data/venv/lib/python3.12/site-packages/oslo_config/cfg.py:3242}}
Jul 12 20:23:42.872958 np0000005102 devstack@n-api-meta.service[95862]: DEBUG nova.api.openstack.wsgi_app [None req-fbf496b2-9f39-4925-8433-6c2345b079d0 None None] force_config_drive = True {{(pid=95862) log_opt_values /opt/stack/data/venv/lib/python3.12/site-packages/oslo_config/cfg.py:3242}}
Jul 12 20:23:42.873124 np0000005102 devstack@n-api-meta.service[95862]: DEBUG nova.api.openstack.wsgi_app [None req-fbf496b2-9f39-4925-8433-6c2345b079d0 None None] force_raw_images = True {{(pid=95862) log_opt_values /opt/stack/data/venv/lib/python3.12/site-packages/oslo_config/cfg.py:3242}}
Jul 12 20:23:42.873318 np0000005102 devstack@n-api-meta.service[95862]: DEBUG nova.api.openstack.wsgi_app [None req-fbf496b2-9f39-4925-8433-6c2345b079d0 None None] graceful_shutdown_timeout = 5 {{(pid=95862) log_opt_values /opt/stack/data/venv/lib/python3.12/site-packages/oslo_config/cfg.py:3242}}
Jul 12 20:23:42.873488 np0000005102 devstack@n-api-meta.service[95862]: DEBUG nova.api.openstack.wsgi_app [None req-fbf496b2-9f39-4925-8433-6c2345b079d0 None None] heal_instance_info_cache_interval = -1 {{(pid=95862) log_opt_values /opt/stack/data/venv/lib/python3.12/site-packages/oslo_config/cfg.py:3242}}
Jul 12 20:23:42.873724 np0000005102 devstack@n-api-meta.service[95862]: DEBUG nova.api.openstack.wsgi_app [None req-fbf496b2-9f39-4925-8433-6c2345b079d0 None None] host = np0000005102 {{(pid=95862) log_opt_values /opt/stack/data/venv/lib/python3.12/site-packages/oslo_config/cfg.py:3242}}
Jul 12 20:23:42.873896 np0000005102 devstack@n-api-meta.service[95862]: DEBUG nova.api.openstack.wsgi_app [None req-fbf496b2-9f39-4925-8433-6c2345b079d0 None None] initial_cpu_allocation_ratio = 4.0 {{(pid=95862) log_opt_values /opt/stack/data/venv/lib/python3.12/site-packages/oslo_config/cfg.py:3242}}
Jul 12 20:23:42.874059 np0000005102 devstack@n-api-meta.service[95862]: DEBUG nova.api.openstack.wsgi_app [None req-fbf496b2-9f39-4925-8433-6c2345b079d0 None None] initial_disk_allocation_ratio = 1.0 {{(pid=95862) log_opt_values /opt/stack/data/venv/lib/python3.12/site-packages/oslo_config/cfg.py:3242}}
Jul 12 20:23:42.874223 np0000005102 devstack@n-api-meta.service[95862]: DEBUG nova.api.openstack.wsgi_app [None req-fbf496b2-9f39-4925-8433-6c2345b079d0 None None] initial_ram_allocation_ratio = 1.0 {{(pid=95862) log_opt_values /opt/stack/data/venv/lib/python3.12/site-packages/oslo_config/cfg.py:3242}}
Jul 12 20:23:42.874461 np0000005102 devstack@n-api-meta.service[95862]: DEBUG nova.api.openstack.wsgi_app [None req-fbf496b2-9f39-4925-8433-6c2345b079d0 None None] injected_network_template = /opt/stack/nova/nova/virt/interfaces.template {{(pid=95862) log_opt_values /opt/stack/data/venv/lib/python3.12/site-packages/oslo_config/cfg.py:3242}}
Jul 12 20:23:42.874628 np0000005102 devstack@n-api-meta.service[95862]: DEBUG nova.api.openstack.wsgi_app [None req-fbf496b2-9f39-4925-8433-6c2345b079d0 None None] instance_build_timeout = 0 {{(pid=95862) log_opt_values /opt/stack/data/venv/lib/python3.12/site-packages/oslo_config/cfg.py:3242}}
Jul 12 20:23:42.874801 np0000005102 devstack@n-api-meta.service[95862]: DEBUG nova.api.openstack.wsgi_app [None req-fbf496b2-9f39-4925-8433-6c2345b079d0 None None] instance_delete_interval = 300 {{(pid=95862) log_opt_values /opt/stack/data/venv/lib/python3.12/site-packages/oslo_config/cfg.py:3242}}
Jul 12 20:23:42.874876 np0000005102 devstack@n-api-meta.service[95861]: WARNING nova.api.metadata.handler [None req-1d8d3884-3d70-4adc-9aa8-cfc64cc85052 None None] metadata_proxy_shared_secret is not configured, the metadata information returned by the proxy cannot be trusted
Jul 12 20:23:42.874974 np0000005102 devstack@n-api-meta.service[95862]: DEBUG nova.api.openstack.wsgi_app [None req-fbf496b2-9f39-4925-8433-6c2345b079d0 None None] instance_format = [instance: %(uuid)s] {{(pid=95862) log_opt_values /opt/stack/data/venv/lib/python3.12/site-packages/oslo_config/cfg.py:3242}}
Jul 12 20:23:42.875140 np0000005102 devstack@n-api-meta.service[95862]: DEBUG nova.api.openstack.wsgi_app [None req-fbf496b2-9f39-4925-8433-6c2345b079d0 None None] instance_name_template = instance-%08x {{(pid=95862) log_opt_values /opt/stack/data/venv/lib/python3.12/site-packages/oslo_config/cfg.py:3242}}
Jul 12 20:23:42.875315 np0000005102 devstack@n-api-meta.service[95862]: DEBUG nova.api.openstack.wsgi_app [None req-fbf496b2-9f39-4925-8433-6c2345b079d0 None None] instance_usage_audit = False {{(pid=95862) log_opt_values /opt/stack/data/venv/lib/python3.12/site-packages/oslo_config/cfg.py:3242}}
Jul 12 20:23:42.875489 np0000005102 devstack@n-api-meta.service[95862]: DEBUG nova.api.openstack.wsgi_app [None req-fbf496b2-9f39-4925-8433-6c2345b079d0 None None] instance_usage_audit_period = month {{(pid=95862) log_opt_values /opt/stack/data/venv/lib/python3.12/site-packages/oslo_config/cfg.py:3242}}
Jul 12 20:23:42.875673 np0000005102 devstack@n-api-meta.service[95862]: DEBUG nova.api.openstack.wsgi_app [None req-fbf496b2-9f39-4925-8433-6c2345b079d0 None None] instance_uuid_format = [instance: %(uuid)s] {{(pid=95862) log_opt_values /opt/stack/data/venv/lib/python3.12/site-packages/oslo_config/cfg.py:3242}}
Jul 12 20:23:42.875825 np0000005102 devstack@n-api-meta.service[95862]: DEBUG nova.api.openstack.wsgi_app [None req-fbf496b2-9f39-4925-8433-6c2345b079d0 None None] instances_path = /opt/stack/data/nova/instances {{(pid=95862) log_opt_values /opt/stack/data/venv/lib/python3.12/site-packages/oslo_config/cfg.py:3242}}
Jul 12 20:23:42.875994 np0000005102 devstack@n-api-meta.service[95862]: DEBUG nova.api.openstack.wsgi_app [None req-fbf496b2-9f39-4925-8433-6c2345b079d0 None None] internal_service_availability_zone = internal {{(pid=95862) log_opt_values /opt/stack/data/venv/lib/python3.12/site-packages/oslo_config/cfg.py:3242}}
Jul 12 20:23:42.876151 np0000005102 devstack@n-api-meta.service[95862]: DEBUG nova.api.openstack.wsgi_app [None req-fbf496b2-9f39-4925-8433-6c2345b079d0 None None] key = None {{(pid=95862) log_opt_values /opt/stack/data/venv/lib/python3.12/site-packages/oslo_config/cfg.py:3242}}
Jul 12 20:23:42.876327 np0000005102 devstack@n-api-meta.service[95862]: DEBUG nova.api.openstack.wsgi_app [None req-fbf496b2-9f39-4925-8433-6c2345b079d0 None None] live_migration_retry_count = 30 {{(pid=95862) log_opt_values /opt/stack/data/venv/lib/python3.12/site-packages/oslo_config/cfg.py:3242}}
Jul 12 20:23:42.876498 np0000005102 devstack@n-api-meta.service[95862]: DEBUG nova.api.openstack.wsgi_app [None req-fbf496b2-9f39-4925-8433-6c2345b079d0 None None] log_color = False {{(pid=95862) log_opt_values /opt/stack/data/venv/lib/python3.12/site-packages/oslo_config/cfg.py:3242}}
Jul 12 20:23:42.877341 np0000005102 devstack@n-api-meta.service[95862]: DEBUG nova.api.openstack.wsgi_app [None req-fbf496b2-9f39-4925-8433-6c2345b079d0 None None] log_config_append = None {{(pid=95862) log_opt_values /opt/stack/data/venv/lib/python3.12/site-packages/oslo_config/cfg.py:3242}}
Jul 12 20:23:42.877341 np0000005102 devstack@n-api-meta.service[95862]: DEBUG nova.api.openstack.wsgi_app [None req-fbf496b2-9f39-4925-8433-6c2345b079d0 None None] log_date_format = %Y-%m-%d %H:%M:%S {{(pid=95862) log_opt_values /opt/stack/data/venv/lib/python3.12/site-packages/oslo_config/cfg.py:3242}}
Jul 12 20:23:42.877341 np0000005102 devstack@n-api-meta.service[95862]: DEBUG nova.api.openstack.wsgi_app [None req-fbf496b2-9f39-4925-8433-6c2345b079d0 None None] log_dir = None {{(pid=95862) log_opt_values /opt/stack/data/venv/lib/python3.12/site-packages/oslo_config/cfg.py:3242}}
Jul 12 20:23:42.877341 np0000005102 devstack@n-api-meta.service[95862]: DEBUG nova.api.openstack.wsgi_app [None req-fbf496b2-9f39-4925-8433-6c2345b079d0 None None] log_file = None {{(pid=95862) log_opt_values /opt/stack/data/venv/lib/python3.12/site-packages/oslo_config/cfg.py:3242}}
Jul 12 20:23:42.877341 np0000005102 devstack@n-api-meta.service[95862]: DEBUG nova.api.openstack.wsgi_app [None req-fbf496b2-9f39-4925-8433-6c2345b079d0 None None] log_options = True {{(pid=95862) log_opt_values /opt/stack/data/venv/lib/python3.12/site-packages/oslo_config/cfg.py:3242}}
Jul 12 20:23:42.877660 np0000005102 devstack@n-api-meta.service[95862]: DEBUG nova.api.openstack.wsgi_app [None req-fbf496b2-9f39-4925-8433-6c2345b079d0 None None] log_rotate_interval = 1 {{(pid=95862) log_opt_values /opt/stack/data/venv/lib/python3.12/site-packages/oslo_config/cfg.py:3242}}
Jul 12 20:23:42.877660 np0000005102 devstack@n-api-meta.service[95862]: DEBUG nova.api.openstack.wsgi_app [None req-fbf496b2-9f39-4925-8433-6c2345b079d0 None None] log_rotate_interval_type = days {{(pid=95862) log_opt_values /opt/stack/data/venv/lib/python3.12/site-packages/oslo_config/cfg.py:3242}}
Jul 12 20:23:42.877790 np0000005102 devstack@n-api-meta.service[95862]: DEBUG nova.api.openstack.wsgi_app [None req-fbf496b2-9f39-4925-8433-6c2345b079d0 None None] log_rotation_type = none {{(pid=95862) log_opt_values /opt/stack/data/venv/lib/python3.12/site-packages/oslo_config/cfg.py:3242}}
Jul 12 20:23:42.877931 np0000005102 devstack@n-api-meta.service[95862]: DEBUG nova.api.openstack.wsgi_app [None req-fbf496b2-9f39-4925-8433-6c2345b079d0 None None] logging_context_format_string = %(color)s%(levelname)s %(name)s [%(global_request_id)s %(request_id)s %(project_name)s %(user_name)s%(color)s] %(instance)s%(color)s%(message)s {{(pid=95862) log_opt_values /opt/stack/data/venv/lib/python3.12/site-packages/oslo_config/cfg.py:3242}}
Jul 12 20:23:42.878062 np0000005102 devstack@n-api-meta.service[95862]: DEBUG nova.api.openstack.wsgi_app [None req-fbf496b2-9f39-4925-8433-6c2345b079d0 None None] logging_debug_format_suffix = {{(pid=%(process)d) %(funcName)s %(pathname)s:%(lineno)d}} {{(pid=95862) log_opt_values /opt/stack/data/venv/lib/python3.12/site-packages/oslo_config/cfg.py:3242}}
Jul 12 20:23:42.878235 np0000005102 devstack@n-api-meta.service[95862]: DEBUG nova.api.openstack.wsgi_app [None req-fbf496b2-9f39-4925-8433-6c2345b079d0 None None] logging_default_format_string = %(color)s%(levelname)s %(name)s [-%(color)s] %(instance)s%(color)s%(message)s {{(pid=95862) log_opt_values /opt/stack/data/venv/lib/python3.12/site-packages/oslo_config/cfg.py:3242}}
Jul 12 20:23:42.878418 np0000005102 devstack@n-api-meta.service[95862]: DEBUG nova.api.openstack.wsgi_app [None req-fbf496b2-9f39-4925-8433-6c2345b079d0 None None] logging_exception_prefix = ERROR %(name)s %(instance)s {{(pid=95862) log_opt_values /opt/stack/data/venv/lib/python3.12/site-packages/oslo_config/cfg.py:3242}}
Jul 12 20:23:42.878547 np0000005102 devstack@n-api-meta.service[95862]: DEBUG nova.api.openstack.wsgi_app [None req-fbf496b2-9f39-4925-8433-6c2345b079d0 None None] logging_user_identity_format = %(user)s %(project)s %(domain)s %(system_scope)s %(user_domain)s %(project_domain)s {{(pid=95862) log_opt_values /opt/stack/data/venv/lib/python3.12/site-packages/oslo_config/cfg.py:3242}}
Jul 12 20:23:42.878717 np0000005102 devstack@n-api-meta.service[95862]: DEBUG nova.api.openstack.wsgi_app [None req-fbf496b2-9f39-4925-8433-6c2345b079d0 None None] long_rpc_timeout = 1800 {{(pid=95862) log_opt_values /opt/stack/data/venv/lib/python3.12/site-packages/oslo_config/cfg.py:3242}}
Jul 12 20:23:42.878877 np0000005102 devstack@n-api-meta.service[95862]: DEBUG nova.api.openstack.wsgi_app [None req-fbf496b2-9f39-4925-8433-6c2345b079d0 None None] manager_shutdown_timeout = 160 {{(pid=95862) log_opt_values /opt/stack/data/venv/lib/python3.12/site-packages/oslo_config/cfg.py:3242}}
Jul 12 20:23:42.879041 np0000005102 devstack@n-api-meta.service[95862]: DEBUG nova.api.openstack.wsgi_app [None req-fbf496b2-9f39-4925-8433-6c2345b079d0 None None] max_concurrent_builds = 10 {{(pid=95862) log_opt_values /opt/stack/data/venv/lib/python3.12/site-packages/oslo_config/cfg.py:3242}}
