Jul 12 20:23:42.188464 np0000005102 nova-scheduler[96433]: DEBUG cotyledon.oslo_config_glue [-] workarounds.disable_deep_image_inspection = False {{(pid=96433) log_opt_values /opt/stack/data/venv/lib/python3.12/site-packages/oslo_config/cfg.py:3253}}
Jul 12 20:23:42.188464 np0000005102 nova-scheduler[96433]: DEBUG cotyledon.oslo_config_glue [-] workarounds.disable_fallback_pcpu_query = False {{(pid=96433) log_opt_values /opt/stack/data/venv/lib/python3.12/site-packages/oslo_config/cfg.py:3253}}
Jul 12 20:23:42.188464 np0000005102 nova-scheduler[96433]: DEBUG cotyledon.oslo_config_glue [-] workarounds.disable_group_policy_check_upcall = False {{(pid=96433) log_opt_values /opt/stack/data/venv/lib/python3.12/site-packages/oslo_config/cfg.py:3253}}
Jul 12 20:23:42.188785 np0000005102 nova-scheduler[96427]: DEBUG dbcounter [-] [96427] Writer thread running {{(pid=96427) stat_writer /opt/stack/data/venv/lib/python3.12/site-packages/dbcounter.py:102}}
Jul 12 20:23:42.188837 np0000005102 nova-scheduler[96433]: DEBUG cotyledon.oslo_config_glue [-] workarounds.disable_libvirt_livesnapshot = False {{(pid=96433) log_opt_values /opt/stack/data/venv/lib/python3.12/site-packages/oslo_config/cfg.py:3253}}
Jul 12 20:23:42.188837 np0000005102 nova-scheduler[96433]: DEBUG cotyledon.oslo_config_glue [-] workarounds.disable_rootwrap = False {{(pid=96433) log_opt_values /opt/stack/data/venv/lib/python3.12/site-packages/oslo_config/cfg.py:3253}}
Jul 12 20:23:42.188837 np0000005102 nova-scheduler[96433]: DEBUG cotyledon.oslo_config_glue [-] workarounds.enable_numa_live_migration = False {{(pid=96433) log_opt_values /opt/stack/data/venv/lib/python3.12/site-packages/oslo_config/cfg.py:3253}}
Jul 12 20:23:42.188837 np0000005102 nova-scheduler[96433]: DEBUG cotyledon.oslo_config_glue [-] workarounds.enable_qemu_monitor_announce_self = False {{(pid=96433) log_opt_values /opt/stack/data/venv/lib/python3.12/site-packages/oslo_config/cfg.py:3253}}
Jul 12 20:23:42.188837 np0000005102 nova-scheduler[96433]: DEBUG cotyledon.oslo_config_glue [-] workarounds.ensure_libvirt_rbd_instance_dir_cleanup = False {{(pid=96433) log_opt_values /opt/stack/data/venv/lib/python3.12/site-packages/oslo_config/cfg.py:3253}}
Jul 12 20:23:42.188837 np0000005102 nova-scheduler[96433]: DEBUG cotyledon.oslo_config_glue [-] workarounds.handle_virt_lifecycle_events = True {{(pid=96433) log_opt_values /opt/stack/data/venv/lib/python3.12/site-packages/oslo_config/cfg.py:3253}}
Jul 12 20:23:42.188837 np0000005102 nova-scheduler[96433]: DEBUG cotyledon.oslo_config_glue [-] workarounds.libvirt_disable_apic = False {{(pid=96433) log_opt_values /opt/stack/data/venv/lib/python3.12/site-packages/oslo_config/cfg.py:3253}}
Jul 12 20:23:42.188837 np0000005102 nova-scheduler[96433]: DEBUG cotyledon.oslo_config_glue [-] workarounds.never_download_image_if_on_rbd = False {{(pid=96433) log_opt_values /opt/stack/data/venv/lib/python3.12/site-packages/oslo_config/cfg.py:3253}}
Jul 12 20:23:42.188837 np0000005102 nova-scheduler[96433]: DEBUG cotyledon.oslo_config_glue [-] workarounds.qemu_monitor_announce_self_count = 3 {{(pid=96433) log_opt_values /opt/stack/data/venv/lib/python3.12/site-packages/oslo_config/cfg.py:3253}}
Jul 12 20:23:42.189096 np0000005102 nova-scheduler[96433]: DEBUG cotyledon.oslo_config_glue [-] workarounds.qemu_monitor_announce_self_interval = 1 {{(pid=96433) log_opt_values /opt/stack/data/venv/lib/python3.12/site-packages/oslo_config/cfg.py:3253}}
Jul 12 20:23:42.189096 np0000005102 nova-scheduler[96433]: DEBUG cotyledon.oslo_config_glue [-] workarounds.reserve_disk_resource_for_image_cache = False {{(pid=96433) log_opt_values /opt/stack/data/venv/lib/python3.12/site-packages/oslo_config/cfg.py:3253}}
Jul 12 20:23:42.189096 np0000005102 nova-scheduler[96433]: DEBUG cotyledon.oslo_config_glue [-] workarounds.skip_cpu_compare_at_startup = False {{(pid=96433) log_opt_values /opt/stack/data/venv/lib/python3.12/site-packages/oslo_config/cfg.py:3253}}
Jul 12 20:23:42.189096 np0000005102 nova-scheduler[96433]: DEBUG cotyledon.oslo_config_glue [-] workarounds.skip_cpu_compare_on_dest = False {{(pid=96433) log_opt_values /opt/stack/data/venv/lib/python3.12/site-packages/oslo_config/cfg.py:3253}}
Jul 12 20:23:42.189096 np0000005102 nova-scheduler[96433]: DEBUG cotyledon.oslo_config_glue [-] workarounds.skip_hypervisor_version_check_on_lm = False {{(pid=96433) log_opt_values /opt/stack/data/venv/lib/python3.12/site-packages/oslo_config/cfg.py:3253}}
Jul 12 20:23:42.189096 np0000005102 nova-scheduler[96433]: DEBUG cotyledon.oslo_config_glue [-] workarounds.skip_reserve_in_use_ironic_nodes = False {{(pid=96433) log_opt_values /opt/stack/data/venv/lib/python3.12/site-packages/oslo_config/cfg.py:3253}}
Jul 12 20:23:42.189096 np0000005102 nova-scheduler[96433]: DEBUG cotyledon.oslo_config_glue [-] workarounds.unified_limits_count_pcpu_as_vcpu = False {{(pid=96433) log_opt_values /opt/stack/data/venv/lib/python3.12/site-packages/oslo_config/cfg.py:3253}}
Jul 12 20:23:42.189096 np0000005102 nova-scheduler[96433]: DEBUG cotyledon.oslo_config_glue [-] workarounds.wait_for_vif_plugged_event_during_hard_reboot = [] {{(pid=96433) log_opt_values /opt/stack/data/venv/lib/python3.12/site-packages/oslo_config/cfg.py:3253}}
Jul 12 20:23:42.189587 np0000005102 nova-scheduler[96433]: DEBUG cotyledon.oslo_config_glue [-] wsgi.api_paste_config = /etc/nova/api-paste.ini {{(pid=96433) log_opt_values /opt/stack/data/venv/lib/python3.12/site-packages/oslo_config/cfg.py:3253}}
Jul 12 20:23:42.189587 np0000005102 nova-scheduler[96433]: DEBUG cotyledon.oslo_config_glue [-] wsgi.secure_proxy_ssl_header = None {{(pid=96433) log_opt_values /opt/stack/data/venv/lib/python3.12/site-packages/oslo_config/cfg.py:3253}}
Jul 12 20:23:42.189587 np0000005102 nova-scheduler[96433]: DEBUG cotyledon.oslo_config_glue [-] zvm.ca_file = None {{(pid=96433) log_opt_values /opt/stack/data/venv/lib/python3.12/site-packages/oslo_config/cfg.py:3253}}
Jul 12 20:23:42.189587 np0000005102 nova-scheduler[96433]: DEBUG cotyledon.oslo_config_glue [-] zvm.cloud_connector_url = None {{(pid=96433) log_opt_values /opt/stack/data/venv/lib/python3.12/site-packages/oslo_config/cfg.py:3253}}
Jul 12 20:23:42.189587 np0000005102 nova-scheduler[96433]: DEBUG cotyledon.oslo_config_glue [-] zvm.image_tmp_path = /opt/stack/data/nova/images {{(pid=96433) log_opt_values /opt/stack/data/venv/lib/python3.12/site-packages/oslo_config/cfg.py:3253}}
Jul 12 20:23:42.189587 np0000005102 nova-scheduler[96433]: DEBUG cotyledon.oslo_config_glue [-] zvm.reachable_timeout = 300 {{(pid=96433) log_opt_values /opt/stack/data/venv/lib/python3.12/site-packages/oslo_config/cfg.py:3253}}
Jul 12 20:23:42.189587 np0000005102 nova-scheduler[96433]: DEBUG cotyledon.oslo_config_glue [-] oslo_versionedobjects.fatal_exception_format_errors = False {{(pid=96433) log_opt_values /opt/stack/data/venv/lib/python3.12/site-packages/oslo_config/cfg.py:3253}}
Jul 12 20:23:42.189587 np0000005102 nova-scheduler[96433]: DEBUG cotyledon.oslo_config_glue [-] oslo_middleware.http_basic_auth_user_file = /etc/htpasswd {{(pid=96433) log_opt_values /opt/stack/data/venv/lib/python3.12/site-packages/oslo_config/cfg.py:3253}}
Jul 12 20:23:42.189587 np0000005102 nova-scheduler[96433]: DEBUG cotyledon.oslo_config_glue [-] oslo_messaging_metrics.metrics_buffer_size = 1000 {{(pid=96433) log_opt_values /opt/stack/data/venv/lib/python3.12/site-packages/oslo_config/cfg.py:3253}}
Jul 12 20:23:42.189897 np0000005102 nova-scheduler[96433]: DEBUG cotyledon.oslo_config_glue [-] oslo_messaging_metrics.metrics_enabled = False {{(pid=96433) log_opt_values /opt/stack/data/venv/lib/python3.12/site-packages/oslo_config/cfg.py:3253}}
Jul 12 20:23:42.189897 np0000005102 nova-scheduler[96433]: DEBUG cotyledon.oslo_config_glue [-] oslo_messaging_metrics.metrics_process_name = {{(pid=96433) log_opt_values /opt/stack/data/venv/lib/python3.12/site-packages/oslo_config/cfg.py:3253}}
Jul 12 20:23:42.189897 np0000005102 nova-scheduler[96433]: DEBUG cotyledon.oslo_config_glue [-] oslo_messaging_metrics.metrics_socket_file = /var/tmp/metrics_collector.sock {{(pid=96433) log_opt_values /opt/stack/data/venv/lib/python3.12/site-packages/oslo_config/cfg.py:3253}}
Jul 12 20:23:42.189897 np0000005102 nova-scheduler[96433]: DEBUG cotyledon.oslo_config_glue [-] oslo_messaging_metrics.metrics_thread_stop_timeout = 10 {{(pid=96433) log_opt_values /opt/stack/data/venv/lib/python3.12/site-packages/oslo_config/cfg.py:3253}}
Jul 12 20:23:42.189897 np0000005102 nova-scheduler[96433]: DEBUG cotyledon.oslo_config_glue [-] profiler.connection_string = messaging:// {{(pid=96433) log_opt_values /opt/stack/data/venv/lib/python3.12/site-packages/oslo_config/cfg.py:3253}}
Jul 12 20:23:42.189897 np0000005102 nova-scheduler[96433]: DEBUG cotyledon.oslo_config_glue [-] profiler.enabled = False {{(pid=96433) log_opt_values /opt/stack/data/venv/lib/python3.12/site-packages/oslo_config/cfg.py:3253}}
Jul 12 20:23:42.189897 np0000005102 nova-scheduler[96433]: DEBUG cotyledon.oslo_config_glue [-] profiler.es_doc_type = notification {{(pid=96433) log_opt_values /opt/stack/data/venv/lib/python3.12/site-packages/oslo_config/cfg.py:3253}}
Jul 12 20:23:42.189897 np0000005102 nova-scheduler[96433]: DEBUG cotyledon.oslo_config_glue [-] profiler.es_scroll_size = 10000 {{(pid=96433) log_opt_values /opt/stack/data/venv/lib/python3.12/site-packages/oslo_config/cfg.py:3253}}
Jul 12 20:23:42.189897 np0000005102 nova-scheduler[96433]: DEBUG cotyledon.oslo_config_glue [-] profiler.es_scroll_time = 2m {{(pid=96433) log_opt_values /opt/stack/data/venv/lib/python3.12/site-packages/oslo_config/cfg.py:3253}}
Jul 12 20:23:42.190165 np0000005102 nova-scheduler[96433]: DEBUG cotyledon.oslo_config_glue [-] profiler.filter_error_trace = False {{(pid=96433) log_opt_values /opt/stack/data/venv/lib/python3.12/site-packages/oslo_config/cfg.py:3253}}
Jul 12 20:23:42.190165 np0000005102 nova-scheduler[96433]: DEBUG cotyledon.oslo_config_glue [-] profiler.hmac_keys = **** {{(pid=96433) log_opt_values /opt/stack/data/venv/lib/python3.12/site-packages/oslo_config/cfg.py:3253}}
Jul 12 20:23:42.190165 np0000005102 nova-scheduler[96433]: DEBUG cotyledon.oslo_config_glue [-] profiler.sentinel_service_name = mymaster {{(pid=96433) log_opt_values /opt/stack/data/venv/lib/python3.12/site-packages/oslo_config/cfg.py:3253}}
Jul 12 20:23:42.190165 np0000005102 nova-scheduler[96433]: DEBUG cotyledon.oslo_config_glue [-] profiler.socket_timeout = 0.1 {{(pid=96433) log_opt_values /opt/stack/data/venv/lib/python3.12/site-packages/oslo_config/cfg.py:3253}}
Jul 12 20:23:42.190165 np0000005102 nova-scheduler[96433]: DEBUG cotyledon.oslo_config_glue [-] profiler.trace_requests = False {{(pid=96433) log_opt_values /opt/stack/data/venv/lib/python3.12/site-packages/oslo_config/cfg.py:3253}}
Jul 12 20:23:42.190165 np0000005102 nova-scheduler[96433]: DEBUG cotyledon.oslo_config_glue [-] profiler.trace_sqlalchemy = False {{(pid=96433) log_opt_values /opt/stack/data/venv/lib/python3.12/site-packages/oslo_config/cfg.py:3253}}
Jul 12 20:23:42.190165 np0000005102 nova-scheduler[96433]: DEBUG cotyledon.oslo_config_glue [-] profiler_jaeger.process_tags = {} {{(pid=96433) log_opt_values /opt/stack/data/venv/lib/python3.12/site-packages/oslo_config/cfg.py:3253}}
Jul 12 20:23:42.190165 np0000005102 nova-scheduler[96433]: DEBUG cotyledon.oslo_config_glue [-] profiler_jaeger.service_name_prefix = None {{(pid=96433) log_opt_values /opt/stack/data/venv/lib/python3.12/site-packages/oslo_config/cfg.py:3253}}
Jul 12 20:23:42.190165 np0000005102 nova-scheduler[96433]: DEBUG cotyledon.oslo_config_glue [-] profiler_otlp.service_name_prefix = None {{(pid=96433) log_opt_values /opt/stack/data/venv/lib/python3.12/site-packages/oslo_config/cfg.py:3253}}
Jul 12 20:23:42.190454 np0000005102 nova-scheduler[96433]: DEBUG cotyledon.oslo_config_glue [-] oslo_messaging_rabbit.amqp_auto_delete = False {{(pid=96433) log_opt_values /opt/stack/data/venv/lib/python3.12/site-packages/oslo_config/cfg.py:3253}}
Jul 12 20:23:42.190454 np0000005102 nova-scheduler[96433]: DEBUG cotyledon.oslo_config_glue [-] oslo_messaging_rabbit.amqp_durable_queues = False {{(pid=96433) log_opt_values /opt/stack/data/venv/lib/python3.12/site-packages/oslo_config/cfg.py:3253}}
Jul 12 20:23:42.190454 np0000005102 nova-scheduler[96433]: DEBUG cotyledon.oslo_config_glue [-] oslo_messaging_rabbit.conn_pool_min_size = 2 {{(pid=96433) log_opt_values /opt/stack/data/venv/lib/python3.12/site-packages/oslo_config/cfg.py:3253}}
Jul 12 20:23:42.190454 np0000005102 nova-scheduler[96433]: DEBUG cotyledon.oslo_config_glue [-] oslo_messaging_rabbit.conn_pool_ttl = 1200 {{(pid=96433) log_opt_values /opt/stack/data/venv/lib/python3.12/site-packages/oslo_config/cfg.py:3253}}
Jul 12 20:23:42.190454 np0000005102 nova-scheduler[96433]: DEBUG cotyledon.oslo_config_glue [-] oslo_messaging_rabbit.direct_mandatory_flag = True {{(pid=96433) log_opt_values /opt/stack/data/venv/lib/python3.12/site-packages/oslo_config/cfg.py:3253}}
Jul 12 20:23:42.190454 np0000005102 nova-scheduler[96433]: DEBUG cotyledon.oslo_config_glue [-] oslo_messaging_rabbit.enable_cancel_on_failover = False {{(pid=96433) log_opt_values /opt/stack/data/venv/lib/python3.12/site-packages/oslo_config/cfg.py:3253}}
Jul 12 20:23:42.190454 np0000005102 nova-scheduler[96433]: DEBUG cotyledon.oslo_config_glue [-] oslo_messaging_rabbit.heartbeat_rate = 3 {{(pid=96433) log_opt_values /opt/stack/data/venv/lib/python3.12/site-packages/oslo_config/cfg.py:3253}}
Jul 12 20:23:42.190454 np0000005102 nova-scheduler[96433]: DEBUG cotyledon.oslo_config_glue [-] oslo_messaging_rabbit.heartbeat_timeout_threshold = 60 {{(pid=96433) log_opt_values /opt/stack/data/venv/lib/python3.12/site-packages/oslo_config/cfg.py:3253}}
Jul 12 20:23:42.190454 np0000005102 nova-scheduler[96433]: DEBUG cotyledon.oslo_config_glue [-] oslo_messaging_rabbit.hostname = np0000005102 {{(pid=96433) log_opt_values /opt/stack/data/venv/lib/python3.12/site-packages/oslo_config/cfg.py:3253}}
Jul 12 20:23:42.190728 np0000005102 nova-scheduler[96433]: DEBUG cotyledon.oslo_config_glue [-] oslo_messaging_rabbit.kombu_compression = None {{(pid=96433) log_opt_values /opt/stack/data/venv/lib/python3.12/site-packages/oslo_config/cfg.py:3253}}
Jul 12 20:23:42.190728 np0000005102 nova-scheduler[96433]: DEBUG cotyledon.oslo_config_glue [-] oslo_messaging_rabbit.kombu_failover_strategy = round-robin {{(pid=96433) log_opt_values /opt/stack/data/venv/lib/python3.12/site-packages/oslo_config/cfg.py:3253}}
Jul 12 20:23:42.190728 np0000005102 nova-scheduler[96433]: DEBUG cotyledon.oslo_config_glue [-] oslo_messaging_rabbit.kombu_missing_consumer_retry_timeout = 60 {{(pid=96433) log_opt_values /opt/stack/data/venv/lib/python3.12/site-packages/oslo_config/cfg.py:3253}}
Jul 12 20:23:42.190728 np0000005102 nova-scheduler[96433]: DEBUG cotyledon.oslo_config_glue [-] oslo_messaging_rabbit.kombu_reconnect_delay = 1.0 {{(pid=96433) log_opt_values /opt/stack/data/venv/lib/python3.12/site-packages/oslo_config/cfg.py:3253}}
Jul 12 20:23:42.190728 np0000005102 nova-scheduler[96433]: DEBUG cotyledon.oslo_config_glue [-] oslo_messaging_rabbit.kombu_reconnect_splay = 0.0 {{(pid=96433) log_opt_values /opt/stack/data/venv/lib/python3.12/site-packages/oslo_config/cfg.py:3253}}
Jul 12 20:23:42.190728 np0000005102 nova-scheduler[96433]: DEBUG cotyledon.oslo_config_glue [-] oslo_messaging_rabbit.processname = nova-scheduler {{(pid=96433) log_opt_values /opt/stack/data/venv/lib/python3.12/site-packages/oslo_config/cfg.py:3253}}
Jul 12 20:23:42.190728 np0000005102 nova-scheduler[96433]: DEBUG cotyledon.oslo_config_glue [-] oslo_messaging_rabbit.rabbit_ha_queues = False {{(pid=96433) log_opt_values /opt/stack/data/venv/lib/python3.12/site-packages/oslo_config/cfg.py:3253}}
Jul 12 20:23:42.190728 np0000005102 nova-scheduler[96433]: DEBUG cotyledon.oslo_config_glue [-] oslo_messaging_rabbit.rabbit_interval_max = 30 {{(pid=96433) log_opt_values /opt/stack/data/venv/lib/python3.12/site-packages/oslo_config/cfg.py:3253}}
Jul 12 20:23:42.190728 np0000005102 nova-scheduler[96433]: DEBUG cotyledon.oslo_config_glue [-] oslo_messaging_rabbit.rabbit_login_method = AMQPLAIN {{(pid=96433) log_opt_values /opt/stack/data/venv/lib/python3.12/site-packages/oslo_config/cfg.py:3253}}
Jul 12 20:23:42.191004 np0000005102 nova-scheduler[96433]: DEBUG cotyledon.oslo_config_glue [-] oslo_messaging_rabbit.rabbit_qos_prefetch_count = 0 {{(pid=96433) log_opt_values /opt/stack/data/venv/lib/python3.12/site-packages/oslo_config/cfg.py:3253}}
Jul 12 20:23:42.191004 np0000005102 nova-scheduler[96433]: DEBUG cotyledon.oslo_config_glue [-] oslo_messaging_rabbit.rabbit_quorum_delivery_limit = 0 {{(pid=96433) log_opt_values /opt/stack/data/venv/lib/python3.12/site-packages/oslo_config/cfg.py:3253}}
Jul 12 20:23:42.191004 np0000005102 nova-scheduler[96433]: DEBUG cotyledon.oslo_config_glue [-] oslo_messaging_rabbit.rabbit_quorum_max_memory_bytes = 0 {{(pid=96433) log_opt_values /opt/stack/data/venv/lib/python3.12/site-packages/oslo_config/cfg.py:3253}}
Jul 12 20:23:42.191004 np0000005102 nova-scheduler[96433]: DEBUG cotyledon.oslo_config_glue [-] oslo_messaging_rabbit.rabbit_quorum_max_memory_length = 0 {{(pid=96433) log_opt_values /opt/stack/data/venv/lib/python3.12/site-packages/oslo_config/cfg.py:3253}}
Jul 12 20:23:42.191004 np0000005102 nova-scheduler[96433]: DEBUG cotyledon.oslo_config_glue [-] oslo_messaging_rabbit.rabbit_quorum_queue = False {{(pid=96433) log_opt_values /opt/stack/data/venv/lib/python3.12/site-packages/oslo_config/cfg.py:3253}}
Jul 12 20:23:42.191004 np0000005102 nova-scheduler[96433]: DEBUG cotyledon.oslo_config_glue [-] oslo_messaging_rabbit.rabbit_retry_backoff = 2 {{(pid=96433) log_opt_values /opt/stack/data/venv/lib/python3.12/site-packages/oslo_config/cfg.py:3253}}
Jul 12 20:23:42.191004 np0000005102 nova-scheduler[96433]: DEBUG cotyledon.oslo_config_glue [-] oslo_messaging_rabbit.rabbit_retry_interval = 1 {{(pid=96433) log_opt_values /opt/stack/data/venv/lib/python3.12/site-packages/oslo_config/cfg.py:3253}}
Jul 12 20:23:42.191004 np0000005102 nova-scheduler[96433]: DEBUG cotyledon.oslo_config_glue [-] oslo_messaging_rabbit.rabbit_stream_fanout = False {{(pid=96433) log_opt_values /opt/stack/data/venv/lib/python3.12/site-packages/oslo_config/cfg.py:3253}}
Jul 12 20:23:42.191258 np0000005102 nova-scheduler[96433]: DEBUG cotyledon.oslo_config_glue [-] oslo_messaging_rabbit.rabbit_transient_queues_ttl = 1800 {{(pid=96433) log_opt_values /opt/stack/data/venv/lib/python3.12/site-packages/oslo_config/cfg.py:3253}}
Jul 12 20:23:42.191258 np0000005102 nova-scheduler[96433]: DEBUG cotyledon.oslo_config_glue [-] oslo_messaging_rabbit.rabbit_transient_quorum_queue = False {{(pid=96433) log_opt_values /opt/stack/data/venv/lib/python3.12/site-packages/oslo_config/cfg.py:3253}}
Jul 12 20:23:42.191258 np0000005102 nova-scheduler[96433]: DEBUG cotyledon.oslo_config_glue [-] oslo_messaging_rabbit.rpc_conn_pool_size = 30 {{(pid=96433) log_opt_values /opt/stack/data/venv/lib/python3.12/site-packages/oslo_config/cfg.py:3253}}
Jul 12 20:23:42.191258 np0000005102 nova-scheduler[96433]: DEBUG cotyledon.oslo_config_glue [-] oslo_messaging_rabbit.ssl = False {{(pid=96433) log_opt_values /opt/stack/data/venv/lib/python3.12/site-packages/oslo_config/cfg.py:3253}}
Jul 12 20:23:42.191258 np0000005102 nova-scheduler[96433]: DEBUG cotyledon.oslo_config_glue [-] oslo_messaging_rabbit.ssl_ca_file = {{(pid=96433) log_opt_values /opt/stack/data/venv/lib/python3.12/site-packages/oslo_config/cfg.py:3253}}
Jul 12 20:23:42.191258 np0000005102 nova-scheduler[96433]: DEBUG cotyledon.oslo_config_glue [-] oslo_messaging_rabbit.ssl_cert_file = {{(pid=96433) log_opt_values /opt/stack/data/venv/lib/python3.12/site-packages/oslo_config/cfg.py:3253}}
Jul 12 20:23:42.191258 np0000005102 nova-scheduler[96433]: DEBUG cotyledon.oslo_config_glue [-] oslo_messaging_rabbit.ssl_enforce_fips_mode = False {{(pid=96433) log_opt_values /opt/stack/data/venv/lib/python3.12/site-packages/oslo_config/cfg.py:3253}}
Jul 12 20:23:42.191258 np0000005102 nova-scheduler[96433]: DEBUG cotyledon.oslo_config_glue [-] oslo_messaging_rabbit.ssl_enforce_hostname_verification = True {{(pid=96433) log_opt_values /opt/stack/data/venv/lib/python3.12/site-packages/oslo_config/cfg.py:3253}}
Jul 12 20:23:42.191258 np0000005102 nova-scheduler[96433]: DEBUG cotyledon.oslo_config_glue [-] oslo_messaging_rabbit.ssl_key_file = {{(pid=96433) log_opt_values /opt/stack/data/venv/lib/python3.12/site-packages/oslo_config/cfg.py:3253}}
Jul 12 20:23:42.191600 np0000005102 nova-scheduler[96433]: DEBUG cotyledon.oslo_config_glue [-] oslo_messaging_rabbit.ssl_version = {{(pid=96433) log_opt_values /opt/stack/data/venv/lib/python3.12/site-packages/oslo_config/cfg.py:3253}}
Jul 12 20:23:42.191600 np0000005102 nova-scheduler[96433]: DEBUG cotyledon.oslo_config_glue [-] oslo_messaging_rabbit.use_queue_manager = False {{(pid=96433) log_opt_values /opt/stack/data/venv/lib/python3.12/site-packages/oslo_config/cfg.py:3253}}
Jul 12 20:23:42.191600 np0000005102 nova-scheduler[96433]: DEBUG cotyledon.oslo_config_glue [-] oslo_messaging_notifications.driver = ['messagingv2'] {{(pid=96433) log_opt_values /opt/stack/data/venv/lib/python3.12/site-packages/oslo_config/cfg.py:3253}}
Jul 12 20:23:42.191600 np0000005102 nova-scheduler[96433]: DEBUG cotyledon.oslo_config_glue [-] oslo_messaging_notifications.retry = -1 {{(pid=96433) log_opt_values /opt/stack/data/venv/lib/python3.12/site-packages/oslo_config/cfg.py:3253}}
Jul 12 20:23:42.191600 np0000005102 nova-scheduler[96433]: DEBUG cotyledon.oslo_config_glue [-] oslo_messaging_notifications.topics = ['notifications'] {{(pid=96433) log_opt_values /opt/stack/data/venv/lib/python3.12/site-packages/oslo_config/cfg.py:3253}}
Jul 12 20:23:42.191600 np0000005102 nova-scheduler[96433]: DEBUG cotyledon.oslo_config_glue [-] oslo_messaging_notifications.transport_url = **** {{(pid=96433) log_opt_values /opt/stack/data/venv/lib/python3.12/site-packages/oslo_config/cfg.py:3253}}
Jul 12 20:23:42.191600 np0000005102 nova-scheduler[96433]: DEBUG cotyledon.oslo_config_glue [-] oslo_limit.auth_section = None {{(pid=96433) log_opt_values /opt/stack/data/venv/lib/python3.12/site-packages/oslo_config/cfg.py:3253}}
Jul 12 20:23:42.191600 np0000005102 nova-scheduler[96433]: DEBUG cotyledon.oslo_config_glue [-] oslo_limit.auth_type = None {{(pid=96433) log_opt_values /opt/stack/data/venv/lib/python3.12/site-packages/oslo_config/cfg.py:3253}}
Jul 12 20:23:42.191600 np0000005102 nova-scheduler[96433]: DEBUG cotyledon.oslo_config_glue [-] oslo_limit.cafile = None {{(pid=96433) log_opt_values /opt/stack/data/venv/lib/python3.12/site-packages/oslo_config/cfg.py:3253}}
Jul 12 20:23:42.191868 np0000005102 nova-scheduler[96433]: DEBUG cotyledon.oslo_config_glue [-] oslo_limit.certfile = None {{(pid=96433) log_opt_values /opt/stack/data/venv/lib/python3.12/site-packages/oslo_config/cfg.py:3253}}
Jul 12 20:23:42.191868 np0000005102 nova-scheduler[96433]: DEBUG cotyledon.oslo_config_glue [-] oslo_limit.collect_timing = False {{(pid=96433) log_opt_values /opt/stack/data/venv/lib/python3.12/site-packages/oslo_config/cfg.py:3253}}
Jul 12 20:23:42.191868 np0000005102 nova-scheduler[96433]: DEBUG cotyledon.oslo_config_glue [-] oslo_limit.connect_retries = None {{(pid=96433) log_opt_values /opt/stack/data/venv/lib/python3.12/site-packages/oslo_config/cfg.py:3253}}
Jul 12 20:23:42.191868 np0000005102 nova-scheduler[96433]: DEBUG cotyledon.oslo_config_glue [-] oslo_limit.connect_retry_delay = None {{(pid=96433) log_opt_values /opt/stack/data/venv/lib/python3.12/site-packages/oslo_config/cfg.py:3253}}
Jul 12 20:23:42.191868 np0000005102 nova-scheduler[96433]: DEBUG cotyledon.oslo_config_glue [-] oslo_limit.endpoint_id = None {{(pid=96433) log_opt_values /opt/stack/data/venv/lib/python3.12/site-packages/oslo_config/cfg.py:3253}}
Jul 12 20:23:42.191868 np0000005102 nova-scheduler[96433]: DEBUG cotyledon.oslo_config_glue [-] oslo_limit.endpoint_interface = public {{(pid=96433) log_opt_values /opt/stack/data/venv/lib/python3.12/site-packages/oslo_config/cfg.py:3253}}
Jul 12 20:23:42.191868 np0000005102 nova-scheduler[96433]: DEBUG cotyledon.oslo_config_glue [-] oslo_limit.endpoint_override = None {{(pid=96433) log_opt_values /opt/stack/data/venv/lib/python3.12/site-packages/oslo_config/cfg.py:3253}}
Jul 12 20:23:42.191868 np0000005102 nova-scheduler[96433]: DEBUG cotyledon.oslo_config_glue [-] oslo_limit.endpoint_region_name = None {{(pid=96433) log_opt_values /opt/stack/data/venv/lib/python3.12/site-packages/oslo_config/cfg.py:3253}}
Jul 12 20:23:42.191868 np0000005102 nova-scheduler[96433]: DEBUG cotyledon.oslo_config_glue [-] oslo_limit.endpoint_service_name = None {{(pid=96433) log_opt_values /opt/stack/data/venv/lib/python3.12/site-packages/oslo_config/cfg.py:3253}}
Jul 12 20:23:42.192132 np0000005102 nova-scheduler[96433]: DEBUG cotyledon.oslo_config_glue [-] oslo_limit.endpoint_service_type = None {{(pid=96433) log_opt_values /opt/stack/data/venv/lib/python3.12/site-packages/oslo_config/cfg.py:3253}}
Jul 12 20:23:42.192132 np0000005102 nova-scheduler[96433]: DEBUG cotyledon.oslo_config_glue [-] oslo_limit.insecure = False {{(pid=96433) log_opt_values /opt/stack/data/venv/lib/python3.12/site-packages/oslo_config/cfg.py:3253}}
Jul 12 20:23:42.192132 np0000005102 nova-scheduler[96433]: DEBUG cotyledon.oslo_config_glue [-] oslo_limit.keyfile = None {{(pid=96433) log_opt_values /opt/stack/data/venv/lib/python3.12/site-packages/oslo_config/cfg.py:3253}}
Jul 12 20:23:42.192132 np0000005102 nova-scheduler[96433]: DEBUG cotyledon.oslo_config_glue [-] oslo_limit.max_version = None {{(pid=96433) log_opt_values /opt/stack/data/venv/lib/python3.12/site-packages/oslo_config/cfg.py:3253}}
Jul 12 20:23:42.192132 np0000005102 nova-scheduler[96433]: DEBUG cotyledon.oslo_config_glue [-] oslo_limit.min_version = None {{(pid=96433) log_opt_values /opt/stack/data/venv/lib/python3.12/site-packages/oslo_config/cfg.py:3253}}
Jul 12 20:23:42.192132 np0000005102 nova-scheduler[96433]: DEBUG cotyledon.oslo_config_glue [-] oslo_limit.region_name = None {{(pid=96433) log_opt_values /opt/stack/data/venv/lib/python3.12/site-packages/oslo_config/cfg.py:3253}}
Jul 12 20:23:42.192132 np0000005102 nova-scheduler[96433]: DEBUG cotyledon.oslo_config_glue [-] oslo_limit.retriable_status_codes = None {{(pid=96433) log_opt_values /opt/stack/data/venv/lib/python3.12/site-packages/oslo_config/cfg.py:3253}}
Jul 12 20:23:42.192132 np0000005102 nova-scheduler[96433]: DEBUG cotyledon.oslo_config_glue [-] oslo_limit.service_name = None {{(pid=96433) log_opt_values /opt/stack/data/venv/lib/python3.12/site-packages/oslo_config/cfg.py:3253}}
Jul 12 20:23:42.192132 np0000005102 nova-scheduler[96433]: DEBUG cotyledon.oslo_config_glue [-] oslo_limit.service_type = None {{(pid=96433) log_opt_values /opt/stack/data/venv/lib/python3.12/site-packages/oslo_config/cfg.py:3253}}
Jul 12 20:23:42.192412 np0000005102 nova-scheduler[96433]: DEBUG cotyledon.oslo_config_glue [-] oslo_limit.split_loggers = False {{(pid=96433) log_opt_values /opt/stack/data/venv/lib/python3.12/site-packages/oslo_config/cfg.py:3253}}
Jul 12 20:23:42.192412 np0000005102 nova-scheduler[96433]: DEBUG cotyledon.oslo_config_glue [-] oslo_limit.status_code_retries = None {{(pid=96433) log_opt_values /opt/stack/data/venv/lib/python3.12/site-packages/oslo_config/cfg.py:3253}}
Jul 12 20:23:42.192412 np0000005102 nova-scheduler[96433]: DEBUG cotyledon.oslo_config_glue [-] oslo_limit.status_code_retry_delay = None {{(pid=96433) log_opt_values /opt/stack/data/venv/lib/python3.12/site-packages/oslo_config/cfg.py:3253}}
Jul 12 20:23:42.192412 np0000005102 nova-scheduler[96433]: DEBUG cotyledon.oslo_config_glue [-] oslo_limit.timeout = None {{(pid=96433) log_opt_values /opt/stack/data/venv/lib/python3.12/site-packages/oslo_config/cfg.py:3253}}
Jul 12 20:23:42.192412 np0000005102 nova-scheduler[96433]: DEBUG cotyledon.oslo_config_glue [-] oslo_limit.valid_interfaces = None {{(pid=96433) log_opt_values /opt/stack/data/venv/lib/python3.12/site-packages/oslo_config/cfg.py:3253}}
Jul 12 20:23:42.192412 np0000005102 nova-scheduler[96433]: DEBUG cotyledon.oslo_config_glue [-] oslo_limit.version = None {{(pid=96433) log_opt_values /opt/stack/data/venv/lib/python3.12/site-packages/oslo_config/cfg.py:3253}}
Jul 12 20:23:42.192412 np0000005102 nova-scheduler[96433]: DEBUG cotyledon.oslo_config_glue [-] oslo_reports.file_event_handler = None {{(pid=96433) log_opt_values /opt/stack/data/venv/lib/python3.12/site-packages/oslo_config/cfg.py:3253}}
Jul 12 20:23:42.192412 np0000005102 nova-scheduler[96433]: DEBUG cotyledon.oslo_config_glue [-] oslo_reports.file_event_handler_interval = 1 {{(pid=96433) log_opt_values /opt/stack/data/venv/lib/python3.12/site-packages/oslo_config/cfg.py:3253}}
Jul 12 20:23:42.192412 np0000005102 nova-scheduler[96433]: DEBUG cotyledon.oslo_config_glue [-] oslo_reports.log_dir = None {{(pid=96433) log_opt_values /opt/stack/data/venv/lib/python3.12/site-packages/oslo_config/cfg.py:3253}}
Jul 12 20:23:42.192696 np0000005102 nova-scheduler[96433]: DEBUG cotyledon.oslo_config_glue [-] ******************************************************************************** {{(pid=96433) log_opt_values /opt/stack/data/venv/lib/python3.12/site-packages/oslo_config/cfg.py:3260}}
Jul 12 20:23:42.192696 np0000005102 nova-scheduler[96433]: DEBUG cotyledon._service_worker [-] Run service ServiceWrapper(3) [96433] {{(pid=96433) wait_forever /opt/stack/data/venv/lib/python3.12/site-packages/cotyledon/_service_worker.py:218}}
Jul 12 20:23:42.192696 np0000005102 nova-scheduler[96433]: INFO nova.service [-] Starting scheduler node (version 33.1.0)
Jul 12 20:23:42.192795 np0000005102 nova-scheduler[96431]: DEBUG oslo_db.sqlalchemy.engines [None req-9ac0fde7-4a18-409b-b456-050ecc67deb6 None None] MySQL server mode set to STRICT_TRANS_TABLES,STRICT_ALL_TABLES,NO_ZERO_IN_DATE,NO_ZERO_DATE,ERROR_FOR_DIVISION_BY_ZERO,TRADITIONAL,NO_ENGINE_SUBSTITUTION {{(pid=96431) _check_effective_sql_mode /opt/stack/data/venv/lib/python3.12/site-packages/oslo_db/sqlalchemy/engines.py:325}}
Jul 12 20:23:42.192836 np0000005102 nova-scheduler[96429]: DEBUG oslo_db.sqlalchemy.engines [None req-edaaae30-7304-46e5-8491-f22a4709e2ad None None] MySQL server mode set to STRICT_TRANS_TABLES,STRICT_ALL_TABLES,NO_ZERO_IN_DATE,NO_ZERO_DATE,ERROR_FOR_DIVISION_BY_ZERO,TRADITIONAL,NO_ENGINE_SUBSTITUTION {{(pid=96429) _check_effective_sql_mode /opt/stack/data/venv/lib/python3.12/site-packages/oslo_db/sqlalchemy/engines.py:325}}
Jul 12 20:23:42.192877 np0000005102 nova-scheduler[96433]: INFO dbcounter [None req-05ce87f4-021d-45ab-81cd-837c5a0c1363 None None] Registered counter for database nova_cell0
Jul 12 20:23:42.192913 np0000005102 nova-scheduler[96427]: DEBUG nova.service [None req-0e162a98-346e-425a-b4a9-9fdae0e8c62b None None] Creating RPC server for service: nova-scheduler on topic: scheduler {{(pid=96427) start /opt/stack/nova/nova/service.py:196}}
Jul 12 20:23:42.192951 np0000005102 nova-scheduler[96431]: DEBUG dbcounter [-] [96431] Writer thread running {{(pid=96431) stat_writer /opt/stack/data/venv/lib/python3.12/site-packages/dbcounter.py:102}}
Jul 12 20:23:42.192990 np0000005102 nova-scheduler[96429]: DEBUG dbcounter [-] [96429] Writer thread running {{(pid=96429) stat_writer /opt/stack/data/venv/lib/python3.12/site-packages/dbcounter.py:102}}
Jul 12 20:23:42.192990 np0000005102 nova-scheduler[96429]: DEBUG nova.service [None req-edaaae30-7304-46e5-8491-f22a4709e2ad None None] Creating RPC server for service: nova-scheduler on topic: scheduler {{(pid=96429) start /opt/stack/nova/nova/service.py:196}}
Jul 12 20:23:42.193056 np0000005102 nova-scheduler[96431]: DEBUG nova.service [None req-9ac0fde7-4a18-409b-b456-050ecc67deb6 None None] Creating RPC server for service: nova-scheduler on topic: scheduler {{(pid=96431) start /opt/stack/nova/nova/service.py:196}}
Jul 12 20:23:42.201328 np0000005102 nova-scheduler[96427]: DEBUG nova.service [None req-0e162a98-346e-425a-b4a9-9fdae0e8c62b None None] Join ServiceGroup membership for this service scheduler {{(pid=96427) start /opt/stack/nova/nova/service.py:222}}
Jul 12 20:23:42.201731 np0000005102 nova-scheduler[96427]: DEBUG nova.servicegroup.drivers.db [None req-0e162a98-346e-425a-b4a9-9fdae0e8c62b None None] DB_Driver: join new ServiceGroup member np0000005102 to the scheduler group, service = {{(pid=96427) join /opt/stack/nova/nova/servicegroup/drivers/db.py:44}}
Jul 12 20:23:42.201994 np0000005102 nova-scheduler[96431]: DEBUG nova.service [None req-9ac0fde7-4a18-409b-b456-050ecc67deb6 None None] Join ServiceGroup membership for this service scheduler {{(pid=96431) start /opt/stack/nova/nova/service.py:222}}
Jul 12 20:23:42.202226 np0000005102 nova-scheduler[96431]: DEBUG nova.servicegroup.drivers.db [None req-9ac0fde7-4a18-409b-b456-050ecc67deb6 None None] DB_Driver: join new ServiceGroup member np0000005102 to the scheduler group, service = {{(pid=96431) join /opt/stack/nova/nova/servicegroup/drivers/db.py:44}}
Jul 12 20:23:42.206928 np0000005102 nova-scheduler[96429]: DEBUG nova.service [None req-edaaae30-7304-46e5-8491-f22a4709e2ad None None] Join ServiceGroup membership for this service scheduler {{(pid=96429) start /opt/stack/nova/nova/service.py:222}}
Jul 12 20:23:42.207329 np0000005102 nova-scheduler[96429]: DEBUG nova.servicegroup.drivers.db [None req-edaaae30-7304-46e5-8491-f22a4709e2ad None None] DB_Driver: join new ServiceGroup member np0000005102 to the scheduler group, service = {{(pid=96429) join /opt/stack/nova/nova/servicegroup/drivers/db.py:44}}
Jul 12 20:23:42.225258 np0000005102 nova-scheduler[96433]: DEBUG oslo_db.sqlalchemy.engines [None req-05ce87f4-021d-45ab-81cd-837c5a0c1363 None None] MySQL server mode set to STRICT_TRANS_TABLES,STRICT_ALL_TABLES,NO_ZERO_IN_DATE,NO_ZERO_DATE,ERROR_FOR_DIVISION_BY_ZERO,TRADITIONAL,NO_ENGINE_SUBSTITUTION {{(pid=96433) _check_effective_sql_mode /opt/stack/data/venv/lib/python3.12/site-packages/oslo_db/sqlalchemy/engines.py:325}}
Jul 12 20:23:42.235798 np0000005102 nova-scheduler[96433]: DEBUG dbcounter [-] [96433] Writer thread running {{(pid=96433) stat_writer /opt/stack/data/venv/lib/python3.12/site-packages/dbcounter.py:102}}
Jul 12 20:23:42.238997 np0000005102 nova-scheduler[96433]: DEBUG nova.service [None req-05ce87f4-021d-45ab-81cd-837c5a0c1363 None None] Creating RPC server for service: nova-scheduler on topic: scheduler {{(pid=96433) start /opt/stack/nova/nova/service.py:196}}
Jul 12 20:23:42.260597 np0000005102 nova-scheduler[96433]: DEBUG nova.service [None req-05ce87f4-021d-45ab-81cd-837c5a0c1363 None None] Join ServiceGroup membership for this service scheduler {{(pid=96433) start /opt/stack/nova/nova/service.py:222}}
Jul 12 20:23:42.260825 np0000005102 nova-scheduler[96433]: DEBUG nova.servicegroup.drivers.db [None req-05ce87f4-021d-45ab-81cd-837c5a0c1363 None None] DB_Driver: join new ServiceGroup member np0000005102 to the scheduler group, service = {{(pid=96433) join /opt/stack/nova/nova/servicegroup/drivers/db.py:44}}
Jul 12 20:23:43.263221 np0000005102 nova-scheduler[96433]: DEBUG oslo.service.backend._threading.loopingcall [None req-bb302cb3-0813-4a62-ac80-9515e82f9798 None None] Dynamic interval looping call 'nova.service.Service.periodic_tasks' sleeping for 60.00 seconds {{(pid=96433) _run_loop /opt/stack/data/venv/lib/python3.12/site-packages/oslo_service/backend/_threading/loopingcall.py:125}}
Jul 12 20:23:47.216792 np0000005102 nova-scheduler[96427]: DEBUG oslo.service.backend._threading.loopingcall [-] Fixed interval looping call 'nova.servicegroup.drivers.db.DbDriver._report_state' sleeping for 119.99 seconds {{(pid=96427) _run_loop /opt/stack/data/venv/lib/python3.12/site-packages/oslo_service/backend/_threading/loopingcall.py:125}}
Jul 12 20:23:47.217601 np0000005102 nova-scheduler[96431]: DEBUG oslo.service.backend._threading.loopingcall [-] Fixed interval looping call 'nova.servicegroup.drivers.db.DbDriver._report_state' sleeping for 119.99 seconds {{(pid=96431) _run_loop /opt/stack/data/venv/lib/python3.12/site-packages/oslo_service/backend/_threading/loopingcall.py:125}}
Jul 12 20:23:47.223166 np0000005102 nova-scheduler[96429]: DEBUG oslo.service.backend._threading.loopingcall [-] Fixed interval looping call 'nova.servicegroup.drivers.db.DbDriver._report_state' sleeping for 119.99 seconds {{(pid=96429) _run_loop /opt/stack/data/venv/lib/python3.12/site-packages/oslo_service/backend/_threading/loopingcall.py:125}}
Jul 12 20:23:47.272048 np0000005102 nova-scheduler[96433]: DEBUG oslo.service.backend._threading.loopingcall [-] Fixed interval looping call 'nova.servicegroup.drivers.db.DbDriver._report_state' sleeping for 119.99 seconds {{(pid=96433) _run_loop /opt/stack/data/venv/lib/python3.12/site-packages/oslo_service/backend/_threading/loopingcall.py:125}}
Jul 12 20:23:50.768000 np0000005102 nova-scheduler[95235]: DEBUG dbcounter [-] [95235] Writing DB stats nova_api:SELECT=3 {{(pid=95235) stat_writer /opt/stack/data/venv/lib/python3.12/site-packages/dbcounter.py:115}}
Jul 12 20:23:50.898012 np0000005102 nova-scheduler[95235]: DEBUG dbcounter [-] [95235] Writing DB stats nova_cell0:SELECT=1 {{(pid=95235) stat_writer /opt/stack/data/venv/lib/python3.12/site-packages/dbcounter.py:115}}
Jul 12 20:23:50.901211 np0000005102 nova-scheduler[95235]: DEBUG dbcounter [-] [95235] Writing DB stats nova_cell1:SELECT=1 {{(pid=95235) stat_writer /opt/stack/data/venv/lib/python3.12/site-packages/dbcounter.py:115}}
Jul 12 20:23:51.205510 np0000005102 nova-scheduler[96431]: DEBUG oslo.service.backend._threading.loopingcall [None req-21b0a40c-ae76-4afc-82c3-739bd58b8fdf None None] Dynamic interval looping call 'nova.service.Service.periodic_tasks' sleeping for 60.00 seconds {{(pid=96431) _run_loop /opt/stack/data/venv/lib/python3.12/site-packages/oslo_service/backend/_threading/loopingcall.py:125}}
Jul 12 20:23:56.203746 np0000005102 nova-scheduler[96427]: DEBUG oslo.service.backend._threading.loopingcall [None req-77bfa924-7ff8-497a-b12d-094c110c2b62 None None] Dynamic interval looping call 'nova.service.Service.periodic_tasks' sleeping for 60.00 seconds {{(pid=96427) _run_loop /opt/stack/data/venv/lib/python3.12/site-packages/oslo_service/backend/_threading/loopingcall.py:125}}
Jul 12 20:23:57.211365 np0000005102 nova-scheduler[96427]: DEBUG dbcounter [-] [96427] Writing DB stats nova_cell0:SELECT=4,nova_cell0:INSERT=1,nova_cell0:UPDATE=1 {{(pid=96427) stat_writer /opt/stack/data/venv/lib/python3.12/site-packages/dbcounter.py:115}}
Jul 12 20:23:57.212794 np0000005102 nova-scheduler[96431]: DEBUG dbcounter [-] [96431] Writing DB stats nova_cell0:SELECT=3,nova_cell0:UPDATE=1 {{(pid=96431) stat_writer /opt/stack/data/venv/lib/python3.12/site-packages/dbcounter.py:115}}
Jul 12 20:23:57.220498 np0000005102 nova-scheduler[96429]: DEBUG dbcounter [-] [96429] Writing DB stats nova_cell0:SELECT=3 {{(pid=96429) stat_writer /opt/stack/data/venv/lib/python3.12/site-packages/dbcounter.py:115}}
Jul 12 20:23:57.268867 np0000005102 nova-scheduler[96433]: DEBUG dbcounter [-] [96433] Writing DB stats nova_cell0:SELECT=3 {{(pid=96433) stat_writer /opt/stack/data/venv/lib/python3.12/site-packages/dbcounter.py:115}}
Jul 12 20:24:40.209839 np0000005102 nova-scheduler[96429]: DEBUG oslo.service.backend._threading.loopingcall [None req-b0845c11-1bd6-471a-b1d2-c9cf8b692870 None None] Dynamic interval looping call 'nova.service.Service.periodic_tasks' sleeping for 60.00 seconds {{(pid=96429) _run_loop /opt/stack/data/venv/lib/python3.12/site-packages/oslo_service/backend/_threading/loopingcall.py:125}}
Jul 12 20:24:43.263718 np0000005102 nova-scheduler[96433]: DEBUG oslo.service.backend._threading.loopingcall [None req-bb302cb3-0813-4a62-ac80-9515e82f9798 None None] Dynamic interval looping call 'nova.service.Service.periodic_tasks' sleeping for 60.00 seconds {{(pid=96433) _run_loop /opt/stack/data/venv/lib/python3.12/site-packages/oslo_service/backend/_threading/loopingcall.py:125}}
Jul 12 20:24:51.205162 np0000005102 nova-scheduler[96431]: DEBUG oslo.service.backend._threading.loopingcall [None req-21b0a40c-ae76-4afc-82c3-739bd58b8fdf None None] Dynamic interval looping call 'nova.service.Service.periodic_tasks' sleeping for 60.00 seconds {{(pid=96431) _run_loop /opt/stack/data/venv/lib/python3.12/site-packages/oslo_service/backend/_threading/loopingcall.py:125}}
Jul 12 20:24:56.204171 np0000005102 nova-scheduler[96427]: DEBUG oslo.service.backend._threading.loopingcall [None req-77bfa924-7ff8-497a-b12d-094c110c2b62 None None] Dynamic interval looping call 'nova.service.Service.periodic_tasks' sleeping for 60.00 seconds {{(pid=96427) _run_loop /opt/stack/data/venv/lib/python3.12/site-packages/oslo_service/backend/_threading/loopingcall.py:125}}
Jul 12 20:25:40.210376 np0000005102 nova-scheduler[96429]: DEBUG oslo.service.backend._threading.loopingcall [None req-b0845c11-1bd6-471a-b1d2-c9cf8b692870 None None] Dynamic interval looping call 'nova.service.Service.periodic_tasks' sleeping for 60.00 seconds {{(pid=96429) _run_loop /opt/stack/data/venv/lib/python3.12/site-packages/oslo_service/backend/_threading/loopingcall.py:125}}
Jul 12 20:25:43.264306 np0000005102 nova-scheduler[96433]: DEBUG oslo.service.backend._threading.loopingcall [None req-bb302cb3-0813-4a62-ac80-9515e82f9798 None None] Dynamic interval looping call 'nova.service.Service.periodic_tasks' sleeping for 60.00 seconds {{(pid=96433) _run_loop /opt/stack/data/venv/lib/python3.12/site-packages/oslo_service/backend/_threading/loopingcall.py:125}}
Jul 12 20:25:47.218683 np0000005102 nova-scheduler[96431]: DEBUG oslo.service.backend._threading.loopingcall [-] Fixed interval looping call 'nova.servicegroup.drivers.db.DbDriver._report_state' sleeping for 119.99 seconds {{(pid=96431) _run_loop /opt/stack/data/venv/lib/python3.12/site-packages/oslo_service/backend/_threading/loopingcall.py:125}}
Jul 12 20:25:47.219090 np0000005102 nova-scheduler[96427]: DEBUG oslo.service.backend._threading.loopingcall [-] Fixed interval looping call 'nova.servicegroup.drivers.db.DbDriver._report_state' sleeping for 119.99 seconds {{(pid=96427) _run_loop /opt/stack/data/venv/lib/python3.12/site-packages/oslo_service/backend/_threading/loopingcall.py:125}}
Jul 12 20:25:47.220086 np0000005102 nova-scheduler[96429]: DEBUG oslo.service.backend._threading.loopingcall [-] Fixed interval looping call 'nova.servicegroup.drivers.db.DbDriver._report_state' sleeping for 119.99 seconds {{(pid=96429) _run_loop /opt/stack/data/venv/lib/python3.12/site-packages/oslo_service/backend/_threading/loopingcall.py:125}}
Jul 12 20:25:47.266792 np0000005102 nova-scheduler[96433]: DEBUG oslo.service.backend._threading.loopingcall [-] Fixed interval looping call 'nova.servicegroup.drivers.db.DbDriver._report_state' sleeping for 120.00 seconds {{(pid=96433) _run_loop /opt/stack/data/venv/lib/python3.12/site-packages/oslo_service/backend/_threading/loopingcall.py:125}}
Jul 12 20:25:51.205659 np0000005102 nova-scheduler[96431]: DEBUG oslo.service.backend._threading.loopingcall [None req-21b0a40c-ae76-4afc-82c3-739bd58b8fdf None None] Dynamic interval looping call 'nova.service.Service.periodic_tasks' sleeping for 60.00 seconds {{(pid=96431) _run_loop /opt/stack/data/venv/lib/python3.12/site-packages/oslo_service/backend/_threading/loopingcall.py:125}}
Jul 12 20:25:56.206125 np0000005102 nova-scheduler[96427]: DEBUG oslo.service.backend._threading.loopingcall [None req-77bfa924-7ff8-497a-b12d-094c110c2b62 None None] Dynamic interval looping call 'nova.service.Service.periodic_tasks' sleeping for 60.00 seconds {{(pid=96427) _run_loop /opt/stack/data/venv/lib/python3.12/site-packages/oslo_service/backend/_threading/loopingcall.py:125}}
Jul 12 20:25:57.136421 np0000005102 nova-scheduler[96427]: DEBUG nova.scheduler.manager [None req-0a17fce8-4ded-4575-8313-64c5e5f880f6 tempest-ServerActionsTestOtherB-990769215 tempest-ServerActionsTestOtherB-990769215-project-member] Starting to schedule for instances: ['dcb424b4-3d06-41be-9e25-733d955a03b2'] {{(pid=96427) select_destinations /opt/stack/nova/nova/scheduler/manager.py:209}}
Jul 12 20:25:57.138525 np0000005102 nova-scheduler[96427]: DEBUG nova.scheduler.request_filter [None req-0a17fce8-4ded-4575-8313-64c5e5f880f6 tempest-ServerActionsTestOtherB-990769215 tempest-ServerActionsTestOtherB-990769215-project-member] compute_status_filter request filter added forbidden trait COMPUTE_STATUS_DISABLED {{(pid=96427) compute_status_filter /opt/stack/nova/nova/scheduler/request_filter.py:253}}
Jul 12 20:25:57.138876 np0000005102 nova-scheduler[96427]: DEBUG nova.scheduler.request_filter [None req-0a17fce8-4ded-4575-8313-64c5e5f880f6 tempest-ServerActionsTestOtherB-990769215 tempest-ServerActionsTestOtherB-990769215-project-member] Request filter 'compute_status_filter' took 0.0 seconds {{(pid=96427) wrapper /opt/stack/nova/nova/scheduler/request_filter.py:46}}
Jul 12 20:25:57.139099 np0000005102 nova-scheduler[96427]: DEBUG nova.scheduler.request_filter [None req-0a17fce8-4ded-4575-8313-64c5e5f880f6 tempest-ServerActionsTestOtherB-990769215 tempest-ServerActionsTestOtherB-990769215-project-member] Request filter 'accelerators_filter' took 0.0 seconds {{(pid=96427) wrapper /opt/stack/nova/nova/scheduler/request_filter.py:46}}
Jul 12 20:25:57.139411 np0000005102 nova-scheduler[96427]: DEBUG nova.scheduler.request_filter [None req-0a17fce8-4ded-4575-8313-64c5e5f880f6 tempest-ServerActionsTestOtherB-990769215 tempest-ServerActionsTestOtherB-990769215-project-member] Request filter 'packed_virtqueue_filter' took 0.0 seconds {{(pid=96427) wrapper /opt/stack/nova/nova/scheduler/request_filter.py:46}}
Jul 12 20:25:57.139855 np0000005102 nova-scheduler[96427]: DEBUG nova.scheduler.request_filter [None req-0a17fce8-4ded-4575-8313-64c5e5f880f6 tempest-ServerActionsTestOtherB-990769215 tempest-ServerActionsTestOtherB-990769215-project-member] Request filter 'remote_managed_ports_filter' took 0.0 seconds {{(pid=96427) wrapper /opt/stack/nova/nova/scheduler/request_filter.py:46}}
Jul 12 20:25:57.140035 np0000005102 nova-scheduler[96427]: DEBUG nova.scheduler.request_filter [None req-0a17fce8-4ded-4575-8313-64c5e5f880f6 tempest-ServerActionsTestOtherB-990769215 tempest-ServerActionsTestOtherB-990769215-project-member] ephemeral_encryption_filter skipped {{(pid=96427) ephemeral_encryption_filter /opt/stack/nova/nova/scheduler/request_filter.py:426}}
Jul 12 20:25:57.140361 np0000005102 nova-scheduler[96427]: DEBUG nova.scheduler.request_filter [None req-0a17fce8-4ded-4575-8313-64c5e5f880f6 tempest-ServerActionsTestOtherB-990769215 tempest-ServerActionsTestOtherB-990769215-project-member] virtio_sound_filter skipped {{(pid=96427) virtio_sound_filter /opt/stack/nova/nova/scheduler/request_filter.py:460}}
Jul 12 20:25:57.140510 np0000005102 nova-scheduler[96427]: DEBUG nova.scheduler.request_filter [None req-0a17fce8-4ded-4575-8313-64c5e5f880f6 tempest-ServerActionsTestOtherB-990769215 tempest-ServerActionsTestOtherB-990769215-project-member] tpm_secret_security_filter skipped {{(pid=96427) tpm_secret_security_filter /opt/stack/nova/nova/scheduler/request_filter.py:477}}
Jul 12 20:25:57.211918 np0000005102 nova-scheduler[96427]: DEBUG dbcounter [-] [96427] Writing DB stats nova_cell0:SELECT=1,nova_cell0:UPDATE=1 {{(pid=96427) stat_writer /opt/stack/data/venv/lib/python3.12/site-packages/dbcounter.py:115}}
Jul 12 20:25:57.212635 np0000005102 nova-scheduler[96431]: DEBUG dbcounter [-] [96431] Writing DB stats nova_cell0:SELECT=1,nova_cell0:UPDATE=1 {{(pid=96431) stat_writer /opt/stack/data/venv/lib/python3.12/site-packages/dbcounter.py:115}}
Jul 12 20:25:57.219038 np0000005102 nova-scheduler[96429]: DEBUG dbcounter [-] [96429] Writing DB stats nova_cell0:SELECT=1,nova_cell0:UPDATE=1 {{(pid=96429) stat_writer /opt/stack/data/venv/lib/python3.12/site-packages/dbcounter.py:115}}
Jul 12 20:25:57.265000 np0000005102 nova-scheduler[96433]: DEBUG dbcounter [-] [96433] Writing DB stats nova_cell0:SELECT=1 {{(pid=96433) stat_writer /opt/stack/data/venv/lib/python3.12/site-packages/dbcounter.py:115}}
Jul 12 20:25:57.726584 np0000005102 nova-scheduler[96427]: INFO nova.utils [None req-0a17fce8-4ded-4575-8313-64c5e5f880f6 tempest-ServerActionsTestOtherB-990769215 tempest-ServerActionsTestOtherB-990769215-project-member] The cell worker thread pool ForkProcess-1.cell_worker is initialized
Jul 12 20:25:57.730052 np0000005102 nova-scheduler[96427]: DEBUG oslo_concurrency.lockutils [None req-0a17fce8-4ded-4575-8313-64c5e5f880f6 tempest-ServerActionsTestOtherB-990769215 tempest-ServerActionsTestOtherB-990769215-project-member] Acquiring lock "781aa286-402b-401f-a26d-fdaa791f1eda" by "nova.context.set_target_cell..get_or_set_cached_cell_and_set_connections" {{(pid=96427) inner /opt/stack/data/venv/lib/python3.12/site-packages/oslo_concurrency/lockutils.py:511}}
Jul 12 20:25:57.730052 np0000005102 nova-scheduler[96427]: DEBUG oslo_concurrency.lockutils [None req-0a17fce8-4ded-4575-8313-64c5e5f880f6 tempest-ServerActionsTestOtherB-990769215 tempest-ServerActionsTestOtherB-990769215-project-member] Lock "781aa286-402b-401f-a26d-fdaa791f1eda" acquired by "nova.context.set_target_cell..get_or_set_cached_cell_and_set_connections" :: waited 0.000s {{(pid=96427) inner /opt/stack/data/venv/lib/python3.12/site-packages/oslo_concurrency/lockutils.py:524}}
Jul 12 20:25:57.733720 np0000005102 nova-scheduler[96427]: DEBUG oslo_concurrency.lockutils [None req-0a17fce8-4ded-4575-8313-64c5e5f880f6 tempest-ServerActionsTestOtherB-990769215 tempest-ServerActionsTestOtherB-990769215-project-member] Lock "781aa286-402b-401f-a26d-fdaa791f1eda" "released" by "nova.context.set_target_cell..get_or_set_cached_cell_and_set_connections" :: held 0.002s {{(pid=96427) inner /opt/stack/data/venv/lib/python3.12/site-packages/oslo_concurrency/lockutils.py:543}}
