Jun 26 01:13:09.733394 np0000003674 devstack@g-api.service[99672]: [pid: 99672|app: 0|req: 52/164] 127.0.0.1 () {44 vars in 1051 bytes} [Fri Jun 26 01:13:09 2026] GET /v2/schemas/image => generated 6083 bytes in 3 msecs (HTTP/1.1 200) 4 headers in 158 bytes (1 switches on core 0)
Jun 26 01:13:11.238704 np0000003674 devstack@g-api.service[99671]: DEBUG glance.api.middleware.version_negotiation [None req-f653f716-eeaa-43e1-962e-7033e49044c5 tempest-ServerBootFromVolumeStableRescueTest-1196391187 tempest-ServerBootFromVolumeStableRescueTest-1196391187-project-member] Determining version of request: GET /v2/images/26b6bc91-3fb9-4b41-af9f-60af06d9291f Accept: application/json {{(pid=99671) process_request /opt/stack/glance/glance/api/middleware/version_negotiation.py:44}}
Jun 26 01:13:11.239178 np0000003674 devstack@g-api.service[99671]: DEBUG glance.api.middleware.version_negotiation [None req-f653f716-eeaa-43e1-962e-7033e49044c5 tempest-ServerBootFromVolumeStableRescueTest-1196391187 tempest-ServerBootFromVolumeStableRescueTest-1196391187-project-member] Using url versioning {{(pid=99671) process_request /opt/stack/glance/glance/api/middleware/version_negotiation.py:57}}
Jun 26 01:13:11.239178 np0000003674 devstack@g-api.service[99671]: DEBUG glance.api.middleware.version_negotiation [None req-f653f716-eeaa-43e1-962e-7033e49044c5 tempest-ServerBootFromVolumeStableRescueTest-1196391187 tempest-ServerBootFromVolumeStableRescueTest-1196391187-project-member] Matched version: v2 {{(pid=99671) process_request /opt/stack/glance/glance/api/middleware/version_negotiation.py:69}}
Jun 26 01:13:11.239178 np0000003674 devstack@g-api.service[99671]: DEBUG glance.api.middleware.version_negotiation [None req-f653f716-eeaa-43e1-962e-7033e49044c5 tempest-ServerBootFromVolumeStableRescueTest-1196391187 tempest-ServerBootFromVolumeStableRescueTest-1196391187-project-member] new path /v2/images/26b6bc91-3fb9-4b41-af9f-60af06d9291f {{(pid=99671) process_request /opt/stack/glance/glance/api/middleware/version_negotiation.py:70}}
Jun 26 01:13:11.441444 np0000003674 devstack@g-api.service[99671]: [pid: 99671|app: 0|req: 57/165] 127.0.0.1 () {40 vars in 834 bytes} [Fri Jun 26 01:13:11 2026] GET /v2/images/26b6bc91-3fb9-4b41-af9f-60af06d9291f => generated 1044 bytes in 203 msecs (HTTP/1.1 200) 4 headers in 158 bytes (1 switches on core 0)
Jun 26 01:13:11.448236 np0000003674 devstack@g-api.service[99670]: DEBUG glance.api.middleware.version_negotiation [None req-f653f716-eeaa-43e1-962e-7033e49044c5 tempest-ServerBootFromVolumeStableRescueTest-1196391187 tempest-ServerBootFromVolumeStableRescueTest-1196391187-project-member] Determining version of request: GET /v2/images/26b6bc91-3fb9-4b41-af9f-60af06d9291f/file Accept: application/json {{(pid=99670) process_request /opt/stack/glance/glance/api/middleware/version_negotiation.py:44}}
Jun 26 01:13:11.448640 np0000003674 devstack@g-api.service[99670]: DEBUG glance.api.middleware.version_negotiation [None req-f653f716-eeaa-43e1-962e-7033e49044c5 tempest-ServerBootFromVolumeStableRescueTest-1196391187 tempest-ServerBootFromVolumeStableRescueTest-1196391187-project-member] Using url versioning {{(pid=99670) process_request /opt/stack/glance/glance/api/middleware/version_negotiation.py:57}}
Jun 26 01:13:11.448872 np0000003674 devstack@g-api.service[99670]: DEBUG glance.api.middleware.version_negotiation [None req-f653f716-eeaa-43e1-962e-7033e49044c5 tempest-ServerBootFromVolumeStableRescueTest-1196391187 tempest-ServerBootFromVolumeStableRescueTest-1196391187-project-member] Matched version: v2 {{(pid=99670) process_request /opt/stack/glance/glance/api/middleware/version_negotiation.py:69}}
Jun 26 01:13:11.449163 np0000003674 devstack@g-api.service[99670]: DEBUG glance.api.middleware.version_negotiation [None req-f653f716-eeaa-43e1-962e-7033e49044c5 tempest-ServerBootFromVolumeStableRescueTest-1196391187 tempest-ServerBootFromVolumeStableRescueTest-1196391187-project-member] new path /v2/images/26b6bc91-3fb9-4b41-af9f-60af06d9291f/file {{(pid=99670) process_request /opt/stack/glance/glance/api/middleware/version_negotiation.py:70}}
Jun 26 01:13:11.674215 np0000003674 devstack@g-api.service[99670]: DEBUG glance.api.middleware.cache [None req-e55621cb-6461-42cf-a595-e2881d8c4b76 tempest-AttachSCSIVolumeTestJSON-992790413 tempest-AttachSCSIVolumeTestJSON-992790413-project-admin] Cache hit for image '26b6bc91-3fb9-4b41-af9f-60af06d9291f' {{(pid=99670) process_request /opt/stack/glance/glance/api/middleware/cache.py:160}}
Jun 26 01:13:11.687181 np0000003674 devstack@g-api.service[99672]: DEBUG glance.api.middleware.version_negotiation [None req-f653f716-eeaa-43e1-962e-7033e49044c5 tempest-ServerBootFromVolumeStableRescueTest-1196391187 tempest-ServerBootFromVolumeStableRescueTest-1196391187-project-member] Determining version of request: POST /v2/images Accept: application/json {{(pid=99672) process_request /opt/stack/glance/glance/api/middleware/version_negotiation.py:44}}
Jun 26 01:13:11.687529 np0000003674 devstack@g-api.service[99672]: DEBUG glance.api.middleware.version_negotiation [None req-f653f716-eeaa-43e1-962e-7033e49044c5 tempest-ServerBootFromVolumeStableRescueTest-1196391187 tempest-ServerBootFromVolumeStableRescueTest-1196391187-project-member] Using url versioning {{(pid=99672) process_request /opt/stack/glance/glance/api/middleware/version_negotiation.py:57}}
Jun 26 01:13:11.687529 np0000003674 devstack@g-api.service[99672]: DEBUG glance.api.middleware.version_negotiation [None req-f653f716-eeaa-43e1-962e-7033e49044c5 tempest-ServerBootFromVolumeStableRescueTest-1196391187 tempest-ServerBootFromVolumeStableRescueTest-1196391187-project-member] Matched version: v2 {{(pid=99672) process_request /opt/stack/glance/glance/api/middleware/version_negotiation.py:69}}
Jun 26 01:13:11.687529 np0000003674 devstack@g-api.service[99672]: DEBUG glance.api.middleware.version_negotiation [None req-f653f716-eeaa-43e1-962e-7033e49044c5 tempest-ServerBootFromVolumeStableRescueTest-1196391187 tempest-ServerBootFromVolumeStableRescueTest-1196391187-project-member] new path /v2/images {{(pid=99672) process_request /opt/stack/glance/glance/api/middleware/version_negotiation.py:70}}
Jun 26 01:13:12.228695 np0000003674 devstack@g-api.service[99672]: [pid: 99672|app: 0|req: 53/166] 127.0.0.1 () {42 vars in 782 bytes} [Fri Jun 26 01:13:11 2026] POST /v2/images => generated 690 bytes in 541 msecs (HTTP/1.1 201) 6 headers in 315 bytes (1 switches on core 0)
Jun 26 01:13:12.235534 np0000003674 devstack@g-api.service[99671]: DEBUG glance.api.middleware.version_negotiation [None req-0766c029-7a86-45c7-baad-868b36bf7337 tempest-AttachSCSIVolumeTestJSON-1148976496 tempest-AttachSCSIVolumeTestJSON-1148976496-project-reader] Determining version of request: PUT /v2/images/56cca6a7-d5da-4624-9091-1a5fb25cd61b/file Accept: {{(pid=99671) process_request /opt/stack/glance/glance/api/middleware/version_negotiation.py:44}}
Jun 26 01:13:12.235697 np0000003674 devstack@g-api.service[99671]: DEBUG glance.api.middleware.version_negotiation [None req-0766c029-7a86-45c7-baad-868b36bf7337 tempest-AttachSCSIVolumeTestJSON-1148976496 tempest-AttachSCSIVolumeTestJSON-1148976496-project-reader] Using url versioning {{(pid=99671) process_request /opt/stack/glance/glance/api/middleware/version_negotiation.py:57}}
Jun 26 01:13:12.235881 np0000003674 devstack@g-api.service[99671]: DEBUG glance.api.middleware.version_negotiation [None req-0766c029-7a86-45c7-baad-868b36bf7337 tempest-AttachSCSIVolumeTestJSON-1148976496 tempest-AttachSCSIVolumeTestJSON-1148976496-project-reader] Matched version: v2 {{(pid=99671) process_request /opt/stack/glance/glance/api/middleware/version_negotiation.py:69}}
Jun 26 01:13:12.235978 np0000003674 devstack@g-api.service[99671]: DEBUG glance.api.middleware.version_negotiation [None req-0766c029-7a86-45c7-baad-868b36bf7337 tempest-AttachSCSIVolumeTestJSON-1148976496 tempest-AttachSCSIVolumeTestJSON-1148976496-project-reader] new path /v2/images/56cca6a7-d5da-4624-9091-1a5fb25cd61b/file {{(pid=99671) process_request /opt/stack/glance/glance/api/middleware/version_negotiation.py:70}}
Jun 26 01:13:12.312770 np0000003674 devstack@g-api.service[99670]: [pid: 99670|app: 0|req: 57/167] 127.0.0.1 () {40 vars in 844 bytes} [Fri Jun 26 01:13:11 2026] GET /v2/images/26b6bc91-3fb9-4b41-af9f-60af06d9291f/file => generated 21692416 bytes in 864 msecs (HTTP/1.1 200) 5 headers in 217 bytes (339 switches on core 0)
Jun 26 01:13:12.751786 np0000003674 devstack@g-api.service[99671]: INFO glance.api.v2.image_data [None req-f1db6b7a-0b13-48fd-bae1-b2557bda62fb tempest-AttachSCSIVolumeTestJSON-992790413 tempest-AttachSCSIVolumeTestJSON-992790413-project-admin] Unable to create trust: no such option collect_timing in group [keystone_authtoken] Use the existing user token.
Jun 26 01:13:13.109887 np0000003674 devstack@g-api.service[99672]: DEBUG glance.api.middleware.version_negotiation [None req-c842531c-5cb1-45ba-9845-f531865926ac tempest-AttachSCSIVolumeTestJSON-992790413 tempest-AttachSCSIVolumeTestJSON-992790413-project-admin] Determining version of request: GET /v2/schemas/image Accept: */* {{(pid=99672) process_request /opt/stack/glance/glance/api/middleware/version_negotiation.py:44}}
Jun 26 01:13:13.110349 np0000003674 devstack@g-api.service[99672]: DEBUG glance.api.middleware.version_negotiation [None req-c842531c-5cb1-45ba-9845-f531865926ac tempest-AttachSCSIVolumeTestJSON-992790413 tempest-AttachSCSIVolumeTestJSON-992790413-project-admin] Using url versioning {{(pid=99672) process_request /opt/stack/glance/glance/api/middleware/version_negotiation.py:57}}
Jun 26 01:13:13.110349 np0000003674 devstack@g-api.service[99672]: DEBUG glance.api.middleware.version_negotiation [None req-c842531c-5cb1-45ba-9845-f531865926ac tempest-AttachSCSIVolumeTestJSON-992790413 tempest-AttachSCSIVolumeTestJSON-992790413-project-admin] Matched version: v2 {{(pid=99672) process_request /opt/stack/glance/glance/api/middleware/version_negotiation.py:69}}
Jun 26 01:13:13.110418 np0000003674 devstack@g-api.service[99672]: DEBUG glance.api.middleware.version_negotiation [None req-c842531c-5cb1-45ba-9845-f531865926ac tempest-AttachSCSIVolumeTestJSON-992790413 tempest-AttachSCSIVolumeTestJSON-992790413-project-admin] new path /v2/schemas/image {{(pid=99672) process_request /opt/stack/glance/glance/api/middleware/version_negotiation.py:70}}
Jun 26 01:13:13.113105 np0000003674 devstack@g-api.service[99672]: [pid: 99672|app: 0|req: 54/168] 127.0.0.1 () {44 vars in 1051 bytes} [Fri Jun 26 01:13:13 2026] GET /v2/schemas/image => generated 6083 bytes in 3 msecs (HTTP/1.1 200) 4 headers in 158 bytes (1 switches on core 0)
Jun 26 01:13:13.145879 np0000003674 devstack@g-api.service[99670]: DEBUG glance.api.middleware.version_negotiation [None req-e55621cb-6461-42cf-a595-e2881d8c4b76 tempest-AttachSCSIVolumeTestJSON-992790413 tempest-AttachSCSIVolumeTestJSON-992790413-project-admin] Determining version of request: POST /v2/images Accept: */* {{(pid=99670) process_request /opt/stack/glance/glance/api/middleware/version_negotiation.py:44}}
Jun 26 01:13:13.146315 np0000003674 devstack@g-api.service[99670]: DEBUG glance.api.middleware.version_negotiation [None req-e55621cb-6461-42cf-a595-e2881d8c4b76 tempest-AttachSCSIVolumeTestJSON-992790413 tempest-AttachSCSIVolumeTestJSON-992790413-project-admin] Using url versioning {{(pid=99670) process_request /opt/stack/glance/glance/api/middleware/version_negotiation.py:57}}
Jun 26 01:13:13.146315 np0000003674 devstack@g-api.service[99670]: DEBUG glance.api.middleware.version_negotiation [None req-e55621cb-6461-42cf-a595-e2881d8c4b76 tempest-AttachSCSIVolumeTestJSON-992790413 tempest-AttachSCSIVolumeTestJSON-992790413-project-admin] Matched version: v2 {{(pid=99670) process_request /opt/stack/glance/glance/api/middleware/version_negotiation.py:69}}
Jun 26 01:13:13.146315 np0000003674 devstack@g-api.service[99670]: DEBUG glance.api.middleware.version_negotiation [None req-e55621cb-6461-42cf-a595-e2881d8c4b76 tempest-AttachSCSIVolumeTestJSON-992790413 tempest-AttachSCSIVolumeTestJSON-992790413-project-admin] new path /v2/images {{(pid=99670) process_request /opt/stack/glance/glance/api/middleware/version_negotiation.py:70}}
Jun 26 01:13:13.256784 np0000003674 devstack@g-api.service[99671]: DEBUG glance.location [None req-f1db6b7a-0b13-48fd-bae1-b2557bda62fb tempest-AttachSCSIVolumeTestJSON-992790413 tempest-AttachSCSIVolumeTestJSON-992790413-project-admin] Enabling in-flight format inspection for qcow2 {{(pid=99671) set_data /opt/stack/glance/glance/location.py:616}}
Jun 26 01:13:13.257137 np0000003674 devstack@g-api.service[99671]: DEBUG glance_store.backend [None req-f1db6b7a-0b13-48fd-bae1-b2557bda62fb tempest-AttachSCSIVolumeTestJSON-992790413 tempest-AttachSCSIVolumeTestJSON-992790413-project-admin] Attempting to import store swift {{(pid=99671) _load_store /opt/stack/data/venv/lib/python3.12/site-packages/glance_store/backend.py:215}}
Jun 26 01:13:13.258306 np0000003674 devstack@g-api.service[99671]: DEBUG glance_store.capabilities [None req-f1db6b7a-0b13-48fd-bae1-b2557bda62fb tempest-AttachSCSIVolumeTestJSON-992790413 tempest-AttachSCSIVolumeTestJSON-992790413-project-admin] Store glance_store._drivers.swift.store.SingleTenantStore doesn't support updating dynamic storage capabilities. Please overwrite 'update_capabilities' method of the store to implement updating logics if needed. {{(pid=99671) update_capabilities /opt/stack/data/venv/lib/python3.12/site-packages/glance_store/capabilities.py:91}}
Jun 26 01:13:13.258443 np0000003674 devstack@g-api.service[99671]: DEBUG glance_store.driver [None req-f1db6b7a-0b13-48fd-bae1-b2557bda62fb tempest-AttachSCSIVolumeTestJSON-992790413 tempest-AttachSCSIVolumeTestJSON-992790413-project-admin] Late loading location class glance_store._drivers.swift.store.StoreLocation {{(pid=99671) get_store_location_class /opt/stack/data/venv/lib/python3.12/site-packages/glance_store/driver.py:134}}
Jun 26 01:13:13.258503 np0000003674 devstack@g-api.service[99671]: DEBUG glance_store.location [None req-f1db6b7a-0b13-48fd-bae1-b2557bda62fb tempest-AttachSCSIVolumeTestJSON-992790413 tempest-AttachSCSIVolumeTestJSON-992790413-project-admin] Registering scheme swift+https with {'store': , 'location_class': , 'store_entry': 'swift'} {{(pid=99671) register_scheme_map /opt/stack/data/venv/lib/python3.12/site-packages/glance_store/location.py:146}}
Jun 26 01:13:13.258568 np0000003674 devstack@g-api.service[99671]: DEBUG glance_store.location [None req-f1db6b7a-0b13-48fd-bae1-b2557bda62fb tempest-AttachSCSIVolumeTestJSON-992790413 tempest-AttachSCSIVolumeTestJSON-992790413-project-admin] Registering scheme swift+https with {'store': , 'location_class': , 'store_entry': 'swift'} {{(pid=99671) register_scheme_map /opt/stack/data/venv/lib/python3.12/site-packages/glance_store/location.py:146}}
Jun 26 01:13:13.258633 np0000003674 devstack@g-api.service[99671]: DEBUG glance_store.location [None req-f1db6b7a-0b13-48fd-bae1-b2557bda62fb tempest-AttachSCSIVolumeTestJSON-992790413 tempest-AttachSCSIVolumeTestJSON-992790413-project-admin] Registering scheme swift with {'store': , 'location_class': , 'store_entry': 'swift'} {{(pid=99671) register_scheme_map /opt/stack/data/venv/lib/python3.12/site-packages/glance_store/location.py:146}}
Jun 26 01:13:13.258696 np0000003674 devstack@g-api.service[99671]: DEBUG glance_store.location [None req-f1db6b7a-0b13-48fd-bae1-b2557bda62fb tempest-AttachSCSIVolumeTestJSON-992790413 tempest-AttachSCSIVolumeTestJSON-992790413-project-admin] Registering scheme swift+https with {'store': , 'location_class': , 'store_entry': 'swift'} {{(pid=99671) register_scheme_map /opt/stack/data/venv/lib/python3.12/site-packages/glance_store/location.py:146}}
Jun 26 01:13:13.258745 np0000003674 devstack@g-api.service[99671]: DEBUG glance_store.location [None req-f1db6b7a-0b13-48fd-bae1-b2557bda62fb tempest-AttachSCSIVolumeTestJSON-992790413 tempest-AttachSCSIVolumeTestJSON-992790413-project-admin] Registering scheme swift with {'store': , 'location_class': , 'store_entry': 'swift'} {{(pid=99671) register_scheme_map /opt/stack/data/venv/lib/python3.12/site-packages/glance_store/location.py:146}}
Jun 26 01:13:13.258840 np0000003674 devstack@g-api.service[99671]: DEBUG glance_store.location [None req-f1db6b7a-0b13-48fd-bae1-b2557bda62fb tempest-AttachSCSIVolumeTestJSON-992790413 tempest-AttachSCSIVolumeTestJSON-992790413-project-admin] Registering scheme swift+http with {'store': , 'location_class': , 'store_entry': 'swift'} {{(pid=99671) register_scheme_map /opt/stack/data/venv/lib/python3.12/site-packages/glance_store/location.py:146}}
Jun 26 01:13:13.258905 np0000003674 devstack@g-api.service[99671]: DEBUG glance_store.location [None req-f1db6b7a-0b13-48fd-bae1-b2557bda62fb tempest-AttachSCSIVolumeTestJSON-992790413 tempest-AttachSCSIVolumeTestJSON-992790413-project-admin] Registering scheme swift+https with {'store': , 'location_class': , 'store_entry': 'swift'} {{(pid=99671) register_scheme_map /opt/stack/data/venv/lib/python3.12/site-packages/glance_store/location.py:146}}
Jun 26 01:13:13.258975 np0000003674 devstack@g-api.service[99671]: DEBUG glance_store.location [None req-f1db6b7a-0b13-48fd-bae1-b2557bda62fb tempest-AttachSCSIVolumeTestJSON-992790413 tempest-AttachSCSIVolumeTestJSON-992790413-project-admin] Registering scheme swift with {'store': , 'location_class': , 'store_entry': 'swift'} {{(pid=99671) register_scheme_map /opt/stack/data/venv/lib/python3.12/site-packages/glance_store/location.py:146}}
Jun 26 01:13:13.259046 np0000003674 devstack@g-api.service[99671]: DEBUG glance_store.location [None req-f1db6b7a-0b13-48fd-bae1-b2557bda62fb tempest-AttachSCSIVolumeTestJSON-992790413 tempest-AttachSCSIVolumeTestJSON-992790413-project-admin] Registering scheme swift+http with {'store': , 'location_class': , 'store_entry': 'swift'} {{(pid=99671) register_scheme_map /opt/stack/data/venv/lib/python3.12/site-packages/glance_store/location.py:146}}
Jun 26 01:13:13.259105 np0000003674 devstack@g-api.service[99671]: DEBUG glance_store.location [None req-f1db6b7a-0b13-48fd-bae1-b2557bda62fb tempest-AttachSCSIVolumeTestJSON-992790413 tempest-AttachSCSIVolumeTestJSON-992790413-project-admin] Registering scheme swift+config with {'store': , 'location_class': , 'store_entry': 'swift'} {{(pid=99671) register_scheme_map /opt/stack/data/venv/lib/python3.12/site-packages/glance_store/location.py:146}}
Jun 26 01:13:13.656182 np0000003674 devstack@g-api.service[99671]: DEBUG swiftclient [None req-f1db6b7a-0b13-48fd-bae1-b2557bda62fb tempest-AttachSCSIVolumeTestJSON-992790413 tempest-AttachSCSIVolumeTestJSON-992790413-project-admin] REQ: curl -i https://10.4.3.20:8080/v1/AUTH_2d587d0f84d34240837ace77f52ce7c5/glance -I -H "X-Auth-Token: gAAAAABqPdIpZF-x..." {{(pid=99671) http_log /opt/stack/data/venv/lib/python3.12/site-packages/swiftclient/client.py:160}}
Jun 26 01:13:13.656310 np0000003674 devstack@g-api.service[99671]: DEBUG swiftclient [None req-f1db6b7a-0b13-48fd-bae1-b2557bda62fb tempest-AttachSCSIVolumeTestJSON-992790413 tempest-AttachSCSIVolumeTestJSON-992790413-project-admin] RESP STATUS: 204 No Content {{(pid=99671) http_log /opt/stack/data/venv/lib/python3.12/site-packages/swiftclient/client.py:161}}
Jun 26 01:13:13.656490 np0000003674 devstack@g-api.service[99671]: DEBUG swiftclient [None req-f1db6b7a-0b13-48fd-bae1-b2557bda62fb tempest-AttachSCSIVolumeTestJSON-992790413 tempest-AttachSCSIVolumeTestJSON-992790413-project-admin] RESP HEADERS: {'Date': 'Fri, 26 Jun 2026 01:13:13 GMT', 'Server': 'Apache/2.4.58 (Ubuntu)', 'Content-Type': 'text/plain; charset=utf-8', 'X-Container-Object-Count': '7', 'X-Container-Bytes-Used': '111411200', 'X-Timestamp': '1782436143.49917', 'Last-Modified': 'Fri, 26 Jun 2026 01:09:04 GMT', 'Accept-Ranges': 'bytes', 'X-Storage-Policy': 'Policy-0', 'X-Container-Sharding': 'False', 'Vary': 'Accept', 'X-Trans-Id': 'tx40b145b324ce49849ca53-006a3dd229', 'X-Openstack-Request-Id': 'tx40b145b324ce49849ca53-006a3dd229', 'Connection': 'close'} {{(pid=99671) http_log /opt/stack/data/venv/lib/python3.12/site-packages/swiftclient/client.py:162}}
Jun 26 01:13:13.656691 np0000003674 devstack@g-api.service[99671]: DEBUG glance_store._drivers.swift.store [None req-f1db6b7a-0b13-48fd-bae1-b2557bda62fb tempest-AttachSCSIVolumeTestJSON-992790413 tempest-AttachSCSIVolumeTestJSON-992790413-project-admin] Adding image object '56cca6a7-d5da-4624-9091-1a5fb25cd61b' to Swift {{(pid=99671) add /opt/stack/data/venv/lib/python3.12/site-packages/glance_store/_drivers/swift/store.py:970}}
Jun 26 01:13:13.656865 np0000003674 devstack@g-api.service[99671]: DEBUG glance_store._drivers.swift.store [None req-f1db6b7a-0b13-48fd-bae1-b2557bda62fb tempest-AttachSCSIVolumeTestJSON-992790413 tempest-AttachSCSIVolumeTestJSON-992790413-project-admin] Cannot determine image size because it is either not provided in the request or chunked-transfer encoding is used. Adding image as a segmented object to Swift. {{(pid=99671) add /opt/stack/data/venv/lib/python3.12/site-packages/glance_store/_drivers/swift/store.py:994}}
Jun 26 01:13:13.661454 np0000003674 devstack@g-api.service[99671]: DEBUG oslo_utils.imageutils.format_inspector [None req-f1db6b7a-0b13-48fd-bae1-b2557bda62fb tempest-AttachSCSIVolumeTestJSON-992790413 tempest-AttachSCSIVolumeTestJSON-992790413-project-admin] Format inspector for vmdk does not match, excluding from consideration (Signature KDMV not found: b'QFI\xfb') {{(pid=99671) _process_chunk /opt/stack/data/venv/lib/python3.12/site-packages/oslo_utils/imageutils/format_inspector.py:1758}}
Jun 26 01:13:13.663496 np0000003674 devstack@g-api.service[99671]: DEBUG oslo_utils.imageutils.format_inspector [None req-f1db6b7a-0b13-48fd-bae1-b2557bda62fb tempest-AttachSCSIVolumeTestJSON-992790413 tempest-AttachSCSIVolumeTestJSON-992790413-project-admin] Format inspector for vhdx does not match, excluding from consideration (Region signature not found at 30000) {{(pid=99671) _process_chunk /opt/stack/data/venv/lib/python3.12/site-packages/oslo_utils/imageutils/format_inspector.py:1758}}
Jun 26 01:13:13.773171 np0000003674 devstack@g-api.service[99670]: [pid: 99670|app: 0|req: 58/169] 127.0.0.1 () {46 vars in 1051 bytes} [Fri Jun 26 01:13:13 2026] POST /v2/images => generated 1333 bytes in 627 msecs (HTTP/1.1 201) 6 headers in 316 bytes (1 switches on core 0)
Jun 26 01:13:13.903706 np0000003674 devstack@g-api.service[99671]: DEBUG swiftclient [None req-f1db6b7a-0b13-48fd-bae1-b2557bda62fb tempest-AttachSCSIVolumeTestJSON-992790413 tempest-AttachSCSIVolumeTestJSON-992790413-project-admin] REQ: curl -i https://10.4.3.20:8080/v1/AUTH_2d587d0f84d34240837ace77f52ce7c5/glance/56cca6a7-d5da-4624-9091-1a5fb25cd61b-00001 -X PUT -H "X-Auth-Token: gAAAAABqPdIpZF-x..." {{(pid=99671) http_log /opt/stack/data/venv/lib/python3.12/site-packages/swiftclient/client.py:160}}
Jun 26 01:13:13.904149 np0000003674 devstack@g-api.service[99671]: DEBUG swiftclient [None req-f1db6b7a-0b13-48fd-bae1-b2557bda62fb tempest-AttachSCSIVolumeTestJSON-992790413 tempest-AttachSCSIVolumeTestJSON-992790413-project-admin] RESP STATUS: 201 Created {{(pid=99671) http_log /opt/stack/data/venv/lib/python3.12/site-packages/swiftclient/client.py:161}}
Jun 26 01:13:13.904149 np0000003674 devstack@g-api.service[99671]: DEBUG swiftclient [None req-f1db6b7a-0b13-48fd-bae1-b2557bda62fb tempest-AttachSCSIVolumeTestJSON-992790413 tempest-AttachSCSIVolumeTestJSON-992790413-project-admin] RESP HEADERS: {'Date': 'Fri, 26 Jun 2026 01:13:13 GMT', 'Server': 'Apache/2.4.58 (Ubuntu)', 'Content-Type': 'text/html; charset=UTF-8', 'Content-Length': '0', 'Etag': '87617e24a5e30cb3b87fda8c0764838f', 'Last-Modified': 'Fri, 26 Jun 2026 01:13:14 GMT', 'X-Trans-Id': 'tx11c2973ff0814290975e9-006a3dd229', 'X-Openstack-Request-Id': 'tx11c2973ff0814290975e9-006a3dd229', 'Connection': 'close'} {{(pid=99671) http_log /opt/stack/data/venv/lib/python3.12/site-packages/swiftclient/client.py:162}}
Jun 26 01:13:13.904149 np0000003674 devstack@g-api.service[99671]: DEBUG glance_store._drivers.swift.store [None req-f1db6b7a-0b13-48fd-bae1-b2557bda62fb tempest-AttachSCSIVolumeTestJSON-992790413 tempest-AttachSCSIVolumeTestJSON-992790413-project-admin] Wrote chunk 56cca6a7-d5da-4624-9091-1a5fb25cd61b-00001 (1/?) of length 21692416 to Swift returning MD5 of content: 87617e24a5e30cb3b87fda8c0764838f {{(pid=99671) add /opt/stack/data/venv/lib/python3.12/site-packages/glance_store/_drivers/swift/store.py:1059}}
Jun 26 01:13:13.906183 np0000003674 devstack@g-api.service[99671]: DEBUG glance_store._drivers.swift.store [None req-f1db6b7a-0b13-48fd-bae1-b2557bda62fb tempest-AttachSCSIVolumeTestJSON-992790413 tempest-AttachSCSIVolumeTestJSON-992790413-project-admin] Not writing zero-length chunk. {{(pid=99671) add /opt/stack/data/venv/lib/python3.12/site-packages/glance_store/_drivers/swift/store.py:1028}}
Jun 26 01:13:13.944335 np0000003674 devstack@g-api.service[99671]: DEBUG swiftclient [None req-f1db6b7a-0b13-48fd-bae1-b2557bda62fb tempest-AttachSCSIVolumeTestJSON-992790413 tempest-AttachSCSIVolumeTestJSON-992790413-project-admin] REQ: curl -i https://10.4.3.20:8080/v1/AUTH_2d587d0f84d34240837ace77f52ce7c5/glance/56cca6a7-d5da-4624-9091-1a5fb25cd61b -X PUT -H "X-Object-Manifest: glance/56cca6a7-d5da-4624-9091-1a5fb25cd61b-" -H "X-Auth-Token: gAAAAABqPdIpZF-x..." -H "Content-Length: 0" {{(pid=99671) http_log /opt/stack/data/venv/lib/python3.12/site-packages/swiftclient/client.py:160}}
Jun 26 01:13:13.944565 np0000003674 devstack@g-api.service[99672]: DEBUG glance.api.middleware.version_negotiation [None req-7a731314-3547-4fa4-9a24-e337cebf3037 tempest-ServerStableDeviceRescueTest-537835681 tempest-ServerStableDeviceRescueTest-537835681-project-member] Determining version of request: GET /v2/images/c63d89d0-9457-46bf-bfb9-c03797354161 Accept: */* {{(pid=99672) process_request /opt/stack/glance/glance/api/middleware/version_negotiation.py:44}}
Jun 26 01:13:13.944686 np0000003674 devstack@g-api.service[99671]: DEBUG swiftclient [None req-f1db6b7a-0b13-48fd-bae1-b2557bda62fb tempest-AttachSCSIVolumeTestJSON-992790413 tempest-AttachSCSIVolumeTestJSON-992790413-project-admin] RESP STATUS: 201 Created {{(pid=99671) http_log /opt/stack/data/venv/lib/python3.12/site-packages/swiftclient/client.py:161}}
Jun 26 01:13:13.944686 np0000003674 devstack@g-api.service[99671]: DEBUG swiftclient [None req-f1db6b7a-0b13-48fd-bae1-b2557bda62fb tempest-AttachSCSIVolumeTestJSON-992790413 tempest-AttachSCSIVolumeTestJSON-992790413-project-admin] RESP HEADERS: {'Date': 'Fri, 26 Jun 2026 01:13:13 GMT', 'Server': 'Apache/2.4.58 (Ubuntu)', 'Content-Type': 'text/html; charset=UTF-8', 'Content-Length': '0', 'Etag': 'd41d8cd98f00b204e9800998ecf8427e', 'Last-Modified': 'Fri, 26 Jun 2026 01:13:14 GMT', 'X-Trans-Id': 'tx1a2ec839115944c0a6062-006a3dd229', 'X-Openstack-Request-Id': 'tx1a2ec839115944c0a6062-006a3dd229', 'Connection': 'close'} {{(pid=99671) http_log /opt/stack/data/venv/lib/python3.12/site-packages/swiftclient/client.py:162}}
Jun 26 01:13:13.944993 np0000003674 devstack@g-api.service[99672]: DEBUG glance.api.middleware.version_negotiation [None req-7a731314-3547-4fa4-9a24-e337cebf3037 tempest-ServerStableDeviceRescueTest-537835681 tempest-ServerStableDeviceRescueTest-537835681-project-member] Using url versioning {{(pid=99672) process_request /opt/stack/glance/glance/api/middleware/version_negotiation.py:57}}
Jun 26 01:13:13.944993 np0000003674 devstack@g-api.service[99672]: DEBUG glance.api.middleware.version_negotiation [None req-7a731314-3547-4fa4-9a24-e337cebf3037 tempest-ServerStableDeviceRescueTest-537835681 tempest-ServerStableDeviceRescueTest-537835681-project-member] Matched version: v2 {{(pid=99672) process_request /opt/stack/glance/glance/api/middleware/version_negotiation.py:69}}
Jun 26 01:13:13.944993 np0000003674 devstack@g-api.service[99672]: DEBUG glance.api.middleware.version_negotiation [None req-7a731314-3547-4fa4-9a24-e337cebf3037 tempest-ServerStableDeviceRescueTest-537835681 tempest-ServerStableDeviceRescueTest-537835681-project-member] new path /v2/images/c63d89d0-9457-46bf-bfb9-c03797354161 {{(pid=99672) process_request /opt/stack/glance/glance/api/middleware/version_negotiation.py:70}}
Jun 26 01:13:13.945297 np0000003674 devstack@g-api.service[99671]: INFO glance.location [None req-f1db6b7a-0b13-48fd-bae1-b2557bda62fb tempest-AttachSCSIVolumeTestJSON-992790413 tempest-AttachSCSIVolumeTestJSON-992790413-project-admin] Image format matched and virtual size computed: 117440512
Jun 26 01:13:13.959672 np0000003674 devstack@g-api.service[99672]: [pid: 99672|app: 0|req: 55/170] 127.0.0.1 () {44 vars in 1111 bytes} [Fri Jun 26 01:13:13 2026] GET /v2/images/c63d89d0-9457-46bf-bfb9-c03797354161 => generated 1333 bytes in 15 msecs (HTTP/1.1 200) 4 headers in 158 bytes (1 switches on core 0)
Jun 26 01:13:13.999551 np0000003674 devstack@g-api.service[99671]: DEBUG glance_store.backend [None req-f1db6b7a-0b13-48fd-bae1-b2557bda62fb tempest-AttachSCSIVolumeTestJSON-992790413 tempest-AttachSCSIVolumeTestJSON-992790413-project-admin] Attempting to import store swift {{(pid=99671) _load_store /opt/stack/data/venv/lib/python3.12/site-packages/glance_store/backend.py:215}}
Jun 26 01:13:14.000915 np0000003674 devstack@g-api.service[99671]: DEBUG glance_store.capabilities [None req-f1db6b7a-0b13-48fd-bae1-b2557bda62fb tempest-AttachSCSIVolumeTestJSON-992790413 tempest-AttachSCSIVolumeTestJSON-992790413-project-admin] Store glance_store._drivers.swift.store.SingleTenantStore doesn't support updating dynamic storage capabilities. Please overwrite 'update_capabilities' method of the store to implement updating logics if needed. {{(pid=99671) update_capabilities /opt/stack/data/venv/lib/python3.12/site-packages/glance_store/capabilities.py:91}}
Jun 26 01:13:14.001152 np0000003674 devstack@g-api.service[99671]: DEBUG glance_store.driver [None req-f1db6b7a-0b13-48fd-bae1-b2557bda62fb tempest-AttachSCSIVolumeTestJSON-992790413 tempest-AttachSCSIVolumeTestJSON-992790413-project-admin] Late loading location class glance_store._drivers.swift.store.StoreLocation {{(pid=99671) get_store_location_class /opt/stack/data/venv/lib/python3.12/site-packages/glance_store/driver.py:134}}
Jun 26 01:13:14.001152 np0000003674 devstack@g-api.service[99671]: DEBUG glance_store.location [None req-f1db6b7a-0b13-48fd-bae1-b2557bda62fb tempest-AttachSCSIVolumeTestJSON-992790413 tempest-AttachSCSIVolumeTestJSON-992790413-project-admin] Registering scheme swift+https with {'store': , 'location_class': , 'store_entry': 'swift'} {{(pid=99671) register_scheme_map /opt/stack/data/venv/lib/python3.12/site-packages/glance_store/location.py:146}}
Jun 26 01:13:14.001646 np0000003674 devstack@g-api.service[99671]: DEBUG glance_store.location [None req-f1db6b7a-0b13-48fd-bae1-b2557bda62fb tempest-AttachSCSIVolumeTestJSON-992790413 tempest-AttachSCSIVolumeTestJSON-992790413-project-admin] Registering scheme swift+https with {'store': , 'location_class': , 'store_entry': 'swift'} {{(pid=99671) register_scheme_map /opt/stack/data/venv/lib/python3.12/site-packages/glance_store/location.py:146}}
Jun 26 01:13:14.001646 np0000003674 devstack@g-api.service[99671]: DEBUG glance_store.location [None req-f1db6b7a-0b13-48fd-bae1-b2557bda62fb tempest-AttachSCSIVolumeTestJSON-992790413 tempest-AttachSCSIVolumeTestJSON-992790413-project-admin] Registering scheme swift with {'store': , 'location_class': , 'store_entry': 'swift'} {{(pid=99671) register_scheme_map /opt/stack/data/venv/lib/python3.12/site-packages/glance_store/location.py:146}}
Jun 26 01:13:14.001646 np0000003674 devstack@g-api.service[99671]: DEBUG glance_store.location [None req-f1db6b7a-0b13-48fd-bae1-b2557bda62fb tempest-AttachSCSIVolumeTestJSON-992790413 tempest-AttachSCSIVolumeTestJSON-992790413-project-admin] Registering scheme swift+https with {'store': , 'location_class': , 'store_entry': 'swift'} {{(pid=99671) register_scheme_map /opt/stack/data/venv/lib/python3.12/site-packages/glance_store/location.py:146}}
Jun 26 01:13:14.003819 np0000003674 devstack@g-api.service[99671]: DEBUG glance_store.location [None req-f1db6b7a-0b13-48fd-bae1-b2557bda62fb tempest-AttachSCSIVolumeTestJSON-992790413 tempest-AttachSCSIVolumeTestJSON-992790413-project-admin] Registering scheme swift with {'store': , 'location_class': , 'store_entry': 'swift'} {{(pid=99671) register_scheme_map /opt/stack/data/venv/lib/python3.12/site-packages/glance_store/location.py:146}}
Jun 26 01:13:14.003819 np0000003674 devstack@g-api.service[99671]: DEBUG glance_store.location [None req-f1db6b7a-0b13-48fd-bae1-b2557bda62fb tempest-AttachSCSIVolumeTestJSON-992790413 tempest-AttachSCSIVolumeTestJSON-992790413-project-admin] Registering scheme swift+http with {'store': , 'location_class': , 'store_entry': 'swift'} {{(pid=99671) register_scheme_map /opt/stack/data/venv/lib/python3.12/site-packages/glance_store/location.py:146}}
Jun 26 01:13:14.004691 np0000003674 devstack@g-api.service[99670]: DEBUG glance.api.middleware.version_negotiation [None req-7a731314-3547-4fa4-9a24-e337cebf3037 tempest-ServerStableDeviceRescueTest-537835681 tempest-ServerStableDeviceRescueTest-537835681-project-member] Determining version of request: GET /v2/schemas/image Accept: */* {{(pid=99670) process_request /opt/stack/glance/glance/api/middleware/version_negotiation.py:44}}
Jun 26 01:13:14.005028 np0000003674 devstack@g-api.service[99671]: DEBUG glance_store.location [None req-f1db6b7a-0b13-48fd-bae1-b2557bda62fb tempest-AttachSCSIVolumeTestJSON-992790413 tempest-AttachSCSIVolumeTestJSON-992790413-project-admin] Registering scheme swift+https with {'store': , 'location_class': , 'store_entry': 'swift'} {{(pid=99671) register_scheme_map /opt/stack/data/venv/lib/python3.12/site-packages/glance_store/location.py:146}}
Jun 26 01:13:14.005028 np0000003674 devstack@g-api.service[99671]: DEBUG glance_store.location [None req-f1db6b7a-0b13-48fd-bae1-b2557bda62fb tempest-AttachSCSIVolumeTestJSON-992790413 tempest-AttachSCSIVolumeTestJSON-992790413-project-admin] Registering scheme swift with {'store': , 'location_class': , 'store_entry': 'swift'} {{(pid=99671) register_scheme_map /opt/stack/data/venv/lib/python3.12/site-packages/glance_store/location.py:146}}
Jun 26 01:13:14.005873 np0000003674 devstack@g-api.service[99670]: DEBUG glance.api.middleware.version_negotiation [None req-7a731314-3547-4fa4-9a24-e337cebf3037 tempest-ServerStableDeviceRescueTest-537835681 tempest-ServerStableDeviceRescueTest-537835681-project-member] Using url versioning {{(pid=99670) process_request /opt/stack/glance/glance/api/middleware/version_negotiation.py:57}}
Jun 26 01:13:14.005989 np0000003674 devstack@g-api.service[99671]: DEBUG glance_store.location [None req-f1db6b7a-0b13-48fd-bae1-b2557bda62fb tempest-AttachSCSIVolumeTestJSON-992790413 tempest-AttachSCSIVolumeTestJSON-992790413-project-admin] Registering scheme swift+http with {'store': , 'location_class': , 'store_entry': 'swift'} {{(pid=99671) register_scheme_map /opt/stack/data/venv/lib/python3.12/site-packages/glance_store/location.py:146}}
Jun 26 01:13:14.005989 np0000003674 devstack@g-api.service[99671]: DEBUG glance_store.location [None req-f1db6b7a-0b13-48fd-bae1-b2557bda62fb tempest-AttachSCSIVolumeTestJSON-992790413 tempest-AttachSCSIVolumeTestJSON-992790413-project-admin] Registering scheme swift+config with {'store': , 'location_class': , 'store_entry': 'swift'} {{(pid=99671) register_scheme_map /opt/stack/data/venv/lib/python3.12/site-packages/glance_store/location.py:146}}
Jun 26 01:13:14.008078 np0000003674 devstack@g-api.service[99670]: DEBUG glance.api.middleware.version_negotiation [None req-7a731314-3547-4fa4-9a24-e337cebf3037 tempest-ServerStableDeviceRescueTest-537835681 tempest-ServerStableDeviceRescueTest-537835681-project-member] Matched version: v2 {{(pid=99670) process_request /opt/stack/glance/glance/api/middleware/version_negotiation.py:69}}
Jun 26 01:13:14.008233 np0000003674 devstack@g-api.service[99671]: DEBUG glance_store.backend [None req-f1db6b7a-0b13-48fd-bae1-b2557bda62fb tempest-AttachSCSIVolumeTestJSON-992790413 tempest-AttachSCSIVolumeTestJSON-992790413-project-admin] Skipping store.set_acls... not implemented. {{(pid=99671) set_acls /opt/stack/data/venv/lib/python3.12/site-packages/glance_store/backend.py:507}}
Jun 26 01:13:14.008332 np0000003674 devstack@g-api.service[99670]: DEBUG glance.api.middleware.version_negotiation [None req-7a731314-3547-4fa4-9a24-e337cebf3037 tempest-ServerStableDeviceRescueTest-537835681 tempest-ServerStableDeviceRescueTest-537835681-project-member] new path /v2/schemas/image {{(pid=99670) process_request /opt/stack/glance/glance/api/middleware/version_negotiation.py:70}}
Jun 26 01:13:14.008441 np0000003674 devstack@g-api.service[99671]: [pid: 99671|app: 0|req: 58/171] 127.0.0.1 () {40 vars in 854 bytes} [Fri Jun 26 01:13:12 2026] PUT /v2/images/56cca6a7-d5da-4624-9091-1a5fb25cd61b/file => generated 0 bytes in 1768 msecs (HTTP/1.1 204) 4 headers in 171 bytes (1 switches on core 0)
Jun 26 01:13:14.008537 np0000003674 devstack@g-api.service[99670]: [pid: 99670|app: 0|req: 59/172] 127.0.0.1 () {44 vars in 1051 bytes} [Fri Jun 26 01:13:14 2026] GET /v2/schemas/image => generated 6083 bytes in 3 msecs (HTTP/1.1 200) 4 headers in 158 bytes (1 switches on core 0)
Jun 26 01:13:15.069000 np0000003674 devstack@g-api.service[99672]: DEBUG glance.api.middleware.version_negotiation [None req-da53bd46-b1d0-4ef5-97ff-916d35072e85 tempest-ServerStableDeviceRescueTest-537835681 tempest-ServerStableDeviceRescueTest-537835681-project-member] Determining version of request: GET /v2/images/c63d89d0-9457-46bf-bfb9-c03797354161 Accept: */* {{(pid=99672) process_request /opt/stack/glance/glance/api/middleware/version_negotiation.py:44}}
Jun 26 01:13:15.069394 np0000003674 devstack@g-api.service[99672]: DEBUG glance.api.middleware.version_negotiation [None req-da53bd46-b1d0-4ef5-97ff-916d35072e85 tempest-ServerStableDeviceRescueTest-537835681 tempest-ServerStableDeviceRescueTest-537835681-project-member] Using url versioning {{(pid=99672) process_request /opt/stack/glance/glance/api/middleware/version_negotiation.py:57}}
Jun 26 01:13:15.069394 np0000003674 devstack@g-api.service[99672]: DEBUG glance.api.middleware.version_negotiation [None req-da53bd46-b1d0-4ef5-97ff-916d35072e85 tempest-ServerStableDeviceRescueTest-537835681 tempest-ServerStableDeviceRescueTest-537835681-project-member] Matched version: v2 {{(pid=99672) process_request /opt/stack/glance/glance/api/middleware/version_negotiation.py:69}}
Jun 26 01:13:15.069394 np0000003674 devstack@g-api.service[99672]: DEBUG glance.api.middleware.version_negotiation [None req-da53bd46-b1d0-4ef5-97ff-916d35072e85 tempest-ServerStableDeviceRescueTest-537835681 tempest-ServerStableDeviceRescueTest-537835681-project-member] new path /v2/images/c63d89d0-9457-46bf-bfb9-c03797354161 {{(pid=99672) process_request /opt/stack/glance/glance/api/middleware/version_negotiation.py:70}}
Jun 26 01:13:15.078068 np0000003674 devstack@g-api.service[99672]: [pid: 99672|app: 0|req: 56/173] 127.0.0.1 () {44 vars in 1111 bytes} [Fri Jun 26 01:13:15 2026] GET /v2/images/c63d89d0-9457-46bf-bfb9-c03797354161 => generated 1333 bytes in 9 msecs (HTTP/1.1 200) 4 headers in 158 bytes (1 switches on core 0)
Jun 26 01:13:15.107450 np0000003674 devstack@g-api.service[99671]: DEBUG glance.api.middleware.version_negotiation [None req-f1db6b7a-0b13-48fd-bae1-b2557bda62fb tempest-AttachSCSIVolumeTestJSON-992790413 tempest-AttachSCSIVolumeTestJSON-992790413-project-admin] Determining version of request: GET /v2/schemas/image Accept: */* {{(pid=99671) process_request /opt/stack/glance/glance/api/middleware/version_negotiation.py:44}}
Jun 26 01:13:15.108131 np0000003674 devstack@g-api.service[99671]: DEBUG glance.api.middleware.version_negotiation [None req-f1db6b7a-0b13-48fd-bae1-b2557bda62fb tempest-AttachSCSIVolumeTestJSON-992790413 tempest-AttachSCSIVolumeTestJSON-992790413-project-admin] Using url versioning {{(pid=99671) process_request /opt/stack/glance/glance/api/middleware/version_negotiation.py:57}}
Jun 26 01:13:15.108131 np0000003674 devstack@g-api.service[99671]: DEBUG glance.api.middleware.version_negotiation [None req-f1db6b7a-0b13-48fd-bae1-b2557bda62fb tempest-AttachSCSIVolumeTestJSON-992790413 tempest-AttachSCSIVolumeTestJSON-992790413-project-admin] Matched version: v2 {{(pid=99671) process_request /opt/stack/glance/glance/api/middleware/version_negotiation.py:69}}
Jun 26 01:13:15.108131 np0000003674 devstack@g-api.service[99671]: DEBUG glance.api.middleware.version_negotiation [None req-f1db6b7a-0b13-48fd-bae1-b2557bda62fb tempest-AttachSCSIVolumeTestJSON-992790413 tempest-AttachSCSIVolumeTestJSON-992790413-project-admin] new path /v2/schemas/image {{(pid=99671) process_request /opt/stack/glance/glance/api/middleware/version_negotiation.py:70}}
Jun 26 01:13:15.111561 np0000003674 devstack@g-api.service[99671]: [pid: 99671|app: 0|req: 59/174] 127.0.0.1 () {44 vars in 1051 bytes} [Fri Jun 26 01:13:15 2026] GET /v2/schemas/image => generated 6083 bytes in 4 msecs (HTTP/1.1 200) 4 headers in 158 bytes (1 switches on core 0)
Jun 26 01:13:15.431828 np0000003674 devstack@g-api.service[99670]: DEBUG glance.api.middleware.version_negotiation [None req-da53bd46-b1d0-4ef5-97ff-916d35072e85 tempest-ServerStableDeviceRescueTest-537835681 tempest-ServerStableDeviceRescueTest-537835681-project-member] Determining version of request: GET /v2/images/56cca6a7-d5da-4624-9091-1a5fb25cd61b Accept: */* {{(pid=99670) process_request /opt/stack/glance/glance/api/middleware/version_negotiation.py:44}}
Jun 26 01:13:15.432203 np0000003674 devstack@g-api.service[99670]: DEBUG glance.api.middleware.version_negotiation [None req-da53bd46-b1d0-4ef5-97ff-916d35072e85 tempest-ServerStableDeviceRescueTest-537835681 tempest-ServerStableDeviceRescueTest-537835681-project-member] Using url versioning {{(pid=99670) process_request /opt/stack/glance/glance/api/middleware/version_negotiation.py:57}}
Jun 26 01:13:15.432203 np0000003674 devstack@g-api.service[99670]: DEBUG glance.api.middleware.version_negotiation [None req-da53bd46-b1d0-4ef5-97ff-916d35072e85 tempest-ServerStableDeviceRescueTest-537835681 tempest-ServerStableDeviceRescueTest-537835681-project-member] Matched version: v2 {{(pid=99670) process_request /opt/stack/glance/glance/api/middleware/version_negotiation.py:69}}
Jun 26 01:13:15.432203 np0000003674 devstack@g-api.service[99670]: DEBUG glance.api.middleware.version_negotiation [None req-da53bd46-b1d0-4ef5-97ff-916d35072e85 tempest-ServerStableDeviceRescueTest-537835681 tempest-ServerStableDeviceRescueTest-537835681-project-member] new path /v2/images/56cca6a7-d5da-4624-9091-1a5fb25cd61b {{(pid=99670) process_request /opt/stack/glance/glance/api/middleware/version_negotiation.py:70}}
Jun 26 01:13:15.436010 np0000003674 devstack@g-api.service[99672]: DEBUG glance.api.middleware.version_negotiation [None req-1ab8ad92-2a30-4d1c-8747-0902574bb7ef tempest-ServerStableDeviceRescueTest-537835681 tempest-ServerStableDeviceRescueTest-537835681-project-member] Determining version of request: GET /v2/images/c63d89d0-9457-46bf-bfb9-c03797354161 Accept: */* {{(pid=99672) process_request /opt/stack/glance/glance/api/middleware/version_negotiation.py:44}}
Jun 26 01:13:15.436178 np0000003674 devstack@g-api.service[99672]: DEBUG glance.api.middleware.version_negotiation [None req-1ab8ad92-2a30-4d1c-8747-0902574bb7ef tempest-ServerStableDeviceRescueTest-537835681 tempest-ServerStableDeviceRescueTest-537835681-project-member] Using url versioning {{(pid=99672) process_request /opt/stack/glance/glance/api/middleware/version_negotiation.py:57}}
Jun 26 01:13:15.436299 np0000003674 devstack@g-api.service[99672]: DEBUG glance.api.middleware.version_negotiation [None req-1ab8ad92-2a30-4d1c-8747-0902574bb7ef tempest-ServerStableDeviceRescueTest-537835681 tempest-ServerStableDeviceRescueTest-537835681-project-member] Matched version: v2 {{(pid=99672) process_request /opt/stack/glance/glance/api/middleware/version_negotiation.py:69}}
Jun 26 01:13:15.436396 np0000003674 devstack@g-api.service[99672]: DEBUG glance.api.middleware.version_negotiation [None req-1ab8ad92-2a30-4d1c-8747-0902574bb7ef tempest-ServerStableDeviceRescueTest-537835681 tempest-ServerStableDeviceRescueTest-537835681-project-member] new path /v2/images/c63d89d0-9457-46bf-bfb9-c03797354161 {{(pid=99672) process_request /opt/stack/glance/glance/api/middleware/version_negotiation.py:70}}
Jun 26 01:13:15.443052 np0000003674 devstack@g-api.service[99670]: [pid: 99670|app: 0|req: 60/175] 127.0.0.1 () {44 vars in 1111 bytes} [Fri Jun 26 01:13:15 2026] GET /v2/images/56cca6a7-d5da-4624-9091-1a5fb25cd61b => generated 859 bytes in 11 msecs (HTTP/1.1 200) 4 headers in 157 bytes (1 switches on core 0)
Jun 26 01:13:15.444912 np0000003674 devstack@g-api.service[99672]: [pid: 99672|app: 0|req: 57/176] 127.0.0.1 () {44 vars in 1111 bytes} [Fri Jun 26 01:13:15 2026] GET /v2/images/c63d89d0-9457-46bf-bfb9-c03797354161 => generated 1333 bytes in 9 msecs (HTTP/1.1 200) 4 headers in 158 bytes (1 switches on core 0)
Jun 26 01:13:15.470453 np0000003674 devstack@g-api.service[99671]: DEBUG glance.api.middleware.version_negotiation [None req-1ab8ad92-2a30-4d1c-8747-0902574bb7ef tempest-ServerStableDeviceRescueTest-537835681 tempest-ServerStableDeviceRescueTest-537835681-project-member] Determining version of request: GET /v2/schemas/image Accept: */* {{(pid=99671) process_request /opt/stack/glance/glance/api/middleware/version_negotiation.py:44}}
Jun 26 01:13:15.470620 np0000003674 devstack@g-api.service[99671]: DEBUG glance.api.middleware.version_negotiation [None req-1ab8ad92-2a30-4d1c-8747-0902574bb7ef tempest-ServerStableDeviceRescueTest-537835681 tempest-ServerStableDeviceRescueTest-537835681-project-member] Using url versioning {{(pid=99671) process_request /opt/stack/glance/glance/api/middleware/version_negotiation.py:57}}
Jun 26 01:13:15.470678 np0000003674 devstack@g-api.service[99671]: DEBUG glance.api.middleware.version_negotiation [None req-1ab8ad92-2a30-4d1c-8747-0902574bb7ef tempest-ServerStableDeviceRescueTest-537835681 tempest-ServerStableDeviceRescueTest-537835681-project-member] Matched version: v2 {{(pid=99671) process_request /opt/stack/glance/glance/api/middleware/version_negotiation.py:69}}
Jun 26 01:13:15.470826 np0000003674 devstack@g-api.service[99671]: DEBUG glance.api.middleware.version_negotiation [None req-1ab8ad92-2a30-4d1c-8747-0902574bb7ef tempest-ServerStableDeviceRescueTest-537835681 tempest-ServerStableDeviceRescueTest-537835681-project-member] new path /v2/schemas/image {{(pid=99671) process_request /opt/stack/glance/glance/api/middleware/version_negotiation.py:70}}
Jun 26 01:13:15.472696 np0000003674 devstack@g-api.service[99670]: DEBUG glance.api.middleware.version_negotiation [None req-5427adec-e7a6-4766-8c71-193724c42ad3 tempest-AttachSCSIVolumeTestJSON-1148976496 tempest-AttachSCSIVolumeTestJSON-1148976496-project-member] Determining version of request: GET /v2/schemas/image Accept: */* {{(pid=99670) process_request /opt/stack/glance/glance/api/middleware/version_negotiation.py:44}}
Jun 26 01:13:15.472878 np0000003674 devstack@g-api.service[99671]: [pid: 99671|app: 0|req: 60/177] 127.0.0.1 () {44 vars in 1051 bytes} [Fri Jun 26 01:13:15 2026] GET /v2/schemas/image => generated 6083 bytes in 2 msecs (HTTP/1.1 200) 4 headers in 158 bytes (1 switches on core 0)
Jun 26 01:13:15.472926 np0000003674 devstack@g-api.service[99670]: DEBUG glance.api.middleware.version_negotiation [None req-5427adec-e7a6-4766-8c71-193724c42ad3 tempest-AttachSCSIVolumeTestJSON-1148976496 tempest-AttachSCSIVolumeTestJSON-1148976496-project-member] Using url versioning {{(pid=99670) process_request /opt/stack/glance/glance/api/middleware/version_negotiation.py:57}}
Jun 26 01:13:15.473046 np0000003674 devstack@g-api.service[99670]: DEBUG glance.api.middleware.version_negotiation [None req-5427adec-e7a6-4766-8c71-193724c42ad3 tempest-AttachSCSIVolumeTestJSON-1148976496 tempest-AttachSCSIVolumeTestJSON-1148976496-project-member] Matched version: v2 {{(pid=99670) process_request /opt/stack/glance/glance/api/middleware/version_negotiation.py:69}}
Jun 26 01:13:15.473243 np0000003674 devstack@g-api.service[99670]: DEBUG glance.api.middleware.version_negotiation [None req-5427adec-e7a6-4766-8c71-193724c42ad3 tempest-AttachSCSIVolumeTestJSON-1148976496 tempest-AttachSCSIVolumeTestJSON-1148976496-project-member] new path /v2/schemas/image {{(pid=99670) process_request /opt/stack/glance/glance/api/middleware/version_negotiation.py:70}}
Jun 26 01:13:15.475798 np0000003674 devstack@g-api.service[99670]: [pid: 99670|app: 0|req: 61/178] 127.0.0.1 () {44 vars in 1051 bytes} [Fri Jun 26 01:13:15 2026] GET /v2/schemas/image => generated 6083 bytes in 3 msecs (HTTP/1.1 200) 4 headers in 158 bytes (1 switches on core 0)
Jun 26 01:13:16.174880 np0000003674 devstack@g-api.service[99672]: DEBUG glance.api.middleware.version_negotiation [None req-7a731314-3547-4fa4-9a24-e337cebf3037 tempest-ServerStableDeviceRescueTest-537835681 tempest-ServerStableDeviceRescueTest-537835681-project-member] Determining version of request: GET /v2/images/c63d89d0-9457-46bf-bfb9-c03797354161 Accept: */* {{(pid=99672) process_request /opt/stack/glance/glance/api/middleware/version_negotiation.py:44}}
Jun 26 01:13:16.174880 np0000003674 devstack@g-api.service[99672]: DEBUG glance.api.middleware.version_negotiation [None req-7a731314-3547-4fa4-9a24-e337cebf3037 tempest-ServerStableDeviceRescueTest-537835681 tempest-ServerStableDeviceRescueTest-537835681-project-member] Using url versioning {{(pid=99672) process_request /opt/stack/glance/glance/api/middleware/version_negotiation.py:57}}
