Jun 26 01:08:56.612649 np0000003674 devstack@g-api.service[99671]: DEBUG glance_store.capabilities [-] Store glance_store._drivers.filesystem.Store doesn't support updating dynamic storage capabilities. Please overwrite 'update_capabilities' method of the store to implement updating logics if needed. {{(pid=99671) update_capabilities /opt/stack/data/venv/lib/python3.12/site-packages/glance_store/capabilities.py:91}}
Jun 26 01:08:56.612712 np0000003674 devstack@g-api.service[99671]: DEBUG glance_store.backend [-] Registering store file with schemes ('file', 'filesystem') {{(pid=99671) create_stores /opt/stack/data/venv/lib/python3.12/site-packages/glance_store/backend.py:261}}
Jun 26 01:08:56.612780 np0000003674 devstack@g-api.service[99671]: DEBUG glance_store.driver [-] Late loading location class glance_store._drivers.filesystem.StoreLocation {{(pid=99671) get_store_location_class /opt/stack/data/venv/lib/python3.12/site-packages/glance_store/driver.py:134}}
Jun 26 01:08:56.612855 np0000003674 devstack@g-api.service[99671]: DEBUG glance_store.location [-] Registering scheme file with {'store': , 'location_class': , 'store_entry': 'file'} {{(pid=99671) register_scheme_map /opt/stack/data/venv/lib/python3.12/site-packages/glance_store/location.py:146}}
Jun 26 01:08:56.612908 np0000003674 devstack@g-api.service[99671]: DEBUG glance_store.location [-] Registering scheme filesystem with {'store': , 'location_class': , 'store_entry': 'file'} {{(pid=99671) register_scheme_map /opt/stack/data/venv/lib/python3.12/site-packages/glance_store/location.py:146}}
Jun 26 01:08:56.612955 np0000003674 devstack@g-api.service[99671]: DEBUG glance_store.backend [-] Attempting to import store http {{(pid=99671) _load_store /opt/stack/data/venv/lib/python3.12/site-packages/glance_store/backend.py:215}}
Jun 26 01:08:56.613125 np0000003674 devstack@g-api.service[99671]: DEBUG glance_store.capabilities [-] Store glance_store._drivers.http.Store doesn't support updating dynamic storage capabilities. Please overwrite 'update_capabilities' method of the store to implement updating logics if needed. {{(pid=99671) update_capabilities /opt/stack/data/venv/lib/python3.12/site-packages/glance_store/capabilities.py:91}}
Jun 26 01:08:56.613181 np0000003674 devstack@g-api.service[99671]: DEBUG glance_store.backend [-] Registering store http with schemes ('http', 'https') {{(pid=99671) create_stores /opt/stack/data/venv/lib/python3.12/site-packages/glance_store/backend.py:261}}
Jun 26 01:08:56.613216 np0000003674 devstack@g-api.service[99671]: DEBUG glance_store.driver [-] Late loading location class glance_store._drivers.http.StoreLocation {{(pid=99671) get_store_location_class /opt/stack/data/venv/lib/python3.12/site-packages/glance_store/driver.py:134}}
Jun 26 01:08:56.613294 np0000003674 devstack@g-api.service[99671]: DEBUG glance_store.location [-] Registering scheme http with {'store': , 'location_class': , 'store_entry': 'http'} {{(pid=99671) register_scheme_map /opt/stack/data/venv/lib/python3.12/site-packages/glance_store/location.py:146}}
Jun 26 01:08:56.613330 np0000003674 devstack@g-api.service[99671]: DEBUG glance_store.location [-] Registering scheme https with {'store': , 'location_class': , 'store_entry': 'http'} {{(pid=99671) register_scheme_map /opt/stack/data/venv/lib/python3.12/site-packages/glance_store/location.py:146}}
Jun 26 01:08:56.613439 np0000003674 devstack@g-api.service[99671]: DEBUG glance_store.backend [-] Attempting to import store swift {{(pid=99671) _load_store /opt/stack/data/venv/lib/python3.12/site-packages/glance_store/backend.py:215}}
Jun 26 01:08:56.614452 np0000003674 devstack@g-api.service[99671]: DEBUG glance_store.capabilities [-] Store glance_store._drivers.swift.store.SingleTenantStore doesn't support updating dynamic storage capabilities. Please overwrite 'update_capabilities' method of the store to implement updating logics if needed. {{(pid=99671) update_capabilities /opt/stack/data/venv/lib/python3.12/site-packages/glance_store/capabilities.py:91}}
Jun 26 01:08:56.614512 np0000003674 devstack@g-api.service[99671]: DEBUG glance_store.driver [-] Late loading location class glance_store._drivers.swift.store.StoreLocation {{(pid=99671) get_store_location_class /opt/stack/data/venv/lib/python3.12/site-packages/glance_store/driver.py:134}}
Jun 26 01:08:56.614579 np0000003674 devstack@g-api.service[99671]: DEBUG glance_store.location [-] Registering scheme swift+https with {'store': , 'location_class': , 'store_entry': 'swift'} {{(pid=99671) register_scheme_map /opt/stack/data/venv/lib/python3.12/site-packages/glance_store/location.py:146}}
Jun 26 01:08:56.614647 np0000003674 devstack@g-api.service[99671]: DEBUG glance_store.location [-] Registering scheme swift+https with {'store': , 'location_class': , 'store_entry': 'swift'} {{(pid=99671) register_scheme_map /opt/stack/data/venv/lib/python3.12/site-packages/glance_store/location.py:146}}
Jun 26 01:08:56.614706 np0000003674 devstack@g-api.service[99671]: DEBUG glance_store.location [-] Registering scheme swift with {'store': , 'location_class': , 'store_entry': 'swift'} {{(pid=99671) register_scheme_map /opt/stack/data/venv/lib/python3.12/site-packages/glance_store/location.py:146}}
Jun 26 01:08:56.614778 np0000003674 devstack@g-api.service[99671]: DEBUG glance_store.location [-] Registering scheme swift+https with {'store': , 'location_class': , 'store_entry': 'swift'} {{(pid=99671) register_scheme_map /opt/stack/data/venv/lib/python3.12/site-packages/glance_store/location.py:146}}
Jun 26 01:08:56.614830 np0000003674 devstack@g-api.service[99671]: DEBUG glance_store.location [-] Registering scheme swift with {'store': , 'location_class': , 'store_entry': 'swift'} {{(pid=99671) register_scheme_map /opt/stack/data/venv/lib/python3.12/site-packages/glance_store/location.py:146}}
Jun 26 01:08:56.614879 np0000003674 devstack@g-api.service[99671]: DEBUG glance_store.location [-] Registering scheme swift+http with {'store': , 'location_class': , 'store_entry': 'swift'} {{(pid=99671) register_scheme_map /opt/stack/data/venv/lib/python3.12/site-packages/glance_store/location.py:146}}
Jun 26 01:08:56.614923 np0000003674 devstack@g-api.service[99671]: DEBUG glance_store.location [-] Registering scheme swift+https with {'store': , 'location_class': , 'store_entry': 'swift'} {{(pid=99671) register_scheme_map /opt/stack/data/venv/lib/python3.12/site-packages/glance_store/location.py:146}}
Jun 26 01:08:56.614974 np0000003674 devstack@g-api.service[99671]: DEBUG glance_store.location [-] Registering scheme swift with {'store': , 'location_class': , 'store_entry': 'swift'} {{(pid=99671) register_scheme_map /opt/stack/data/venv/lib/python3.12/site-packages/glance_store/location.py:146}}
Jun 26 01:08:56.615023 np0000003674 devstack@g-api.service[99671]: DEBUG glance_store.location [-] Registering scheme swift+http with {'store': , 'location_class': , 'store_entry': 'swift'} {{(pid=99671) register_scheme_map /opt/stack/data/venv/lib/python3.12/site-packages/glance_store/location.py:146}}
Jun 26 01:08:56.615078 np0000003674 devstack@g-api.service[99671]: DEBUG glance_store.location [-] Registering scheme swift+config with {'store': , 'location_class': , 'store_entry': 'swift'} {{(pid=99671) register_scheme_map /opt/stack/data/venv/lib/python3.12/site-packages/glance_store/location.py:146}}
Jun 26 01:08:56.615339 np0000003674 devstack@g-api.service[99671]: DEBUG glance.sqlite_migration [-] SQLite caching database not located, skipping migration {{(pid=99671) get_db_path /opt/stack/glance/glance/sqlite_migration.py:68}}
Jun 26 01:08:56.615565 np0000003674 devstack@g-api.service[99671]: WARNING glance.common.wsgi_app [-] Import methods are enabled but staging directory /tmp/staging/ does not exist; Imports will fail!
Jun 26 01:08:56.730825 np0000003674 devstack@g-api.service[99670]: DEBUG glance.common.config [None req-abfe5d48-05d5-4396-b438-1961a38962ef None None] Loading glance-api-keystone+cachemanagement from /etc/glance/glance-api-paste.ini {{(pid=99670) load_paste_app /opt/stack/glance/glance/common/config.py:759}}
Jun 26 01:08:56.740398 np0000003674 devstack@g-api.service[99672]: DEBUG glance.common.config [None req-fbe47f3e-278f-4195-b07c-64c1713fbf2c None None] Loading glance-api-keystone+cachemanagement from /etc/glance/glance-api-paste.ini {{(pid=99672) load_paste_app /opt/stack/glance/glance/common/config.py:759}}
Jun 26 01:08:56.756222 np0000003674 devstack@g-api.service[99671]: DEBUG glance.common.config [None req-669a178e-ee6a-428d-ba32-80f31d882960 None None] Loading glance-api-keystone+cachemanagement from /etc/glance/glance-api-paste.ini {{(pid=99671) load_paste_app /opt/stack/glance/glance/common/config.py:759}}
Jun 26 01:08:57.336678 np0000003674 devstack@g-api.service[99671]: INFO glance.image_cache [None req-669a178e-ee6a-428d-ba32-80f31d882960 None None] Image cache loaded driver 'centralized_db'.
Jun 26 01:08:57.345120 np0000003674 devstack@g-api.service[99670]: INFO glance.image_cache [None req-abfe5d48-05d5-4396-b438-1961a38962ef None None] Image cache loaded driver 'centralized_db'.
Jun 26 01:08:57.368112 np0000003674 devstack@g-api.service[99672]: INFO glance.image_cache [None req-fbe47f3e-278f-4195-b07c-64c1713fbf2c None None] Image cache loaded driver 'centralized_db'.
Jun 26 01:08:57.383243 np0000003674 devstack@g-api.service[99671]: INFO dbcounter [None req-669a178e-ee6a-428d-ba32-80f31d882960 None None] Registered counter for database glance
Jun 26 01:08:57.392003 np0000003674 devstack@g-api.service[99670]: INFO dbcounter [None req-abfe5d48-05d5-4396-b438-1961a38962ef None None] Registered counter for database glance
Jun 26 01:08:57.410552 np0000003674 devstack@g-api.service[99672]: INFO dbcounter [None req-fbe47f3e-278f-4195-b07c-64c1713fbf2c None None] Registered counter for database glance
Jun 26 01:08:57.424200 np0000003674 devstack@g-api.service[99671]: DEBUG oslo_db.sqlalchemy.engines [None req-669a178e-ee6a-428d-ba32-80f31d882960 None None] MySQL server mode set to STRICT_TRANS_TABLES,STRICT_ALL_TABLES,NO_ZERO_IN_DATE,NO_ZERO_DATE,ERROR_FOR_DIVISION_BY_ZERO,TRADITIONAL,NO_ENGINE_SUBSTITUTION {{(pid=99671) _check_effective_sql_mode /opt/stack/data/venv/lib/python3.12/site-packages/oslo_db/sqlalchemy/engines.py:325}}
Jun 26 01:08:57.432641 np0000003674 devstack@g-api.service[99670]: DEBUG oslo_db.sqlalchemy.engines [None req-abfe5d48-05d5-4396-b438-1961a38962ef None None] MySQL server mode set to STRICT_TRANS_TABLES,STRICT_ALL_TABLES,NO_ZERO_IN_DATE,NO_ZERO_DATE,ERROR_FOR_DIVISION_BY_ZERO,TRADITIONAL,NO_ENGINE_SUBSTITUTION {{(pid=99670) _check_effective_sql_mode /opt/stack/data/venv/lib/python3.12/site-packages/oslo_db/sqlalchemy/engines.py:325}}
Jun 26 01:08:57.444897 np0000003674 devstack@g-api.service[99671]: DEBUG dbcounter [-] [99671] Writer thread running {{(pid=99671) stat_writer /opt/stack/data/venv/lib/python3.12/site-packages/dbcounter.py:102}}
Jun 26 01:08:57.450344 np0000003674 devstack@g-api.service[99672]: DEBUG oslo_db.sqlalchemy.engines [None req-fbe47f3e-278f-4195-b07c-64c1713fbf2c None None] MySQL server mode set to STRICT_TRANS_TABLES,STRICT_ALL_TABLES,NO_ZERO_IN_DATE,NO_ZERO_DATE,ERROR_FOR_DIVISION_BY_ZERO,TRADITIONAL,NO_ENGINE_SUBSTITUTION {{(pid=99672) _check_effective_sql_mode /opt/stack/data/venv/lib/python3.12/site-packages/oslo_db/sqlalchemy/engines.py:325}}
Jun 26 01:08:57.454824 np0000003674 devstack@g-api.service[99670]: DEBUG dbcounter [-] [99670] Writer thread running {{(pid=99670) stat_writer /opt/stack/data/venv/lib/python3.12/site-packages/dbcounter.py:102}}
Jun 26 01:08:57.462145 np0000003674 devstack@g-api.service[99670]: DEBUG glance.image_cache.drivers.centralized_db [None req-abfe5d48-05d5-4396-b438-1961a38962ef None None] Node reference is already recorded, ignoring it {{(pid=99670) configure /opt/stack/glance/glance/image_cache/drivers/centralized_db.py:71}}
Jun 26 01:08:57.466716 np0000003674 devstack@g-api.service[99671]: INFO glance.image_cache [None req-669a178e-ee6a-428d-ba32-80f31d882960 None None] Image cache loaded driver 'centralized_db'.
Jun 26 01:08:57.468402 np0000003674 devstack@g-api.service[99670]: INFO glance.image_cache [None req-abfe5d48-05d5-4396-b438-1961a38962ef None None] Image cache loaded driver 'centralized_db'.
Jun 26 01:08:57.472521 np0000003674 devstack@g-api.service[99672]: DEBUG dbcounter [-] [99672] Writer thread running {{(pid=99672) stat_writer /opt/stack/data/venv/lib/python3.12/site-packages/dbcounter.py:102}}
Jun 26 01:08:57.475483 np0000003674 devstack@g-api.service[99671]: DEBUG glance.image_cache.drivers.centralized_db [None req-669a178e-ee6a-428d-ba32-80f31d882960 None None] Node reference is already recorded, ignoring it {{(pid=99671) configure /opt/stack/glance/glance/image_cache/drivers/centralized_db.py:71}}
Jun 26 01:08:57.475622 np0000003674 devstack@g-api.service[99672]: DEBUG glance.image_cache.drivers.centralized_db [None req-fbe47f3e-278f-4195-b07c-64c1713fbf2c None None] Node reference is already recorded, ignoring it {{(pid=99672) configure /opt/stack/glance/glance/image_cache/drivers/centralized_db.py:71}}
Jun 26 01:08:57.480716 np0000003674 devstack@g-api.service[99672]: INFO glance.image_cache [None req-fbe47f3e-278f-4195-b07c-64c1713fbf2c None None] Image cache loaded driver 'centralized_db'.
Jun 26 01:08:57.494487 np0000003674 devstack@g-api.service[99672]: DEBUG glance.image_cache.drivers.centralized_db [None req-fbe47f3e-278f-4195-b07c-64c1713fbf2c None None] Node reference is already recorded, ignoring it {{(pid=99672) configure /opt/stack/glance/glance/image_cache/drivers/centralized_db.py:71}}
Jun 26 01:08:57.568280 np0000003674 devstack@g-api.service[99670]: DEBUG glance.image_cache.drivers.centralized_db [None req-abfe5d48-05d5-4396-b438-1961a38962ef None None] Node reference is already recorded, ignoring it {{(pid=99670) configure /opt/stack/glance/glance/image_cache/drivers/centralized_db.py:71}}
Jun 26 01:08:57.569460 np0000003674 devstack@g-api.service[99671]: DEBUG glance.api.v2.cached_images [None req-669a178e-ee6a-428d-ba32-80f31d882960 None None] Started cache worker thread {{(pid=99671) __init__ /opt/stack/glance/glance/api/v2/cached_images.py:69}}
Jun 26 01:08:57.570156 np0000003674 devstack@g-api.service[99671]: INFO glance.image_cache [None req-669a178e-ee6a-428d-ba32-80f31d882960 None None] Image cache loaded driver 'centralized_db'.
Jun 26 01:08:57.574547 np0000003674 devstack@g-api.service[99670]: DEBUG glance.api.v2.cached_images [None req-abfe5d48-05d5-4396-b438-1961a38962ef None None] Started cache worker thread {{(pid=99670) __init__ /opt/stack/glance/glance/api/v2/cached_images.py:69}}
Jun 26 01:08:57.575234 np0000003674 devstack@g-api.service[99670]: INFO glance.image_cache [None req-abfe5d48-05d5-4396-b438-1961a38962ef None None] Image cache loaded driver 'centralized_db'.
Jun 26 01:08:57.582703 np0000003674 devstack@g-api.service[99671]: DEBUG glance.image_cache.drivers.centralized_db [None req-669a178e-ee6a-428d-ba32-80f31d882960 None None] Node reference is already recorded, ignoring it {{(pid=99671) configure /opt/stack/glance/glance/image_cache/drivers/centralized_db.py:71}}
Jun 26 01:08:57.587136 np0000003674 devstack@g-api.service[99671]: INFO glance.api.middleware.cache_manage [None req-669a178e-ee6a-428d-ba32-80f31d882960 None None] Initialized image cache management middleware
Jun 26 01:08:57.587308 np0000003674 devstack@g-api.service[99671]: INFO glance.image_cache [None req-669a178e-ee6a-428d-ba32-80f31d882960 None None] Image cache loaded driver 'centralized_db'.
Jun 26 01:08:57.587552 np0000003674 devstack@g-api.service[99670]: DEBUG glance.image_cache.drivers.centralized_db [None req-abfe5d48-05d5-4396-b438-1961a38962ef None None] Node reference is already recorded, ignoring it {{(pid=99670) configure /opt/stack/glance/glance/image_cache/drivers/centralized_db.py:71}}
Jun 26 01:08:57.593354 np0000003674 devstack@g-api.service[99670]: INFO glance.api.middleware.cache_manage [None req-abfe5d48-05d5-4396-b438-1961a38962ef None None] Initialized image cache management middleware
Jun 26 01:08:57.593532 np0000003674 devstack@g-api.service[99670]: INFO glance.image_cache [None req-abfe5d48-05d5-4396-b438-1961a38962ef None None] Image cache loaded driver 'centralized_db'.
Jun 26 01:08:57.593681 np0000003674 devstack@g-api.service[99671]: DEBUG glance.image_cache.drivers.centralized_db [None req-669a178e-ee6a-428d-ba32-80f31d882960 None None] Node reference is already recorded, ignoring it {{(pid=99671) configure /opt/stack/glance/glance/image_cache/drivers/centralized_db.py:71}}
Jun 26 01:08:57.594661 np0000003674 devstack@g-api.service[99672]: DEBUG glance.api.v2.cached_images [None req-fbe47f3e-278f-4195-b07c-64c1713fbf2c None None] Started cache worker thread {{(pid=99672) __init__ /opt/stack/glance/glance/api/v2/cached_images.py:69}}
Jun 26 01:08:57.595547 np0000003674 devstack@g-api.service[99672]: INFO glance.image_cache [None req-fbe47f3e-278f-4195-b07c-64c1713fbf2c None None] Image cache loaded driver 'centralized_db'.
Jun 26 01:08:57.597049 np0000003674 devstack@g-api.service[99671]: INFO glance.api.middleware.cache [None req-669a178e-ee6a-428d-ba32-80f31d882960 None None] Initialized image cache middleware
Jun 26 01:08:57.602884 np0000003674 devstack@g-api.service[99670]: DEBUG glance.image_cache.drivers.centralized_db [None req-abfe5d48-05d5-4396-b438-1961a38962ef None None] Node reference is already recorded, ignoring it {{(pid=99670) configure /opt/stack/glance/glance/image_cache/drivers/centralized_db.py:71}}
Jun 26 01:08:57.604416 np0000003674 devstack@g-api.service[99672]: DEBUG glance.image_cache.drivers.centralized_db [None req-fbe47f3e-278f-4195-b07c-64c1713fbf2c None None] Node reference is already recorded, ignoring it {{(pid=99672) configure /opt/stack/glance/glance/image_cache/drivers/centralized_db.py:71}}
Jun 26 01:08:57.608040 np0000003674 devstack@g-api.service[99670]: INFO glance.api.middleware.cache [None req-abfe5d48-05d5-4396-b438-1961a38962ef None None] Initialized image cache middleware
Jun 26 01:08:57.608132 np0000003674 devstack@g-api.service[99671]: DEBUG glance.common.config [None req-669a178e-ee6a-428d-ba32-80f31d882960 None None] ******************************************************************************** {{(pid=99671) log_opt_values /opt/stack/data/venv/lib/python3.12/site-packages/oslo_config/cfg.py:3226}}
Jun 26 01:08:57.608253 np0000003674 devstack@g-api.service[99671]: DEBUG glance.common.config [None req-669a178e-ee6a-428d-ba32-80f31d882960 None None] Configuration options gathered from: {{(pid=99671) log_opt_values /opt/stack/data/venv/lib/python3.12/site-packages/oslo_config/cfg.py:3227}}
Jun 26 01:08:57.608533 np0000003674 devstack@g-api.service[99671]: DEBUG glance.common.config [None req-669a178e-ee6a-428d-ba32-80f31d882960 None None] command line args: [] {{(pid=99671) log_opt_values /opt/stack/data/venv/lib/python3.12/site-packages/oslo_config/cfg.py:3228}}
Jun 26 01:08:57.608657 np0000003674 devstack@g-api.service[99671]: DEBUG glance.common.config [None req-669a178e-ee6a-428d-ba32-80f31d882960 None None] config files: ['/etc/glance/glance-image-import.conf', '/etc/glance/glance-api.conf'] {{(pid=99671) log_opt_values /opt/stack/data/venv/lib/python3.12/site-packages/oslo_config/cfg.py:3229}}
Jun 26 01:08:57.608722 np0000003674 devstack@g-api.service[99671]: DEBUG glance.common.config [None req-669a178e-ee6a-428d-ba32-80f31d882960 None None] ================================================================================ {{(pid=99671) log_opt_values /opt/stack/data/venv/lib/python3.12/site-packages/oslo_config/cfg.py:3234}}
Jun 26 01:08:57.608871 np0000003674 devstack@g-api.service[99671]: DEBUG glance.common.config [None req-669a178e-ee6a-428d-ba32-80f31d882960 None None] allow_anonymous_access = False {{(pid=99671) log_opt_values /opt/stack/data/venv/lib/python3.12/site-packages/oslo_config/cfg.py:3242}}
Jun 26 01:08:57.608961 np0000003674 devstack@g-api.service[99671]: DEBUG glance.common.config [None req-669a178e-ee6a-428d-ba32-80f31d882960 None None] api_limit_max = 1000 {{(pid=99671) log_opt_values /opt/stack/data/venv/lib/python3.12/site-packages/oslo_config/cfg.py:3242}}
Jun 26 01:08:57.609061 np0000003674 devstack@g-api.service[99671]: DEBUG glance.common.config [None req-669a178e-ee6a-428d-ba32-80f31d882960 None None] backlog = 4096 {{(pid=99671) log_opt_values /opt/stack/data/venv/lib/python3.12/site-packages/oslo_config/cfg.py:3242}}
Jun 26 01:08:57.609190 np0000003674 devstack@g-api.service[99671]: DEBUG glance.common.config [None req-669a178e-ee6a-428d-ba32-80f31d882960 None None] bind_host = 0.0.0.0 {{(pid=99671) log_opt_values /opt/stack/data/venv/lib/python3.12/site-packages/oslo_config/cfg.py:3242}}
Jun 26 01:08:57.609290 np0000003674 devstack@g-api.service[99671]: DEBUG glance.common.config [None req-669a178e-ee6a-428d-ba32-80f31d882960 None None] bind_port = 19292 {{(pid=99671) log_opt_values /opt/stack/data/venv/lib/python3.12/site-packages/oslo_config/cfg.py:3242}}
Jun 26 01:08:57.609381 np0000003674 devstack@g-api.service[99671]: DEBUG glance.common.config [None req-669a178e-ee6a-428d-ba32-80f31d882960 None None] client_socket_timeout = 900 {{(pid=99671) log_opt_values /opt/stack/data/venv/lib/python3.12/site-packages/oslo_config/cfg.py:3242}}
Jun 26 01:08:57.609476 np0000003674 devstack@g-api.service[99671]: DEBUG glance.common.config [None req-669a178e-ee6a-428d-ba32-80f31d882960 None None] config_dir = [] {{(pid=99671) log_opt_values /opt/stack/data/venv/lib/python3.12/site-packages/oslo_config/cfg.py:3242}}
Jun 26 01:08:57.609547 np0000003674 devstack@g-api.service[99671]: DEBUG glance.common.config [None req-669a178e-ee6a-428d-ba32-80f31d882960 None None] config_file = ['/etc/glance/glance-image-import.conf', '/etc/glance/glance-api.conf'] {{(pid=99671) log_opt_values /opt/stack/data/venv/lib/python3.12/site-packages/oslo_config/cfg.py:3242}}
Jun 26 01:08:57.609653 np0000003674 devstack@g-api.service[99671]: DEBUG glance.common.config [None req-669a178e-ee6a-428d-ba32-80f31d882960 None None] config_source = [] {{(pid=99671) log_opt_values /opt/stack/data/venv/lib/python3.12/site-packages/oslo_config/cfg.py:3242}}
Jun 26 01:08:57.609763 np0000003674 devstack@g-api.service[99671]: DEBUG glance.common.config [None req-669a178e-ee6a-428d-ba32-80f31d882960 None None] control_exchange = glance {{(pid=99671) log_opt_values /opt/stack/data/venv/lib/python3.12/site-packages/oslo_config/cfg.py:3242}}
Jun 26 01:08:57.609837 np0000003674 devstack@g-api.service[99671]: DEBUG glance.common.config [None req-669a178e-ee6a-428d-ba32-80f31d882960 None None] debug = True {{(pid=99671) log_opt_values /opt/stack/data/venv/lib/python3.12/site-packages/oslo_config/cfg.py:3242}}
Jun 26 01:08:57.610002 np0000003674 devstack@g-api.service[99671]: DEBUG glance.common.config [None req-669a178e-ee6a-428d-ba32-80f31d882960 None None] default_log_levels = ['amqp=WARN', 'boto=WARN', 'sqlalchemy=WARN', 'suds=INFO', 'oslo.messaging=INFO', 'oslo_messaging=INFO', 'iso8601=WARN', 'requests.packages.urllib3.connectionpool=WARN', 'urllib3.connectionpool=WARN', 'websocket=WARN', 'requests.packages.urllib3.util.retry=WARN', 'urllib3.util.retry=WARN', 'keystonemiddleware=WARN', 'routes.middleware=WARN', 'stevedore=WARN', 'taskflow=WARN', 'keystoneauth=WARN', 'oslo.cache=INFO', 'oslo_policy=INFO', 'dogpile.core.dogpile=INFO'] {{(pid=99671) log_opt_values /opt/stack/data/venv/lib/python3.12/site-packages/oslo_config/cfg.py:3242}}
Jun 26 01:08:57.610096 np0000003674 devstack@g-api.service[99671]: DEBUG glance.common.config [None req-669a178e-ee6a-428d-ba32-80f31d882960 None None] default_publisher_id = image.localhost {{(pid=99671) log_opt_values /opt/stack/data/venv/lib/python3.12/site-packages/oslo_config/cfg.py:3242}}
Jun 26 01:08:57.610173 np0000003674 devstack@g-api.service[99671]: DEBUG glance.common.config [None req-669a178e-ee6a-428d-ba32-80f31d882960 None None] delayed_delete = False {{(pid=99671) log_opt_values /opt/stack/data/venv/lib/python3.12/site-packages/oslo_config/cfg.py:3242}}
Jun 26 01:08:57.610268 np0000003674 devstack@g-api.service[99671]: DEBUG glance.common.config [None req-669a178e-ee6a-428d-ba32-80f31d882960 None None] digest_algorithm = sha256 {{(pid=99671) log_opt_values /opt/stack/data/venv/lib/python3.12/site-packages/oslo_config/cfg.py:3242}}
Jun 26 01:08:57.610354 np0000003674 devstack@g-api.service[99671]: DEBUG glance.common.config [None req-669a178e-ee6a-428d-ba32-80f31d882960 None None] disabled_notifications = [] {{(pid=99671) log_opt_values /opt/stack/data/venv/lib/python3.12/site-packages/oslo_config/cfg.py:3242}}
Jun 26 01:08:57.610441 np0000003674 devstack@g-api.service[99671]: DEBUG glance.common.config [None req-669a178e-ee6a-428d-ba32-80f31d882960 None None] do_secure_hash = True {{(pid=99671) log_opt_values /opt/stack/data/venv/lib/python3.12/site-packages/oslo_config/cfg.py:3242}}
Jun 26 01:08:57.610530 np0000003674 devstack@g-api.service[99671]: DEBUG glance.common.config [None req-669a178e-ee6a-428d-ba32-80f31d882960 None None] enabled_backends = None {{(pid=99671) log_opt_values /opt/stack/data/venv/lib/python3.12/site-packages/oslo_config/cfg.py:3242}}
Jun 26 01:08:57.610647 np0000003674 devstack@g-api.service[99671]: DEBUG glance.common.config [None req-669a178e-ee6a-428d-ba32-80f31d882960 None None] enabled_import_methods = ['glance-direct', 'web-download', 'copy-image'] {{(pid=99671) log_opt_values /opt/stack/data/venv/lib/python3.12/site-packages/oslo_config/cfg.py:3242}}
Jun 26 01:08:57.610765 np0000003674 devstack@g-api.service[99671]: DEBUG glance.common.config [None req-669a178e-ee6a-428d-ba32-80f31d882960 None None] fatal_deprecations = False {{(pid=99671) log_opt_values /opt/stack/data/venv/lib/python3.12/site-packages/oslo_config/cfg.py:3242}}
Jun 26 01:08:57.610867 np0000003674 devstack@g-api.service[99671]: DEBUG glance.common.config [None req-669a178e-ee6a-428d-ba32-80f31d882960 None None] hashing_algorithm = sha512 {{(pid=99671) log_opt_values /opt/stack/data/venv/lib/python3.12/site-packages/oslo_config/cfg.py:3242}}
Jun 26 01:08:57.610953 np0000003674 devstack@g-api.service[99671]: DEBUG glance.common.config [None req-669a178e-ee6a-428d-ba32-80f31d882960 None None] http_keepalive = True {{(pid=99671) log_opt_values /opt/stack/data/venv/lib/python3.12/site-packages/oslo_config/cfg.py:3242}}
Jun 26 01:08:57.611041 np0000003674 devstack@g-api.service[99671]: DEBUG glance.common.config [None req-669a178e-ee6a-428d-ba32-80f31d882960 None None] http_retries = 3 {{(pid=99671) log_opt_values /opt/stack/data/venv/lib/python3.12/site-packages/oslo_config/cfg.py:3242}}
Jun 26 01:08:57.611124 np0000003674 devstack@g-api.service[99672]: INFO glance.api.middleware.cache_manage [None req-fbe47f3e-278f-4195-b07c-64c1713fbf2c None None] Initialized image cache management middleware
Jun 26 01:08:57.611175 np0000003674 devstack@g-api.service[99671]: DEBUG glance.common.config [None req-669a178e-ee6a-428d-ba32-80f31d882960 None None] image_cache_dir = /opt/stack/data/glance/cache/ {{(pid=99671) log_opt_values /opt/stack/data/venv/lib/python3.12/site-packages/oslo_config/cfg.py:3242}}
Jun 26 01:08:57.611225 np0000003674 devstack@g-api.service[99671]: DEBUG glance.common.config [None req-669a178e-ee6a-428d-ba32-80f31d882960 None None] image_cache_driver = centralized_db {{(pid=99671) log_opt_values /opt/stack/data/venv/lib/python3.12/site-packages/oslo_config/cfg.py:3242}}
Jun 26 01:08:57.611298 np0000003674 devstack@g-api.service[99671]: DEBUG glance.common.config [None req-669a178e-ee6a-428d-ba32-80f31d882960 None None] image_cache_max_size = 10737418240 {{(pid=99671) log_opt_values /opt/stack/data/venv/lib/python3.12/site-packages/oslo_config/cfg.py:3242}}
Jun 26 01:08:57.611346 np0000003674 devstack@g-api.service[99672]: INFO glance.image_cache [None req-fbe47f3e-278f-4195-b07c-64c1713fbf2c None None] Image cache loaded driver 'centralized_db'.
Jun 26 01:08:57.611385 np0000003674 devstack@g-api.service[99671]: DEBUG glance.common.config [None req-669a178e-ee6a-428d-ba32-80f31d882960 None None] image_cache_sqlite_db = cache.db {{(pid=99671) log_opt_values /opt/stack/data/venv/lib/python3.12/site-packages/oslo_config/cfg.py:3242}}
Jun 26 01:08:57.611473 np0000003674 devstack@g-api.service[99671]: DEBUG glance.common.config [None req-669a178e-ee6a-428d-ba32-80f31d882960 None None] image_cache_stall_time = 86400 {{(pid=99671) log_opt_values /opt/stack/data/venv/lib/python3.12/site-packages/oslo_config/cfg.py:3242}}
Jun 26 01:08:57.611558 np0000003674 devstack@g-api.service[99671]: DEBUG glance.common.config [None req-669a178e-ee6a-428d-ba32-80f31d882960 None None] image_location_quota = 10 {{(pid=99671) log_opt_values /opt/stack/data/venv/lib/python3.12/site-packages/oslo_config/cfg.py:3242}}
Jun 26 01:08:57.611657 np0000003674 devstack@g-api.service[99671]: DEBUG glance.common.config [None req-669a178e-ee6a-428d-ba32-80f31d882960 None None] image_member_quota = 128 {{(pid=99671) log_opt_values /opt/stack/data/venv/lib/python3.12/site-packages/oslo_config/cfg.py:3242}}
Jun 26 01:08:57.611745 np0000003674 devstack@g-api.service[99671]: DEBUG glance.common.config [None req-669a178e-ee6a-428d-ba32-80f31d882960 None None] image_property_quota = 128 {{(pid=99671) log_opt_values /opt/stack/data/venv/lib/python3.12/site-packages/oslo_config/cfg.py:3242}}
Jun 26 01:08:57.611879 np0000003674 devstack@g-api.service[99671]: DEBUG glance.common.config [None req-669a178e-ee6a-428d-ba32-80f31d882960 None None] image_size_cap = 1099511627776 {{(pid=99671) log_opt_values /opt/stack/data/venv/lib/python3.12/site-packages/oslo_config/cfg.py:3242}}
Jun 26 01:08:57.611969 np0000003674 devstack@g-api.service[99671]: DEBUG glance.common.config [None req-669a178e-ee6a-428d-ba32-80f31d882960 None None] image_tag_quota = 128 {{(pid=99671) log_opt_values /opt/stack/data/venv/lib/python3.12/site-packages/oslo_config/cfg.py:3242}}
Jun 26 01:08:57.612064 np0000003674 devstack@g-api.service[99671]: DEBUG glance.common.config [None req-669a178e-ee6a-428d-ba32-80f31d882960 None None] instance_format = [instance: %(uuid)s] {{(pid=99671) log_opt_values /opt/stack/data/venv/lib/python3.12/site-packages/oslo_config/cfg.py:3242}}
Jun 26 01:08:57.612152 np0000003674 devstack@g-api.service[99671]: DEBUG glance.common.config [None req-669a178e-ee6a-428d-ba32-80f31d882960 None None] instance_uuid_format = [instance: %(uuid)s] {{(pid=99671) log_opt_values /opt/stack/data/venv/lib/python3.12/site-packages/oslo_config/cfg.py:3242}}
Jun 26 01:08:57.612239 np0000003674 devstack@g-api.service[99671]: DEBUG glance.common.config [None req-669a178e-ee6a-428d-ba32-80f31d882960 None None] limit_param_default = 25 {{(pid=99671) log_opt_values /opt/stack/data/venv/lib/python3.12/site-packages/oslo_config/cfg.py:3242}}
Jun 26 01:08:57.612334 np0000003674 devstack@g-api.service[99671]: DEBUG glance.common.config [None req-669a178e-ee6a-428d-ba32-80f31d882960 None None] log_color = False {{(pid=99671) log_opt_values /opt/stack/data/venv/lib/python3.12/site-packages/oslo_config/cfg.py:3242}}
Jun 26 01:08:57.612426 np0000003674 devstack@g-api.service[99671]: DEBUG glance.common.config [None req-669a178e-ee6a-428d-ba32-80f31d882960 None None] log_config_append = None {{(pid=99671) log_opt_values /opt/stack/data/venv/lib/python3.12/site-packages/oslo_config/cfg.py:3242}}
Jun 26 01:08:57.612519 np0000003674 devstack@g-api.service[99671]: DEBUG glance.common.config [None req-669a178e-ee6a-428d-ba32-80f31d882960 None None] log_date_format = %Y-%m-%d %H:%M:%S {{(pid=99671) log_opt_values /opt/stack/data/venv/lib/python3.12/site-packages/oslo_config/cfg.py:3242}}
Jun 26 01:08:57.612617 np0000003674 devstack@g-api.service[99671]: DEBUG glance.common.config [None req-669a178e-ee6a-428d-ba32-80f31d882960 None None] log_dir = None {{(pid=99671) log_opt_values /opt/stack/data/venv/lib/python3.12/site-packages/oslo_config/cfg.py:3242}}
Jun 26 01:08:57.612709 np0000003674 devstack@g-api.service[99671]: DEBUG glance.common.config [None req-669a178e-ee6a-428d-ba32-80f31d882960 None None] log_file = None {{(pid=99671) log_opt_values /opt/stack/data/venv/lib/python3.12/site-packages/oslo_config/cfg.py:3242}}
Jun 26 01:08:57.612814 np0000003674 devstack@g-api.service[99671]: DEBUG glance.common.config [None req-669a178e-ee6a-428d-ba32-80f31d882960 None None] log_rotate_interval = 1 {{(pid=99671) log_opt_values /opt/stack/data/venv/lib/python3.12/site-packages/oslo_config/cfg.py:3242}}
Jun 26 01:08:57.612911 np0000003674 devstack@g-api.service[99671]: DEBUG glance.common.config [None req-669a178e-ee6a-428d-ba32-80f31d882960 None None] log_rotate_interval_type = days {{(pid=99671) log_opt_values /opt/stack/data/venv/lib/python3.12/site-packages/oslo_config/cfg.py:3242}}
Jun 26 01:08:57.613000 np0000003674 devstack@g-api.service[99671]: DEBUG glance.common.config [None req-669a178e-ee6a-428d-ba32-80f31d882960 None None] log_rotation_type = none {{(pid=99671) log_opt_values /opt/stack/data/venv/lib/python3.12/site-packages/oslo_config/cfg.py:3242}}
Jun 26 01:08:57.613069 np0000003674 devstack@g-api.service[99671]: DEBUG glance.common.config [None req-669a178e-ee6a-428d-ba32-80f31d882960 None None] logging_context_format_string = %(color)s%(levelname)s %(name)s [%(global_request_id)s %(request_id)s %(project_name)s %(user_name)s%(color)s] %(instance)s%(color)s%(message)s {{(pid=99671) log_opt_values /opt/stack/data/venv/lib/python3.12/site-packages/oslo_config/cfg.py:3242}}
Jun 26 01:08:57.613134 np0000003674 devstack@g-api.service[99671]: DEBUG glance.common.config [None req-669a178e-ee6a-428d-ba32-80f31d882960 None None] logging_debug_format_suffix = {{(pid=%(process)d) %(funcName)s %(pathname)s:%(lineno)d}} {{(pid=99671) log_opt_values /opt/stack/data/venv/lib/python3.12/site-packages/oslo_config/cfg.py:3242}}
Jun 26 01:08:57.613224 np0000003674 devstack@g-api.service[99671]: DEBUG glance.common.config [None req-669a178e-ee6a-428d-ba32-80f31d882960 None None] logging_default_format_string = %(color)s%(levelname)s %(name)s [-%(color)s] %(instance)s%(color)s%(message)s {{(pid=99671) log_opt_values /opt/stack/data/venv/lib/python3.12/site-packages/oslo_config/cfg.py:3242}}
Jun 26 01:08:57.613313 np0000003674 devstack@g-api.service[99671]: DEBUG glance.common.config [None req-669a178e-ee6a-428d-ba32-80f31d882960 None None] logging_exception_prefix = ERROR %(name)s %(instance)s {{(pid=99671) log_opt_values /opt/stack/data/venv/lib/python3.12/site-packages/oslo_config/cfg.py:3242}}
Jun 26 01:08:57.613369 np0000003674 devstack@g-api.service[99671]: DEBUG glance.common.config [None req-669a178e-ee6a-428d-ba32-80f31d882960 None None] logging_user_identity_format = %(user)s %(project)s %(domain)s %(system_scope)s %(user_domain)s %(project_domain)s {{(pid=99671) log_opt_values /opt/stack/data/venv/lib/python3.12/site-packages/oslo_config/cfg.py:3242}}
Jun 26 01:08:57.613457 np0000003674 devstack@g-api.service[99671]: DEBUG glance.common.config [None req-669a178e-ee6a-428d-ba32-80f31d882960 None None] max_header_line = 16384 {{(pid=99671) log_opt_values /opt/stack/data/venv/lib/python3.12/site-packages/oslo_config/cfg.py:3242}}
Jun 26 01:08:57.613542 np0000003674 devstack@g-api.service[99671]: DEBUG glance.common.config [None req-669a178e-ee6a-428d-ba32-80f31d882960 None None] max_logfile_count = 30 {{(pid=99671) log_opt_values /opt/stack/data/venv/lib/python3.12/site-packages/oslo_config/cfg.py:3242}}
Jun 26 01:08:57.613642 np0000003674 devstack@g-api.service[99671]: DEBUG glance.common.config [None req-669a178e-ee6a-428d-ba32-80f31d882960 None None] max_logfile_size_mb = 200 {{(pid=99671) log_opt_values /opt/stack/data/venv/lib/python3.12/site-packages/oslo_config/cfg.py:3242}}
Jun 26 01:08:57.613727 np0000003674 devstack@g-api.service[99671]: DEBUG glance.common.config [None req-669a178e-ee6a-428d-ba32-80f31d882960 None None] max_request_id_length = 64 {{(pid=99671) log_opt_values /opt/stack/data/venv/lib/python3.12/site-packages/oslo_config/cfg.py:3242}}
Jun 26 01:08:57.613834 np0000003674 devstack@g-api.service[99671]: DEBUG glance.common.config [None req-669a178e-ee6a-428d-ba32-80f31d882960 None None] metadata_encryption_key = **** {{(pid=99671) log_opt_values /opt/stack/data/venv/lib/python3.12/site-packages/oslo_config/cfg.py:3242}}
Jun 26 01:08:57.613944 np0000003674 devstack@g-api.service[99671]: DEBUG glance.common.config [None req-669a178e-ee6a-428d-ba32-80f31d882960 None None] node_staging_uri = file:///tmp/staging/ {{(pid=99671) log_opt_values /opt/stack/data/venv/lib/python3.12/site-packages/oslo_config/cfg.py:3242}}
Jun 26 01:08:57.614032 np0000003674 devstack@g-api.service[99671]: DEBUG glance.common.config [None req-669a178e-ee6a-428d-ba32-80f31d882960 None None] property_protection_file = None {{(pid=99671) log_opt_values /opt/stack/data/venv/lib/python3.12/site-packages/oslo_config/cfg.py:3242}}
Jun 26 01:08:57.614122 np0000003674 devstack@g-api.service[99671]: DEBUG glance.common.config [None req-669a178e-ee6a-428d-ba32-80f31d882960 None None] property_protection_rule_format = roles {{(pid=99671) log_opt_values /opt/stack/data/venv/lib/python3.12/site-packages/oslo_config/cfg.py:3242}}
Jun 26 01:08:57.614213 np0000003674 devstack@g-api.service[99671]: DEBUG glance.common.config [None req-669a178e-ee6a-428d-ba32-80f31d882960 None None] public_endpoint = https://10.4.3.20/image {{(pid=99671) log_opt_values /opt/stack/data/venv/lib/python3.12/site-packages/oslo_config/cfg.py:3242}}
Jun 26 01:08:57.614299 np0000003674 devstack@g-api.service[99671]: DEBUG glance.common.config [None req-669a178e-ee6a-428d-ba32-80f31d882960 None None] publish_errors = False {{(pid=99671) log_opt_values /opt/stack/data/venv/lib/python3.12/site-packages/oslo_config/cfg.py:3242}}
Jun 26 01:08:57.614385 np0000003674 devstack@g-api.service[99671]: DEBUG glance.common.config [None req-669a178e-ee6a-428d-ba32-80f31d882960 None None] pydev_worker_debug_host = None {{(pid=99671) log_opt_values /opt/stack/data/venv/lib/python3.12/site-packages/oslo_config/cfg.py:3242}}
Jun 26 01:08:57.614470 np0000003674 devstack@g-api.service[99671]: DEBUG glance.common.config [None req-669a178e-ee6a-428d-ba32-80f31d882960 None None] pydev_worker_debug_port = 5678 {{(pid=99671) log_opt_values /opt/stack/data/venv/lib/python3.12/site-packages/oslo_config/cfg.py:3242}}
Jun 26 01:08:57.614555 np0000003674 devstack@g-api.service[99671]: DEBUG glance.common.config [None req-669a178e-ee6a-428d-ba32-80f31d882960 None None] rate_limit_burst = 0 {{(pid=99671) log_opt_values /opt/stack/data/venv/lib/python3.12/site-packages/oslo_config/cfg.py:3242}}
Jun 26 01:08:57.614688 np0000003674 devstack@g-api.service[99671]: DEBUG glance.common.config [None req-669a178e-ee6a-428d-ba32-80f31d882960 None None] rate_limit_except_level = CRITICAL {{(pid=99671) log_opt_values /opt/stack/data/venv/lib/python3.12/site-packages/oslo_config/cfg.py:3242}}
Jun 26 01:08:57.614818 np0000003674 devstack@g-api.service[99671]: DEBUG glance.common.config [None req-669a178e-ee6a-428d-ba32-80f31d882960 None None] rate_limit_interval = 0 {{(pid=99671) log_opt_values /opt/stack/data/venv/lib/python3.12/site-packages/oslo_config/cfg.py:3242}}
Jun 26 01:08:57.614910 np0000003674 devstack@g-api.service[99671]: DEBUG glance.common.config [None req-669a178e-ee6a-428d-ba32-80f31d882960 None None] scrub_pool_size = 1 {{(pid=99671) log_opt_values /opt/stack/data/venv/lib/python3.12/site-packages/oslo_config/cfg.py:3242}}
Jun 26 01:08:57.614995 np0000003674 devstack@g-api.service[99671]: DEBUG glance.common.config [None req-669a178e-ee6a-428d-ba32-80f31d882960 None None] scrub_time = 0 {{(pid=99671) log_opt_values /opt/stack/data/venv/lib/python3.12/site-packages/oslo_config/cfg.py:3242}}
Jun 26 01:08:57.615074 np0000003674 devstack@g-api.service[99671]: DEBUG glance.common.config [None req-669a178e-ee6a-428d-ba32-80f31d882960 None None] shell_completion = None {{(pid=99671) log_opt_values /opt/stack/data/venv/lib/python3.12/site-packages/oslo_config/cfg.py:3242}}
Jun 26 01:08:57.615166 np0000003674 devstack@g-api.service[99671]: DEBUG glance.common.config [None req-669a178e-ee6a-428d-ba32-80f31d882960 None None] show_image_direct_url = False {{(pid=99671) log_opt_values /opt/stack/data/venv/lib/python3.12/site-packages/oslo_config/cfg.py:3242}}
Jun 26 01:08:57.615357 np0000003674 devstack@g-api.service[99671]: WARNING oslo_config.cfg [None req-669a178e-ee6a-428d-ba32-80f31d882960 None None] Deprecated: Option "show_multiple_locations" from group "DEFAULT" is deprecated for removal (Use of this option, deprecated since Newton, is a security risk and will be removed once we figure out a way to satisfy those use cases that currently require it. An earlier announcement that the same functionality can be achieved with greater granularity by using policies is incorrect. You cannot work around this option via policy configuration at the present time, though that is the direction we believe the fix will take. Please keep an eye on the Glance release notes to stay up to date on progress in addressing this issue.). Its value may be silently ignored in the future.
Jun 26 01:08:57.615445 np0000003674 devstack@g-api.service[99671]: DEBUG glance.common.config [None req-669a178e-ee6a-428d-ba32-80f31d882960 None None] show_multiple_locations = False {{(pid=99671) log_opt_values /opt/stack/data/venv/lib/python3.12/site-packages/oslo_config/cfg.py:3242}}
Jun 26 01:08:57.615551 np0000003674 devstack@g-api.service[99671]: DEBUG glance.common.config [None req-669a178e-ee6a-428d-ba32-80f31d882960 None None] syslog_log_facility = LOG_USER {{(pid=99671) log_opt_values /opt/stack/data/venv/lib/python3.12/site-packages/oslo_config/cfg.py:3242}}
Jun 26 01:08:57.615648 np0000003674 devstack@g-api.service[99671]: DEBUG glance.common.config [None req-669a178e-ee6a-428d-ba32-80f31d882960 None None] tcp_keepidle = 600 {{(pid=99671) log_opt_values /opt/stack/data/venv/lib/python3.12/site-packages/oslo_config/cfg.py:3242}}
Jun 26 01:08:57.615740 np0000003674 devstack@g-api.service[99671]: DEBUG glance.common.config [None req-669a178e-ee6a-428d-ba32-80f31d882960 None None] transport_url = **** {{(pid=99671) log_opt_values /opt/stack/data/venv/lib/python3.12/site-packages/oslo_config/cfg.py:3242}}
Jun 26 01:08:57.615848 np0000003674 devstack@g-api.service[99671]: DEBUG glance.common.config [None req-669a178e-ee6a-428d-ba32-80f31d882960 None None] use_journal = False {{(pid=99671) log_opt_values /opt/stack/data/venv/lib/python3.12/site-packages/oslo_config/cfg.py:3242}}
Jun 26 01:08:57.615936 np0000003674 devstack@g-api.service[99671]: DEBUG glance.common.config [None req-669a178e-ee6a-428d-ba32-80f31d882960 None None] use_json = False {{(pid=99671) log_opt_values /opt/stack/data/venv/lib/python3.12/site-packages/oslo_config/cfg.py:3242}}
Jun 26 01:08:57.616027 np0000003674 devstack@g-api.service[99671]: DEBUG glance.common.config [None req-669a178e-ee6a-428d-ba32-80f31d882960 None None] use_keystone_limits = True {{(pid=99671) log_opt_values /opt/stack/data/venv/lib/python3.12/site-packages/oslo_config/cfg.py:3242}}
Jun 26 01:08:57.616110 np0000003674 devstack@g-api.service[99671]: DEBUG glance.common.config [None req-669a178e-ee6a-428d-ba32-80f31d882960 None None] use_stderr = False {{(pid=99671) log_opt_values /opt/stack/data/venv/lib/python3.12/site-packages/oslo_config/cfg.py:3242}}
Jun 26 01:08:57.616199 np0000003674 devstack@g-api.service[99671]: DEBUG glance.common.config [None req-669a178e-ee6a-428d-ba32-80f31d882960 None None] use_syslog = False {{(pid=99671) log_opt_values /opt/stack/data/venv/lib/python3.12/site-packages/oslo_config/cfg.py:3242}}
Jun 26 01:08:57.616287 np0000003674 devstack@g-api.service[99671]: DEBUG glance.common.config [None req-669a178e-ee6a-428d-ba32-80f31d882960 None None] user_storage_quota = 0 {{(pid=99671) log_opt_values /opt/stack/data/venv/lib/python3.12/site-packages/oslo_config/cfg.py:3242}}
Jun 26 01:08:57.616376 np0000003674 devstack@g-api.service[99671]: DEBUG glance.common.config [None req-669a178e-ee6a-428d-ba32-80f31d882960 None None] worker_self_reference_url = http://127.0.0.1:60999 {{(pid=99671) log_opt_values /opt/stack/data/venv/lib/python3.12/site-packages/oslo_config/cfg.py:3242}}
Jun 26 01:08:57.616460 np0000003674 devstack@g-api.service[99671]: DEBUG glance.common.config [None req-669a178e-ee6a-428d-ba32-80f31d882960 None None] workers = None {{(pid=99671) log_opt_values /opt/stack/data/venv/lib/python3.12/site-packages/oslo_config/cfg.py:3242}}
Jun 26 01:08:57.616561 np0000003674 devstack@g-api.service[99671]: DEBUG glance.common.config [None req-669a178e-ee6a-428d-ba32-80f31d882960 None None] oslo_concurrency.disable_process_locking = False {{(pid=99671) log_opt_values /opt/stack/data/venv/lib/python3.12/site-packages/oslo_config/cfg.py:3253}}
Jun 26 01:08:57.616682 np0000003674 devstack@g-api.service[99671]: DEBUG glance.common.config [None req-669a178e-ee6a-428d-ba32-80f31d882960 None None] oslo_concurrency.lock_path = /opt/stack/data/glance/locks {{(pid=99671) log_opt_values /opt/stack/data/venv/lib/python3.12/site-packages/oslo_config/cfg.py:3253}}
Jun 26 01:08:57.616805 np0000003674 devstack@g-api.service[99671]: DEBUG glance.common.config [None req-669a178e-ee6a-428d-ba32-80f31d882960 None None] oslo_middleware.enable_proxy_headers_parsing = False {{(pid=99671) log_opt_values /opt/stack/data/venv/lib/python3.12/site-packages/oslo_config/cfg.py:3253}}
Jun 26 01:08:57.616902 np0000003674 devstack@g-api.service[99671]: DEBUG glance.common.config [None req-669a178e-ee6a-428d-ba32-80f31d882960 None None] oslo_middleware.http_basic_auth_user_file = /etc/htpasswd {{(pid=99671) log_opt_values /opt/stack/data/venv/lib/python3.12/site-packages/oslo_config/cfg.py:3253}}
Jun 26 01:08:57.616996 np0000003674 devstack@g-api.service[99671]: DEBUG glance.common.config [None req-669a178e-ee6a-428d-ba32-80f31d882960 None None] paste_deploy.config_file = None {{(pid=99671) log_opt_values /opt/stack/data/venv/lib/python3.12/site-packages/oslo_config/cfg.py:3253}}
Jun 26 01:08:57.617091 np0000003674 devstack@g-api.service[99671]: DEBUG glance.common.config [None req-669a178e-ee6a-428d-ba32-80f31d882960 None None] paste_deploy.flavor = keystone+cachemanagement {{(pid=99671) log_opt_values /opt/stack/data/venv/lib/python3.12/site-packages/oslo_config/cfg.py:3253}}
Jun 26 01:08:57.617218 np0000003674 devstack@g-api.service[99671]: DEBUG glance.common.config [None req-669a178e-ee6a-428d-ba32-80f31d882960 None None] image_format.container_formats = ['ami', 'ari', 'aki', 'bare', 'ovf', 'ova', 'docker', 'compressed'] {{(pid=99671) log_opt_values /opt/stack/data/venv/lib/python3.12/site-packages/oslo_config/cfg.py:3253}}
Jun 26 01:08:57.617339 np0000003674 devstack@g-api.service[99671]: DEBUG glance.common.config [None req-669a178e-ee6a-428d-ba32-80f31d882960 None None] image_format.disk_formats = ['ami', 'ari', 'aki', 'vhd', 'vhdx', 'vmdk', 'raw', 'qcow2', 'vdi', 'iso', 'ploop'] {{(pid=99671) log_opt_values /opt/stack/data/venv/lib/python3.12/site-packages/oslo_config/cfg.py:3253}}
Jun 26 01:08:57.617427 np0000003674 devstack@g-api.service[99671]: DEBUG glance.common.config [None req-669a178e-ee6a-428d-ba32-80f31d882960 None None] image_format.gpt_safety_checks_nonfatal = [] {{(pid=99671) log_opt_values /opt/stack/data/venv/lib/python3.12/site-packages/oslo_config/cfg.py:3253}}
Jun 26 01:08:57.617520 np0000003674 devstack@g-api.service[99671]: DEBUG glance.common.config [None req-669a178e-ee6a-428d-ba32-80f31d882960 None None] image_format.require_image_format_match = True {{(pid=99671) log_opt_values /opt/stack/data/venv/lib/python3.12/site-packages/oslo_config/cfg.py:3253}}
Jun 26 01:08:57.617639 np0000003674 devstack@g-api.service[99671]: DEBUG glance.common.config [None req-669a178e-ee6a-428d-ba32-80f31d882960 None None] image_format.vmdk_allowed_types = ['streamOptimized', 'monolithicSparse'] {{(pid=99671) log_opt_values /opt/stack/data/venv/lib/python3.12/site-packages/oslo_config/cfg.py:3253}}
Jun 26 01:08:57.617738 np0000003674 devstack@g-api.service[99671]: DEBUG glance.common.config [None req-669a178e-ee6a-428d-ba32-80f31d882960 None None] task.task_executor = taskflow {{(pid=99671) log_opt_values /opt/stack/data/venv/lib/python3.12/site-packages/oslo_config/cfg.py:3253}}
Jun 26 01:08:57.617849 np0000003674 devstack@g-api.service[99671]: DEBUG glance.common.config [None req-669a178e-ee6a-428d-ba32-80f31d882960 None None] task.task_time_to_live = 48 {{(pid=99671) log_opt_values /opt/stack/data/venv/lib/python3.12/site-packages/oslo_config/cfg.py:3253}}
Jun 26 01:08:57.617937 np0000003674 devstack@g-api.service[99671]: DEBUG glance.common.config [None req-669a178e-ee6a-428d-ba32-80f31d882960 None None] task.work_dir = None {{(pid=99671) log_opt_values /opt/stack/data/venv/lib/python3.12/site-packages/oslo_config/cfg.py:3253}}
Jun 26 01:08:57.618033 np0000003674 devstack@g-api.service[99671]: DEBUG glance.common.config [None req-669a178e-ee6a-428d-ba32-80f31d882960 None None] wsgi.python_interpreter = /opt/stack/data/venv/bin/python3 {{(pid=99671) log_opt_values /opt/stack/data/venv/lib/python3.12/site-packages/oslo_config/cfg.py:3253}}
Jun 26 01:08:57.618123 np0000003674 devstack@g-api.service[99671]: DEBUG glance.common.config [None req-669a178e-ee6a-428d-ba32-80f31d882960 None None] wsgi.task_pool_threads = 16 {{(pid=99671) log_opt_values /opt/stack/data/venv/lib/python3.12/site-packages/oslo_config/cfg.py:3253}}
Jun 26 01:08:57.618216 np0000003674 devstack@g-api.service[99671]: DEBUG glance.common.config [None req-669a178e-ee6a-428d-ba32-80f31d882960 None None] import_filtering_opts.allowed_hosts = [] {{(pid=99671) log_opt_values /opt/stack/data/venv/lib/python3.12/site-packages/oslo_config/cfg.py:3253}}
