Jun 26 01:08:35.668841 np0000003674 nova-scheduler[93425]: DEBUG cotyledon.oslo_config_glue [-] oslo_limit.auth_type = None {{(pid=93425) log_opt_values /opt/stack/data/venv/lib/python3.12/site-packages/oslo_config/cfg.py:3253}}
Jun 26 01:08:35.668841 np0000003674 nova-scheduler[93425]: DEBUG cotyledon.oslo_config_glue [-] oslo_limit.cafile = None {{(pid=93425) log_opt_values /opt/stack/data/venv/lib/python3.12/site-packages/oslo_config/cfg.py:3253}}
Jun 26 01:08:35.668841 np0000003674 nova-scheduler[93425]: DEBUG cotyledon.oslo_config_glue [-] oslo_limit.certfile = None {{(pid=93425) log_opt_values /opt/stack/data/venv/lib/python3.12/site-packages/oslo_config/cfg.py:3253}}
Jun 26 01:08:35.668841 np0000003674 nova-scheduler[93425]: DEBUG cotyledon.oslo_config_glue [-] oslo_limit.collect_timing = False {{(pid=93425) log_opt_values /opt/stack/data/venv/lib/python3.12/site-packages/oslo_config/cfg.py:3253}}
Jun 26 01:08:35.668841 np0000003674 nova-scheduler[93425]: DEBUG cotyledon.oslo_config_glue [-] oslo_limit.connect_retries = None {{(pid=93425) log_opt_values /opt/stack/data/venv/lib/python3.12/site-packages/oslo_config/cfg.py:3253}}
Jun 26 01:08:35.668841 np0000003674 nova-scheduler[93425]: DEBUG cotyledon.oslo_config_glue [-] oslo_limit.connect_retry_delay = None {{(pid=93425) log_opt_values /opt/stack/data/venv/lib/python3.12/site-packages/oslo_config/cfg.py:3253}}
Jun 26 01:08:35.668841 np0000003674 nova-scheduler[93425]: DEBUG cotyledon.oslo_config_glue [-] oslo_limit.endpoint_id = None {{(pid=93425) log_opt_values /opt/stack/data/venv/lib/python3.12/site-packages/oslo_config/cfg.py:3253}}
Jun 26 01:08:35.668841 np0000003674 nova-scheduler[93425]: DEBUG cotyledon.oslo_config_glue [-] oslo_limit.endpoint_interface = public {{(pid=93425) log_opt_values /opt/stack/data/venv/lib/python3.12/site-packages/oslo_config/cfg.py:3253}}
Jun 26 01:08:35.669009 np0000003674 nova-scheduler[93425]: DEBUG cotyledon.oslo_config_glue [-] oslo_limit.endpoint_override = None {{(pid=93425) log_opt_values /opt/stack/data/venv/lib/python3.12/site-packages/oslo_config/cfg.py:3253}}
Jun 26 01:08:35.669009 np0000003674 nova-scheduler[93425]: DEBUG cotyledon.oslo_config_glue [-] oslo_limit.endpoint_region_name = None {{(pid=93425) log_opt_values /opt/stack/data/venv/lib/python3.12/site-packages/oslo_config/cfg.py:3253}}
Jun 26 01:08:35.669009 np0000003674 nova-scheduler[93425]: DEBUG cotyledon.oslo_config_glue [-] oslo_limit.endpoint_service_name = None {{(pid=93425) log_opt_values /opt/stack/data/venv/lib/python3.12/site-packages/oslo_config/cfg.py:3253}}
Jun 26 01:08:35.669009 np0000003674 nova-scheduler[93425]: DEBUG cotyledon.oslo_config_glue [-] oslo_limit.endpoint_service_type = None {{(pid=93425) log_opt_values /opt/stack/data/venv/lib/python3.12/site-packages/oslo_config/cfg.py:3253}}
Jun 26 01:08:35.669009 np0000003674 nova-scheduler[93425]: DEBUG cotyledon.oslo_config_glue [-] oslo_limit.insecure = False {{(pid=93425) log_opt_values /opt/stack/data/venv/lib/python3.12/site-packages/oslo_config/cfg.py:3253}}
Jun 26 01:08:35.669009 np0000003674 nova-scheduler[93425]: DEBUG cotyledon.oslo_config_glue [-] oslo_limit.keyfile = None {{(pid=93425) log_opt_values /opt/stack/data/venv/lib/python3.12/site-packages/oslo_config/cfg.py:3253}}
Jun 26 01:08:35.669009 np0000003674 nova-scheduler[93425]: DEBUG cotyledon.oslo_config_glue [-] oslo_limit.max_version = None {{(pid=93425) log_opt_values /opt/stack/data/venv/lib/python3.12/site-packages/oslo_config/cfg.py:3253}}
Jun 26 01:08:35.669009 np0000003674 nova-scheduler[93425]: DEBUG cotyledon.oslo_config_glue [-] oslo_limit.min_version = None {{(pid=93425) log_opt_values /opt/stack/data/venv/lib/python3.12/site-packages/oslo_config/cfg.py:3253}}
Jun 26 01:08:35.669009 np0000003674 nova-scheduler[93425]: DEBUG cotyledon.oslo_config_glue [-] oslo_limit.region_name = None {{(pid=93425) log_opt_values /opt/stack/data/venv/lib/python3.12/site-packages/oslo_config/cfg.py:3253}}
Jun 26 01:08:35.669185 np0000003674 nova-scheduler[93425]: DEBUG cotyledon.oslo_config_glue [-] oslo_limit.retriable_status_codes = None {{(pid=93425) log_opt_values /opt/stack/data/venv/lib/python3.12/site-packages/oslo_config/cfg.py:3253}}
Jun 26 01:08:35.669185 np0000003674 nova-scheduler[93425]: DEBUG cotyledon.oslo_config_glue [-] oslo_limit.service_name = None {{(pid=93425) log_opt_values /opt/stack/data/venv/lib/python3.12/site-packages/oslo_config/cfg.py:3253}}
Jun 26 01:08:35.669185 np0000003674 nova-scheduler[93425]: DEBUG cotyledon.oslo_config_glue [-] oslo_limit.service_type = None {{(pid=93425) log_opt_values /opt/stack/data/venv/lib/python3.12/site-packages/oslo_config/cfg.py:3253}}
Jun 26 01:08:35.669185 np0000003674 nova-scheduler[93425]: DEBUG cotyledon.oslo_config_glue [-] oslo_limit.split_loggers = False {{(pid=93425) log_opt_values /opt/stack/data/venv/lib/python3.12/site-packages/oslo_config/cfg.py:3253}}
Jun 26 01:08:35.669185 np0000003674 nova-scheduler[93425]: DEBUG cotyledon.oslo_config_glue [-] oslo_limit.status_code_retries = None {{(pid=93425) log_opt_values /opt/stack/data/venv/lib/python3.12/site-packages/oslo_config/cfg.py:3253}}
Jun 26 01:08:35.669185 np0000003674 nova-scheduler[93425]: DEBUG cotyledon.oslo_config_glue [-] oslo_limit.status_code_retry_delay = None {{(pid=93425) log_opt_values /opt/stack/data/venv/lib/python3.12/site-packages/oslo_config/cfg.py:3253}}
Jun 26 01:08:35.669185 np0000003674 nova-scheduler[93425]: DEBUG cotyledon.oslo_config_glue [-] oslo_limit.timeout = None {{(pid=93425) log_opt_values /opt/stack/data/venv/lib/python3.12/site-packages/oslo_config/cfg.py:3253}}
Jun 26 01:08:35.669185 np0000003674 nova-scheduler[93425]: DEBUG cotyledon.oslo_config_glue [-] oslo_limit.valid_interfaces = None {{(pid=93425) log_opt_values /opt/stack/data/venv/lib/python3.12/site-packages/oslo_config/cfg.py:3253}}
Jun 26 01:08:35.669185 np0000003674 nova-scheduler[93425]: DEBUG cotyledon.oslo_config_glue [-] oslo_limit.version = None {{(pid=93425) log_opt_values /opt/stack/data/venv/lib/python3.12/site-packages/oslo_config/cfg.py:3253}}
Jun 26 01:08:35.669400 np0000003674 nova-scheduler[93425]: DEBUG cotyledon.oslo_config_glue [-] oslo_reports.file_event_handler = None {{(pid=93425) log_opt_values /opt/stack/data/venv/lib/python3.12/site-packages/oslo_config/cfg.py:3253}}
Jun 26 01:08:35.669400 np0000003674 nova-scheduler[93425]: DEBUG cotyledon.oslo_config_glue [-] oslo_reports.file_event_handler_interval = 1 {{(pid=93425) log_opt_values /opt/stack/data/venv/lib/python3.12/site-packages/oslo_config/cfg.py:3253}}
Jun 26 01:08:35.669400 np0000003674 nova-scheduler[93425]: DEBUG cotyledon.oslo_config_glue [-] oslo_reports.log_dir = None {{(pid=93425) log_opt_values /opt/stack/data/venv/lib/python3.12/site-packages/oslo_config/cfg.py:3253}}
Jun 26 01:08:35.669400 np0000003674 nova-scheduler[93425]: DEBUG cotyledon.oslo_config_glue [-] ******************************************************************************** {{(pid=93425) log_opt_values /opt/stack/data/venv/lib/python3.12/site-packages/oslo_config/cfg.py:3260}}
Jun 26 01:08:35.669400 np0000003674 nova-scheduler[93425]: DEBUG cotyledon._service_worker [-] Run service ServiceWrapper(2) [93425] {{(pid=93425) wait_forever /opt/stack/data/venv/lib/python3.12/site-packages/cotyledon/_service_worker.py:218}}
Jun 26 01:08:35.669400 np0000003674 nova-scheduler[93425]: INFO nova.service [-] Starting scheduler node (version 33.1.0)
Jun 26 01:08:35.669513 np0000003674 nova-scheduler[93421]: DEBUG oslo_db.sqlalchemy.engines [None req-f6292dba-0a87-4666-a71d-ddf263c103b6 None None] MySQL server mode set to STRICT_TRANS_TABLES,STRICT_ALL_TABLES,NO_ZERO_IN_DATE,NO_ZERO_DATE,ERROR_FOR_DIVISION_BY_ZERO,TRADITIONAL,NO_ENGINE_SUBSTITUTION {{(pid=93421) _check_effective_sql_mode /opt/stack/data/venv/lib/python3.12/site-packages/oslo_db/sqlalchemy/engines.py:325}}
Jun 26 01:08:35.669543 np0000003674 nova-scheduler[93425]: INFO dbcounter [None req-2d7baa1e-31b9-47ef-8add-52af50896a4a None None] Registered counter for database nova_cell0
Jun 26 01:08:35.669566 np0000003674 nova-scheduler[93421]: DEBUG dbcounter [-] [93421] Writer thread running {{(pid=93421) stat_writer /opt/stack/data/venv/lib/python3.12/site-packages/dbcounter.py:102}}
Jun 26 01:08:35.678542 np0000003674 nova-scheduler[93423]: DEBUG oslo_db.sqlalchemy.engines [None req-d6d0ac20-0950-4019-a536-0360331194ca None None] MySQL server mode set to STRICT_TRANS_TABLES,STRICT_ALL_TABLES,NO_ZERO_IN_DATE,NO_ZERO_DATE,ERROR_FOR_DIVISION_BY_ZERO,TRADITIONAL,NO_ENGINE_SUBSTITUTION {{(pid=93423) _check_effective_sql_mode /opt/stack/data/venv/lib/python3.12/site-packages/oslo_db/sqlalchemy/engines.py:325}}
Jun 26 01:08:35.684601 np0000003674 nova-scheduler[93425]: DEBUG oslo_db.sqlalchemy.engines [None req-2d7baa1e-31b9-47ef-8add-52af50896a4a None None] MySQL server mode set to STRICT_TRANS_TABLES,STRICT_ALL_TABLES,NO_ZERO_IN_DATE,NO_ZERO_DATE,ERROR_FOR_DIVISION_BY_ZERO,TRADITIONAL,NO_ENGINE_SUBSTITUTION {{(pid=93425) _check_effective_sql_mode /opt/stack/data/venv/lib/python3.12/site-packages/oslo_db/sqlalchemy/engines.py:325}}
Jun 26 01:08:35.687269 np0000003674 nova-scheduler[93423]: DEBUG dbcounter [-] [93423] Writer thread running {{(pid=93423) stat_writer /opt/stack/data/venv/lib/python3.12/site-packages/dbcounter.py:102}}
Jun 26 01:08:35.689214 np0000003674 nova-scheduler[93421]: DEBUG nova.service [None req-f6292dba-0a87-4666-a71d-ddf263c103b6 None None] Creating RPC server for service: nova-scheduler on topic: scheduler {{(pid=93421) start /opt/stack/nova/nova/service.py:196}}
Jun 26 01:08:35.693533 np0000003674 nova-scheduler[93425]: DEBUG dbcounter [-] [93425] Writer thread running {{(pid=93425) stat_writer /opt/stack/data/venv/lib/python3.12/site-packages/dbcounter.py:102}}
Jun 26 01:08:35.696231 np0000003674 nova-scheduler[93425]: DEBUG nova.service [None req-2d7baa1e-31b9-47ef-8add-52af50896a4a None None] Creating RPC server for service: nova-scheduler on topic: scheduler {{(pid=93425) start /opt/stack/nova/nova/service.py:196}}
Jun 26 01:08:35.709882 np0000003674 nova-scheduler[93423]: DEBUG nova.service [None req-d6d0ac20-0950-4019-a536-0360331194ca None None] Creating RPC server for service: nova-scheduler on topic: scheduler {{(pid=93423) start /opt/stack/nova/nova/service.py:196}}
Jun 26 01:08:35.713551 np0000003674 nova-scheduler[93425]: DEBUG nova.service [None req-2d7baa1e-31b9-47ef-8add-52af50896a4a None None] Join ServiceGroup membership for this service scheduler {{(pid=93425) start /opt/stack/nova/nova/service.py:222}}
Jun 26 01:08:35.713669 np0000003674 nova-scheduler[93421]: DEBUG nova.service [None req-f6292dba-0a87-4666-a71d-ddf263c103b6 None None] Join ServiceGroup membership for this service scheduler {{(pid=93421) start /opt/stack/nova/nova/service.py:222}}
Jun 26 01:08:35.713837 np0000003674 nova-scheduler[93421]: DEBUG nova.servicegroup.drivers.db [None req-f6292dba-0a87-4666-a71d-ddf263c103b6 None None] DB_Driver: join new ServiceGroup member np0000003674 to the scheduler group, service = {{(pid=93421) join /opt/stack/nova/nova/servicegroup/drivers/db.py:44}}
Jun 26 01:08:35.713958 np0000003674 nova-scheduler[93425]: DEBUG nova.servicegroup.drivers.db [None req-2d7baa1e-31b9-47ef-8add-52af50896a4a None None] DB_Driver: join new ServiceGroup member np0000003674 to the scheduler group, service = {{(pid=93425) join /opt/stack/nova/nova/servicegroup/drivers/db.py:44}}
Jun 26 01:08:35.725740 np0000003674 nova-scheduler[93423]: DEBUG nova.service [None req-d6d0ac20-0950-4019-a536-0360331194ca None None] Join ServiceGroup membership for this service scheduler {{(pid=93423) start /opt/stack/nova/nova/service.py:222}}
Jun 26 01:08:35.725922 np0000003674 nova-scheduler[93423]: DEBUG nova.servicegroup.drivers.db [None req-d6d0ac20-0950-4019-a536-0360331194ca None None] DB_Driver: join new ServiceGroup member np0000003674 to the scheduler group, service = {{(pid=93423) join /opt/stack/nova/nova/servicegroup/drivers/db.py:44}}
Jun 26 01:08:39.715913 np0000003674 nova-scheduler[93425]: DEBUG oslo.service.backend._threading.loopingcall [None req-fb1260b3-24b1-4085-9496-a6455b70ed17 None None] Dynamic interval looping call 'nova.service.Service.periodic_tasks' sleeping for 60.00 seconds {{(pid=93425) _run_loop /opt/stack/data/venv/lib/python3.12/site-packages/oslo_service/backend/_threading/loopingcall.py:125}}
Jun 26 01:08:39.716286 np0000003674 nova-scheduler[93421]: DEBUG oslo.service.backend._threading.loopingcall [None req-e66e6b9e-1113-4e5d-bbf6-d5a1b4adb285 None None] Dynamic interval looping call 'nova.service.Service.periodic_tasks' sleeping for 60.00 seconds {{(pid=93421) _run_loop /opt/stack/data/venv/lib/python3.12/site-packages/oslo_service/backend/_threading/loopingcall.py:125}}
Jun 26 01:08:40.739990 np0000003674 nova-scheduler[93425]: DEBUG oslo.service.backend._threading.loopingcall [-] Fixed interval looping call 'nova.servicegroup.drivers.db.DbDriver._report_state' sleeping for 119.98 seconds {{(pid=93425) _run_loop /opt/stack/data/venv/lib/python3.12/site-packages/oslo_service/backend/_threading/loopingcall.py:125}}
Jun 26 01:08:40.741278 np0000003674 nova-scheduler[93421]: DEBUG oslo.service.backend._threading.loopingcall [-] Fixed interval looping call 'nova.servicegroup.drivers.db.DbDriver._report_state' sleeping for 119.97 seconds {{(pid=93421) _run_loop /opt/stack/data/venv/lib/python3.12/site-packages/oslo_service/backend/_threading/loopingcall.py:125}}
Jun 26 01:08:40.741644 np0000003674 nova-scheduler[93423]: DEBUG oslo.service.backend._threading.loopingcall [-] Fixed interval looping call 'nova.servicegroup.drivers.db.DbDriver._report_state' sleeping for 119.99 seconds {{(pid=93423) _run_loop /opt/stack/data/venv/lib/python3.12/site-packages/oslo_service/backend/_threading/loopingcall.py:125}}
Jun 26 01:08:44.270646 np0000003674 nova-scheduler[92104]: DEBUG dbcounter [-] [92104] Writing DB stats nova_api:SELECT=3 {{(pid=92104) stat_writer /opt/stack/data/venv/lib/python3.12/site-packages/dbcounter.py:115}}
Jun 26 01:08:44.399274 np0000003674 nova-scheduler[92104]: DEBUG dbcounter [-] [92104] Writing DB stats nova_cell0:SELECT=1 {{(pid=92104) stat_writer /opt/stack/data/venv/lib/python3.12/site-packages/dbcounter.py:115}}
Jun 26 01:08:44.402867 np0000003674 nova-scheduler[92104]: DEBUG dbcounter [-] [92104] Writing DB stats nova_cell1:SELECT=1 {{(pid=92104) stat_writer /opt/stack/data/venv/lib/python3.12/site-packages/dbcounter.py:115}}
Jun 26 01:08:50.726276 np0000003674 nova-scheduler[93421]: DEBUG dbcounter [-] [93421] Writing DB stats nova_cell0:SELECT=4,nova_cell0:INSERT=1,nova_cell0:UPDATE=1 {{(pid=93421) stat_writer /opt/stack/data/venv/lib/python3.12/site-packages/dbcounter.py:115}}
Jun 26 01:08:50.729320 np0000003674 nova-scheduler[93425]: DEBUG dbcounter [-] [93425] Writing DB stats nova_cell0:SELECT=3,nova_cell0:UPDATE=1 {{(pid=93425) stat_writer /opt/stack/data/venv/lib/python3.12/site-packages/dbcounter.py:115}}
Jun 26 01:08:50.737766 np0000003674 nova-scheduler[93423]: DEBUG dbcounter [-] [93423] Writing DB stats nova_cell0:SELECT=4,nova_cell0:INSERT=1,nova_cell0:UPDATE=1 {{(pid=93423) stat_writer /opt/stack/data/venv/lib/python3.12/site-packages/dbcounter.py:115}}
Jun 26 01:09:29.727830 np0000003674 nova-scheduler[93423]: DEBUG oslo.service.backend._threading.loopingcall [None req-14d66876-34a0-4049-b726-183507948049 None None] Dynamic interval looping call 'nova.service.Service.periodic_tasks' sleeping for 60.00 seconds {{(pid=93423) _run_loop /opt/stack/data/venv/lib/python3.12/site-packages/oslo_service/backend/_threading/loopingcall.py:125}}
Jun 26 01:09:39.716400 np0000003674 nova-scheduler[93425]: DEBUG oslo.service.backend._threading.loopingcall [None req-fb1260b3-24b1-4085-9496-a6455b70ed17 None None] Dynamic interval looping call 'nova.service.Service.periodic_tasks' sleeping for 60.00 seconds {{(pid=93425) _run_loop /opt/stack/data/venv/lib/python3.12/site-packages/oslo_service/backend/_threading/loopingcall.py:125}}
Jun 26 01:09:39.716884 np0000003674 nova-scheduler[93421]: DEBUG oslo.service.backend._threading.loopingcall [None req-e66e6b9e-1113-4e5d-bbf6-d5a1b4adb285 None None] Dynamic interval looping call 'nova.service.Service.periodic_tasks' sleeping for 60.00 seconds {{(pid=93421) _run_loop /opt/stack/data/venv/lib/python3.12/site-packages/oslo_service/backend/_threading/loopingcall.py:125}}
Jun 26 01:10:29.728328 np0000003674 nova-scheduler[93423]: DEBUG oslo.service.backend._threading.loopingcall [None req-14d66876-34a0-4049-b726-183507948049 None None] Dynamic interval looping call 'nova.service.Service.periodic_tasks' sleeping for 60.00 seconds {{(pid=93423) _run_loop /opt/stack/data/venv/lib/python3.12/site-packages/oslo_service/backend/_threading/loopingcall.py:125}}
Jun 26 01:10:39.716859 np0000003674 nova-scheduler[93425]: DEBUG oslo.service.backend._threading.loopingcall [None req-fb1260b3-24b1-4085-9496-a6455b70ed17 None None] Dynamic interval looping call 'nova.service.Service.periodic_tasks' sleeping for 60.00 seconds {{(pid=93425) _run_loop /opt/stack/data/venv/lib/python3.12/site-packages/oslo_service/backend/_threading/loopingcall.py:125}}
Jun 26 01:10:39.717299 np0000003674 nova-scheduler[93421]: DEBUG oslo.service.backend._threading.loopingcall [None req-e66e6b9e-1113-4e5d-bbf6-d5a1b4adb285 None None] Dynamic interval looping call 'nova.service.Service.periodic_tasks' sleeping for 60.00 seconds {{(pid=93421) _run_loop /opt/stack/data/venv/lib/python3.12/site-packages/oslo_service/backend/_threading/loopingcall.py:125}}
Jun 26 01:10:40.721793 np0000003674 nova-scheduler[93421]: DEBUG oslo.service.backend._threading.loopingcall [-] Fixed interval looping call 'nova.servicegroup.drivers.db.DbDriver._report_state' sleeping for 119.99 seconds {{(pid=93421) _run_loop /opt/stack/data/venv/lib/python3.12/site-packages/oslo_service/backend/_threading/loopingcall.py:125}}
Jun 26 01:10:40.723277 np0000003674 nova-scheduler[93425]: DEBUG oslo.service.backend._threading.loopingcall [-] Fixed interval looping call 'nova.servicegroup.drivers.db.DbDriver._report_state' sleeping for 120.00 seconds {{(pid=93425) _run_loop /opt/stack/data/venv/lib/python3.12/site-packages/oslo_service/backend/_threading/loopingcall.py:125}}
Jun 26 01:10:40.735391 np0000003674 nova-scheduler[93423]: DEBUG oslo.service.backend._threading.loopingcall [-] Fixed interval looping call 'nova.servicegroup.drivers.db.DbDriver._report_state' sleeping for 120.00 seconds {{(pid=93423) _run_loop /opt/stack/data/venv/lib/python3.12/site-packages/oslo_service/backend/_threading/loopingcall.py:125}}
Jun 26 01:10:50.714492 np0000003674 nova-scheduler[93421]: DEBUG dbcounter [-] [93421] Writing DB stats nova_cell0:SELECT=1,nova_cell0:UPDATE=1 {{(pid=93421) stat_writer /opt/stack/data/venv/lib/python3.12/site-packages/dbcounter.py:115}}
Jun 26 01:10:50.721678 np0000003674 nova-scheduler[93425]: DEBUG dbcounter [-] [93425] Writing DB stats nova_cell0:SELECT=1 {{(pid=93425) stat_writer /opt/stack/data/venv/lib/python3.12/site-packages/dbcounter.py:115}}
Jun 26 01:10:50.733589 np0000003674 nova-scheduler[93423]: DEBUG dbcounter [-] [93423] Writing DB stats nova_cell0:SELECT=1 {{(pid=93423) stat_writer /opt/stack/data/venv/lib/python3.12/site-packages/dbcounter.py:115}}
Jun 26 01:11:11.817418 np0000003674 nova-scheduler[93421]: DEBUG nova.scheduler.manager [None req-e6a05a86-8441-41a8-97c4-f7a933952aed tempest-DeleteServersTestJSON-621457349 tempest-DeleteServersTestJSON-621457349-project-member] Starting to schedule for instances: ['3f485cd8-73e0-4271-8d03-096b79936c88'] {{(pid=93421) select_destinations /opt/stack/nova/nova/scheduler/manager.py:210}}
Jun 26 01:11:11.818342 np0000003674 nova-scheduler[93421]: DEBUG nova.scheduler.request_filter [None req-e6a05a86-8441-41a8-97c4-f7a933952aed tempest-DeleteServersTestJSON-621457349 tempest-DeleteServersTestJSON-621457349-project-member] compute_status_filter request filter added forbidden trait COMPUTE_STATUS_DISABLED {{(pid=93421) compute_status_filter /opt/stack/nova/nova/scheduler/request_filter.py:253}}
Jun 26 01:11:11.818342 np0000003674 nova-scheduler[93421]: DEBUG nova.scheduler.request_filter [None req-e6a05a86-8441-41a8-97c4-f7a933952aed tempest-DeleteServersTestJSON-621457349 tempest-DeleteServersTestJSON-621457349-project-member] Request filter 'compute_status_filter' took 0.0 seconds {{(pid=93421) wrapper /opt/stack/nova/nova/scheduler/request_filter.py:46}}
Jun 26 01:11:11.818342 np0000003674 nova-scheduler[93421]: DEBUG nova.scheduler.request_filter [None req-e6a05a86-8441-41a8-97c4-f7a933952aed tempest-DeleteServersTestJSON-621457349 tempest-DeleteServersTestJSON-621457349-project-member] Request filter 'accelerators_filter' took 0.0 seconds {{(pid=93421) wrapper /opt/stack/nova/nova/scheduler/request_filter.py:46}}
Jun 26 01:11:11.818601 np0000003674 nova-scheduler[93421]: DEBUG nova.scheduler.request_filter [None req-e6a05a86-8441-41a8-97c4-f7a933952aed tempest-DeleteServersTestJSON-621457349 tempest-DeleteServersTestJSON-621457349-project-member] Request filter 'packed_virtqueue_filter' took 0.0 seconds {{(pid=93421) wrapper /opt/stack/nova/nova/scheduler/request_filter.py:46}}
Jun 26 01:11:11.820284 np0000003674 nova-scheduler[93421]: DEBUG nova.scheduler.request_filter [None req-e6a05a86-8441-41a8-97c4-f7a933952aed tempest-DeleteServersTestJSON-621457349 tempest-DeleteServersTestJSON-621457349-project-member] Request filter 'remote_managed_ports_filter' took 0.0 seconds {{(pid=93421) wrapper /opt/stack/nova/nova/scheduler/request_filter.py:46}}
Jun 26 01:11:11.820284 np0000003674 nova-scheduler[93421]: DEBUG nova.scheduler.request_filter [None req-e6a05a86-8441-41a8-97c4-f7a933952aed tempest-DeleteServersTestJSON-621457349 tempest-DeleteServersTestJSON-621457349-project-member] ephemeral_encryption_filter skipped {{(pid=93421) ephemeral_encryption_filter /opt/stack/nova/nova/scheduler/request_filter.py:426}}
Jun 26 01:11:11.820284 np0000003674 nova-scheduler[93421]: DEBUG nova.scheduler.request_filter [None req-e6a05a86-8441-41a8-97c4-f7a933952aed tempest-DeleteServersTestJSON-621457349 tempest-DeleteServersTestJSON-621457349-project-member] virtio_sound_filter skipped {{(pid=93421) virtio_sound_filter /opt/stack/nova/nova/scheduler/request_filter.py:460}}
Jun 26 01:11:11.820284 np0000003674 nova-scheduler[93421]: DEBUG nova.scheduler.request_filter [None req-e6a05a86-8441-41a8-97c4-f7a933952aed tempest-DeleteServersTestJSON-621457349 tempest-DeleteServersTestJSON-621457349-project-member] tpm_secret_security_filter skipped {{(pid=93421) tpm_secret_security_filter /opt/stack/nova/nova/scheduler/request_filter.py:477}}
Jun 26 01:11:12.432961 np0000003674 nova-scheduler[93421]: INFO nova.utils [None req-e6a05a86-8441-41a8-97c4-f7a933952aed tempest-DeleteServersTestJSON-621457349 tempest-DeleteServersTestJSON-621457349-project-member] The cell worker thread pool ForkProcess-1.cell_worker is initialized
Jun 26 01:11:12.433495 np0000003674 nova-scheduler[93421]: DEBUG oslo_concurrency.lockutils [None req-e6a05a86-8441-41a8-97c4-f7a933952aed tempest-DeleteServersTestJSON-621457349 tempest-DeleteServersTestJSON-621457349-project-member] Acquiring lock "e76ced01-9b72-4250-8cae-c29523db2642" by "nova.context.set_target_cell..get_or_set_cached_cell_and_set_connections" {{(pid=93421) inner /opt/stack/data/venv/lib/python3.12/site-packages/oslo_concurrency/lockutils.py:511}}
Jun 26 01:11:12.433716 np0000003674 nova-scheduler[93421]: DEBUG oslo_concurrency.lockutils [None req-e6a05a86-8441-41a8-97c4-f7a933952aed tempest-DeleteServersTestJSON-621457349 tempest-DeleteServersTestJSON-621457349-project-member] Lock "e76ced01-9b72-4250-8cae-c29523db2642" acquired by "nova.context.set_target_cell..get_or_set_cached_cell_and_set_connections" :: waited 0.000s {{(pid=93421) inner /opt/stack/data/venv/lib/python3.12/site-packages/oslo_concurrency/lockutils.py:524}}
Jun 26 01:11:12.435466 np0000003674 nova-scheduler[93421]: DEBUG oslo_concurrency.lockutils [None req-e6a05a86-8441-41a8-97c4-f7a933952aed tempest-DeleteServersTestJSON-621457349 tempest-DeleteServersTestJSON-621457349-project-member] Lock "e76ced01-9b72-4250-8cae-c29523db2642" "released" by "nova.context.set_target_cell..get_or_set_cached_cell_and_set_connections" :: held 0.001s {{(pid=93421) inner /opt/stack/data/venv/lib/python3.12/site-packages/oslo_concurrency/lockutils.py:543}}
Jun 26 01:11:12.437373 np0000003674 nova-scheduler[93421]: INFO dbcounter [None req-e6a05a86-8441-41a8-97c4-f7a933952aed tempest-DeleteServersTestJSON-621457349 tempest-DeleteServersTestJSON-621457349-project-member] Registered counter for database nova_cell1
Jun 26 01:11:12.472560 np0000003674 nova-scheduler[93421]: DEBUG oslo_db.sqlalchemy.engines [None req-e6a05a86-8441-41a8-97c4-f7a933952aed tempest-DeleteServersTestJSON-621457349 tempest-DeleteServersTestJSON-621457349-project-member] MySQL server mode set to STRICT_TRANS_TABLES,STRICT_ALL_TABLES,NO_ZERO_IN_DATE,NO_ZERO_DATE,ERROR_FOR_DIVISION_BY_ZERO,TRADITIONAL,NO_ENGINE_SUBSTITUTION {{(pid=93421) _check_effective_sql_mode /opt/stack/data/venv/lib/python3.12/site-packages/oslo_db/sqlalchemy/engines.py:325}}
Jun 26 01:11:12.484021 np0000003674 nova-scheduler[93421]: DEBUG dbcounter [-] [93421] Writer thread running {{(pid=93421) stat_writer /opt/stack/data/venv/lib/python3.12/site-packages/dbcounter.py:102}}
Jun 26 01:11:12.495695 np0000003674 nova-scheduler[93421]: DEBUG oslo_db.sqlalchemy.engines [None req-e6a05a86-8441-41a8-97c4-f7a933952aed tempest-DeleteServersTestJSON-621457349 tempest-DeleteServersTestJSON-621457349-project-member] Parent process 92104 forked (93421) with an open database connection, which is being discarded and recreated. {{(pid=93421) checkout /opt/stack/data/venv/lib/python3.12/site-packages/oslo_db/sqlalchemy/engines.py:402}}
Jun 26 01:11:12.544169 np0000003674 nova-scheduler[93421]: DEBUG dbcounter [-] [93421] Writer thread running {{(pid=93421) stat_writer /opt/stack/data/venv/lib/python3.12/site-packages/dbcounter.py:102}}
Jun 26 01:11:12.547215 np0000003674 nova-scheduler[93421]: DEBUG oslo_concurrency.lockutils [None req-e6a05a86-8441-41a8-97c4-f7a933952aed tempest-DeleteServersTestJSON-621457349 tempest-DeleteServersTestJSON-621457349-project-member] Acquiring lock "e76ced01-9b72-4250-8cae-c29523db2642" by "nova.context.set_target_cell..get_or_set_cached_cell_and_set_connections" {{(pid=93421) inner /opt/stack/data/venv/lib/python3.12/site-packages/oslo_concurrency/lockutils.py:511}}
Jun 26 01:11:12.547629 np0000003674 nova-scheduler[93421]: DEBUG oslo_concurrency.lockutils [None req-e6a05a86-8441-41a8-97c4-f7a933952aed tempest-DeleteServersTestJSON-621457349 tempest-DeleteServersTestJSON-621457349-project-member] Lock "e76ced01-9b72-4250-8cae-c29523db2642" acquired by "nova.context.set_target_cell..get_or_set_cached_cell_and_set_connections" :: waited 0.000s {{(pid=93421) inner /opt/stack/data/venv/lib/python3.12/site-packages/oslo_concurrency/lockutils.py:524}}
Jun 26 01:11:12.547629 np0000003674 nova-scheduler[93421]: DEBUG oslo_concurrency.lockutils [None req-e6a05a86-8441-41a8-97c4-f7a933952aed tempest-DeleteServersTestJSON-621457349 tempest-DeleteServersTestJSON-621457349-project-member] Lock "e76ced01-9b72-4250-8cae-c29523db2642" "released" by "nova.context.set_target_cell..get_or_set_cached_cell_and_set_connections" :: held 0.000s {{(pid=93421) inner /opt/stack/data/venv/lib/python3.12/site-packages/oslo_concurrency/lockutils.py:543}}
Jun 26 01:11:12.550990 np0000003674 nova-scheduler[93421]: DEBUG oslo_concurrency.lockutils [None req-e6a05a86-8441-41a8-97c4-f7a933952aed tempest-DeleteServersTestJSON-621457349 tempest-DeleteServersTestJSON-621457349-project-member] Acquiring lock "('np0000003674', 'np0000003674')" by "nova.scheduler.host_manager.HostState.update.._locked_update" {{(pid=93421) inner /opt/stack/data/venv/lib/python3.12/site-packages/oslo_concurrency/lockutils.py:511}}
Jun 26 01:11:12.551200 np0000003674 nova-scheduler[93421]: DEBUG oslo_concurrency.lockutils [None req-e6a05a86-8441-41a8-97c4-f7a933952aed tempest-DeleteServersTestJSON-621457349 tempest-DeleteServersTestJSON-621457349-project-member] Lock "('np0000003674', 'np0000003674')" acquired by "nova.scheduler.host_manager.HostState.update.._locked_update" :: waited 0.000s {{(pid=93421) inner /opt/stack/data/venv/lib/python3.12/site-packages/oslo_concurrency/lockutils.py:524}}
Jun 26 01:11:12.552269 np0000003674 nova-scheduler[93421]: DEBUG nova.scheduler.host_manager [None req-e6a05a86-8441-41a8-97c4-f7a933952aed tempest-DeleteServersTestJSON-621457349 tempest-DeleteServersTestJSON-621457349-project-member] Update host state from compute node: ComputeNode(cpu_allocation_ratio=4.0,cpu_info='{"arch": "x86_64", "model": "EPYC-Milan", "vendor": "AMD", "topology": {"cells": 1, "sockets": 16, "cores": 1, "threads": 1}, "maxphysaddr": {"mode": "emulate", "bits": 40}, "features": ["cmov", "sha-ni", "fxsr", "amd-ssbd", "x2apic", "xsave", "sse4.2", "hypervisor", "xgetbv1", "vme", "mca", "topoext", "abm", "fpu", "sse4a", "tsc", "clwb", "arat", "svme-addr-chk", "avx2", "clzero", "pse", "xsavec", "umip", "smap", "ssbd", "smep", "tsc-deadline", "osvw", "syscall", "xsaveopt", "de", "cx16", "flushbyasid", "lbrv", "invpcid", "pschange-mc-no", "clflush", "virt-ssbd", "pat", "v-vmsave-vmload", "adx", "pdpe1gb", "vaes", "3dnowprefetch", "vgif", "spec-ctrl", "wbnoinvd", "bmi2", "fsgsbase", "ibpb", "cx8", "f16c", "erms", "ibrs", "rdctl-no", "rdrand", "pae", "pause-filter", "movbe", "nx", "pni", "pfthreshold", "avx", "xsaveerptr", "pku", "sse2", "npt", "rdtscp", "arch-capabilities", "lm", "pcid", "null-sel-clr-base", "fxsr_opt", "sse", "sse4.1", "fma", "apic", "fsrm", "lfence-always-serializing", "amd-psfd", "gds-no", "pse36", "aes", "mmxext", "svm", "cmp_legacy", "perfctr_core", "vpclmulqdq", "no-nested-data-bp", "skip-l1dfl-vmentry", "vmcb-clean", "msr", "mce", "mtrr", "cr8legacy", "mds-no", "nrip-save", "pge", "popcnt", "xsaves", "tsc_adjust", "ssse3", "misalignsse", "rdseed", "tsc-scale", "clflushopt", "rdpid", "stibp-always-on", "mmx", "bmi1", "stibp", "pclmuldq", "amd-stibp", "sep", "lahf_lm"]}',created_at=2026-06-26T01:09:01Z,current_workload=0,deleted=False,deleted_at=None,disk_allocation_ratio=1.0,disk_available_least=73,free_disk_gb=95,free_ram_mb=62765,host='np0000003674',host_ip=10.4.3.20,hypervisor_hostname='np0000003674',hypervisor_type='QEMU',hypervisor_version=8002002,id=1,local_gb=95,local_gb_used=0,mapped=1,memory_mb=63277,memory_mb_used=512,metrics='[]',numa_topology='{"nova_object.name": "NUMATopology", "nova_object.namespace": "nova", "nova_object.version": "1.2", "nova_object.data": {"cells": [{"nova_object.name": "NUMACell", "nova_object.namespace": "nova", "nova_object.version": "1.5", "nova_object.data": {"id": 0, "cpuset": [0, 1, 2, 3, 4, 5, 6, 7, 8, 9, 10, 11, 12, 13, 14, 15], "pcpuset": [0, 1, 2, 3, 4, 5, 6, 7, 8, 9, 10, 11, 12, 13, 14, 15], "memory": 63277, "cpu_usage": 0, "memory_usage": 0, "pinned_cpus": [], "siblings": [[6], [12], [2], [15], [5], [11], [8], [14], [4], [1], [7], [10], [0], [13], [3], [9]], "mempages": [{"nova_object.name": "NUMAPagesTopology", "nova_object.namespace": "nova", "nova_object.version": "1.1", "nova_object.data": {"size_kb": 4, "total": 16177929, "used": 0, "reserved": 0}, "nova_object.changes": ["total", "reserved", "size_kb", "used"]}, {"nova_object.name": "NUMAPagesTopology", "nova_object.namespace": "nova", "nova_object.version": "1.1", "nova_object.data": {"size_kb": 2048, "total": 41, "used": 0, "reserved": 0}, "nova_object.changes": ["total", "reserved", "size_kb", "used"]}, {"nova_object.name": "NUMAPagesTopology", "nova_object.namespace": "nova", "nova_object.version": "1.1", "nova_object.data": {"size_kb": 1048576, "total": 0, "used": 0, "reserved": 0}, "nova_object.changes": ["total", "reserved", "size_kb", "used"]}], "network_metadata": {"nova_object.name": "NetworkMetadata", "nova_object.namespace": "nova", "nova_object.version": "1.0", "nova_object.data": {"physnets": [], "tunneled": false}, "nova_object.changes": ["physnets", "tunneled"]}, "socket": null}, "nova_object.changes": ["memory", "mempages", "network_metadata", "siblings", "cpu_usage", "cpuset", "pcpuset", "pinned_cpus", "memory_usage", "socket", "id"]}]}, "nova_object.changes": ["cells"]}',pci_device_pools=PciDevicePoolList,ram_allocation_ratio=1.0,running_vms=0,service_id=3,stats={failed_builds='0',uptime=' 01:10:46 up 14 min, 2 users, load average: 1.56, 1.58, 0.96
Jun 26 01:11:12.552269 np0000003674 nova-scheduler[93421]: '},supported_hv_specs=[HVSpec,HVSpec,HVSpec,HVSpec,HVSpec,HVSpec,HVSpec,HVSpec,HVSpec,HVSpec,HVSpec,HVSpec,HVSpec,HVSpec,HVSpec,HVSpec,HVSpec,HVSpec,HVSpec,HVSpec,HVSpec,HVSpec,HVSpec,HVSpec,HVSpec],updated_at=2026-06-26T01:10:48Z,uuid=30145d37-be07-441c-882f-74f7b94f4f5c,vcpus=16,vcpus_used=0) {{(pid=93421) _locked_update /opt/stack/nova/nova/scheduler/host_manager.py:168}}
Jun 26 01:11:12.553181 np0000003674 nova-scheduler[93421]: DEBUG nova.scheduler.host_manager [None req-e6a05a86-8441-41a8-97c4-f7a933952aed tempest-DeleteServersTestJSON-621457349 tempest-DeleteServersTestJSON-621457349-project-member] Update host state with aggregates: [] {{(pid=93421) _locked_update /opt/stack/nova/nova/scheduler/host_manager.py:171}}
Jun 26 01:11:12.553330 np0000003674 nova-scheduler[93421]: DEBUG nova.scheduler.host_manager [None req-e6a05a86-8441-41a8-97c4-f7a933952aed tempest-DeleteServersTestJSON-621457349 tempest-DeleteServersTestJSON-621457349-project-member] Update host state with service dict: {'id': 3, 'uuid': 'fa5b68aa-8c43-442c-9b69-6112419aeb05', 'host': 'np0000003674', 'binary': 'nova-compute', 'topic': 'compute', 'report_count': 2, 'disabled': False, 'disabled_reason': None, 'last_seen_up': datetime.datetime(2026, 6, 26, 1, 11, 10, tzinfo=datetime.timezone.utc), 'forced_down': False, 'version': 72, 'created_at': datetime.datetime(2026, 6, 26, 1, 8, 59, tzinfo=datetime.timezone.utc), 'updated_at': datetime.datetime(2026, 6, 26, 1, 11, 10, tzinfo=datetime.timezone.utc), 'deleted_at': None, 'deleted': False} {{(pid=93421) _locked_update /opt/stack/nova/nova/scheduler/host_manager.py:174}}
Jun 26 01:11:12.553468 np0000003674 nova-scheduler[93421]: DEBUG nova.scheduler.host_manager [None req-e6a05a86-8441-41a8-97c4-f7a933952aed tempest-DeleteServersTestJSON-621457349 tempest-DeleteServersTestJSON-621457349-project-member] Update host state with instances: [] {{(pid=93421) _locked_update /opt/stack/nova/nova/scheduler/host_manager.py:177}}
Jun 26 01:11:12.553588 np0000003674 nova-scheduler[93421]: DEBUG oslo_concurrency.lockutils [None req-e6a05a86-8441-41a8-97c4-f7a933952aed tempest-DeleteServersTestJSON-621457349 tempest-DeleteServersTestJSON-621457349-project-member] Lock "('np0000003674', 'np0000003674')" "released" by "nova.scheduler.host_manager.HostState.update.._locked_update" :: held 0.002s {{(pid=93421) inner /opt/stack/data/venv/lib/python3.12/site-packages/oslo_concurrency/lockutils.py:543}}
Jun 26 01:11:12.554105 np0000003674 nova-scheduler[93421]: DEBUG nova.filters [None req-e6a05a86-8441-41a8-97c4-f7a933952aed tempest-DeleteServersTestJSON-621457349 tempest-DeleteServersTestJSON-621457349-project-member] Starting with 1 host(s) {{(pid=93421) get_filtered_objects /opt/stack/nova/nova/filters.py:70}}
Jun 26 01:11:12.554349 np0000003674 nova-scheduler[93421]: DEBUG nova.filters [None req-e6a05a86-8441-41a8-97c4-f7a933952aed tempest-DeleteServersTestJSON-621457349 tempest-DeleteServersTestJSON-621457349-project-member] Filter ComputeFilter returned 1 host(s) {{(pid=93421) get_filtered_objects /opt/stack/nova/nova/filters.py:102}}
Jun 26 01:11:12.554516 np0000003674 nova-scheduler[93421]: DEBUG nova.filters [None req-e6a05a86-8441-41a8-97c4-f7a933952aed tempest-DeleteServersTestJSON-621457349 tempest-DeleteServersTestJSON-621457349-project-member] Filter ComputeCapabilitiesFilter returned 1 host(s) {{(pid=93421) get_filtered_objects /opt/stack/nova/nova/filters.py:102}}
Jun 26 01:11:12.554776 np0000003674 nova-scheduler[93421]: DEBUG nova.filters [None req-e6a05a86-8441-41a8-97c4-f7a933952aed tempest-DeleteServersTestJSON-621457349 tempest-DeleteServersTestJSON-621457349-project-member] Filter ImagePropertiesFilter returned 1 host(s) {{(pid=93421) get_filtered_objects /opt/stack/nova/nova/filters.py:102}}
Jun 26 01:11:12.554938 np0000003674 nova-scheduler[93421]: DEBUG nova.filters [None req-e6a05a86-8441-41a8-97c4-f7a933952aed tempest-DeleteServersTestJSON-621457349 tempest-DeleteServersTestJSON-621457349-project-member] Filter ServerGroupAntiAffinityFilter returned 1 host(s) {{(pid=93421) get_filtered_objects /opt/stack/nova/nova/filters.py:102}}
Jun 26 01:11:12.555058 np0000003674 nova-scheduler[93421]: DEBUG nova.filters [None req-e6a05a86-8441-41a8-97c4-f7a933952aed tempest-DeleteServersTestJSON-621457349 tempest-DeleteServersTestJSON-621457349-project-member] Filter ServerGroupAffinityFilter returned 1 host(s) {{(pid=93421) get_filtered_objects /opt/stack/nova/nova/filters.py:102}}
Jun 26 01:11:12.555207 np0000003674 nova-scheduler[93421]: DEBUG nova.filters [None req-e6a05a86-8441-41a8-97c4-f7a933952aed tempest-DeleteServersTestJSON-621457349 tempest-DeleteServersTestJSON-621457349-project-member] Filter SameHostFilter returned 1 host(s) {{(pid=93421) get_filtered_objects /opt/stack/nova/nova/filters.py:102}}
Jun 26 01:11:12.555351 np0000003674 nova-scheduler[93421]: DEBUG nova.filters [None req-e6a05a86-8441-41a8-97c4-f7a933952aed tempest-DeleteServersTestJSON-621457349 tempest-DeleteServersTestJSON-621457349-project-member] Filter DifferentHostFilter returned 1 host(s) {{(pid=93421) get_filtered_objects /opt/stack/nova/nova/filters.py:102}}
Jun 26 01:11:12.555505 np0000003674 nova-scheduler[93421]: DEBUG nova.scheduler.manager [None req-e6a05a86-8441-41a8-97c4-f7a933952aed tempest-DeleteServersTestJSON-621457349 tempest-DeleteServersTestJSON-621457349-project-member] Filtered [(np0000003674, np0000003674) ram: 62765MB disk: 74752MB io_ops: 0 instances: 0, allocation_candidates: 1] {{(pid=93421) _get_sorted_hosts /opt/stack/nova/nova/scheduler/manager.py:743}}
Jun 26 01:11:12.555725 np0000003674 nova-scheduler[93421]: DEBUG nova.scheduler.manager [None req-e6a05a86-8441-41a8-97c4-f7a933952aed tempest-DeleteServersTestJSON-621457349 tempest-DeleteServersTestJSON-621457349-project-member] Weighed [WeighedHost [host: (np0000003674, np0000003674) ram: 62765MB disk: 74752MB io_ops: 0 instances: 0, allocation_candidates: 1, weight: 0.0]] {{(pid=93421) _get_sorted_hosts /opt/stack/nova/nova/scheduler/manager.py:765}}
Jun 26 01:11:12.555954 np0000003674 nova-scheduler[93421]: DEBUG nova.scheduler.utils [None req-e6a05a86-8441-41a8-97c4-f7a933952aed tempest-DeleteServersTestJSON-621457349 tempest-DeleteServersTestJSON-621457349-project-member] Attempting to claim resources in the placement API for instance 3f485cd8-73e0-4271-8d03-096b79936c88 {{(pid=93421) claim_resources /opt/stack/nova/nova/scheduler/utils.py:1345}}
Jun 26 01:11:12.724091 np0000003674 nova-scheduler[93421]: DEBUG nova.scheduler.manager [None req-e6a05a86-8441-41a8-97c4-f7a933952aed tempest-DeleteServersTestJSON-621457349 tempest-DeleteServersTestJSON-621457349-project-member] [instance: 3f485cd8-73e0-4271-8d03-096b79936c88] Selected host: (np0000003674, np0000003674) ram: 62765MB disk: 74752MB io_ops: 0 instances: 0, allocation_candidates: 1 {{(pid=93421) _consume_selected_host /opt/stack/nova/nova/scheduler/manager.py:625}}
Jun 26 01:11:12.724815 np0000003674 nova-scheduler[93421]: DEBUG oslo_concurrency.lockutils [None req-e6a05a86-8441-41a8-97c4-f7a933952aed tempest-DeleteServersTestJSON-621457349 tempest-DeleteServersTestJSON-621457349-project-member] Acquiring lock "('np0000003674', 'np0000003674')" by "nova.scheduler.host_manager.HostState.consume_from_request.._locked" {{(pid=93421) inner /opt/stack/data/venv/lib/python3.12/site-packages/oslo_concurrency/lockutils.py:511}}
Jun 26 01:11:12.724815 np0000003674 nova-scheduler[93421]: DEBUG oslo_concurrency.lockutils [None req-e6a05a86-8441-41a8-97c4-f7a933952aed tempest-DeleteServersTestJSON-621457349 tempest-DeleteServersTestJSON-621457349-project-member] Lock "('np0000003674', 'np0000003674')" acquired by "nova.scheduler.host_manager.HostState.consume_from_request.._locked" :: waited 0.000s {{(pid=93421) inner /opt/stack/data/venv/lib/python3.12/site-packages/oslo_concurrency/lockutils.py:524}}
Jun 26 01:11:12.725004 np0000003674 nova-scheduler[93421]: DEBUG oslo_concurrency.lockutils [None req-e6a05a86-8441-41a8-97c4-f7a933952aed tempest-DeleteServersTestJSON-621457349 tempest-DeleteServersTestJSON-621457349-project-member] Lock "('np0000003674', 'np0000003674')" "released" by "nova.scheduler.host_manager.HostState.consume_from_request.._locked" :: held 0.000s {{(pid=93421) inner /opt/stack/data/venv/lib/python3.12/site-packages/oslo_concurrency/lockutils.py:543}}
Jun 26 01:11:13.745887 np0000003674 nova-scheduler[93425]: DEBUG nova.scheduler.manager [None req-72ab7844-5ee8-4d6f-9518-f186375b06a6 tempest-ServerBootFromVolumeStableRescueTest-1196391187 tempest-ServerBootFromVolumeStableRescueTest-1196391187-project-member] Starting to schedule for instances: ['6ba476ad-2f7f-4264-b3af-32774efe28ce'] {{(pid=93425) select_destinations /opt/stack/nova/nova/scheduler/manager.py:210}}
Jun 26 01:11:13.746509 np0000003674 nova-scheduler[93425]: DEBUG nova.scheduler.request_filter [None req-72ab7844-5ee8-4d6f-9518-f186375b06a6 tempest-ServerBootFromVolumeStableRescueTest-1196391187 tempest-ServerBootFromVolumeStableRescueTest-1196391187-project-member] compute_status_filter request filter added forbidden trait COMPUTE_STATUS_DISABLED {{(pid=93425) compute_status_filter /opt/stack/nova/nova/scheduler/request_filter.py:253}}
Jun 26 01:11:13.747988 np0000003674 nova-scheduler[93425]: DEBUG nova.scheduler.request_filter [None req-72ab7844-5ee8-4d6f-9518-f186375b06a6 tempest-ServerBootFromVolumeStableRescueTest-1196391187 tempest-ServerBootFromVolumeStableRescueTest-1196391187-project-member] Request filter 'compute_status_filter' took 0.0 seconds {{(pid=93425) wrapper /opt/stack/nova/nova/scheduler/request_filter.py:46}}
Jun 26 01:11:13.748184 np0000003674 nova-scheduler[93425]: DEBUG nova.scheduler.request_filter [None req-72ab7844-5ee8-4d6f-9518-f186375b06a6 tempest-ServerBootFromVolumeStableRescueTest-1196391187 tempest-ServerBootFromVolumeStableRescueTest-1196391187-project-member] Request filter 'accelerators_filter' took 0.0 seconds {{(pid=93425) wrapper /opt/stack/nova/nova/scheduler/request_filter.py:46}}
Jun 26 01:11:13.748396 np0000003674 nova-scheduler[93425]: DEBUG nova.scheduler.request_filter [None req-72ab7844-5ee8-4d6f-9518-f186375b06a6 tempest-ServerBootFromVolumeStableRescueTest-1196391187 tempest-ServerBootFromVolumeStableRescueTest-1196391187-project-member] Request filter 'packed_virtqueue_filter' took 0.0 seconds {{(pid=93425) wrapper /opt/stack/nova/nova/scheduler/request_filter.py:46}}
Jun 26 01:11:13.748684 np0000003674 nova-scheduler[93425]: DEBUG nova.scheduler.request_filter [None req-72ab7844-5ee8-4d6f-9518-f186375b06a6 tempest-ServerBootFromVolumeStableRescueTest-1196391187 tempest-ServerBootFromVolumeStableRescueTest-1196391187-project-member] Request filter 'remote_managed_ports_filter' took 0.0 seconds {{(pid=93425) wrapper /opt/stack/nova/nova/scheduler/request_filter.py:46}}
Jun 26 01:11:13.748875 np0000003674 nova-scheduler[93425]: DEBUG nova.scheduler.request_filter [None req-72ab7844-5ee8-4d6f-9518-f186375b06a6 tempest-ServerBootFromVolumeStableRescueTest-1196391187 tempest-ServerBootFromVolumeStableRescueTest-1196391187-project-member] ephemeral_encryption_filter skipped {{(pid=93425) ephemeral_encryption_filter /opt/stack/nova/nova/scheduler/request_filter.py:426}}
Jun 26 01:11:13.749024 np0000003674 nova-scheduler[93425]: DEBUG nova.scheduler.request_filter [None req-72ab7844-5ee8-4d6f-9518-f186375b06a6 tempest-ServerBootFromVolumeStableRescueTest-1196391187 tempest-ServerBootFromVolumeStableRescueTest-1196391187-project-member] virtio_sound_filter skipped {{(pid=93425) virtio_sound_filter /opt/stack/nova/nova/scheduler/request_filter.py:460}}
Jun 26 01:11:13.749458 np0000003674 nova-scheduler[93425]: DEBUG nova.scheduler.request_filter [None req-72ab7844-5ee8-4d6f-9518-f186375b06a6 tempest-ServerBootFromVolumeStableRescueTest-1196391187 tempest-ServerBootFromVolumeStableRescueTest-1196391187-project-member] tpm_secret_security_filter skipped {{(pid=93425) tpm_secret_security_filter /opt/stack/nova/nova/scheduler/request_filter.py:477}}
Jun 26 01:11:13.852177 np0000003674 nova-scheduler[93425]: INFO nova.utils [None req-72ab7844-5ee8-4d6f-9518-f186375b06a6 tempest-ServerBootFromVolumeStableRescueTest-1196391187 tempest-ServerBootFromVolumeStableRescueTest-1196391187-project-member] The cell worker thread pool ForkProcess-3.cell_worker is initialized
Jun 26 01:11:13.852920 np0000003674 nova-scheduler[93425]: DEBUG oslo_concurrency.lockutils [None req-72ab7844-5ee8-4d6f-9518-f186375b06a6 tempest-ServerBootFromVolumeStableRescueTest-1196391187 tempest-ServerBootFromVolumeStableRescueTest-1196391187-project-member] Acquiring lock "e76ced01-9b72-4250-8cae-c29523db2642" by "nova.context.set_target_cell..get_or_set_cached_cell_and_set_connections" {{(pid=93425) inner /opt/stack/data/venv/lib/python3.12/site-packages/oslo_concurrency/lockutils.py:511}}
Jun 26 01:11:13.853285 np0000003674 nova-scheduler[93425]: DEBUG oslo_concurrency.lockutils [None req-72ab7844-5ee8-4d6f-9518-f186375b06a6 tempest-ServerBootFromVolumeStableRescueTest-1196391187 tempest-ServerBootFromVolumeStableRescueTest-1196391187-project-member] Lock "e76ced01-9b72-4250-8cae-c29523db2642" acquired by "nova.context.set_target_cell..get_or_set_cached_cell_and_set_connections" :: waited 0.000s {{(pid=93425) inner /opt/stack/data/venv/lib/python3.12/site-packages/oslo_concurrency/lockutils.py:524}}
Jun 26 01:11:13.856254 np0000003674 nova-scheduler[93425]: DEBUG oslo_concurrency.lockutils [None req-72ab7844-5ee8-4d6f-9518-f186375b06a6 tempest-ServerBootFromVolumeStableRescueTest-1196391187 tempest-ServerBootFromVolumeStableRescueTest-1196391187-project-member] Lock "e76ced01-9b72-4250-8cae-c29523db2642" "released" by "nova.context.set_target_cell..get_or_set_cached_cell_and_set_connections" :: held 0.003s {{(pid=93425) inner /opt/stack/data/venv/lib/python3.12/site-packages/oslo_concurrency/lockutils.py:543}}
Jun 26 01:11:13.859073 np0000003674 nova-scheduler[93425]: INFO dbcounter [None req-72ab7844-5ee8-4d6f-9518-f186375b06a6 tempest-ServerBootFromVolumeStableRescueTest-1196391187 tempest-ServerBootFromVolumeStableRescueTest-1196391187-project-member] Registered counter for database nova_cell1
Jun 26 01:11:13.904044 np0000003674 nova-scheduler[93425]: DEBUG oslo_db.sqlalchemy.engines [None req-72ab7844-5ee8-4d6f-9518-f186375b06a6 tempest-ServerBootFromVolumeStableRescueTest-1196391187 tempest-ServerBootFromVolumeStableRescueTest-1196391187-project-member] MySQL server mode set to STRICT_TRANS_TABLES,STRICT_ALL_TABLES,NO_ZERO_IN_DATE,NO_ZERO_DATE,ERROR_FOR_DIVISION_BY_ZERO,TRADITIONAL,NO_ENGINE_SUBSTITUTION {{(pid=93425) _check_effective_sql_mode /opt/stack/data/venv/lib/python3.12/site-packages/oslo_db/sqlalchemy/engines.py:325}}
Jun 26 01:11:13.910311 np0000003674 nova-scheduler[93425]: DEBUG dbcounter [-] [93425] Writer thread running {{(pid=93425) stat_writer /opt/stack/data/venv/lib/python3.12/site-packages/dbcounter.py:102}}
Jun 26 01:11:13.975365 np0000003674 nova-scheduler[93425]: DEBUG dbcounter [-] [93425] Writer thread running {{(pid=93425) stat_writer /opt/stack/data/venv/lib/python3.12/site-packages/dbcounter.py:102}}
Jun 26 01:11:13.978698 np0000003674 nova-scheduler[93425]: DEBUG oslo_concurrency.lockutils [None req-72ab7844-5ee8-4d6f-9518-f186375b06a6 tempest-ServerBootFromVolumeStableRescueTest-1196391187 tempest-ServerBootFromVolumeStableRescueTest-1196391187-project-member] Acquiring lock "e76ced01-9b72-4250-8cae-c29523db2642" by "nova.context.set_target_cell..get_or_set_cached_cell_and_set_connections" {{(pid=93425) inner /opt/stack/data/venv/lib/python3.12/site-packages/oslo_concurrency/lockutils.py:511}}
Jun 26 01:11:13.979012 np0000003674 nova-scheduler[93425]: DEBUG oslo_concurrency.lockutils [None req-72ab7844-5ee8-4d6f-9518-f186375b06a6 tempest-ServerBootFromVolumeStableRescueTest-1196391187 tempest-ServerBootFromVolumeStableRescueTest-1196391187-project-member] Lock "e76ced01-9b72-4250-8cae-c29523db2642" acquired by "nova.context.set_target_cell..get_or_set_cached_cell_and_set_connections" :: waited 0.000s {{(pid=93425) inner /opt/stack/data/venv/lib/python3.12/site-packages/oslo_concurrency/lockutils.py:524}}
Jun 26 01:11:13.979461 np0000003674 nova-scheduler[93425]: DEBUG oslo_concurrency.lockutils [None req-72ab7844-5ee8-4d6f-9518-f186375b06a6 tempest-ServerBootFromVolumeStableRescueTest-1196391187 tempest-ServerBootFromVolumeStableRescueTest-1196391187-project-member] Lock "e76ced01-9b72-4250-8cae-c29523db2642" "released" by "nova.context.set_target_cell..get_or_set_cached_cell_and_set_connections" :: held 0.000s {{(pid=93425) inner /opt/stack/data/venv/lib/python3.12/site-packages/oslo_concurrency/lockutils.py:543}}
Jun 26 01:11:13.983778 np0000003674 nova-scheduler[93425]: DEBUG oslo_concurrency.lockutils [None req-72ab7844-5ee8-4d6f-9518-f186375b06a6 tempest-ServerBootFromVolumeStableRescueTest-1196391187 tempest-ServerBootFromVolumeStableRescueTest-1196391187-project-member] Acquiring lock "('np0000003674', 'np0000003674')" by "nova.scheduler.host_manager.HostState.update.._locked_update" {{(pid=93425) inner /opt/stack/data/venv/lib/python3.12/site-packages/oslo_concurrency/lockutils.py:511}}
