Jul 29 08:10:30.665071 np0000006068 devstack@placement-api.service[89969]: INFO placement.requestlog [req-777367c3-6974-4e73-aec1-8466b82de4bf req-b9071469-8089-449e-9739-8f5b5a4e14ce service nova] 10.4.3.166 "GET /placement/allocations/bc96a0d2-ca76-44c2-9126-89de35d97ecd" status: 200 len: 258 microversion: 1.28
Jul 29 08:10:30.665226 np0000006068 devstack@placement-api.service[89969]: [pid: 89969|app: 0|req: 380/1138] 10.4.3.166 () {68 vars in 1499 bytes} [Wed Jul 29 08:10:30 2026] GET /placement/allocations/bc96a0d2-ca76-44c2-9126-89de35d97ecd => generated 258 bytes in 11 msecs (HTTP/1.1 200) 8 headers in 296 bytes (1 switches on core 0)
Jul 29 08:10:30.710043 np0000006068 devstack@placement-api.service[89968]: DEBUG placement.requestlog [req-777367c3-6974-4e73-aec1-8466b82de4bf req-c43e07ba-c12a-4620-9b01-7fcf134542f7 None None] Starting request: 10.4.3.166 "GET /placement/allocations/29dcb516-a491-4503-9010-70976fa28ebb" {{(pid=89968) __call__ /opt/stack/placement/placement/requestlog.py:55}}
Jul 29 08:10:30.720573 np0000006068 devstack@placement-api.service[89968]: INFO placement.requestlog [req-777367c3-6974-4e73-aec1-8466b82de4bf req-c43e07ba-c12a-4620-9b01-7fcf134542f7 service nova] 10.4.3.166 "GET /placement/allocations/29dcb516-a491-4503-9010-70976fa28ebb" status: 200 len: 258 microversion: 1.28
Jul 29 08:10:30.721377 np0000006068 devstack@placement-api.service[89968]: [pid: 89968|app: 0|req: 378/1139] 10.4.3.166 () {68 vars in 1499 bytes} [Wed Jul 29 08:10:30 2026] GET /placement/allocations/29dcb516-a491-4503-9010-70976fa28ebb => generated 258 bytes in 12 msecs (HTTP/1.1 200) 8 headers in 296 bytes (2 switches on core 0)
Jul 29 08:10:30.764105 np0000006068 devstack@placement-api.service[89967]: DEBUG placement.requestlog [req-777367c3-6974-4e73-aec1-8466b82de4bf req-a6fb3882-7db3-4466-b609-333f81ebb8e7 None None] Starting request: 10.4.3.166 "GET /placement/allocations/e22119fe-fbdd-4269-a8c7-22e61324293e" {{(pid=89967) __call__ /opt/stack/placement/placement/requestlog.py:55}}
Jul 29 08:10:30.774779 np0000006068 devstack@placement-api.service[89967]: INFO placement.requestlog [req-777367c3-6974-4e73-aec1-8466b82de4bf req-a6fb3882-7db3-4466-b609-333f81ebb8e7 service nova] 10.4.3.166 "GET /placement/allocations/e22119fe-fbdd-4269-a8c7-22e61324293e" status: 200 len: 258 microversion: 1.28
Jul 29 08:10:30.775090 np0000006068 devstack@placement-api.service[89967]: [pid: 89967|app: 0|req: 382/1140] 10.4.3.166 () {68 vars in 1499 bytes} [Wed Jul 29 08:10:30 2026] GET /placement/allocations/e22119fe-fbdd-4269-a8c7-22e61324293e => generated 258 bytes in 12 msecs (HTTP/1.1 200) 8 headers in 296 bytes (1 switches on core 0)
Jul 29 08:10:30.815511 np0000006068 devstack@placement-api.service[89969]: DEBUG placement.requestlog [req-777367c3-6974-4e73-aec1-8466b82de4bf req-325fba2c-14ac-4191-98b3-28cc7cfcdcd7 None None] Starting request: 10.4.3.166 "GET /placement/allocations/c146996a-be8e-40d1-8fd1-5fbda92739e3" {{(pid=89969) __call__ /opt/stack/placement/placement/requestlog.py:55}}
Jul 29 08:10:30.834290 np0000006068 devstack@placement-api.service[89969]: INFO placement.requestlog [req-777367c3-6974-4e73-aec1-8466b82de4bf req-325fba2c-14ac-4191-98b3-28cc7cfcdcd7 service nova] 10.4.3.166 "GET /placement/allocations/c146996a-be8e-40d1-8fd1-5fbda92739e3" status: 200 len: 244 microversion: 1.28
Jul 29 08:10:30.834290 np0000006068 devstack@placement-api.service[89969]: [pid: 89969|app: 0|req: 381/1141] 10.4.3.166 () {68 vars in 1499 bytes} [Wed Jul 29 08:10:30 2026] GET /placement/allocations/c146996a-be8e-40d1-8fd1-5fbda92739e3 => generated 244 bytes in 19 msecs (HTTP/1.1 200) 8 headers in 296 bytes (1 switches on core 0)
Jul 29 08:10:30.872843 np0000006068 devstack@placement-api.service[89968]: DEBUG placement.requestlog [req-777367c3-6974-4e73-aec1-8466b82de4bf req-54421e11-df6b-4090-8cb4-bf891f3e26a2 None None] Starting request: 10.4.3.166 "GET /placement/allocations/0f638f59-294e-4bd4-8163-edcf98c9cb27" {{(pid=89968) __call__ /opt/stack/placement/placement/requestlog.py:55}}
Jul 29 08:10:30.882806 np0000006068 devstack@placement-api.service[89968]: INFO placement.requestlog [req-777367c3-6974-4e73-aec1-8466b82de4bf req-54421e11-df6b-4090-8cb4-bf891f3e26a2 service nova] 10.4.3.166 "GET /placement/allocations/0f638f59-294e-4bd4-8163-edcf98c9cb27" status: 200 len: 244 microversion: 1.28
Jul 29 08:10:30.883071 np0000006068 devstack@placement-api.service[89968]: [pid: 89968|app: 0|req: 379/1142] 10.4.3.166 () {68 vars in 1499 bytes} [Wed Jul 29 08:10:30 2026] GET /placement/allocations/0f638f59-294e-4bd4-8163-edcf98c9cb27 => generated 244 bytes in 10 msecs (HTTP/1.1 200) 8 headers in 296 bytes (1 switches on core 0)
Jul 29 08:10:30.954916 np0000006068 devstack@placement-api.service[89967]: DEBUG placement.requestlog [req-777367c3-6974-4e73-aec1-8466b82de4bf req-ffc18ae6-0388-48cf-af4d-3db7117b4cb1 None None] Starting request: 10.4.3.166 "DELETE /placement/allocations/29dcb516-a491-4503-9010-70976fa28ebb" {{(pid=89967) __call__ /opt/stack/placement/placement/requestlog.py:55}}
Jul 29 08:10:30.982737 np0000006068 devstack@placement-api.service[89967]: DEBUG placement.handlers.allocation [req-777367c3-6974-4e73-aec1-8466b82de4bf req-ffc18ae6-0388-48cf-af4d-3db7117b4cb1 service nova] Successfully deleted allocations [, , ] {{(pid=89967) delete_allocations /opt/stack/placement/placement/handlers/allocation.py:627}}
Jul 29 08:10:30.983305 np0000006068 devstack@placement-api.service[89967]: INFO placement.requestlog [req-777367c3-6974-4e73-aec1-8466b82de4bf req-ffc18ae6-0388-48cf-af4d-3db7117b4cb1 service nova] 10.4.3.166 "DELETE /placement/allocations/29dcb516-a491-4503-9010-70976fa28ebb" status: 204 len: 0 microversion: 1.0
Jul 29 08:10:30.983722 np0000006068 devstack@placement-api.service[89967]: [pid: 89967|app: 0|req: 383/1143] 10.4.3.166 () {68 vars in 1477 bytes} [Wed Jul 29 08:10:30 2026] DELETE /placement/allocations/29dcb516-a491-4503-9010-70976fa28ebb => generated 0 bytes in 29 msecs (HTTP/1.1 204) 5 headers in 198 bytes (1 switches on core 0)
Jul 29 08:10:34.004222 np0000006068 devstack@placement-api.service[89969]: DEBUG placement.requestlog [req-2be541e7-bba1-46b1-92c2-a57083e7e5ad req-1e7023bb-087b-4451-963c-0131bd39abc9 None None] Starting request: 10.4.3.166 "GET /placement/allocation_candidates?limit=1000&resources=DISK_GB%3A1%2CMEMORY_MB%3A192%2CVCPU%3A1&root_required=%21COMPUTE_STATUS_DISABLED" {{(pid=89969) __call__ /opt/stack/placement/placement/requestlog.py:55}}
Jul 29 08:10:34.030385 np0000006068 devstack@placement-api.service[89969]: DEBUG placement.objects.research_context [req-2be541e7-bba1-46b1-92c2-a57083e7e5ad req-1e7023bb-087b-4451-963c-0131bd39abc9 service nova] getting providers with 1 DISK_GB {{(pid=89969) __init__ /opt/stack/placement/placement/objects/research_context.py:137}}
Jul 29 08:10:34.032665 np0000006068 devstack@placement-api.service[89969]: DEBUG placement.objects.research_context [req-2be541e7-bba1-46b1-92c2-a57083e7e5ad req-1e7023bb-087b-4451-963c-0131bd39abc9 service nova] getting providers with 192 MEMORY_MB {{(pid=89969) __init__ /opt/stack/placement/placement/objects/research_context.py:137}}
Jul 29 08:10:34.036296 np0000006068 devstack@placement-api.service[89969]: DEBUG placement.objects.research_context [req-2be541e7-bba1-46b1-92c2-a57083e7e5ad req-1e7023bb-087b-4451-963c-0131bd39abc9 service nova] getting providers with 1 VCPU {{(pid=89969) __init__ /opt/stack/placement/placement/objects/research_context.py:137}}
Jul 29 08:10:34.039535 np0000006068 devstack@placement-api.service[89969]: DEBUG placement.objects.research_context [req-2be541e7-bba1-46b1-92c2-a57083e7e5ad req-1e7023bb-087b-4451-963c-0131bd39abc9 service nova] found 1 providers with available 1 DISK_GB {{(pid=89969) get_provider_ids_matching /opt/stack/placement/placement/objects/research_context.py:566}}
Jul 29 08:10:34.039721 np0000006068 devstack@placement-api.service[89969]: DEBUG placement.objects.research_context [req-2be541e7-bba1-46b1-92c2-a57083e7e5ad req-1e7023bb-087b-4451-963c-0131bd39abc9 service nova] found 1 providers with available 192 MEMORY_MB {{(pid=89969) get_provider_ids_matching /opt/stack/placement/placement/objects/research_context.py:566}}
Jul 29 08:10:34.039923 np0000006068 devstack@placement-api.service[89969]: DEBUG placement.objects.research_context [req-2be541e7-bba1-46b1-92c2-a57083e7e5ad req-1e7023bb-087b-4451-963c-0131bd39abc9 service nova] found 1 providers after filtering by previous result {{(pid=89969) get_provider_ids_matching /opt/stack/placement/placement/objects/research_context.py:597}}
Jul 29 08:10:34.040069 np0000006068 devstack@placement-api.service[89969]: DEBUG placement.objects.research_context [req-2be541e7-bba1-46b1-92c2-a57083e7e5ad req-1e7023bb-087b-4451-963c-0131bd39abc9 service nova] found 1 providers with available 1 VCPU {{(pid=89969) get_provider_ids_matching /opt/stack/placement/placement/objects/research_context.py:566}}
Jul 29 08:10:34.040550 np0000006068 devstack@placement-api.service[89969]: DEBUG placement.objects.research_context [req-2be541e7-bba1-46b1-92c2-a57083e7e5ad req-1e7023bb-087b-4451-963c-0131bd39abc9 service nova] found 1 providers after filtering by previous result {{(pid=89969) get_provider_ids_matching /opt/stack/placement/placement/objects/research_context.py:597}}
Jul 29 08:10:34.053370 np0000006068 devstack@placement-api.service[89969]: DEBUG placement.objects.allocation_candidate [req-2be541e7-bba1-46b1-92c2-a57083e7e5ad req-1e7023bb-087b-4451-963c-0131bd39abc9 service nova] RequestGroup(use_same_provider=False, resources={DISK_GB:1, MEMORY_MB:192, VCPU:1}, traits=(), aggregates=[]) (suffix '') returned 1 matches {{(pid=89969) _get_by_requests /opt/stack/placement/placement/objects/allocation_candidate.py:158}}
Jul 29 08:10:34.053611 np0000006068 devstack@placement-api.service[89969]: DEBUG placement.objects.allocation_candidate [req-2be541e7-bba1-46b1-92c2-a57083e7e5ad req-1e7023bb-087b-4451-963c-0131bd39abc9 service nova] Merging candidates yields 1 allocation requests and 1 provider summaries {{(pid=89969) _merge_candidates /opt/stack/placement/placement/objects/allocation_candidate.py:973}}
Jul 29 08:10:34.056728 np0000006068 devstack@placement-api.service[89969]: INFO placement.requestlog [req-2be541e7-bba1-46b1-92c2-a57083e7e5ad req-1e7023bb-087b-4451-963c-0131bd39abc9 service nova] 10.4.3.166 "GET /placement/allocation_candidates?limit=1000&resources=DISK_GB%3A1%2CMEMORY_MB%3A192%2CVCPU%3A1&root_required=%21COMPUTE_STATUS_DISABLED" status: 200 len: 2493 microversion: 1.36
Jul 29 08:10:34.056728 np0000006068 devstack@placement-api.service[89969]: [pid: 89969|app: 0|req: 382/1144] 10.4.3.166 () {68 vars in 1625 bytes} [Wed Jul 29 08:10:34 2026] GET /placement/allocation_candidates?limit=1000&resources=DISK_GB%3A1%2CMEMORY_MB%3A192%2CVCPU%3A1&root_required=%21COMPUTE_STATUS_DISABLED => generated 2493 bytes in 53 msecs (HTTP/1.1 200) 8 headers in 297 bytes (1 switches on core 0)
Jul 29 08:10:34.108479 np0000006068 devstack@placement-api.service[89968]: DEBUG placement.requestlog [req-2be541e7-bba1-46b1-92c2-a57083e7e5ad req-85ab1469-d731-4c63-b575-36d5359c7a4b None None] Starting request: 10.4.3.166 "GET /placement/allocations/b0a9bb93-daca-4c55-9cc9-897ddd5315cc" {{(pid=89968) __call__ /opt/stack/placement/placement/requestlog.py:55}}
Jul 29 08:10:34.114424 np0000006068 devstack@placement-api.service[89968]: INFO placement.requestlog [req-2be541e7-bba1-46b1-92c2-a57083e7e5ad req-85ab1469-d731-4c63-b575-36d5359c7a4b service nova] 10.4.3.166 "GET /placement/allocations/b0a9bb93-daca-4c55-9cc9-897ddd5315cc" status: 200 len: 19 microversion: 1.28
Jul 29 08:10:34.114607 np0000006068 devstack@placement-api.service[89968]: [pid: 89968|app: 0|req: 380/1145] 10.4.3.166 () {68 vars in 1501 bytes} [Wed Jul 29 08:10:34 2026] GET /placement/allocations/b0a9bb93-daca-4c55-9cc9-897ddd5315cc => generated 19 bytes in 6 msecs (HTTP/1.1 200) 8 headers in 295 bytes (1 switches on core 0)
Jul 29 08:10:34.157482 np0000006068 devstack@placement-api.service[89967]: DEBUG placement.requestlog [req-2be541e7-bba1-46b1-92c2-a57083e7e5ad req-20cd7257-d06d-44a2-ac93-590a55f820d0 None None] Starting request: 10.4.3.166 "PUT /placement/allocations/b0a9bb93-daca-4c55-9cc9-897ddd5315cc" {{(pid=89967) __call__ /opt/stack/placement/placement/requestlog.py:55}}
Jul 29 08:10:34.198091 np0000006068 devstack@placement-api.service[89967]: DEBUG placement.handlers.allocation [req-2be541e7-bba1-46b1-92c2-a57083e7e5ad req-20cd7257-d06d-44a2-ac93-590a55f820d0 service nova] Successfully wrote allocations [, , ] {{(pid=89967) _update_consumers_and_create_allocations /opt/stack/placement/placement/handlers/allocation.py:462}}
Jul 29 08:10:34.203029 np0000006068 devstack@placement-api.service[89967]: INFO placement.requestlog [req-2be541e7-bba1-46b1-92c2-a57083e7e5ad req-20cd7257-d06d-44a2-ac93-590a55f820d0 service nova] 10.4.3.166 "PUT /placement/allocations/b0a9bb93-daca-4c55-9cc9-897ddd5315cc" status: 204 len: 0 microversion: 1.36
Jul 29 08:10:34.203282 np0000006068 devstack@placement-api.service[89967]: [pid: 89967|app: 0|req: 384/1146] 10.4.3.166 () {72 vars in 1554 bytes} [Wed Jul 29 08:10:34 2026] PUT /placement/allocations/b0a9bb93-daca-4c55-9cc9-897ddd5315cc => generated 0 bytes in 46 msecs (HTTP/1.1 204) 5 headers in 199 bytes (1 switches on core 0)
Jul 29 08:10:34.264117 np0000006068 devstack@placement-api.service[89969]: DEBUG placement.requestlog [req-96f258d1-0194-49fe-be45-7228c6ef39c6 req-72da0f1b-e3d1-46d2-a976-50dff6e0d98e None None] Starting request: 10.4.3.166 "GET /placement/allocation_candidates?limit=1000&resources=DISK_GB%3A1%2CMEMORY_MB%3A192%2CVCPU%3A1&root_required=%21COMPUTE_STATUS_DISABLED" {{(pid=89969) __call__ /opt/stack/placement/placement/requestlog.py:55}}
Jul 29 08:10:34.289388 np0000006068 devstack@placement-api.service[89969]: DEBUG placement.objects.research_context [req-96f258d1-0194-49fe-be45-7228c6ef39c6 req-72da0f1b-e3d1-46d2-a976-50dff6e0d98e service nova] getting providers with 1 DISK_GB {{(pid=89969) __init__ /opt/stack/placement/placement/objects/research_context.py:137}}
Jul 29 08:10:34.294319 np0000006068 devstack@placement-api.service[89969]: DEBUG placement.objects.research_context [req-96f258d1-0194-49fe-be45-7228c6ef39c6 req-72da0f1b-e3d1-46d2-a976-50dff6e0d98e service nova] getting providers with 192 MEMORY_MB {{(pid=89969) __init__ /opt/stack/placement/placement/objects/research_context.py:137}}
Jul 29 08:10:34.300317 np0000006068 devstack@placement-api.service[89969]: DEBUG placement.objects.research_context [req-96f258d1-0194-49fe-be45-7228c6ef39c6 req-72da0f1b-e3d1-46d2-a976-50dff6e0d98e service nova] getting providers with 1 VCPU {{(pid=89969) __init__ /opt/stack/placement/placement/objects/research_context.py:137}}
Jul 29 08:10:34.301247 np0000006068 devstack@placement-api.service[89969]: DEBUG placement.objects.research_context [req-96f258d1-0194-49fe-be45-7228c6ef39c6 req-72da0f1b-e3d1-46d2-a976-50dff6e0d98e service nova] found 1 providers with available 1 DISK_GB {{(pid=89969) get_provider_ids_matching /opt/stack/placement/placement/objects/research_context.py:566}}
Jul 29 08:10:34.301472 np0000006068 devstack@placement-api.service[89969]: DEBUG placement.objects.research_context [req-96f258d1-0194-49fe-be45-7228c6ef39c6 req-72da0f1b-e3d1-46d2-a976-50dff6e0d98e service nova] found 1 providers with available 192 MEMORY_MB {{(pid=89969) get_provider_ids_matching /opt/stack/placement/placement/objects/research_context.py:566}}
Jul 29 08:10:34.301599 np0000006068 devstack@placement-api.service[89969]: DEBUG placement.objects.research_context [req-96f258d1-0194-49fe-be45-7228c6ef39c6 req-72da0f1b-e3d1-46d2-a976-50dff6e0d98e service nova] found 1 providers after filtering by previous result {{(pid=89969) get_provider_ids_matching /opt/stack/placement/placement/objects/research_context.py:597}}
Jul 29 08:10:34.301724 np0000006068 devstack@placement-api.service[89969]: DEBUG placement.objects.research_context [req-96f258d1-0194-49fe-be45-7228c6ef39c6 req-72da0f1b-e3d1-46d2-a976-50dff6e0d98e service nova] found 1 providers with available 1 VCPU {{(pid=89969) get_provider_ids_matching /opt/stack/placement/placement/objects/research_context.py:566}}
Jul 29 08:10:34.301824 np0000006068 devstack@placement-api.service[89969]: DEBUG placement.objects.research_context [req-96f258d1-0194-49fe-be45-7228c6ef39c6 req-72da0f1b-e3d1-46d2-a976-50dff6e0d98e service nova] found 1 providers after filtering by previous result {{(pid=89969) get_provider_ids_matching /opt/stack/placement/placement/objects/research_context.py:597}}
Jul 29 08:10:34.310188 np0000006068 devstack@placement-api.service[89969]: DEBUG placement.objects.allocation_candidate [req-96f258d1-0194-49fe-be45-7228c6ef39c6 req-72da0f1b-e3d1-46d2-a976-50dff6e0d98e service nova] RequestGroup(use_same_provider=False, resources={DISK_GB:1, MEMORY_MB:192, VCPU:1}, traits=(), aggregates=[]) (suffix '') returned 1 matches {{(pid=89969) _get_by_requests /opt/stack/placement/placement/objects/allocation_candidate.py:158}}
Jul 29 08:10:34.310933 np0000006068 devstack@placement-api.service[89968]: DEBUG placement.requestlog [req-96e44fb7-543c-46ff-b801-029a5e30c0ab req-d4c78681-56ae-4ba5-935f-5ded8cbc5d51 None None] Starting request: 10.4.3.166 "GET /placement/allocation_candidates?limit=1000&resources=MEMORY_MB%3A192%2CVCPU%3A1&root_required=%21COMPUTE_STATUS_DISABLED" {{(pid=89968) __call__ /opt/stack/placement/placement/requestlog.py:55}}
Jul 29 08:10:34.311059 np0000006068 devstack@placement-api.service[89969]: DEBUG placement.objects.allocation_candidate [req-96f258d1-0194-49fe-be45-7228c6ef39c6 req-72da0f1b-e3d1-46d2-a976-50dff6e0d98e service nova] Merging candidates yields 1 allocation requests and 1 provider summaries {{(pid=89969) _merge_candidates /opt/stack/placement/placement/objects/allocation_candidate.py:973}}
Jul 29 08:10:34.312306 np0000006068 devstack@placement-api.service[89969]: INFO placement.requestlog [req-96f258d1-0194-49fe-be45-7228c6ef39c6 req-72da0f1b-e3d1-46d2-a976-50dff6e0d98e service nova] 10.4.3.166 "GET /placement/allocation_candidates?limit=1000&resources=DISK_GB%3A1%2CMEMORY_MB%3A192%2CVCPU%3A1&root_required=%21COMPUTE_STATUS_DISABLED" status: 200 len: 2493 microversion: 1.36
Jul 29 08:10:34.312707 np0000006068 devstack@placement-api.service[89969]: [pid: 89969|app: 0|req: 383/1147] 10.4.3.166 () {68 vars in 1625 bytes} [Wed Jul 29 08:10:34 2026] GET /placement/allocation_candidates?limit=1000&resources=DISK_GB%3A1%2CMEMORY_MB%3A192%2CVCPU%3A1&root_required=%21COMPUTE_STATUS_DISABLED => generated 2493 bytes in 49 msecs (HTTP/1.1 200) 8 headers in 297 bytes (1 switches on core 0)
Jul 29 08:10:34.336575 np0000006068 devstack@placement-api.service[89968]: DEBUG placement.objects.research_context [req-96e44fb7-543c-46ff-b801-029a5e30c0ab req-d4c78681-56ae-4ba5-935f-5ded8cbc5d51 service nova] getting providers with 192 MEMORY_MB {{(pid=89968) __init__ /opt/stack/placement/placement/objects/research_context.py:137}}
Jul 29 08:10:34.339239 np0000006068 devstack@placement-api.service[89968]: DEBUG placement.objects.research_context [req-96e44fb7-543c-46ff-b801-029a5e30c0ab req-d4c78681-56ae-4ba5-935f-5ded8cbc5d51 service nova] getting providers with 1 VCPU {{(pid=89968) __init__ /opt/stack/placement/placement/objects/research_context.py:137}}
Jul 29 08:10:34.342196 np0000006068 devstack@placement-api.service[89968]: DEBUG placement.objects.research_context [req-96e44fb7-543c-46ff-b801-029a5e30c0ab req-d4c78681-56ae-4ba5-935f-5ded8cbc5d51 service nova] found 1 providers with available 192 MEMORY_MB {{(pid=89968) get_provider_ids_matching /opt/stack/placement/placement/objects/research_context.py:566}}
Jul 29 08:10:34.342358 np0000006068 devstack@placement-api.service[89968]: DEBUG placement.objects.research_context [req-96e44fb7-543c-46ff-b801-029a5e30c0ab req-d4c78681-56ae-4ba5-935f-5ded8cbc5d51 service nova] found 1 providers with available 1 VCPU {{(pid=89968) get_provider_ids_matching /opt/stack/placement/placement/objects/research_context.py:566}}
Jul 29 08:10:34.342444 np0000006068 devstack@placement-api.service[89968]: DEBUG placement.objects.research_context [req-96e44fb7-543c-46ff-b801-029a5e30c0ab req-d4c78681-56ae-4ba5-935f-5ded8cbc5d51 service nova] found 1 providers after filtering by previous result {{(pid=89968) get_provider_ids_matching /opt/stack/placement/placement/objects/research_context.py:597}}
Jul 29 08:10:34.348831 np0000006068 devstack@placement-api.service[89968]: DEBUG placement.objects.allocation_candidate [req-96e44fb7-543c-46ff-b801-029a5e30c0ab req-d4c78681-56ae-4ba5-935f-5ded8cbc5d51 service nova] RequestGroup(use_same_provider=False, resources={MEMORY_MB:192, VCPU:1}, traits=(), aggregates=[]) (suffix '') returned 1 matches {{(pid=89968) _get_by_requests /opt/stack/placement/placement/objects/allocation_candidate.py:158}}
Jul 29 08:10:34.348988 np0000006068 devstack@placement-api.service[89968]: DEBUG placement.objects.allocation_candidate [req-96e44fb7-543c-46ff-b801-029a5e30c0ab req-d4c78681-56ae-4ba5-935f-5ded8cbc5d51 service nova] Merging candidates yields 1 allocation requests and 1 provider summaries {{(pid=89968) _merge_candidates /opt/stack/placement/placement/objects/allocation_candidate.py:973}}
Jul 29 08:10:34.350038 np0000006068 devstack@placement-api.service[89968]: INFO placement.requestlog [req-96e44fb7-543c-46ff-b801-029a5e30c0ab req-d4c78681-56ae-4ba5-935f-5ded8cbc5d51 service nova] 10.4.3.166 "GET /placement/allocation_candidates?limit=1000&resources=MEMORY_MB%3A192%2CVCPU%3A1&root_required=%21COMPUTE_STATUS_DISABLED" status: 200 len: 2479 microversion: 1.36
Jul 29 08:10:34.350276 np0000006068 devstack@placement-api.service[89968]: [pid: 89968|app: 0|req: 381/1148] 10.4.3.166 () {68 vars in 1597 bytes} [Wed Jul 29 08:10:34 2026] GET /placement/allocation_candidates?limit=1000&resources=MEMORY_MB%3A192%2CVCPU%3A1&root_required=%21COMPUTE_STATUS_DISABLED => generated 2479 bytes in 40 msecs (HTTP/1.1 200) 8 headers in 297 bytes (1 switches on core 0)
Jul 29 08:10:34.376139 np0000006068 devstack@placement-api.service[89967]: DEBUG placement.requestlog [req-96f258d1-0194-49fe-be45-7228c6ef39c6 req-82eb2a2e-75ed-4bd9-b9eb-c04d92811511 None None] Starting request: 10.4.3.166 "GET /placement/allocations/c06ca0cd-7606-404f-a09a-eaefb345e164" {{(pid=89967) __call__ /opt/stack/placement/placement/requestlog.py:55}}
Jul 29 08:10:34.382387 np0000006068 devstack@placement-api.service[89967]: INFO placement.requestlog [req-96f258d1-0194-49fe-be45-7228c6ef39c6 req-82eb2a2e-75ed-4bd9-b9eb-c04d92811511 service nova] 10.4.3.166 "GET /placement/allocations/c06ca0cd-7606-404f-a09a-eaefb345e164" status: 200 len: 19 microversion: 1.28
Jul 29 08:10:34.382603 np0000006068 devstack@placement-api.service[89967]: [pid: 89967|app: 0|req: 385/1149] 10.4.3.166 () {68 vars in 1501 bytes} [Wed Jul 29 08:10:34 2026] GET /placement/allocations/c06ca0cd-7606-404f-a09a-eaefb345e164 => generated 19 bytes in 7 msecs (HTTP/1.1 200) 8 headers in 295 bytes (1 switches on core 0)
Jul 29 08:10:34.399833 np0000006068 devstack@placement-api.service[89969]: DEBUG placement.requestlog [req-96e44fb7-543c-46ff-b801-029a5e30c0ab req-8833088c-f99a-45cf-ab78-88975a68409a None None] Starting request: 10.4.3.166 "GET /placement/allocations/3e47223c-80ee-4b4b-8ef8-f4531396d668" {{(pid=89969) __call__ /opt/stack/placement/placement/requestlog.py:55}}
Jul 29 08:10:34.408307 np0000006068 devstack@placement-api.service[89969]: INFO placement.requestlog [req-96e44fb7-543c-46ff-b801-029a5e30c0ab req-8833088c-f99a-45cf-ab78-88975a68409a service nova] 10.4.3.166 "GET /placement/allocations/3e47223c-80ee-4b4b-8ef8-f4531396d668" status: 200 len: 19 microversion: 1.28
Jul 29 08:10:34.408307 np0000006068 devstack@placement-api.service[89969]: [pid: 89969|app: 0|req: 384/1150] 10.4.3.166 () {68 vars in 1501 bytes} [Wed Jul 29 08:10:34 2026] GET /placement/allocations/3e47223c-80ee-4b4b-8ef8-f4531396d668 => generated 19 bytes in 9 msecs (HTTP/1.1 200) 8 headers in 295 bytes (1 switches on core 0)
Jul 29 08:10:34.413982 np0000006068 devstack@placement-api.service[89968]: DEBUG placement.requestlog [req-96f258d1-0194-49fe-be45-7228c6ef39c6 req-77ffc903-75c1-4e44-b7a6-01087a31d76c None None] Starting request: 10.4.3.166 "PUT /placement/allocations/c06ca0cd-7606-404f-a09a-eaefb345e164" {{(pid=89968) __call__ /opt/stack/placement/placement/requestlog.py:55}}
Jul 29 08:10:34.428498 np0000006068 devstack@placement-api.service[89967]: DEBUG placement.requestlog [req-2be541e7-bba1-46b1-92c2-a57083e7e5ad req-ce161460-08fb-4bfd-8e2f-9654ec1eaff3 None None] Starting request: 10.4.3.166 "GET /placement/allocations/b0a9bb93-daca-4c55-9cc9-897ddd5315cc" {{(pid=89967) __call__ /opt/stack/placement/placement/requestlog.py:55}}
Jul 29 08:10:34.437924 np0000006068 devstack@placement-api.service[89969]: DEBUG placement.requestlog [req-96e44fb7-543c-46ff-b801-029a5e30c0ab req-ed05e7f7-7140-458b-bdbe-8f4f2a459797 None None] Starting request: 10.4.3.166 "PUT /placement/allocations/3e47223c-80ee-4b4b-8ef8-f4531396d668" {{(pid=89969) __call__ /opt/stack/placement/placement/requestlog.py:55}}
Jul 29 08:10:34.438056 np0000006068 devstack@placement-api.service[89967]: INFO placement.requestlog [req-2be541e7-bba1-46b1-92c2-a57083e7e5ad req-ce161460-08fb-4bfd-8e2f-9654ec1eaff3 service nova] 10.4.3.166 "GET /placement/allocations/b0a9bb93-daca-4c55-9cc9-897ddd5315cc" status: 200 len: 258 microversion: 1.28
Jul 29 08:10:34.438056 np0000006068 devstack@placement-api.service[89967]: [pid: 89967|app: 0|req: 386/1151] 10.4.3.166 () {68 vars in 1499 bytes} [Wed Jul 29 08:10:34 2026] GET /placement/allocations/b0a9bb93-daca-4c55-9cc9-897ddd5315cc => generated 258 bytes in 10 msecs (HTTP/1.1 200) 8 headers in 296 bytes (1 switches on core 0)
Jul 29 08:10:34.467838 np0000006068 devstack@placement-api.service[89968]: DEBUG placement.handlers.allocation [req-96f258d1-0194-49fe-be45-7228c6ef39c6 req-77ffc903-75c1-4e44-b7a6-01087a31d76c service nova] Successfully wrote allocations [, , ] {{(pid=89968) _update_consumers_and_create_allocations /opt/stack/placement/placement/handlers/allocation.py:462}}
Jul 29 08:10:34.476296 np0000006068 devstack@placement-api.service[89969]: DEBUG placement.objects.allocation [req-96e44fb7-543c-46ff-b801-029a5e30c0ab req-ed05e7f7-7140-458b-bdbe-8f4f2a459797 service nova] Retrying allocations write on resource provider generation conflict {{(pid=89969) replace_all /opt/stack/placement/placement/objects/allocation.py:566}}
Jul 29 08:10:34.476416 np0000006068 devstack@placement-api.service[89968]: INFO placement.requestlog [req-96f258d1-0194-49fe-be45-7228c6ef39c6 req-77ffc903-75c1-4e44-b7a6-01087a31d76c service nova] 10.4.3.166 "PUT /placement/allocations/c06ca0cd-7606-404f-a09a-eaefb345e164" status: 204 len: 0 microversion: 1.36
Jul 29 08:10:34.476416 np0000006068 devstack@placement-api.service[89968]: [pid: 89968|app: 0|req: 382/1152] 10.4.3.166 () {72 vars in 1554 bytes} [Wed Jul 29 08:10:34 2026] PUT /placement/allocations/c06ca0cd-7606-404f-a09a-eaefb345e164 => generated 0 bytes in 60 msecs (HTTP/1.1 204) 5 headers in 199 bytes (1 switches on core 0)
Jul 29 08:10:34.515475 np0000006068 devstack@placement-api.service[89969]: DEBUG placement.handlers.allocation [req-96e44fb7-543c-46ff-b801-029a5e30c0ab req-ed05e7f7-7140-458b-bdbe-8f4f2a459797 service nova] Successfully wrote allocations [, ] {{(pid=89969) _update_consumers_and_create_allocations /opt/stack/placement/placement/handlers/allocation.py:462}}
Jul 29 08:10:34.520997 np0000006068 devstack@placement-api.service[89967]: DEBUG placement.requestlog [req-2be541e7-bba1-46b1-92c2-a57083e7e5ad req-c6c6ec40-0b24-4f3f-9cdd-c05a805a0ab9 None None] Starting request: 10.4.3.166 "GET /placement/resource_providers/4e9edfd2-e3cb-4575-acc5-bc6321842610/allocations" {{(pid=89967) __call__ /opt/stack/placement/placement/requestlog.py:55}}
Jul 29 08:10:34.521336 np0000006068 devstack@placement-api.service[89969]: INFO placement.requestlog [req-96e44fb7-543c-46ff-b801-029a5e30c0ab req-ed05e7f7-7140-458b-bdbe-8f4f2a459797 service nova] 10.4.3.166 "PUT /placement/allocations/3e47223c-80ee-4b4b-8ef8-f4531396d668" status: 204 len: 0 microversion: 1.36
Jul 29 08:10:34.521658 np0000006068 devstack@placement-api.service[89969]: [pid: 89969|app: 0|req: 385/1153] 10.4.3.166 () {72 vars in 1554 bytes} [Wed Jul 29 08:10:34 2026] PUT /placement/allocations/3e47223c-80ee-4b4b-8ef8-f4531396d668 => generated 0 bytes in 84 msecs (HTTP/1.1 204) 5 headers in 199 bytes (1 switches on core 0)
Jul 29 08:10:34.531248 np0000006068 devstack@placement-api.service[89967]: INFO placement.requestlog [req-2be541e7-bba1-46b1-92c2-a57083e7e5ad req-c6c6ec40-0b24-4f3f-9cdd-c05a805a0ab9 service nova] 10.4.3.166 "GET /placement/resource_providers/4e9edfd2-e3cb-4575-acc5-bc6321842610/allocations" status: 200 len: 897 microversion: 1.0
Jul 29 08:10:34.531468 np0000006068 devstack@placement-api.service[89967]: [pid: 89967|app: 0|req: 387/1154] 10.4.3.166 () {66 vars in 1512 bytes} [Wed Jul 29 08:10:34 2026] GET /placement/resource_providers/4e9edfd2-e3cb-4575-acc5-bc6321842610/allocations => generated 897 bytes in 10 msecs (HTTP/1.1 200) 6 headers in 224 bytes (1 switches on core 0)
Jul 29 08:10:34.560492 np0000006068 devstack@placement-api.service[89968]: DEBUG placement.requestlog [req-2be541e7-bba1-46b1-92c2-a57083e7e5ad req-25fcc8c7-b7b0-4776-a428-3682f7bff381 None None] Starting request: 10.4.3.166 "GET /placement/allocations/c06ca0cd-7606-404f-a09a-eaefb345e164" {{(pid=89968) __call__ /opt/stack/placement/placement/requestlog.py:55}}
Jul 29 08:10:34.573805 np0000006068 devstack@placement-api.service[89968]: INFO placement.requestlog [req-2be541e7-bba1-46b1-92c2-a57083e7e5ad req-25fcc8c7-b7b0-4776-a428-3682f7bff381 service nova] 10.4.3.166 "GET /placement/allocations/c06ca0cd-7606-404f-a09a-eaefb345e164" status: 200 len: 258 microversion: 1.28
Jul 29 08:10:34.574081 np0000006068 devstack@placement-api.service[89968]: [pid: 89968|app: 0|req: 383/1155] 10.4.3.166 () {68 vars in 1499 bytes} [Wed Jul 29 08:10:34 2026] GET /placement/allocations/c06ca0cd-7606-404f-a09a-eaefb345e164 => generated 258 bytes in 14 msecs (HTTP/1.1 200) 8 headers in 296 bytes (1 switches on core 0)
Jul 29 08:10:34.622382 np0000006068 devstack@placement-api.service[89969]: DEBUG placement.requestlog [req-2be541e7-bba1-46b1-92c2-a57083e7e5ad req-ed6183e1-1b36-4c2a-ac56-d6dcfcbc7206 None None] Starting request: 10.4.3.166 "GET /placement/allocations/8597b894-c3d8-49a6-8fd0-79173cdc1d98" {{(pid=89969) __call__ /opt/stack/placement/placement/requestlog.py:55}}
Jul 29 08:10:34.629933 np0000006068 devstack@placement-api.service[89969]: INFO placement.requestlog [req-2be541e7-bba1-46b1-92c2-a57083e7e5ad req-ed6183e1-1b36-4c2a-ac56-d6dcfcbc7206 service nova] 10.4.3.166 "GET /placement/allocations/8597b894-c3d8-49a6-8fd0-79173cdc1d98" status: 200 len: 258 microversion: 1.28
Jul 29 08:10:34.630362 np0000006068 devstack@placement-api.service[89969]: [pid: 89969|app: 0|req: 386/1156] 10.4.3.166 () {68 vars in 1499 bytes} [Wed Jul 29 08:10:34 2026] GET /placement/allocations/8597b894-c3d8-49a6-8fd0-79173cdc1d98 => generated 258 bytes in 8 msecs (HTTP/1.1 200) 8 headers in 296 bytes (1 switches on core 0)
Jul 29 08:10:34.673407 np0000006068 devstack@placement-api.service[89967]: DEBUG placement.requestlog [req-2be541e7-bba1-46b1-92c2-a57083e7e5ad req-b4cbc0da-96d5-4d5b-8f91-a35a4ea7a10d None None] Starting request: 10.4.3.166 "GET /placement/allocations/3e47223c-80ee-4b4b-8ef8-f4531396d668" {{(pid=89967) __call__ /opt/stack/placement/placement/requestlog.py:55}}
Jul 29 08:10:34.684503 np0000006068 devstack@placement-api.service[89967]: INFO placement.requestlog [req-2be541e7-bba1-46b1-92c2-a57083e7e5ad req-b4cbc0da-96d5-4d5b-8f91-a35a4ea7a10d service nova] 10.4.3.166 "GET /placement/allocations/3e47223c-80ee-4b4b-8ef8-f4531396d668" status: 200 len: 244 microversion: 1.28
Jul 29 08:10:34.684735 np0000006068 devstack@placement-api.service[89967]: [pid: 89967|app: 0|req: 388/1157] 10.4.3.166 () {68 vars in 1499 bytes} [Wed Jul 29 08:10:34 2026] GET /placement/allocations/3e47223c-80ee-4b4b-8ef8-f4531396d668 => generated 244 bytes in 11 msecs (HTTP/1.1 200) 8 headers in 296 bytes (1 switches on core 0)
Jul 29 08:10:34.689525 np0000006068 devstack@placement-api.service[89968]: DEBUG placement.requestlog [req-96f258d1-0194-49fe-be45-7228c6ef39c6 req-6587a07a-9556-4e03-936b-57c7b5f84f21 None None] Starting request: 10.4.3.166 "GET /placement/allocations/c06ca0cd-7606-404f-a09a-eaefb345e164" {{(pid=89968) __call__ /opt/stack/placement/placement/requestlog.py:55}}
Jul 29 08:10:34.697971 np0000006068 devstack@placement-api.service[89968]: INFO placement.requestlog [req-96f258d1-0194-49fe-be45-7228c6ef39c6 req-6587a07a-9556-4e03-936b-57c7b5f84f21 service nova] 10.4.3.166 "GET /placement/allocations/c06ca0cd-7606-404f-a09a-eaefb345e164" status: 200 len: 258 microversion: 1.28
Jul 29 08:10:34.698194 np0000006068 devstack@placement-api.service[89968]: [pid: 89968|app: 0|req: 384/1158] 10.4.3.166 () {68 vars in 1499 bytes} [Wed Jul 29 08:10:34 2026] GET /placement/allocations/c06ca0cd-7606-404f-a09a-eaefb345e164 => generated 258 bytes in 9 msecs (HTTP/1.1 200) 8 headers in 296 bytes (1 switches on core 0)
Jul 29 08:10:34.715691 np0000006068 devstack@placement-api.service[89969]: DEBUG placement.requestlog [req-2be541e7-bba1-46b1-92c2-a57083e7e5ad req-d45c89fe-ddd1-4781-b360-e6a3d39be3b0 None None] Starting request: 10.4.3.166 "GET /placement/allocations/bc96a0d2-ca76-44c2-9126-89de35d97ecd" {{(pid=89969) __call__ /opt/stack/placement/placement/requestlog.py:55}}
Jul 29 08:10:34.727833 np0000006068 devstack@placement-api.service[89969]: INFO placement.requestlog [req-2be541e7-bba1-46b1-92c2-a57083e7e5ad req-d45c89fe-ddd1-4781-b360-e6a3d39be3b0 service nova] 10.4.3.166 "GET /placement/allocations/bc96a0d2-ca76-44c2-9126-89de35d97ecd" status: 200 len: 258 microversion: 1.28
Jul 29 08:10:34.728185 np0000006068 devstack@placement-api.service[89969]: [pid: 89969|app: 0|req: 387/1159] 10.4.3.166 () {68 vars in 1499 bytes} [Wed Jul 29 08:10:34 2026] GET /placement/allocations/bc96a0d2-ca76-44c2-9126-89de35d97ecd => generated 258 bytes in 13 msecs (HTTP/1.1 200) 8 headers in 296 bytes (1 switches on core 0)
Jul 29 08:10:34.761909 np0000006068 devstack@placement-api.service[89967]: DEBUG placement.requestlog [req-96e44fb7-543c-46ff-b801-029a5e30c0ab req-cabcb23c-05d0-4102-869a-53edb1e347be None None] Starting request: 10.4.3.166 "GET /placement/allocations/3e47223c-80ee-4b4b-8ef8-f4531396d668" {{(pid=89967) __call__ /opt/stack/placement/placement/requestlog.py:55}}
Jul 29 08:10:34.772233 np0000006068 devstack@placement-api.service[89967]: INFO placement.requestlog [req-96e44fb7-543c-46ff-b801-029a5e30c0ab req-cabcb23c-05d0-4102-869a-53edb1e347be service nova] 10.4.3.166 "GET /placement/allocations/3e47223c-80ee-4b4b-8ef8-f4531396d668" status: 200 len: 244 microversion: 1.28
Jul 29 08:10:34.772564 np0000006068 devstack@placement-api.service[89967]: [pid: 89967|app: 0|req: 389/1160] 10.4.3.166 () {68 vars in 1499 bytes} [Wed Jul 29 08:10:34 2026] GET /placement/allocations/3e47223c-80ee-4b4b-8ef8-f4531396d668 => generated 244 bytes in 11 msecs (HTTP/1.1 200) 8 headers in 296 bytes (1 switches on core 0)
Jul 29 08:10:34.773284 np0000006068 devstack@placement-api.service[89968]: DEBUG placement.requestlog [req-2be541e7-bba1-46b1-92c2-a57083e7e5ad req-1ffe024a-e9f8-4dd5-a8d5-299cd114d3d6 None None] Starting request: 10.4.3.166 "GET /placement/allocations/c146996a-be8e-40d1-8fd1-5fbda92739e3" {{(pid=89968) __call__ /opt/stack/placement/placement/requestlog.py:55}}
Jul 29 08:10:34.782935 np0000006068 devstack@placement-api.service[89968]: INFO placement.requestlog [req-2be541e7-bba1-46b1-92c2-a57083e7e5ad req-1ffe024a-e9f8-4dd5-a8d5-299cd114d3d6 service nova] 10.4.3.166 "GET /placement/allocations/c146996a-be8e-40d1-8fd1-5fbda92739e3" status: 200 len: 244 microversion: 1.28
Jul 29 08:10:34.783374 np0000006068 devstack@placement-api.service[89968]: [pid: 89968|app: 0|req: 385/1161] 10.4.3.166 () {68 vars in 1499 bytes} [Wed Jul 29 08:10:34 2026] GET /placement/allocations/c146996a-be8e-40d1-8fd1-5fbda92739e3 => generated 244 bytes in 10 msecs (HTTP/1.1 200) 8 headers in 296 bytes (1 switches on core 0)
Jul 29 08:10:34.815880 np0000006068 devstack@placement-api.service[89969]: DEBUG placement.requestlog [req-2be541e7-bba1-46b1-92c2-a57083e7e5ad req-baf2077b-1188-4813-a3ab-973b109d3db7 None None] Starting request: 10.4.3.166 "GET /placement/allocations/0f638f59-294e-4bd4-8163-edcf98c9cb27" {{(pid=89969) __call__ /opt/stack/placement/placement/requestlog.py:55}}
Jul 29 08:10:34.823160 np0000006068 devstack@placement-api.service[89969]: INFO placement.requestlog [req-2be541e7-bba1-46b1-92c2-a57083e7e5ad req-baf2077b-1188-4813-a3ab-973b109d3db7 service nova] 10.4.3.166 "GET /placement/allocations/0f638f59-294e-4bd4-8163-edcf98c9cb27" status: 200 len: 244 microversion: 1.28
Jul 29 08:10:34.823466 np0000006068 devstack@placement-api.service[89969]: [pid: 89969|app: 0|req: 388/1162] 10.4.3.166 () {68 vars in 1499 bytes} [Wed Jul 29 08:10:34 2026] GET /placement/allocations/0f638f59-294e-4bd4-8163-edcf98c9cb27 => generated 244 bytes in 8 msecs (HTTP/1.1 200) 8 headers in 296 bytes (2 switches on core 0)
Jul 29 08:10:34.851822 np0000006068 devstack@placement-api.service[89967]: DEBUG placement.requestlog [req-2be541e7-bba1-46b1-92c2-a57083e7e5ad req-c4733277-361b-4870-8f52-973175543001 None None] Starting request: 10.4.3.166 "GET /placement/allocations/cf76153e-003d-4bed-9101-901f9f31fc45" {{(pid=89967) __call__ /opt/stack/placement/placement/requestlog.py:55}}
Jul 29 08:10:34.862251 np0000006068 devstack@placement-api.service[89967]: INFO placement.requestlog [req-2be541e7-bba1-46b1-92c2-a57083e7e5ad req-c4733277-361b-4870-8f52-973175543001 service nova] 10.4.3.166 "GET /placement/allocations/cf76153e-003d-4bed-9101-901f9f31fc45" status: 200 len: 244 microversion: 1.28
Jul 29 08:10:34.862598 np0000006068 devstack@placement-api.service[89967]: [pid: 89967|app: 0|req: 390/1163] 10.4.3.166 () {68 vars in 1499 bytes} [Wed Jul 29 08:10:34 2026] GET /placement/allocations/cf76153e-003d-4bed-9101-901f9f31fc45 => generated 244 bytes in 11 msecs (HTTP/1.1 200) 8 headers in 296 bytes (1 switches on core 0)
Jul 29 08:10:34.890222 np0000006068 devstack@placement-api.service[89968]: DEBUG placement.requestlog [req-2be541e7-bba1-46b1-92c2-a57083e7e5ad req-18f54033-3869-4aba-8876-fd102074e4cf None None] Starting request: 10.4.3.166 "GET /placement/allocations/e22119fe-fbdd-4269-a8c7-22e61324293e" {{(pid=89968) __call__ /opt/stack/placement/placement/requestlog.py:55}}
Jul 29 08:10:34.900226 np0000006068 devstack@placement-api.service[89968]: INFO placement.requestlog [req-2be541e7-bba1-46b1-92c2-a57083e7e5ad req-18f54033-3869-4aba-8876-fd102074e4cf service nova] 10.4.3.166 "GET /placement/allocations/e22119fe-fbdd-4269-a8c7-22e61324293e" status: 200 len: 258 microversion: 1.28
Jul 29 08:10:34.900531 np0000006068 devstack@placement-api.service[89968]: [pid: 89968|app: 0|req: 386/1164] 10.4.3.166 () {68 vars in 1499 bytes} [Wed Jul 29 08:10:34 2026] GET /placement/allocations/e22119fe-fbdd-4269-a8c7-22e61324293e => generated 258 bytes in 10 msecs (HTTP/1.1 200) 8 headers in 296 bytes (1 switches on core 0)
Jul 29 08:10:34.941719 np0000006068 devstack@placement-api.service[89969]: DEBUG placement.requestlog [req-2be541e7-bba1-46b1-92c2-a57083e7e5ad req-dcaaf940-34aa-410e-ac48-84537966bd8b None None] Starting request: 10.4.3.166 "GET /placement/allocations/b0a9bb93-daca-4c55-9cc9-897ddd5315cc" {{(pid=89969) __call__ /opt/stack/placement/placement/requestlog.py:55}}
Jul 29 08:10:34.952383 np0000006068 devstack@placement-api.service[89969]: INFO placement.requestlog [req-2be541e7-bba1-46b1-92c2-a57083e7e5ad req-dcaaf940-34aa-410e-ac48-84537966bd8b service nova] 10.4.3.166 "GET /placement/allocations/b0a9bb93-daca-4c55-9cc9-897ddd5315cc" status: 200 len: 258 microversion: 1.28
Jul 29 08:10:34.952383 np0000006068 devstack@placement-api.service[89969]: [pid: 89969|app: 0|req: 389/1165] 10.4.3.166 () {68 vars in 1499 bytes} [Wed Jul 29 08:10:34 2026] GET /placement/allocations/b0a9bb93-daca-4c55-9cc9-897ddd5315cc => generated 258 bytes in 11 msecs (HTTP/1.1 200) 8 headers in 296 bytes (1 switches on core 0)
Jul 29 08:10:35.136396 np0000006068 devstack@placement-api.service[89967]: DEBUG placement.requestlog [req-96f258d1-0194-49fe-be45-7228c6ef39c6 req-3135bd93-5988-4650-b680-af4e6309af6d None None] Starting request: 10.4.3.166 "GET /placement/resource_providers/4e9edfd2-e3cb-4575-acc5-bc6321842610/allocations" {{(pid=89967) __call__ /opt/stack/placement/placement/requestlog.py:55}}
Jul 29 08:10:35.151665 np0000006068 devstack@placement-api.service[89967]: INFO placement.requestlog [req-96f258d1-0194-49fe-be45-7228c6ef39c6 req-3135bd93-5988-4650-b680-af4e6309af6d service nova] 10.4.3.166 "GET /placement/resource_providers/4e9edfd2-e3cb-4575-acc5-bc6321842610/allocations" status: 200 len: 897 microversion: 1.0
Jul 29 08:10:35.152046 np0000006068 devstack@placement-api.service[89967]: [pid: 89967|app: 0|req: 391/1166] 10.4.3.166 () {66 vars in 1512 bytes} [Wed Jul 29 08:10:35 2026] GET /placement/resource_providers/4e9edfd2-e3cb-4575-acc5-bc6321842610/allocations => generated 897 bytes in 16 msecs (HTTP/1.1 200) 6 headers in 224 bytes (1 switches on core 0)
Jul 29 08:10:35.225825 np0000006068 devstack@placement-api.service[89968]: DEBUG placement.requestlog [req-96f258d1-0194-49fe-be45-7228c6ef39c6 req-f2a501a6-9e74-4e57-8b5b-06472893f814 None None] Starting request: 10.4.3.166 "GET /placement/allocations/c06ca0cd-7606-404f-a09a-eaefb345e164" {{(pid=89968) __call__ /opt/stack/placement/placement/requestlog.py:55}}
Jul 29 08:10:35.235614 np0000006068 devstack@placement-api.service[89968]: INFO placement.requestlog [req-96f258d1-0194-49fe-be45-7228c6ef39c6 req-f2a501a6-9e74-4e57-8b5b-06472893f814 service nova] 10.4.3.166 "GET /placement/allocations/c06ca0cd-7606-404f-a09a-eaefb345e164" status: 200 len: 258 microversion: 1.28
Jul 29 08:10:35.235948 np0000006068 devstack@placement-api.service[89968]: [pid: 89968|app: 0|req: 387/1167] 10.4.3.166 () {68 vars in 1499 bytes} [Wed Jul 29 08:10:35 2026] GET /placement/allocations/c06ca0cd-7606-404f-a09a-eaefb345e164 => generated 258 bytes in 10 msecs (HTTP/1.1 200) 8 headers in 296 bytes (1 switches on core 0)
Jul 29 08:10:35.289680 np0000006068 devstack@placement-api.service[89969]: DEBUG placement.requestlog [req-96f258d1-0194-49fe-be45-7228c6ef39c6 req-f653a539-c9a8-4761-affc-73b261631bb7 None None] Starting request: 10.4.3.166 "GET /placement/allocations/8597b894-c3d8-49a6-8fd0-79173cdc1d98" {{(pid=89969) __call__ /opt/stack/placement/placement/requestlog.py:55}}
Jul 29 08:10:35.309464 np0000006068 devstack@placement-api.service[89969]: INFO placement.requestlog [req-96f258d1-0194-49fe-be45-7228c6ef39c6 req-f653a539-c9a8-4761-affc-73b261631bb7 service nova] 10.4.3.166 "GET /placement/allocations/8597b894-c3d8-49a6-8fd0-79173cdc1d98" status: 200 len: 258 microversion: 1.28
Jul 29 08:10:35.309464 np0000006068 devstack@placement-api.service[89969]: [pid: 89969|app: 0|req: 390/1168] 10.4.3.166 () {68 vars in 1499 bytes} [Wed Jul 29 08:10:35 2026] GET /placement/allocations/8597b894-c3d8-49a6-8fd0-79173cdc1d98 => generated 258 bytes in 20 msecs (HTTP/1.1 200) 8 headers in 296 bytes (1 switches on core 0)
Jul 29 08:10:35.376978 np0000006068 devstack@placement-api.service[89967]: DEBUG placement.requestlog [req-96f258d1-0194-49fe-be45-7228c6ef39c6 req-b6d799f1-12bc-479a-b0cf-f3e8a2e23ac5 None None] Starting request: 10.4.3.166 "GET /placement/allocations/3e47223c-80ee-4b4b-8ef8-f4531396d668" {{(pid=89967) __call__ /opt/stack/placement/placement/requestlog.py:55}}
Jul 29 08:10:35.395479 np0000006068 devstack@placement-api.service[89967]: INFO placement.requestlog [req-96f258d1-0194-49fe-be45-7228c6ef39c6 req-b6d799f1-12bc-479a-b0cf-f3e8a2e23ac5 service nova] 10.4.3.166 "GET /placement/allocations/3e47223c-80ee-4b4b-8ef8-f4531396d668" status: 200 len: 244 microversion: 1.28
Jul 29 08:10:35.396122 np0000006068 devstack@placement-api.service[89967]: [pid: 89967|app: 0|req: 392/1169] 10.4.3.166 () {68 vars in 1499 bytes} [Wed Jul 29 08:10:35 2026] GET /placement/allocations/3e47223c-80ee-4b4b-8ef8-f4531396d668 => generated 244 bytes in 19 msecs (HTTP/1.1 200) 8 headers in 296 bytes (1 switches on core 0)
Jul 29 08:10:35.465683 np0000006068 devstack@placement-api.service[89968]: DEBUG placement.requestlog [req-96f258d1-0194-49fe-be45-7228c6ef39c6 req-78fde006-069e-4fb4-bd67-5cedc8a57304 None None] Starting request: 10.4.3.166 "GET /placement/allocations/bc96a0d2-ca76-44c2-9126-89de35d97ecd" {{(pid=89968) __call__ /opt/stack/placement/placement/requestlog.py:55}}
Jul 29 08:10:35.475445 np0000006068 devstack@placement-api.service[89968]: INFO placement.requestlog [req-96f258d1-0194-49fe-be45-7228c6ef39c6 req-78fde006-069e-4fb4-bd67-5cedc8a57304 service nova] 10.4.3.166 "GET /placement/allocations/bc96a0d2-ca76-44c2-9126-89de35d97ecd" status: 200 len: 258 microversion: 1.28
Jul 29 08:10:35.476035 np0000006068 devstack@placement-api.service[89968]: [pid: 89968|app: 0|req: 388/1170] 10.4.3.166 () {68 vars in 1499 bytes} [Wed Jul 29 08:10:35 2026] GET /placement/allocations/bc96a0d2-ca76-44c2-9126-89de35d97ecd => generated 258 bytes in 10 msecs (HTTP/1.1 200) 8 headers in 296 bytes (1 switches on core 0)
Jul 29 08:10:35.541512 np0000006068 devstack@placement-api.service[89969]: DEBUG placement.requestlog [req-96f258d1-0194-49fe-be45-7228c6ef39c6 req-74b20406-f232-4576-8778-528512f51faf None None] Starting request: 10.4.3.166 "GET /placement/allocations/c146996a-be8e-40d1-8fd1-5fbda92739e3" {{(pid=89969) __call__ /opt/stack/placement/placement/requestlog.py:55}}
Jul 29 08:10:35.552644 np0000006068 devstack@placement-api.service[89969]: INFO placement.requestlog [req-96f258d1-0194-49fe-be45-7228c6ef39c6 req-74b20406-f232-4576-8778-528512f51faf service nova] 10.4.3.166 "GET /placement/allocations/c146996a-be8e-40d1-8fd1-5fbda92739e3" status: 200 len: 244 microversion: 1.28
Jul 29 08:10:35.553069 np0000006068 devstack@placement-api.service[89969]: [pid: 89969|app: 0|req: 391/1171] 10.4.3.166 () {68 vars in 1499 bytes} [Wed Jul 29 08:10:35 2026] GET /placement/allocations/c146996a-be8e-40d1-8fd1-5fbda92739e3 => generated 244 bytes in 12 msecs (HTTP/1.1 200) 8 headers in 296 bytes (1 switches on core 0)
Jul 29 08:10:35.587864 np0000006068 devstack@placement-api.service[89967]: DEBUG placement.requestlog [req-96f258d1-0194-49fe-be45-7228c6ef39c6 req-30452db6-2cc2-403f-a241-13a41680cc23 None None] Starting request: 10.4.3.166 "GET /placement/allocations/0f638f59-294e-4bd4-8163-edcf98c9cb27" {{(pid=89967) __call__ /opt/stack/placement/placement/requestlog.py:55}}
Jul 29 08:10:35.597391 np0000006068 devstack@placement-api.service[89967]: INFO placement.requestlog [req-96f258d1-0194-49fe-be45-7228c6ef39c6 req-30452db6-2cc2-403f-a241-13a41680cc23 service nova] 10.4.3.166 "GET /placement/allocations/0f638f59-294e-4bd4-8163-edcf98c9cb27" status: 200 len: 244 microversion: 1.28
Jul 29 08:10:35.597663 np0000006068 devstack@placement-api.service[89967]: [pid: 89967|app: 0|req: 393/1172] 10.4.3.166 () {68 vars in 1499 bytes} [Wed Jul 29 08:10:35 2026] GET /placement/allocations/0f638f59-294e-4bd4-8163-edcf98c9cb27 => generated 244 bytes in 10 msecs (HTTP/1.1 200) 8 headers in 296 bytes (1 switches on core 0)
Jul 29 08:10:35.650625 np0000006068 devstack@placement-api.service[89968]: DEBUG placement.requestlog [req-96f258d1-0194-49fe-be45-7228c6ef39c6 req-823002ba-e13b-441f-b219-bf150cdd0273 None None] Starting request: 10.4.3.166 "GET /placement/allocations/cf76153e-003d-4bed-9101-901f9f31fc45" {{(pid=89968) __call__ /opt/stack/placement/placement/requestlog.py:55}}
Jul 29 08:10:35.658227 np0000006068 devstack@placement-api.service[89968]: INFO placement.requestlog [req-96f258d1-0194-49fe-be45-7228c6ef39c6 req-823002ba-e13b-441f-b219-bf150cdd0273 service nova] 10.4.3.166 "GET /placement/allocations/cf76153e-003d-4bed-9101-901f9f31fc45" status: 200 len: 244 microversion: 1.28
Jul 29 08:10:35.658446 np0000006068 devstack@placement-api.service[89968]: [pid: 89968|app: 0|req: 389/1173] 10.4.3.166 () {68 vars in 1499 bytes} [Wed Jul 29 08:10:35 2026] GET /placement/allocations/cf76153e-003d-4bed-9101-901f9f31fc45 => generated 244 bytes in 8 msecs (HTTP/1.1 200) 8 headers in 296 bytes (1 switches on core 0)
Jul 29 08:10:35.698188 np0000006068 devstack@placement-api.service[89969]: DEBUG placement.requestlog [req-96f258d1-0194-49fe-be45-7228c6ef39c6 req-0efa27e3-aec6-4ced-9953-e67e506ad3fc None None] Starting request: 10.4.3.166 "GET /placement/allocations/e22119fe-fbdd-4269-a8c7-22e61324293e" {{(pid=89969) __call__ /opt/stack/placement/placement/requestlog.py:55}}
Jul 29 08:10:35.721399 np0000006068 devstack@placement-api.service[89969]: INFO placement.requestlog [req-96f258d1-0194-49fe-be45-7228c6ef39c6 req-0efa27e3-aec6-4ced-9953-e67e506ad3fc service nova] 10.4.3.166 "GET /placement/allocations/e22119fe-fbdd-4269-a8c7-22e61324293e" status: 200 len: 258 microversion: 1.28
Jul 29 08:10:35.722371 np0000006068 devstack@placement-api.service[89969]: [pid: 89969|app: 0|req: 392/1174] 10.4.3.166 () {68 vars in 1499 bytes} [Wed Jul 29 08:10:35 2026] GET /placement/allocations/e22119fe-fbdd-4269-a8c7-22e61324293e => generated 258 bytes in 24 msecs (HTTP/1.1 200) 8 headers in 296 bytes (1 switches on core 0)
Jul 29 08:10:35.760917 np0000006068 devstack@placement-api.service[89967]: DEBUG placement.requestlog [req-96f258d1-0194-49fe-be45-7228c6ef39c6 req-70c31658-86ff-4b24-9eff-f081a875a9ea None None] Starting request: 10.4.3.166 "GET /placement/allocations/b0a9bb93-daca-4c55-9cc9-897ddd5315cc" {{(pid=89967) __call__ /opt/stack/placement/placement/requestlog.py:55}}
