Jul 08 11:08:36.791411 np0000004814 nova-scheduler[96355]: DEBUG cotyledon.oslo_config_glue [-] oslo_messaging_metrics.metrics_socket_file = /var/tmp/metrics_collector.sock {{(pid=96355) log_opt_values /opt/stack/data/venv/lib/python3.12/site-packages/oslo_config/cfg.py:3253}}
Jul 08 11:08:36.791411 np0000004814 nova-scheduler[96355]: DEBUG cotyledon.oslo_config_glue [-] oslo_messaging_metrics.metrics_thread_stop_timeout = 10 {{(pid=96355) log_opt_values /opt/stack/data/venv/lib/python3.12/site-packages/oslo_config/cfg.py:3253}}
Jul 08 11:08:36.791411 np0000004814 nova-scheduler[96355]: DEBUG cotyledon.oslo_config_glue [-] profiler.connection_string = messaging:// {{(pid=96355) log_opt_values /opt/stack/data/venv/lib/python3.12/site-packages/oslo_config/cfg.py:3253}}
Jul 08 11:08:36.791411 np0000004814 nova-scheduler[96355]: DEBUG cotyledon.oslo_config_glue [-] profiler.enabled = False {{(pid=96355) log_opt_values /opt/stack/data/venv/lib/python3.12/site-packages/oslo_config/cfg.py:3253}}
Jul 08 11:08:36.791411 np0000004814 nova-scheduler[96355]: DEBUG cotyledon.oslo_config_glue [-] profiler.es_doc_type = notification {{(pid=96355) log_opt_values /opt/stack/data/venv/lib/python3.12/site-packages/oslo_config/cfg.py:3253}}
Jul 08 11:08:36.791411 np0000004814 nova-scheduler[96355]: DEBUG cotyledon.oslo_config_glue [-] profiler.es_scroll_size = 10000 {{(pid=96355) log_opt_values /opt/stack/data/venv/lib/python3.12/site-packages/oslo_config/cfg.py:3253}}
Jul 08 11:08:36.791411 np0000004814 nova-scheduler[96355]: DEBUG cotyledon.oslo_config_glue [-] profiler.es_scroll_time = 2m {{(pid=96355) log_opt_values /opt/stack/data/venv/lib/python3.12/site-packages/oslo_config/cfg.py:3253}}
Jul 08 11:08:36.791581 np0000004814 nova-scheduler[96355]: DEBUG cotyledon.oslo_config_glue [-] profiler.filter_error_trace = False {{(pid=96355) log_opt_values /opt/stack/data/venv/lib/python3.12/site-packages/oslo_config/cfg.py:3253}}
Jul 08 11:08:36.791581 np0000004814 nova-scheduler[96355]: DEBUG cotyledon.oslo_config_glue [-] profiler.hmac_keys = **** {{(pid=96355) log_opt_values /opt/stack/data/venv/lib/python3.12/site-packages/oslo_config/cfg.py:3253}}
Jul 08 11:08:36.791581 np0000004814 nova-scheduler[96355]: DEBUG cotyledon.oslo_config_glue [-] profiler.sentinel_service_name = mymaster {{(pid=96355) log_opt_values /opt/stack/data/venv/lib/python3.12/site-packages/oslo_config/cfg.py:3253}}
Jul 08 11:08:36.791581 np0000004814 nova-scheduler[96355]: DEBUG cotyledon.oslo_config_glue [-] profiler.socket_timeout = 0.1 {{(pid=96355) log_opt_values /opt/stack/data/venv/lib/python3.12/site-packages/oslo_config/cfg.py:3253}}
Jul 08 11:08:36.791581 np0000004814 nova-scheduler[96355]: DEBUG cotyledon.oslo_config_glue [-] profiler.trace_requests = False {{(pid=96355) log_opt_values /opt/stack/data/venv/lib/python3.12/site-packages/oslo_config/cfg.py:3253}}
Jul 08 11:08:36.791581 np0000004814 nova-scheduler[96355]: DEBUG cotyledon.oslo_config_glue [-] profiler.trace_sqlalchemy = False {{(pid=96355) log_opt_values /opt/stack/data/venv/lib/python3.12/site-packages/oslo_config/cfg.py:3253}}
Jul 08 11:08:36.791581 np0000004814 nova-scheduler[96355]: DEBUG cotyledon.oslo_config_glue [-] profiler_jaeger.process_tags = {} {{(pid=96355) log_opt_values /opt/stack/data/venv/lib/python3.12/site-packages/oslo_config/cfg.py:3253}}
Jul 08 11:08:36.791581 np0000004814 nova-scheduler[96355]: DEBUG cotyledon.oslo_config_glue [-] profiler_jaeger.service_name_prefix = None {{(pid=96355) log_opt_values /opt/stack/data/venv/lib/python3.12/site-packages/oslo_config/cfg.py:3253}}
Jul 08 11:08:36.791581 np0000004814 nova-scheduler[96355]: DEBUG cotyledon.oslo_config_glue [-] profiler_otlp.service_name_prefix = None {{(pid=96355) log_opt_values /opt/stack/data/venv/lib/python3.12/site-packages/oslo_config/cfg.py:3253}}
Jul 08 11:08:36.792036 np0000004814 nova-scheduler[96355]: DEBUG cotyledon.oslo_config_glue [-] oslo_messaging_rabbit.amqp_auto_delete = False {{(pid=96355) log_opt_values /opt/stack/data/venv/lib/python3.12/site-packages/oslo_config/cfg.py:3253}}
Jul 08 11:08:36.792036 np0000004814 nova-scheduler[96355]: DEBUG cotyledon.oslo_config_glue [-] oslo_messaging_rabbit.amqp_durable_queues = False {{(pid=96355) log_opt_values /opt/stack/data/venv/lib/python3.12/site-packages/oslo_config/cfg.py:3253}}
Jul 08 11:08:36.792036 np0000004814 nova-scheduler[96355]: DEBUG cotyledon.oslo_config_glue [-] oslo_messaging_rabbit.conn_pool_min_size = 2 {{(pid=96355) log_opt_values /opt/stack/data/venv/lib/python3.12/site-packages/oslo_config/cfg.py:3253}}
Jul 08 11:08:36.792036 np0000004814 nova-scheduler[96355]: DEBUG cotyledon.oslo_config_glue [-] oslo_messaging_rabbit.conn_pool_ttl = 1200 {{(pid=96355) log_opt_values /opt/stack/data/venv/lib/python3.12/site-packages/oslo_config/cfg.py:3253}}
Jul 08 11:08:36.792036 np0000004814 nova-scheduler[96355]: DEBUG cotyledon.oslo_config_glue [-] oslo_messaging_rabbit.direct_mandatory_flag = True {{(pid=96355) log_opt_values /opt/stack/data/venv/lib/python3.12/site-packages/oslo_config/cfg.py:3253}}
Jul 08 11:08:36.792036 np0000004814 nova-scheduler[96355]: DEBUG cotyledon.oslo_config_glue [-] oslo_messaging_rabbit.enable_cancel_on_failover = False {{(pid=96355) log_opt_values /opt/stack/data/venv/lib/python3.12/site-packages/oslo_config/cfg.py:3253}}
Jul 08 11:08:36.792036 np0000004814 nova-scheduler[96355]: DEBUG cotyledon.oslo_config_glue [-] oslo_messaging_rabbit.heartbeat_rate = 3 {{(pid=96355) log_opt_values /opt/stack/data/venv/lib/python3.12/site-packages/oslo_config/cfg.py:3253}}
Jul 08 11:08:36.792036 np0000004814 nova-scheduler[96355]: DEBUG cotyledon.oslo_config_glue [-] oslo_messaging_rabbit.heartbeat_timeout_threshold = 60 {{(pid=96355) log_opt_values /opt/stack/data/venv/lib/python3.12/site-packages/oslo_config/cfg.py:3253}}
Jul 08 11:08:36.792036 np0000004814 nova-scheduler[96355]: DEBUG cotyledon.oslo_config_glue [-] oslo_messaging_rabbit.hostname = np0000004814 {{(pid=96355) log_opt_values /opt/stack/data/venv/lib/python3.12/site-packages/oslo_config/cfg.py:3253}}
Jul 08 11:08:36.792198 np0000004814 nova-scheduler[96355]: DEBUG cotyledon.oslo_config_glue [-] oslo_messaging_rabbit.kombu_compression = None {{(pid=96355) log_opt_values /opt/stack/data/venv/lib/python3.12/site-packages/oslo_config/cfg.py:3253}}
Jul 08 11:08:36.792198 np0000004814 nova-scheduler[96355]: DEBUG cotyledon.oslo_config_glue [-] oslo_messaging_rabbit.kombu_failover_strategy = round-robin {{(pid=96355) log_opt_values /opt/stack/data/venv/lib/python3.12/site-packages/oslo_config/cfg.py:3253}}
Jul 08 11:08:36.792198 np0000004814 nova-scheduler[96355]: DEBUG cotyledon.oslo_config_glue [-] oslo_messaging_rabbit.kombu_missing_consumer_retry_timeout = 60 {{(pid=96355) log_opt_values /opt/stack/data/venv/lib/python3.12/site-packages/oslo_config/cfg.py:3253}}
Jul 08 11:08:36.792198 np0000004814 nova-scheduler[96355]: DEBUG cotyledon.oslo_config_glue [-] oslo_messaging_rabbit.kombu_reconnect_delay = 1.0 {{(pid=96355) log_opt_values /opt/stack/data/venv/lib/python3.12/site-packages/oslo_config/cfg.py:3253}}
Jul 08 11:08:36.792198 np0000004814 nova-scheduler[96355]: DEBUG cotyledon.oslo_config_glue [-] oslo_messaging_rabbit.kombu_reconnect_splay = 0.0 {{(pid=96355) log_opt_values /opt/stack/data/venv/lib/python3.12/site-packages/oslo_config/cfg.py:3253}}
Jul 08 11:08:36.792198 np0000004814 nova-scheduler[96355]: DEBUG cotyledon.oslo_config_glue [-] oslo_messaging_rabbit.processname = nova-scheduler {{(pid=96355) log_opt_values /opt/stack/data/venv/lib/python3.12/site-packages/oslo_config/cfg.py:3253}}
Jul 08 11:08:36.792198 np0000004814 nova-scheduler[96355]: DEBUG cotyledon.oslo_config_glue [-] oslo_messaging_rabbit.rabbit_ha_queues = False {{(pid=96355) log_opt_values /opt/stack/data/venv/lib/python3.12/site-packages/oslo_config/cfg.py:3253}}
Jul 08 11:08:36.792198 np0000004814 nova-scheduler[96355]: DEBUG cotyledon.oslo_config_glue [-] oslo_messaging_rabbit.rabbit_interval_max = 30 {{(pid=96355) log_opt_values /opt/stack/data/venv/lib/python3.12/site-packages/oslo_config/cfg.py:3253}}
Jul 08 11:08:36.792198 np0000004814 nova-scheduler[96355]: DEBUG cotyledon.oslo_config_glue [-] oslo_messaging_rabbit.rabbit_login_method = AMQPLAIN {{(pid=96355) log_opt_values /opt/stack/data/venv/lib/python3.12/site-packages/oslo_config/cfg.py:3253}}
Jul 08 11:08:36.792429 np0000004814 nova-scheduler[96355]: DEBUG cotyledon.oslo_config_glue [-] oslo_messaging_rabbit.rabbit_qos_prefetch_count = 0 {{(pid=96355) log_opt_values /opt/stack/data/venv/lib/python3.12/site-packages/oslo_config/cfg.py:3253}}
Jul 08 11:08:36.792429 np0000004814 nova-scheduler[96355]: DEBUG cotyledon.oslo_config_glue [-] oslo_messaging_rabbit.rabbit_quorum_delivery_limit = 0 {{(pid=96355) log_opt_values /opt/stack/data/venv/lib/python3.12/site-packages/oslo_config/cfg.py:3253}}
Jul 08 11:08:36.792429 np0000004814 nova-scheduler[96355]: DEBUG cotyledon.oslo_config_glue [-] oslo_messaging_rabbit.rabbit_quorum_max_memory_bytes = 0 {{(pid=96355) log_opt_values /opt/stack/data/venv/lib/python3.12/site-packages/oslo_config/cfg.py:3253}}
Jul 08 11:08:36.792429 np0000004814 nova-scheduler[96355]: DEBUG cotyledon.oslo_config_glue [-] oslo_messaging_rabbit.rabbit_quorum_max_memory_length = 0 {{(pid=96355) log_opt_values /opt/stack/data/venv/lib/python3.12/site-packages/oslo_config/cfg.py:3253}}
Jul 08 11:08:36.792429 np0000004814 nova-scheduler[96355]: DEBUG cotyledon.oslo_config_glue [-] oslo_messaging_rabbit.rabbit_quorum_queue = False {{(pid=96355) log_opt_values /opt/stack/data/venv/lib/python3.12/site-packages/oslo_config/cfg.py:3253}}
Jul 08 11:08:36.792524 np0000004814 nova-scheduler[96360]: INFO dbcounter [None req-31e9b161-89bd-408b-ba4b-5b5c27d7d0ce None None] Registered counter for database nova_cell0
Jul 08 11:08:36.792553 np0000004814 nova-scheduler[96355]: DEBUG cotyledon.oslo_config_glue [-] oslo_messaging_rabbit.rabbit_retry_backoff = 2 {{(pid=96355) log_opt_values /opt/stack/data/venv/lib/python3.12/site-packages/oslo_config/cfg.py:3253}}
Jul 08 11:08:36.792553 np0000004814 nova-scheduler[96355]: DEBUG cotyledon.oslo_config_glue [-] oslo_messaging_rabbit.rabbit_retry_interval = 1 {{(pid=96355) log_opt_values /opt/stack/data/venv/lib/python3.12/site-packages/oslo_config/cfg.py:3253}}
Jul 08 11:08:36.792553 np0000004814 nova-scheduler[96355]: DEBUG cotyledon.oslo_config_glue [-] oslo_messaging_rabbit.rabbit_stream_fanout = False {{(pid=96355) log_opt_values /opt/stack/data/venv/lib/python3.12/site-packages/oslo_config/cfg.py:3253}}
Jul 08 11:08:36.792553 np0000004814 nova-scheduler[96355]: DEBUG cotyledon.oslo_config_glue [-] oslo_messaging_rabbit.rabbit_transient_queues_ttl = 1800 {{(pid=96355) log_opt_values /opt/stack/data/venv/lib/python3.12/site-packages/oslo_config/cfg.py:3253}}
Jul 08 11:08:36.792553 np0000004814 nova-scheduler[96355]: DEBUG cotyledon.oslo_config_glue [-] oslo_messaging_rabbit.rabbit_transient_quorum_queue = False {{(pid=96355) log_opt_values /opt/stack/data/venv/lib/python3.12/site-packages/oslo_config/cfg.py:3253}}
Jul 08 11:08:36.792553 np0000004814 nova-scheduler[96355]: DEBUG cotyledon.oslo_config_glue [-] oslo_messaging_rabbit.rpc_conn_pool_size = 30 {{(pid=96355) log_opt_values /opt/stack/data/venv/lib/python3.12/site-packages/oslo_config/cfg.py:3253}}
Jul 08 11:08:36.792553 np0000004814 nova-scheduler[96355]: DEBUG cotyledon.oslo_config_glue [-] oslo_messaging_rabbit.ssl = False {{(pid=96355) log_opt_values /opt/stack/data/venv/lib/python3.12/site-packages/oslo_config/cfg.py:3253}}
Jul 08 11:08:36.792553 np0000004814 nova-scheduler[96355]: DEBUG cotyledon.oslo_config_glue [-] oslo_messaging_rabbit.ssl_ca_file = {{(pid=96355) log_opt_values /opt/stack/data/venv/lib/python3.12/site-packages/oslo_config/cfg.py:3253}}
Jul 08 11:08:36.792553 np0000004814 nova-scheduler[96355]: DEBUG cotyledon.oslo_config_glue [-] oslo_messaging_rabbit.ssl_cert_file = {{(pid=96355) log_opt_values /opt/stack/data/venv/lib/python3.12/site-packages/oslo_config/cfg.py:3253}}
Jul 08 11:08:36.792731 np0000004814 nova-scheduler[96355]: DEBUG cotyledon.oslo_config_glue [-] oslo_messaging_rabbit.ssl_enforce_fips_mode = False {{(pid=96355) log_opt_values /opt/stack/data/venv/lib/python3.12/site-packages/oslo_config/cfg.py:3253}}
Jul 08 11:08:36.792731 np0000004814 nova-scheduler[96355]: DEBUG cotyledon.oslo_config_glue [-] oslo_messaging_rabbit.ssl_enforce_hostname_verification = True {{(pid=96355) log_opt_values /opt/stack/data/venv/lib/python3.12/site-packages/oslo_config/cfg.py:3253}}
Jul 08 11:08:36.792731 np0000004814 nova-scheduler[96355]: DEBUG cotyledon.oslo_config_glue [-] oslo_messaging_rabbit.ssl_key_file = {{(pid=96355) log_opt_values /opt/stack/data/venv/lib/python3.12/site-packages/oslo_config/cfg.py:3253}}
Jul 08 11:08:36.792731 np0000004814 nova-scheduler[96355]: DEBUG cotyledon.oslo_config_glue [-] oslo_messaging_rabbit.ssl_version = {{(pid=96355) log_opt_values /opt/stack/data/venv/lib/python3.12/site-packages/oslo_config/cfg.py:3253}}
Jul 08 11:08:36.792731 np0000004814 nova-scheduler[96355]: DEBUG cotyledon.oslo_config_glue [-] oslo_messaging_rabbit.use_queue_manager = False {{(pid=96355) log_opt_values /opt/stack/data/venv/lib/python3.12/site-packages/oslo_config/cfg.py:3253}}
Jul 08 11:08:36.792731 np0000004814 nova-scheduler[96355]: DEBUG cotyledon.oslo_config_glue [-] oslo_messaging_notifications.driver = ['messagingv2'] {{(pid=96355) log_opt_values /opt/stack/data/venv/lib/python3.12/site-packages/oslo_config/cfg.py:3253}}
Jul 08 11:08:36.792731 np0000004814 nova-scheduler[96355]: DEBUG cotyledon.oslo_config_glue [-] oslo_messaging_notifications.retry = -1 {{(pid=96355) log_opt_values /opt/stack/data/venv/lib/python3.12/site-packages/oslo_config/cfg.py:3253}}
Jul 08 11:08:36.792731 np0000004814 nova-scheduler[96355]: DEBUG cotyledon.oslo_config_glue [-] oslo_messaging_notifications.topics = ['notifications'] {{(pid=96355) log_opt_values /opt/stack/data/venv/lib/python3.12/site-packages/oslo_config/cfg.py:3253}}
Jul 08 11:08:36.792731 np0000004814 nova-scheduler[96355]: DEBUG cotyledon.oslo_config_glue [-] oslo_messaging_notifications.transport_url = **** {{(pid=96355) log_opt_values /opt/stack/data/venv/lib/python3.12/site-packages/oslo_config/cfg.py:3253}}
Jul 08 11:08:36.793052 np0000004814 nova-scheduler[96355]: DEBUG cotyledon.oslo_config_glue [-] oslo_limit.auth_section = None {{(pid=96355) log_opt_values /opt/stack/data/venv/lib/python3.12/site-packages/oslo_config/cfg.py:3253}}
Jul 08 11:08:36.793052 np0000004814 nova-scheduler[96355]: DEBUG cotyledon.oslo_config_glue [-] oslo_limit.auth_type = None {{(pid=96355) log_opt_values /opt/stack/data/venv/lib/python3.12/site-packages/oslo_config/cfg.py:3253}}
Jul 08 11:08:36.793052 np0000004814 nova-scheduler[96355]: DEBUG cotyledon.oslo_config_glue [-] oslo_limit.cafile = None {{(pid=96355) log_opt_values /opt/stack/data/venv/lib/python3.12/site-packages/oslo_config/cfg.py:3253}}
Jul 08 11:08:36.793052 np0000004814 nova-scheduler[96355]: DEBUG cotyledon.oslo_config_glue [-] oslo_limit.certfile = None {{(pid=96355) log_opt_values /opt/stack/data/venv/lib/python3.12/site-packages/oslo_config/cfg.py:3253}}
Jul 08 11:08:36.793052 np0000004814 nova-scheduler[96355]: DEBUG cotyledon.oslo_config_glue [-] oslo_limit.collect_timing = False {{(pid=96355) log_opt_values /opt/stack/data/venv/lib/python3.12/site-packages/oslo_config/cfg.py:3253}}
Jul 08 11:08:36.793052 np0000004814 nova-scheduler[96355]: DEBUG cotyledon.oslo_config_glue [-] oslo_limit.connect_retries = None {{(pid=96355) log_opt_values /opt/stack/data/venv/lib/python3.12/site-packages/oslo_config/cfg.py:3253}}
Jul 08 11:08:36.793052 np0000004814 nova-scheduler[96355]: DEBUG cotyledon.oslo_config_glue [-] oslo_limit.connect_retry_delay = None {{(pid=96355) log_opt_values /opt/stack/data/venv/lib/python3.12/site-packages/oslo_config/cfg.py:3253}}
Jul 08 11:08:36.793052 np0000004814 nova-scheduler[96355]: DEBUG cotyledon.oslo_config_glue [-] oslo_limit.endpoint_id = None {{(pid=96355) log_opt_values /opt/stack/data/venv/lib/python3.12/site-packages/oslo_config/cfg.py:3253}}
Jul 08 11:08:36.793052 np0000004814 nova-scheduler[96355]: DEBUG cotyledon.oslo_config_glue [-] oslo_limit.endpoint_interface = public {{(pid=96355) log_opt_values /opt/stack/data/venv/lib/python3.12/site-packages/oslo_config/cfg.py:3253}}
Jul 08 11:08:36.793245 np0000004814 nova-scheduler[96355]: DEBUG cotyledon.oslo_config_glue [-] oslo_limit.endpoint_override = None {{(pid=96355) log_opt_values /opt/stack/data/venv/lib/python3.12/site-packages/oslo_config/cfg.py:3253}}
Jul 08 11:08:36.793245 np0000004814 nova-scheduler[96355]: DEBUG cotyledon.oslo_config_glue [-] oslo_limit.endpoint_region_name = None {{(pid=96355) log_opt_values /opt/stack/data/venv/lib/python3.12/site-packages/oslo_config/cfg.py:3253}}
Jul 08 11:08:36.793245 np0000004814 nova-scheduler[96355]: DEBUG cotyledon.oslo_config_glue [-] oslo_limit.endpoint_service_name = None {{(pid=96355) log_opt_values /opt/stack/data/venv/lib/python3.12/site-packages/oslo_config/cfg.py:3253}}
Jul 08 11:08:36.793245 np0000004814 nova-scheduler[96355]: DEBUG cotyledon.oslo_config_glue [-] oslo_limit.endpoint_service_type = None {{(pid=96355) log_opt_values /opt/stack/data/venv/lib/python3.12/site-packages/oslo_config/cfg.py:3253}}
Jul 08 11:08:36.793245 np0000004814 nova-scheduler[96355]: DEBUG cotyledon.oslo_config_glue [-] oslo_limit.insecure = False {{(pid=96355) log_opt_values /opt/stack/data/venv/lib/python3.12/site-packages/oslo_config/cfg.py:3253}}
Jul 08 11:08:36.793245 np0000004814 nova-scheduler[96355]: DEBUG cotyledon.oslo_config_glue [-] oslo_limit.keyfile = None {{(pid=96355) log_opt_values /opt/stack/data/venv/lib/python3.12/site-packages/oslo_config/cfg.py:3253}}
Jul 08 11:08:36.793245 np0000004814 nova-scheduler[96355]: DEBUG cotyledon.oslo_config_glue [-] oslo_limit.max_version = None {{(pid=96355) log_opt_values /opt/stack/data/venv/lib/python3.12/site-packages/oslo_config/cfg.py:3253}}
Jul 08 11:08:36.793245 np0000004814 nova-scheduler[96355]: DEBUG cotyledon.oslo_config_glue [-] oslo_limit.min_version = None {{(pid=96355) log_opt_values /opt/stack/data/venv/lib/python3.12/site-packages/oslo_config/cfg.py:3253}}
Jul 08 11:08:36.793245 np0000004814 nova-scheduler[96355]: DEBUG cotyledon.oslo_config_glue [-] oslo_limit.region_name = None {{(pid=96355) log_opt_values /opt/stack/data/venv/lib/python3.12/site-packages/oslo_config/cfg.py:3253}}
Jul 08 11:08:36.793417 np0000004814 nova-scheduler[96355]: DEBUG cotyledon.oslo_config_glue [-] oslo_limit.retriable_status_codes = None {{(pid=96355) log_opt_values /opt/stack/data/venv/lib/python3.12/site-packages/oslo_config/cfg.py:3253}}
Jul 08 11:08:36.793417 np0000004814 nova-scheduler[96355]: DEBUG cotyledon.oslo_config_glue [-] oslo_limit.service_name = None {{(pid=96355) log_opt_values /opt/stack/data/venv/lib/python3.12/site-packages/oslo_config/cfg.py:3253}}
Jul 08 11:08:36.793417 np0000004814 nova-scheduler[96355]: DEBUG cotyledon.oslo_config_glue [-] oslo_limit.service_type = None {{(pid=96355) log_opt_values /opt/stack/data/venv/lib/python3.12/site-packages/oslo_config/cfg.py:3253}}
Jul 08 11:08:36.793417 np0000004814 nova-scheduler[96355]: DEBUG cotyledon.oslo_config_glue [-] oslo_limit.split_loggers = False {{(pid=96355) log_opt_values /opt/stack/data/venv/lib/python3.12/site-packages/oslo_config/cfg.py:3253}}
Jul 08 11:08:36.793417 np0000004814 nova-scheduler[96355]: DEBUG cotyledon.oslo_config_glue [-] oslo_limit.status_code_retries = None {{(pid=96355) log_opt_values /opt/stack/data/venv/lib/python3.12/site-packages/oslo_config/cfg.py:3253}}
Jul 08 11:08:36.793417 np0000004814 nova-scheduler[96355]: DEBUG cotyledon.oslo_config_glue [-] oslo_limit.status_code_retry_delay = None {{(pid=96355) log_opt_values /opt/stack/data/venv/lib/python3.12/site-packages/oslo_config/cfg.py:3253}}
Jul 08 11:08:36.793417 np0000004814 nova-scheduler[96355]: DEBUG cotyledon.oslo_config_glue [-] oslo_limit.timeout = None {{(pid=96355) log_opt_values /opt/stack/data/venv/lib/python3.12/site-packages/oslo_config/cfg.py:3253}}
Jul 08 11:08:36.793417 np0000004814 nova-scheduler[96355]: DEBUG cotyledon.oslo_config_glue [-] oslo_limit.valid_interfaces = None {{(pid=96355) log_opt_values /opt/stack/data/venv/lib/python3.12/site-packages/oslo_config/cfg.py:3253}}
Jul 08 11:08:36.793417 np0000004814 nova-scheduler[96355]: DEBUG cotyledon.oslo_config_glue [-] oslo_limit.version = None {{(pid=96355) log_opt_values /opt/stack/data/venv/lib/python3.12/site-packages/oslo_config/cfg.py:3253}}
Jul 08 11:08:36.793583 np0000004814 nova-scheduler[96355]: DEBUG cotyledon.oslo_config_glue [-] oslo_reports.file_event_handler = None {{(pid=96355) log_opt_values /opt/stack/data/venv/lib/python3.12/site-packages/oslo_config/cfg.py:3253}}
Jul 08 11:08:36.793583 np0000004814 nova-scheduler[96355]: DEBUG cotyledon.oslo_config_glue [-] oslo_reports.file_event_handler_interval = 1 {{(pid=96355) log_opt_values /opt/stack/data/venv/lib/python3.12/site-packages/oslo_config/cfg.py:3253}}
Jul 08 11:08:36.793583 np0000004814 nova-scheduler[96355]: DEBUG cotyledon.oslo_config_glue [-] oslo_reports.log_dir = None {{(pid=96355) log_opt_values /opt/stack/data/venv/lib/python3.12/site-packages/oslo_config/cfg.py:3253}}
Jul 08 11:08:36.793583 np0000004814 nova-scheduler[96355]: DEBUG cotyledon.oslo_config_glue [-] ******************************************************************************** {{(pid=96355) log_opt_values /opt/stack/data/venv/lib/python3.12/site-packages/oslo_config/cfg.py:3260}}
Jul 08 11:08:36.793583 np0000004814 nova-scheduler[96355]: DEBUG cotyledon._service_worker [-] Run service ServiceWrapper(2) [96355] {{(pid=96355) wait_forever /opt/stack/data/venv/lib/python3.12/site-packages/cotyledon/_service_worker.py:218}}
Jul 08 11:08:36.793679 np0000004814 nova-scheduler[96336]: DEBUG dbcounter [-] [96336] Writer thread running {{(pid=96336) stat_writer /opt/stack/data/venv/lib/python3.12/site-packages/dbcounter.py:102}}
Jul 08 11:08:36.793706 np0000004814 nova-scheduler[96355]: INFO nova.service [-] Starting scheduler node (version 33.1.0)
Jul 08 11:08:36.793706 np0000004814 nova-scheduler[96355]: INFO dbcounter [None req-7041abb2-74ac-4cc9-92ad-dbf464a98b5b None None] Registered counter for database nova_cell0
Jul 08 11:08:36.793750 np0000004814 nova-scheduler[96336]: DEBUG nova.service [None req-cc88fbbe-fed3-4b6f-a73d-e24f9645fd5f None None] Creating RPC server for service: nova-scheduler on topic: scheduler {{(pid=96336) start /opt/stack/nova/nova/service.py:196}}
Jul 08 11:08:36.793775 np0000004814 nova-scheduler[96353]: DEBUG oslo_db.sqlalchemy.engines [None req-10753805-f2cd-452e-8714-c05d2b9a83a3 None None] MySQL server mode set to STRICT_TRANS_TABLES,STRICT_ALL_TABLES,NO_ZERO_IN_DATE,NO_ZERO_DATE,ERROR_FOR_DIVISION_BY_ZERO,TRADITIONAL,NO_ENGINE_SUBSTITUTION {{(pid=96353) _check_effective_sql_mode /opt/stack/data/venv/lib/python3.12/site-packages/oslo_db/sqlalchemy/engines.py:325}}
Jul 08 11:08:36.793809 np0000004814 nova-scheduler[96360]: DEBUG oslo_db.sqlalchemy.engines [None req-31e9b161-89bd-408b-ba4b-5b5c27d7d0ce None None] MySQL server mode set to STRICT_TRANS_TABLES,STRICT_ALL_TABLES,NO_ZERO_IN_DATE,NO_ZERO_DATE,ERROR_FOR_DIVISION_BY_ZERO,TRADITIONAL,NO_ENGINE_SUBSTITUTION {{(pid=96360) _check_effective_sql_mode /opt/stack/data/venv/lib/python3.12/site-packages/oslo_db/sqlalchemy/engines.py:325}}
Jul 08 11:08:36.793846 np0000004814 nova-scheduler[96336]: DEBUG nova.service [None req-cc88fbbe-fed3-4b6f-a73d-e24f9645fd5f None None] Join ServiceGroup membership for this service scheduler {{(pid=96336) start /opt/stack/nova/nova/service.py:222}}
Jul 08 11:08:36.793846 np0000004814 nova-scheduler[96336]: DEBUG nova.servicegroup.drivers.db [None req-cc88fbbe-fed3-4b6f-a73d-e24f9645fd5f None None] DB_Driver: join new ServiceGroup member np0000004814 to the scheduler group, service = {{(pid=96336) join /opt/stack/nova/nova/servicegroup/drivers/db.py:44}}
Jul 08 11:08:36.793891 np0000004814 nova-scheduler[96353]: DEBUG dbcounter [-] [96353] Writer thread running {{(pid=96353) stat_writer /opt/stack/data/venv/lib/python3.12/site-packages/dbcounter.py:102}}
Jul 08 11:08:36.793928 np0000004814 nova-scheduler[96360]: DEBUG dbcounter [-] [96360] Writer thread running {{(pid=96360) stat_writer /opt/stack/data/venv/lib/python3.12/site-packages/dbcounter.py:102}}
Jul 08 11:08:36.793928 np0000004814 nova-scheduler[96360]: DEBUG nova.service [None req-31e9b161-89bd-408b-ba4b-5b5c27d7d0ce None None] Creating RPC server for service: nova-scheduler on topic: scheduler {{(pid=96360) start /opt/stack/nova/nova/service.py:196}}
Jul 08 11:08:36.793984 np0000004814 nova-scheduler[96353]: DEBUG nova.service [None req-10753805-f2cd-452e-8714-c05d2b9a83a3 None None] Creating RPC server for service: nova-scheduler on topic: scheduler {{(pid=96353) start /opt/stack/nova/nova/service.py:196}}
Jul 08 11:08:36.794009 np0000004814 nova-scheduler[96355]: DEBUG oslo_db.sqlalchemy.engines [None req-7041abb2-74ac-4cc9-92ad-dbf464a98b5b None None] MySQL server mode set to STRICT_TRANS_TABLES,STRICT_ALL_TABLES,NO_ZERO_IN_DATE,NO_ZERO_DATE,ERROR_FOR_DIVISION_BY_ZERO,TRADITIONAL,NO_ENGINE_SUBSTITUTION {{(pid=96355) _check_effective_sql_mode /opt/stack/data/venv/lib/python3.12/site-packages/oslo_db/sqlalchemy/engines.py:325}}
Jul 08 11:08:36.800310 np0000004814 nova-scheduler[96355]: DEBUG dbcounter [-] [96355] Writer thread running {{(pid=96355) stat_writer /opt/stack/data/venv/lib/python3.12/site-packages/dbcounter.py:102}}
Jul 08 11:08:36.803033 np0000004814 nova-scheduler[96355]: DEBUG nova.service [None req-7041abb2-74ac-4cc9-92ad-dbf464a98b5b None None] Creating RPC server for service: nova-scheduler on topic: scheduler {{(pid=96355) start /opt/stack/nova/nova/service.py:196}}
Jul 08 11:08:36.805763 np0000004814 nova-scheduler[96360]: DEBUG nova.service [None req-31e9b161-89bd-408b-ba4b-5b5c27d7d0ce None None] Join ServiceGroup membership for this service scheduler {{(pid=96360) start /opt/stack/nova/nova/service.py:222}}
Jul 08 11:08:36.805957 np0000004814 nova-scheduler[96360]: DEBUG nova.servicegroup.drivers.db [None req-31e9b161-89bd-408b-ba4b-5b5c27d7d0ce None None] DB_Driver: join new ServiceGroup member np0000004814 to the scheduler group, service = {{(pid=96360) join /opt/stack/nova/nova/servicegroup/drivers/db.py:44}}
Jul 08 11:08:36.807851 np0000004814 nova-scheduler[96360]: DEBUG oslo.service.backend._threading.loopingcall [None req-94fc91af-2c40-4171-9f31-12618a155882 None None] Dynamic interval looping call 'nova.service.Service.periodic_tasks' sleeping for 60.00 seconds {{(pid=96360) _run_loop /opt/stack/data/venv/lib/python3.12/site-packages/oslo_service/backend/_threading/loopingcall.py:125}}
Jul 08 11:08:36.809407 np0000004814 nova-scheduler[96353]: DEBUG nova.service [None req-10753805-f2cd-452e-8714-c05d2b9a83a3 None None] Join ServiceGroup membership for this service scheduler {{(pid=96353) start /opt/stack/nova/nova/service.py:222}}
Jul 08 11:08:36.809576 np0000004814 nova-scheduler[96353]: DEBUG nova.servicegroup.drivers.db [None req-10753805-f2cd-452e-8714-c05d2b9a83a3 None None] DB_Driver: join new ServiceGroup member np0000004814 to the scheduler group, service = {{(pid=96353) join /opt/stack/nova/nova/servicegroup/drivers/db.py:44}}
Jul 08 11:08:36.817875 np0000004814 nova-scheduler[96355]: DEBUG nova.service [None req-7041abb2-74ac-4cc9-92ad-dbf464a98b5b None None] Join ServiceGroup membership for this service scheduler {{(pid=96355) start /opt/stack/nova/nova/service.py:222}}
Jul 08 11:08:36.818101 np0000004814 nova-scheduler[96355]: DEBUG nova.servicegroup.drivers.db [None req-7041abb2-74ac-4cc9-92ad-dbf464a98b5b None None] DB_Driver: join new ServiceGroup member np0000004814 to the scheduler group, service = {{(pid=96355) join /opt/stack/nova/nova/servicegroup/drivers/db.py:44}}
Jul 08 11:08:41.810402 np0000004814 nova-scheduler[96336]: DEBUG oslo.service.backend._threading.loopingcall [-] Fixed interval looping call 'nova.servicegroup.drivers.db.DbDriver._report_state' sleeping for 119.97 seconds {{(pid=96336) _run_loop /opt/stack/data/venv/lib/python3.12/site-packages/oslo_service/backend/_threading/loopingcall.py:125}}
Jul 08 11:08:41.818134 np0000004814 nova-scheduler[96360]: DEBUG oslo.service.backend._threading.loopingcall [-] Fixed interval looping call 'nova.servicegroup.drivers.db.DbDriver._report_state' sleeping for 119.99 seconds {{(pid=96360) _run_loop /opt/stack/data/venv/lib/python3.12/site-packages/oslo_service/backend/_threading/loopingcall.py:125}}
Jul 08 11:08:41.821890 np0000004814 nova-scheduler[96353]: DEBUG oslo.service.backend._threading.loopingcall [-] Fixed interval looping call 'nova.servicegroup.drivers.db.DbDriver._report_state' sleeping for 119.99 seconds {{(pid=96353) _run_loop /opt/stack/data/venv/lib/python3.12/site-packages/oslo_service/backend/_threading/loopingcall.py:125}}
Jul 08 11:08:41.827269 np0000004814 nova-scheduler[96355]: DEBUG oslo.service.backend._threading.loopingcall [-] Fixed interval looping call 'nova.servicegroup.drivers.db.DbDriver._report_state' sleeping for 119.99 seconds {{(pid=96355) _run_loop /opt/stack/data/venv/lib/python3.12/site-packages/oslo_service/backend/_threading/loopingcall.py:125}}
Jul 08 11:08:45.390153 np0000004814 nova-scheduler[95106]: DEBUG dbcounter [-] [95106] Writing DB stats nova_api:SELECT=3 {{(pid=95106) stat_writer /opt/stack/data/venv/lib/python3.12/site-packages/dbcounter.py:115}}
Jul 08 11:08:45.523708 np0000004814 nova-scheduler[95106]: DEBUG dbcounter [-] [95106] Writing DB stats nova_cell1:SELECT=1 {{(pid=95106) stat_writer /opt/stack/data/venv/lib/python3.12/site-packages/dbcounter.py:115}}
Jul 08 11:08:45.527912 np0000004814 nova-scheduler[95106]: DEBUG dbcounter [-] [95106] Writing DB stats nova_cell0:SELECT=1 {{(pid=95106) stat_writer /opt/stack/data/venv/lib/python3.12/site-packages/dbcounter.py:115}}
Jul 08 11:08:51.794018 np0000004814 nova-scheduler[96336]: DEBUG dbcounter [-] [96336] Writing DB stats nova_cell0:SELECT=4,nova_cell0:INSERT=1,nova_cell0:UPDATE=1 {{(pid=96336) stat_writer /opt/stack/data/venv/lib/python3.12/site-packages/dbcounter.py:115}}
Jul 08 11:08:51.813773 np0000004814 nova-scheduler[96360]: DEBUG dbcounter [-] [96360] Writing DB stats nova_cell0:SELECT=3 {{(pid=96360) stat_writer /opt/stack/data/venv/lib/python3.12/site-packages/dbcounter.py:115}}
Jul 08 11:08:51.819304 np0000004814 nova-scheduler[96353]: DEBUG dbcounter [-] [96353] Writing DB stats nova_cell0:SELECT=3 {{(pid=96353) stat_writer /opt/stack/data/venv/lib/python3.12/site-packages/dbcounter.py:115}}
Jul 08 11:08:51.824935 np0000004814 nova-scheduler[96355]: DEBUG dbcounter [-] [96355] Writing DB stats nova_cell0:SELECT=3 {{(pid=96355) stat_writer /opt/stack/data/venv/lib/python3.12/site-packages/dbcounter.py:115}}
Jul 08 11:08:57.781359 np0000004814 nova-scheduler[96336]: DEBUG oslo.service.backend._threading.loopingcall [None req-868321d3-7e16-4150-82fc-e2ab0ba42dea None None] Dynamic interval looping call 'nova.service.Service.periodic_tasks' sleeping for 60.00 seconds {{(pid=96336) _run_loop /opt/stack/data/venv/lib/python3.12/site-packages/oslo_service/backend/_threading/loopingcall.py:125}}
Jul 08 11:09:02.820016 np0000004814 nova-scheduler[96355]: DEBUG oslo.service.backend._threading.loopingcall [None req-97f5fbfd-0c4e-4c24-9130-a6f09e514cdd None None] Dynamic interval looping call 'nova.service.Service.periodic_tasks' sleeping for 60.00 seconds {{(pid=96355) _run_loop /opt/stack/data/venv/lib/python3.12/site-packages/oslo_service/backend/_threading/loopingcall.py:125}}
Jul 08 11:09:19.812006 np0000004814 nova-scheduler[96353]: DEBUG oslo.service.backend._threading.loopingcall [None req-dd66b7b9-f82b-4188-b838-782323fc835c None None] Dynamic interval looping call 'nova.service.Service.periodic_tasks' sleeping for 60.00 seconds {{(pid=96353) _run_loop /opt/stack/data/venv/lib/python3.12/site-packages/oslo_service/backend/_threading/loopingcall.py:125}}
Jul 08 11:09:36.808373 np0000004814 nova-scheduler[96360]: DEBUG oslo.service.backend._threading.loopingcall [None req-94fc91af-2c40-4171-9f31-12618a155882 None None] Dynamic interval looping call 'nova.service.Service.periodic_tasks' sleeping for 60.00 seconds {{(pid=96360) _run_loop /opt/stack/data/venv/lib/python3.12/site-packages/oslo_service/backend/_threading/loopingcall.py:125}}
Jul 08 11:09:57.781802 np0000004814 nova-scheduler[96336]: DEBUG oslo.service.backend._threading.loopingcall [None req-868321d3-7e16-4150-82fc-e2ab0ba42dea None None] Dynamic interval looping call 'nova.service.Service.periodic_tasks' sleeping for 60.00 seconds {{(pid=96336) _run_loop /opt/stack/data/venv/lib/python3.12/site-packages/oslo_service/backend/_threading/loopingcall.py:125}}
Jul 08 11:10:02.820491 np0000004814 nova-scheduler[96355]: DEBUG oslo.service.backend._threading.loopingcall [None req-97f5fbfd-0c4e-4c24-9130-a6f09e514cdd None None] Dynamic interval looping call 'nova.service.Service.periodic_tasks' sleeping for 60.00 seconds {{(pid=96355) _run_loop /opt/stack/data/venv/lib/python3.12/site-packages/oslo_service/backend/_threading/loopingcall.py:125}}
Jul 08 11:10:19.812469 np0000004814 nova-scheduler[96353]: DEBUG oslo.service.backend._threading.loopingcall [None req-dd66b7b9-f82b-4188-b838-782323fc835c None None] Dynamic interval looping call 'nova.service.Service.periodic_tasks' sleeping for 60.00 seconds {{(pid=96353) _run_loop /opt/stack/data/venv/lib/python3.12/site-packages/oslo_service/backend/_threading/loopingcall.py:125}}
Jul 08 11:10:36.808814 np0000004814 nova-scheduler[96360]: DEBUG oslo.service.backend._threading.loopingcall [None req-94fc91af-2c40-4171-9f31-12618a155882 None None] Dynamic interval looping call 'nova.service.Service.periodic_tasks' sleeping for 60.00 seconds {{(pid=96360) _run_loop /opt/stack/data/venv/lib/python3.12/site-packages/oslo_service/backend/_threading/loopingcall.py:125}}
Jul 08 11:10:41.786823 np0000004814 nova-scheduler[96336]: DEBUG oslo.service.backend._threading.loopingcall [-] Fixed interval looping call 'nova.servicegroup.drivers.db.DbDriver._report_state' sleeping for 119.99 seconds {{(pid=96336) _run_loop /opt/stack/data/venv/lib/python3.12/site-packages/oslo_service/backend/_threading/loopingcall.py:125}}
Jul 08 11:10:41.813250 np0000004814 nova-scheduler[96360]: DEBUG oslo.service.backend._threading.loopingcall [-] Fixed interval looping call 'nova.servicegroup.drivers.db.DbDriver._report_state' sleeping for 120.00 seconds {{(pid=96360) _run_loop /opt/stack/data/venv/lib/python3.12/site-packages/oslo_service/backend/_threading/loopingcall.py:125}}
Jul 08 11:10:41.815661 np0000004814 nova-scheduler[96353]: DEBUG oslo.service.backend._threading.loopingcall [-] Fixed interval looping call 'nova.servicegroup.drivers.db.DbDriver._report_state' sleeping for 120.00 seconds {{(pid=96353) _run_loop /opt/stack/data/venv/lib/python3.12/site-packages/oslo_service/backend/_threading/loopingcall.py:125}}
Jul 08 11:10:41.821239 np0000004814 nova-scheduler[96355]: DEBUG oslo.service.backend._threading.loopingcall [-] Fixed interval looping call 'nova.servicegroup.drivers.db.DbDriver._report_state' sleeping for 120.00 seconds {{(pid=96355) _run_loop /opt/stack/data/venv/lib/python3.12/site-packages/oslo_service/backend/_threading/loopingcall.py:125}}
Jul 08 11:10:51.784149 np0000004814 nova-scheduler[96336]: DEBUG dbcounter [-] [96336] Writing DB stats nova_cell0:SELECT=1,nova_cell0:UPDATE=1 {{(pid=96336) stat_writer /opt/stack/data/venv/lib/python3.12/site-packages/dbcounter.py:115}}
Jul 08 11:10:51.811141 np0000004814 nova-scheduler[96360]: DEBUG dbcounter [-] [96360] Writing DB stats nova_cell0:SELECT=1 {{(pid=96360) stat_writer /opt/stack/data/venv/lib/python3.12/site-packages/dbcounter.py:115}}
Jul 08 11:10:51.814000 np0000004814 nova-scheduler[96353]: DEBUG dbcounter [-] [96353] Writing DB stats nova_cell0:SELECT=1 {{(pid=96353) stat_writer /opt/stack/data/venv/lib/python3.12/site-packages/dbcounter.py:115}}
Jul 08 11:10:51.819658 np0000004814 nova-scheduler[96355]: DEBUG dbcounter [-] [96355] Writing DB stats nova_cell0:SELECT=1 {{(pid=96355) stat_writer /opt/stack/data/venv/lib/python3.12/site-packages/dbcounter.py:115}}
Jul 08 11:10:54.849623 np0000004814 nova-scheduler[96336]: DEBUG nova.scheduler.manager [None req-ba4d2397-3d4e-458b-a830-5b0c3628b20b tempest-ServerRescueNegativeTestJSON-1152908974 tempest-ServerRescueNegativeTestJSON-1152908974-project-member] Starting to schedule for instances: ['23cff704-e275-4acc-a96a-04dd431e9cd1'] {{(pid=96336) select_destinations /opt/stack/nova/nova/scheduler/manager.py:209}}
Jul 08 11:10:54.850331 np0000004814 nova-scheduler[96336]: DEBUG nova.scheduler.request_filter [None req-ba4d2397-3d4e-458b-a830-5b0c3628b20b tempest-ServerRescueNegativeTestJSON-1152908974 tempest-ServerRescueNegativeTestJSON-1152908974-project-member] compute_status_filter request filter added forbidden trait COMPUTE_STATUS_DISABLED {{(pid=96336) compute_status_filter /opt/stack/nova/nova/scheduler/request_filter.py:253}}
Jul 08 11:10:54.850476 np0000004814 nova-scheduler[96336]: DEBUG nova.scheduler.request_filter [None req-ba4d2397-3d4e-458b-a830-5b0c3628b20b tempest-ServerRescueNegativeTestJSON-1152908974 tempest-ServerRescueNegativeTestJSON-1152908974-project-member] Request filter 'compute_status_filter' took 0.0 seconds {{(pid=96336) wrapper /opt/stack/nova/nova/scheduler/request_filter.py:46}}
Jul 08 11:10:54.850760 np0000004814 nova-scheduler[96336]: DEBUG nova.scheduler.request_filter [None req-ba4d2397-3d4e-458b-a830-5b0c3628b20b tempest-ServerRescueNegativeTestJSON-1152908974 tempest-ServerRescueNegativeTestJSON-1152908974-project-member] Request filter 'accelerators_filter' took 0.0 seconds {{(pid=96336) wrapper /opt/stack/nova/nova/scheduler/request_filter.py:46}}
Jul 08 11:10:54.851459 np0000004814 nova-scheduler[96336]: DEBUG nova.scheduler.request_filter [None req-ba4d2397-3d4e-458b-a830-5b0c3628b20b tempest-ServerRescueNegativeTestJSON-1152908974 tempest-ServerRescueNegativeTestJSON-1152908974-project-member] Request filter 'packed_virtqueue_filter' took 0.0 seconds {{(pid=96336) wrapper /opt/stack/nova/nova/scheduler/request_filter.py:46}}
Jul 08 11:10:54.851459 np0000004814 nova-scheduler[96336]: DEBUG nova.scheduler.request_filter [None req-ba4d2397-3d4e-458b-a830-5b0c3628b20b tempest-ServerRescueNegativeTestJSON-1152908974 tempest-ServerRescueNegativeTestJSON-1152908974-project-member] Request filter 'remote_managed_ports_filter' took 0.0 seconds {{(pid=96336) wrapper /opt/stack/nova/nova/scheduler/request_filter.py:46}}
Jul 08 11:10:54.851650 np0000004814 nova-scheduler[96336]: DEBUG nova.scheduler.request_filter [None req-ba4d2397-3d4e-458b-a830-5b0c3628b20b tempest-ServerRescueNegativeTestJSON-1152908974 tempest-ServerRescueNegativeTestJSON-1152908974-project-member] ephemeral_encryption_filter skipped {{(pid=96336) ephemeral_encryption_filter /opt/stack/nova/nova/scheduler/request_filter.py:426}}
Jul 08 11:10:54.852088 np0000004814 nova-scheduler[96336]: DEBUG nova.scheduler.request_filter [None req-ba4d2397-3d4e-458b-a830-5b0c3628b20b tempest-ServerRescueNegativeTestJSON-1152908974 tempest-ServerRescueNegativeTestJSON-1152908974-project-member] virtio_sound_filter skipped {{(pid=96336) virtio_sound_filter /opt/stack/nova/nova/scheduler/request_filter.py:460}}
Jul 08 11:10:54.852088 np0000004814 nova-scheduler[96336]: DEBUG nova.scheduler.request_filter [None req-ba4d2397-3d4e-458b-a830-5b0c3628b20b tempest-ServerRescueNegativeTestJSON-1152908974 tempest-ServerRescueNegativeTestJSON-1152908974-project-member] tpm_secret_security_filter skipped {{(pid=96336) tpm_secret_security_filter /opt/stack/nova/nova/scheduler/request_filter.py:477}}
Jul 08 11:10:55.420194 np0000004814 nova-scheduler[96336]: INFO nova.utils [None req-ba4d2397-3d4e-458b-a830-5b0c3628b20b tempest-ServerRescueNegativeTestJSON-1152908974 tempest-ServerRescueNegativeTestJSON-1152908974-project-member] The cell worker thread pool ForkProcess-1.cell_worker is initialized
Jul 08 11:10:55.420289 np0000004814 nova-scheduler[96336]: DEBUG oslo_concurrency.lockutils [None req-ba4d2397-3d4e-458b-a830-5b0c3628b20b tempest-ServerRescueNegativeTestJSON-1152908974 tempest-ServerRescueNegativeTestJSON-1152908974-project-member] Acquiring lock "bfc7a11d-7892-4432-bb77-a1734af5e676" by "nova.context.set_target_cell..get_or_set_cached_cell_and_set_connections" {{(pid=96336) inner /opt/stack/data/venv/lib/python3.12/site-packages/oslo_concurrency/lockutils.py:511}}
Jul 08 11:10:55.420481 np0000004814 nova-scheduler[96336]: DEBUG oslo_concurrency.lockutils [None req-ba4d2397-3d4e-458b-a830-5b0c3628b20b tempest-ServerRescueNegativeTestJSON-1152908974 tempest-ServerRescueNegativeTestJSON-1152908974-project-member] Lock "bfc7a11d-7892-4432-bb77-a1734af5e676" acquired by "nova.context.set_target_cell..get_or_set_cached_cell_and_set_connections" :: waited 0.000s {{(pid=96336) inner /opt/stack/data/venv/lib/python3.12/site-packages/oslo_concurrency/lockutils.py:524}}
Jul 08 11:10:55.421736 np0000004814 nova-scheduler[96336]: DEBUG oslo_concurrency.lockutils [None req-ba4d2397-3d4e-458b-a830-5b0c3628b20b tempest-ServerRescueNegativeTestJSON-1152908974 tempest-ServerRescueNegativeTestJSON-1152908974-project-member] Lock "bfc7a11d-7892-4432-bb77-a1734af5e676" "released" by "nova.context.set_target_cell..get_or_set_cached_cell_and_set_connections" :: held 0.001s {{(pid=96336) inner /opt/stack/data/venv/lib/python3.12/site-packages/oslo_concurrency/lockutils.py:543}}
Jul 08 11:10:55.424186 np0000004814 nova-scheduler[96336]: INFO dbcounter [None req-ba4d2397-3d4e-458b-a830-5b0c3628b20b tempest-ServerRescueNegativeTestJSON-1152908974 tempest-ServerRescueNegativeTestJSON-1152908974-project-member] Registered counter for database nova_cell1
Jul 08 11:10:55.478146 np0000004814 nova-scheduler[96336]: DEBUG oslo_db.sqlalchemy.engines [None req-ba4d2397-3d4e-458b-a830-5b0c3628b20b tempest-ServerRescueNegativeTestJSON-1152908974 tempest-ServerRescueNegativeTestJSON-1152908974-project-member] MySQL server mode set to STRICT_TRANS_TABLES,STRICT_ALL_TABLES,NO_ZERO_IN_DATE,NO_ZERO_DATE,ERROR_FOR_DIVISION_BY_ZERO,TRADITIONAL,NO_ENGINE_SUBSTITUTION {{(pid=96336) _check_effective_sql_mode /opt/stack/data/venv/lib/python3.12/site-packages/oslo_db/sqlalchemy/engines.py:325}}
Jul 08 11:10:55.483422 np0000004814 nova-scheduler[96336]: DEBUG dbcounter [-] [96336] Writer thread running {{(pid=96336) stat_writer /opt/stack/data/venv/lib/python3.12/site-packages/dbcounter.py:102}}
Jul 08 11:10:55.494517 np0000004814 nova-scheduler[96336]: DEBUG oslo_db.sqlalchemy.engines [None req-ba4d2397-3d4e-458b-a830-5b0c3628b20b tempest-ServerRescueNegativeTestJSON-1152908974 tempest-ServerRescueNegativeTestJSON-1152908974-project-member] Parent process 95106 forked (96336) with an open database connection, which is being discarded and recreated. {{(pid=96336) checkout /opt/stack/data/venv/lib/python3.12/site-packages/oslo_db/sqlalchemy/engines.py:402}}
Jul 08 11:10:55.550060 np0000004814 nova-scheduler[96336]: DEBUG dbcounter [-] [96336] Writer thread running {{(pid=96336) stat_writer /opt/stack/data/venv/lib/python3.12/site-packages/dbcounter.py:102}}
Jul 08 11:10:55.553555 np0000004814 nova-scheduler[96336]: DEBUG oslo_concurrency.lockutils [None req-ba4d2397-3d4e-458b-a830-5b0c3628b20b tempest-ServerRescueNegativeTestJSON-1152908974 tempest-ServerRescueNegativeTestJSON-1152908974-project-member] Acquiring lock "bfc7a11d-7892-4432-bb77-a1734af5e676" by "nova.context.set_target_cell..get_or_set_cached_cell_and_set_connections" {{(pid=96336) inner /opt/stack/data/venv/lib/python3.12/site-packages/oslo_concurrency/lockutils.py:511}}
Jul 08 11:10:55.553730 np0000004814 nova-scheduler[96336]: DEBUG oslo_concurrency.lockutils [None req-ba4d2397-3d4e-458b-a830-5b0c3628b20b tempest-ServerRescueNegativeTestJSON-1152908974 tempest-ServerRescueNegativeTestJSON-1152908974-project-member] Lock "bfc7a11d-7892-4432-bb77-a1734af5e676" acquired by "nova.context.set_target_cell..get_or_set_cached_cell_and_set_connections" :: waited 0.000s {{(pid=96336) inner /opt/stack/data/venv/lib/python3.12/site-packages/oslo_concurrency/lockutils.py:524}}
Jul 08 11:10:55.553876 np0000004814 nova-scheduler[96336]: DEBUG oslo_concurrency.lockutils [None req-ba4d2397-3d4e-458b-a830-5b0c3628b20b tempest-ServerRescueNegativeTestJSON-1152908974 tempest-ServerRescueNegativeTestJSON-1152908974-project-member] Lock "bfc7a11d-7892-4432-bb77-a1734af5e676" "released" by "nova.context.set_target_cell..get_or_set_cached_cell_and_set_connections" :: held 0.000s {{(pid=96336) inner /opt/stack/data/venv/lib/python3.12/site-packages/oslo_concurrency/lockutils.py:543}}
Jul 08 11:10:55.557270 np0000004814 nova-scheduler[96336]: DEBUG oslo_concurrency.lockutils [None req-ba4d2397-3d4e-458b-a830-5b0c3628b20b tempest-ServerRescueNegativeTestJSON-1152908974 tempest-ServerRescueNegativeTestJSON-1152908974-project-member] Acquiring lock "np0000004814-np0000004814" by "nova.scheduler.host_manager.HostState.update.._locked_update" {{(pid=96336) inner /opt/stack/data/venv/lib/python3.12/site-packages/oslo_concurrency/lockutils.py:511}}
Jul 08 11:10:55.557482 np0000004814 nova-scheduler[96336]: DEBUG oslo_concurrency.lockutils [None req-ba4d2397-3d4e-458b-a830-5b0c3628b20b tempest-ServerRescueNegativeTestJSON-1152908974 tempest-ServerRescueNegativeTestJSON-1152908974-project-member] Lock "np0000004814-np0000004814" acquired by "nova.scheduler.host_manager.HostState.update.._locked_update" :: waited 0.000s {{(pid=96336) inner /opt/stack/data/venv/lib/python3.12/site-packages/oslo_concurrency/lockutils.py:524}}
Jul 08 11:10:55.559128 np0000004814 nova-scheduler[96336]: DEBUG nova.scheduler.host_manager [None req-ba4d2397-3d4e-458b-a830-5b0c3628b20b tempest-ServerRescueNegativeTestJSON-1152908974 tempest-ServerRescueNegativeTestJSON-1152908974-project-member] Update host state from compute node: ComputeNode(cpu_allocation_ratio=4.0,cpu_info='{"arch": "x86_64", "model": "EPYC-Milan", "vendor": "AMD", "topology": {"cells": 1, "sockets": 16, "cores": 1, "threads": 1}, "maxphysaddr": {"mode": "emulate", "bits": 40}, "features": ["de", "gds-no", "pge", "amd-ssbd", "mtrr", "npt", "adx", "ibrs", "mca", "null-sel-clr-base", "pni", "stibp-always-on", "smep", "pclmuldq", "lfence-always-serializing", "clflushopt", "sse4.1", "rdrand", "xsaveopt", "pat", "mds-no", "tsc-deadline", "svm", "cmov", "ssbd", "3dnowprefetch", "stibp", "flushbyasid", "x2apic", "tsc", "nrip-save", "xsaveerptr", "cmp_legacy", "xsavec", "pae", "topoext", "vpclmulqdq", "pcid", "lm", "spec-ctrl", "perfctr_core", "avx2", "xsaves", "hypervisor", "ibpb", "vmcb-clean", "arat", "skip-l1dfl-vmentry", "fxsr_opt", "vaes", "xsave", "pse36", "apic", "misalignsse", "lahf_lm", "amd-stibp", "pku", "sse", "sse4a", "rdtscp", "fsrm", "rdseed", "cx16", "pse", "rdctl-no", "vgif", "xgetbv1", "sha-ni", "clwb", "movbe", "rdpid", "no-nested-data-bp", "cx8", "tsc-scale", "avx", "lbrv", "mmxext", "popcnt", "fpu", "fxsr", "wbnoinvd", "virt-ssbd", "v-vmsave-vmload", "tsc_adjust", "osvw", "invpcid", "pfthreshold", "ssse3", "arch-capabilities", "fma", "pause-filter", "aes", "msr", "umip", "pschange-mc-no", "fsgsbase", "amd-psfd", "abm", "sep", "nx", "cr8legacy", "bmi1", "bmi2", "sse4.2", "smap", "vme", "clzero", "erms", "f16c", "pdpe1gb", "mmx", "syscall", "mce", "svme-addr-chk", "sse2", "clflush"]}',created_at=2026-07-08T11:09:01Z,current_workload=0,deleted=False,deleted_at=None,disk_allocation_ratio=1.0,disk_available_least=74,free_disk_gb=95,free_ram_mb=63789,host='np0000004814',host_ip=10.4.3.55,hypervisor_hostname='np0000004814',hypervisor_type='QEMU',hypervisor_version=8002002,id=1,local_gb=95,local_gb_used=0,mapped=1,memory_mb=64301,memory_mb_used=512,metrics='[]',numa_topology='{"nova_object.name": "NUMATopology", "nova_object.namespace": "nova", "nova_object.version": "1.2", "nova_object.data": {"cells": [{"nova_object.name": "NUMACell", "nova_object.namespace": "nova", "nova_object.version": "1.5", "nova_object.data": {"id": 0, "cpuset": [0, 1, 2, 3, 4, 5, 6, 7, 8, 9, 10, 11, 12, 13, 14, 15], "pcpuset": [0, 1, 2, 3, 4, 5, 6, 7, 8, 9, 10, 11, 12, 13, 14, 15], "memory": 64301, "cpu_usage": 0, "memory_usage": 0, "pinned_cpus": [], "siblings": [[6], [12], [2], [15], [5], [11], [8], [14], [4], [1], [7], [10], [0], [13], [3], [9]], "mempages": [{"nova_object.name": "NUMAPagesTopology", "nova_object.namespace": "nova", "nova_object.version": "1.1", "nova_object.data": {"size_kb": 4, "total": 16461070, "used": 0, "reserved": 0}, "nova_object.changes": ["total", "used", "size_kb", "reserved"]}, {"nova_object.name": "NUMAPagesTopology", "nova_object.namespace": "nova", "nova_object.version": "1.1", "nova_object.data": {"size_kb": 2048, "total": 0, "used": 0, "reserved": 0}, "nova_object.changes": ["total", "used", "size_kb", "reserved"]}, {"nova_object.name": "NUMAPagesTopology", "nova_object.namespace": "nova", "nova_object.version": "1.1", "nova_object.data": {"size_kb": 1048576, "total": 0, "used": 0, "reserved": 0}, "nova_object.changes": ["total", "used", "size_kb", "reserved"]}], "network_metadata": {"nova_object.name": "NetworkMetadata", "nova_object.namespace": "nova", "nova_object.version": "1.0", "nova_object.data": {"physnets": [], "tunneled": false}, "nova_object.changes": ["tunneled", "physnets"]}, "socket": null}, "nova_object.changes": ["cpuset", "network_metadata", "mempages", "pcpuset", "siblings", "memory_usage", "memory", "id", "cpu_usage", "pinned_cpus", "socket"]}]}, "nova_object.changes": ["cells"]}',pci_device_pools=PciDevicePoolList,ram_allocation_ratio=1.0,running_vms=0,service_id=3,stats={failed_builds='0',uptime=' 11:10:47 up 25 min, 2 users, load average: 1.54, 1.57, 0.92
