Jul 08 11:08:41.801689 np0000004814 nova-conductor[98819]: DEBUG cotyledon.oslo_config_glue [-] oslo_versionedobjects.fatal_exception_format_errors = False {{(pid=98819) log_opt_values /opt/stack/data/venv/lib/python3.12/site-packages/oslo_config/cfg.py:3253}}
Jul 08 11:08:41.801689 np0000004814 nova-conductor[98819]: DEBUG cotyledon.oslo_config_glue [-] oslo_middleware.http_basic_auth_user_file = /etc/htpasswd {{(pid=98819) log_opt_values /opt/stack/data/venv/lib/python3.12/site-packages/oslo_config/cfg.py:3253}}
Jul 08 11:08:41.801689 np0000004814 nova-conductor[98819]: DEBUG cotyledon.oslo_config_glue [-] profiler.connection_string = messaging:// {{(pid=98819) log_opt_values /opt/stack/data/venv/lib/python3.12/site-packages/oslo_config/cfg.py:3253}}
Jul 08 11:08:41.801689 np0000004814 nova-conductor[98819]: DEBUG cotyledon.oslo_config_glue [-] profiler.enabled = False {{(pid=98819) log_opt_values /opt/stack/data/venv/lib/python3.12/site-packages/oslo_config/cfg.py:3253}}
Jul 08 11:08:41.801689 np0000004814 nova-conductor[98819]: DEBUG cotyledon.oslo_config_glue [-] profiler.es_doc_type = notification {{(pid=98819) log_opt_values /opt/stack/data/venv/lib/python3.12/site-packages/oslo_config/cfg.py:3253}}
Jul 08 11:08:41.801689 np0000004814 nova-conductor[98819]: DEBUG cotyledon.oslo_config_glue [-] profiler.es_scroll_size = 10000 {{(pid=98819) log_opt_values /opt/stack/data/venv/lib/python3.12/site-packages/oslo_config/cfg.py:3253}}
Jul 08 11:08:41.801946 np0000004814 nova-conductor[98819]: DEBUG cotyledon.oslo_config_glue [-] profiler.es_scroll_time = 2m {{(pid=98819) log_opt_values /opt/stack/data/venv/lib/python3.12/site-packages/oslo_config/cfg.py:3253}}
Jul 08 11:08:41.801946 np0000004814 nova-conductor[98819]: DEBUG cotyledon.oslo_config_glue [-] profiler.filter_error_trace = False {{(pid=98819) log_opt_values /opt/stack/data/venv/lib/python3.12/site-packages/oslo_config/cfg.py:3253}}
Jul 08 11:08:41.801946 np0000004814 nova-conductor[98819]: DEBUG cotyledon.oslo_config_glue [-] profiler.hmac_keys = **** {{(pid=98819) log_opt_values /opt/stack/data/venv/lib/python3.12/site-packages/oslo_config/cfg.py:3253}}
Jul 08 11:08:41.801946 np0000004814 nova-conductor[98819]: DEBUG cotyledon.oslo_config_glue [-] profiler.sentinel_service_name = mymaster {{(pid=98819) log_opt_values /opt/stack/data/venv/lib/python3.12/site-packages/oslo_config/cfg.py:3253}}
Jul 08 11:08:41.801946 np0000004814 nova-conductor[98819]: DEBUG cotyledon.oslo_config_glue [-] profiler.socket_timeout = 0.1 {{(pid=98819) log_opt_values /opt/stack/data/venv/lib/python3.12/site-packages/oslo_config/cfg.py:3253}}
Jul 08 11:08:41.801946 np0000004814 nova-conductor[98819]: DEBUG cotyledon.oslo_config_glue [-] profiler.trace_requests = False {{(pid=98819) log_opt_values /opt/stack/data/venv/lib/python3.12/site-packages/oslo_config/cfg.py:3253}}
Jul 08 11:08:41.801946 np0000004814 nova-conductor[98819]: DEBUG cotyledon.oslo_config_glue [-] profiler.trace_sqlalchemy = False {{(pid=98819) log_opt_values /opt/stack/data/venv/lib/python3.12/site-packages/oslo_config/cfg.py:3253}}
Jul 08 11:08:41.801946 np0000004814 nova-conductor[98819]: DEBUG cotyledon.oslo_config_glue [-] profiler_jaeger.process_tags = {} {{(pid=98819) log_opt_values /opt/stack/data/venv/lib/python3.12/site-packages/oslo_config/cfg.py:3253}}
Jul 08 11:08:41.801946 np0000004814 nova-conductor[98819]: DEBUG cotyledon.oslo_config_glue [-] profiler_jaeger.service_name_prefix = None {{(pid=98819) log_opt_values /opt/stack/data/venv/lib/python3.12/site-packages/oslo_config/cfg.py:3253}}
Jul 08 11:08:41.802198 np0000004814 nova-conductor[98819]: DEBUG cotyledon.oslo_config_glue [-] profiler_otlp.service_name_prefix = None {{(pid=98819) log_opt_values /opt/stack/data/venv/lib/python3.12/site-packages/oslo_config/cfg.py:3253}}
Jul 08 11:08:41.802198 np0000004814 nova-conductor[98819]: DEBUG cotyledon.oslo_config_glue [-] oslo_messaging_rabbit.amqp_auto_delete = False {{(pid=98819) log_opt_values /opt/stack/data/venv/lib/python3.12/site-packages/oslo_config/cfg.py:3253}}
Jul 08 11:08:41.802198 np0000004814 nova-conductor[98819]: DEBUG cotyledon.oslo_config_glue [-] oslo_messaging_rabbit.amqp_durable_queues = False {{(pid=98819) log_opt_values /opt/stack/data/venv/lib/python3.12/site-packages/oslo_config/cfg.py:3253}}
Jul 08 11:08:41.802198 np0000004814 nova-conductor[98819]: DEBUG cotyledon.oslo_config_glue [-] oslo_messaging_rabbit.conn_pool_min_size = 2 {{(pid=98819) log_opt_values /opt/stack/data/venv/lib/python3.12/site-packages/oslo_config/cfg.py:3253}}
Jul 08 11:08:41.802198 np0000004814 nova-conductor[98819]: DEBUG cotyledon.oslo_config_glue [-] oslo_messaging_rabbit.conn_pool_ttl = 1200 {{(pid=98819) log_opt_values /opt/stack/data/venv/lib/python3.12/site-packages/oslo_config/cfg.py:3253}}
Jul 08 11:08:41.802198 np0000004814 nova-conductor[98819]: DEBUG cotyledon.oslo_config_glue [-] oslo_messaging_rabbit.direct_mandatory_flag = True {{(pid=98819) log_opt_values /opt/stack/data/venv/lib/python3.12/site-packages/oslo_config/cfg.py:3253}}
Jul 08 11:08:41.802198 np0000004814 nova-conductor[98819]: DEBUG cotyledon.oslo_config_glue [-] oslo_messaging_rabbit.enable_cancel_on_failover = False {{(pid=98819) log_opt_values /opt/stack/data/venv/lib/python3.12/site-packages/oslo_config/cfg.py:3253}}
Jul 08 11:08:41.802198 np0000004814 nova-conductor[98819]: DEBUG cotyledon.oslo_config_glue [-] oslo_messaging_rabbit.heartbeat_rate = 3 {{(pid=98819) log_opt_values /opt/stack/data/venv/lib/python3.12/site-packages/oslo_config/cfg.py:3253}}
Jul 08 11:08:41.802198 np0000004814 nova-conductor[98819]: DEBUG cotyledon.oslo_config_glue [-] oslo_messaging_rabbit.heartbeat_timeout_threshold = 60 {{(pid=98819) log_opt_values /opt/stack/data/venv/lib/python3.12/site-packages/oslo_config/cfg.py:3253}}
Jul 08 11:08:41.802446 np0000004814 nova-conductor[98819]: DEBUG cotyledon.oslo_config_glue [-] oslo_messaging_rabbit.hostname = np0000004814 {{(pid=98819) log_opt_values /opt/stack/data/venv/lib/python3.12/site-packages/oslo_config/cfg.py:3253}}
Jul 08 11:08:41.802446 np0000004814 nova-conductor[98819]: DEBUG cotyledon.oslo_config_glue [-] oslo_messaging_rabbit.kombu_compression = None {{(pid=98819) log_opt_values /opt/stack/data/venv/lib/python3.12/site-packages/oslo_config/cfg.py:3253}}
Jul 08 11:08:41.802446 np0000004814 nova-conductor[98819]: DEBUG cotyledon.oslo_config_glue [-] oslo_messaging_rabbit.kombu_failover_strategy = round-robin {{(pid=98819) log_opt_values /opt/stack/data/venv/lib/python3.12/site-packages/oslo_config/cfg.py:3253}}
Jul 08 11:08:41.802446 np0000004814 nova-conductor[98819]: DEBUG cotyledon.oslo_config_glue [-] oslo_messaging_rabbit.kombu_missing_consumer_retry_timeout = 60 {{(pid=98819) log_opt_values /opt/stack/data/venv/lib/python3.12/site-packages/oslo_config/cfg.py:3253}}
Jul 08 11:08:41.802446 np0000004814 nova-conductor[98819]: DEBUG cotyledon.oslo_config_glue [-] oslo_messaging_rabbit.kombu_reconnect_delay = 1.0 {{(pid=98819) log_opt_values /opt/stack/data/venv/lib/python3.12/site-packages/oslo_config/cfg.py:3253}}
Jul 08 11:08:41.802446 np0000004814 nova-conductor[98819]: DEBUG cotyledon.oslo_config_glue [-] oslo_messaging_rabbit.kombu_reconnect_splay = 0.0 {{(pid=98819) log_opt_values /opt/stack/data/venv/lib/python3.12/site-packages/oslo_config/cfg.py:3253}}
Jul 08 11:08:41.802446 np0000004814 nova-conductor[98819]: DEBUG cotyledon.oslo_config_glue [-] oslo_messaging_rabbit.processname = nova-conductor {{(pid=98819) log_opt_values /opt/stack/data/venv/lib/python3.12/site-packages/oslo_config/cfg.py:3253}}
Jul 08 11:08:41.802446 np0000004814 nova-conductor[98819]: DEBUG cotyledon.oslo_config_glue [-] oslo_messaging_rabbit.rabbit_ha_queues = False {{(pid=98819) log_opt_values /opt/stack/data/venv/lib/python3.12/site-packages/oslo_config/cfg.py:3253}}
Jul 08 11:08:41.802446 np0000004814 nova-conductor[98819]: DEBUG cotyledon.oslo_config_glue [-] oslo_messaging_rabbit.rabbit_interval_max = 30 {{(pid=98819) log_opt_values /opt/stack/data/venv/lib/python3.12/site-packages/oslo_config/cfg.py:3253}}
Jul 08 11:08:41.802667 np0000004814 nova-conductor[98819]: DEBUG cotyledon.oslo_config_glue [-] oslo_messaging_rabbit.rabbit_login_method = AMQPLAIN {{(pid=98819) log_opt_values /opt/stack/data/venv/lib/python3.12/site-packages/oslo_config/cfg.py:3253}}
Jul 08 11:08:41.802667 np0000004814 nova-conductor[98819]: DEBUG cotyledon.oslo_config_glue [-] oslo_messaging_rabbit.rabbit_qos_prefetch_count = 0 {{(pid=98819) log_opt_values /opt/stack/data/venv/lib/python3.12/site-packages/oslo_config/cfg.py:3253}}
Jul 08 11:08:41.802667 np0000004814 nova-conductor[98819]: DEBUG cotyledon.oslo_config_glue [-] oslo_messaging_rabbit.rabbit_quorum_delivery_limit = 0 {{(pid=98819) log_opt_values /opt/stack/data/venv/lib/python3.12/site-packages/oslo_config/cfg.py:3253}}
Jul 08 11:08:41.802667 np0000004814 nova-conductor[98819]: DEBUG cotyledon.oslo_config_glue [-] oslo_messaging_rabbit.rabbit_quorum_max_memory_bytes = 0 {{(pid=98819) log_opt_values /opt/stack/data/venv/lib/python3.12/site-packages/oslo_config/cfg.py:3253}}
Jul 08 11:08:41.802667 np0000004814 nova-conductor[98819]: DEBUG cotyledon.oslo_config_glue [-] oslo_messaging_rabbit.rabbit_quorum_max_memory_length = 0 {{(pid=98819) log_opt_values /opt/stack/data/venv/lib/python3.12/site-packages/oslo_config/cfg.py:3253}}
Jul 08 11:08:41.802667 np0000004814 nova-conductor[98819]: DEBUG cotyledon.oslo_config_glue [-] oslo_messaging_rabbit.rabbit_quorum_queue = False {{(pid=98819) log_opt_values /opt/stack/data/venv/lib/python3.12/site-packages/oslo_config/cfg.py:3253}}
Jul 08 11:08:41.802667 np0000004814 nova-conductor[98819]: DEBUG cotyledon.oslo_config_glue [-] oslo_messaging_rabbit.rabbit_retry_backoff = 2 {{(pid=98819) log_opt_values /opt/stack/data/venv/lib/python3.12/site-packages/oslo_config/cfg.py:3253}}
Jul 08 11:08:41.802667 np0000004814 nova-conductor[98819]: DEBUG cotyledon.oslo_config_glue [-] oslo_messaging_rabbit.rabbit_retry_interval = 1 {{(pid=98819) log_opt_values /opt/stack/data/venv/lib/python3.12/site-packages/oslo_config/cfg.py:3253}}
Jul 08 11:08:41.802667 np0000004814 nova-conductor[98819]: DEBUG cotyledon.oslo_config_glue [-] oslo_messaging_rabbit.rabbit_stream_fanout = False {{(pid=98819) log_opt_values /opt/stack/data/venv/lib/python3.12/site-packages/oslo_config/cfg.py:3253}}
Jul 08 11:08:41.802902 np0000004814 nova-conductor[98819]: DEBUG cotyledon.oslo_config_glue [-] oslo_messaging_rabbit.rabbit_transient_queues_ttl = 1800 {{(pid=98819) log_opt_values /opt/stack/data/venv/lib/python3.12/site-packages/oslo_config/cfg.py:3253}}
Jul 08 11:08:41.802902 np0000004814 nova-conductor[98819]: DEBUG cotyledon.oslo_config_glue [-] oslo_messaging_rabbit.rabbit_transient_quorum_queue = False {{(pid=98819) log_opt_values /opt/stack/data/venv/lib/python3.12/site-packages/oslo_config/cfg.py:3253}}
Jul 08 11:08:41.802902 np0000004814 nova-conductor[98819]: DEBUG cotyledon.oslo_config_glue [-] oslo_messaging_rabbit.rpc_conn_pool_size = 30 {{(pid=98819) log_opt_values /opt/stack/data/venv/lib/python3.12/site-packages/oslo_config/cfg.py:3253}}
Jul 08 11:08:41.802902 np0000004814 nova-conductor[98819]: DEBUG cotyledon.oslo_config_glue [-] oslo_messaging_rabbit.ssl = False {{(pid=98819) log_opt_values /opt/stack/data/venv/lib/python3.12/site-packages/oslo_config/cfg.py:3253}}
Jul 08 11:08:41.802902 np0000004814 nova-conductor[98819]: DEBUG cotyledon.oslo_config_glue [-] oslo_messaging_rabbit.ssl_ca_file = {{(pid=98819) log_opt_values /opt/stack/data/venv/lib/python3.12/site-packages/oslo_config/cfg.py:3253}}
Jul 08 11:08:41.802902 np0000004814 nova-conductor[98819]: DEBUG cotyledon.oslo_config_glue [-] oslo_messaging_rabbit.ssl_cert_file = {{(pid=98819) log_opt_values /opt/stack/data/venv/lib/python3.12/site-packages/oslo_config/cfg.py:3253}}
Jul 08 11:08:41.802902 np0000004814 nova-conductor[98819]: DEBUG cotyledon.oslo_config_glue [-] oslo_messaging_rabbit.ssl_enforce_fips_mode = False {{(pid=98819) log_opt_values /opt/stack/data/venv/lib/python3.12/site-packages/oslo_config/cfg.py:3253}}
Jul 08 11:08:41.802902 np0000004814 nova-conductor[98819]: DEBUG cotyledon.oslo_config_glue [-] oslo_messaging_rabbit.ssl_enforce_hostname_verification = True {{(pid=98819) log_opt_values /opt/stack/data/venv/lib/python3.12/site-packages/oslo_config/cfg.py:3253}}
Jul 08 11:08:41.802902 np0000004814 nova-conductor[98819]: DEBUG cotyledon.oslo_config_glue [-] oslo_messaging_rabbit.ssl_key_file = {{(pid=98819) log_opt_values /opt/stack/data/venv/lib/python3.12/site-packages/oslo_config/cfg.py:3253}}
Jul 08 11:08:41.806523 np0000004814 nova-conductor[98819]: DEBUG cotyledon.oslo_config_glue [-] oslo_messaging_rabbit.ssl_version = {{(pid=98819) log_opt_values /opt/stack/data/venv/lib/python3.12/site-packages/oslo_config/cfg.py:3253}}
Jul 08 11:08:41.806523 np0000004814 nova-conductor[98819]: DEBUG cotyledon.oslo_config_glue [-] oslo_messaging_rabbit.use_queue_manager = False {{(pid=98819) log_opt_values /opt/stack/data/venv/lib/python3.12/site-packages/oslo_config/cfg.py:3253}}
Jul 08 11:08:41.806523 np0000004814 nova-conductor[98819]: DEBUG cotyledon.oslo_config_glue [-] oslo_messaging_notifications.driver = ['messagingv2'] {{(pid=98819) log_opt_values /opt/stack/data/venv/lib/python3.12/site-packages/oslo_config/cfg.py:3253}}
Jul 08 11:08:41.806523 np0000004814 nova-conductor[98819]: DEBUG cotyledon.oslo_config_glue [-] oslo_messaging_notifications.retry = -1 {{(pid=98819) log_opt_values /opt/stack/data/venv/lib/python3.12/site-packages/oslo_config/cfg.py:3253}}
Jul 08 11:08:41.806523 np0000004814 nova-conductor[98819]: DEBUG cotyledon.oslo_config_glue [-] oslo_messaging_notifications.topics = ['notifications'] {{(pid=98819) log_opt_values /opt/stack/data/venv/lib/python3.12/site-packages/oslo_config/cfg.py:3253}}
Jul 08 11:08:41.806523 np0000004814 nova-conductor[98819]: DEBUG cotyledon.oslo_config_glue [-] oslo_messaging_notifications.transport_url = **** {{(pid=98819) log_opt_values /opt/stack/data/venv/lib/python3.12/site-packages/oslo_config/cfg.py:3253}}
Jul 08 11:08:41.806523 np0000004814 nova-conductor[98819]: DEBUG cotyledon.oslo_config_glue [-] oslo_limit.auth_section = None {{(pid=98819) log_opt_values /opt/stack/data/venv/lib/python3.12/site-packages/oslo_config/cfg.py:3253}}
Jul 08 11:08:41.806523 np0000004814 nova-conductor[98819]: DEBUG cotyledon.oslo_config_glue [-] oslo_limit.auth_type = None {{(pid=98819) log_opt_values /opt/stack/data/venv/lib/python3.12/site-packages/oslo_config/cfg.py:3253}}
Jul 08 11:08:41.806523 np0000004814 nova-conductor[98819]: DEBUG cotyledon.oslo_config_glue [-] oslo_limit.cafile = None {{(pid=98819) log_opt_values /opt/stack/data/venv/lib/python3.12/site-packages/oslo_config/cfg.py:3253}}
Jul 08 11:08:41.806863 np0000004814 nova-conductor[98819]: DEBUG cotyledon.oslo_config_glue [-] oslo_limit.certfile = None {{(pid=98819) log_opt_values /opt/stack/data/venv/lib/python3.12/site-packages/oslo_config/cfg.py:3253}}
Jul 08 11:08:41.806863 np0000004814 nova-conductor[98819]: DEBUG cotyledon.oslo_config_glue [-] oslo_limit.collect_timing = False {{(pid=98819) log_opt_values /opt/stack/data/venv/lib/python3.12/site-packages/oslo_config/cfg.py:3253}}
Jul 08 11:08:41.806863 np0000004814 nova-conductor[98819]: DEBUG cotyledon.oslo_config_glue [-] oslo_limit.connect_retries = None {{(pid=98819) log_opt_values /opt/stack/data/venv/lib/python3.12/site-packages/oslo_config/cfg.py:3253}}
Jul 08 11:08:41.806863 np0000004814 nova-conductor[98819]: DEBUG cotyledon.oslo_config_glue [-] oslo_limit.connect_retry_delay = None {{(pid=98819) log_opt_values /opt/stack/data/venv/lib/python3.12/site-packages/oslo_config/cfg.py:3253}}
Jul 08 11:08:41.806863 np0000004814 nova-conductor[98819]: DEBUG cotyledon.oslo_config_glue [-] oslo_limit.endpoint_id = None {{(pid=98819) log_opt_values /opt/stack/data/venv/lib/python3.12/site-packages/oslo_config/cfg.py:3253}}
Jul 08 11:08:41.806863 np0000004814 nova-conductor[98819]: DEBUG cotyledon.oslo_config_glue [-] oslo_limit.endpoint_interface = public {{(pid=98819) log_opt_values /opt/stack/data/venv/lib/python3.12/site-packages/oslo_config/cfg.py:3253}}
Jul 08 11:08:41.806863 np0000004814 nova-conductor[98819]: DEBUG cotyledon.oslo_config_glue [-] oslo_limit.endpoint_override = None {{(pid=98819) log_opt_values /opt/stack/data/venv/lib/python3.12/site-packages/oslo_config/cfg.py:3253}}
Jul 08 11:08:41.806863 np0000004814 nova-conductor[98819]: DEBUG cotyledon.oslo_config_glue [-] oslo_limit.endpoint_region_name = None {{(pid=98819) log_opt_values /opt/stack/data/venv/lib/python3.12/site-packages/oslo_config/cfg.py:3253}}
Jul 08 11:08:41.806863 np0000004814 nova-conductor[98819]: DEBUG cotyledon.oslo_config_glue [-] oslo_limit.endpoint_service_name = None {{(pid=98819) log_opt_values /opt/stack/data/venv/lib/python3.12/site-packages/oslo_config/cfg.py:3253}}
Jul 08 11:08:41.807240 np0000004814 nova-conductor[98819]: DEBUG cotyledon.oslo_config_glue [-] oslo_limit.endpoint_service_type = None {{(pid=98819) log_opt_values /opt/stack/data/venv/lib/python3.12/site-packages/oslo_config/cfg.py:3253}}
Jul 08 11:08:41.807240 np0000004814 nova-conductor[98819]: DEBUG cotyledon.oslo_config_glue [-] oslo_limit.insecure = False {{(pid=98819) log_opt_values /opt/stack/data/venv/lib/python3.12/site-packages/oslo_config/cfg.py:3253}}
Jul 08 11:08:41.807240 np0000004814 nova-conductor[98819]: DEBUG cotyledon.oslo_config_glue [-] oslo_limit.keyfile = None {{(pid=98819) log_opt_values /opt/stack/data/venv/lib/python3.12/site-packages/oslo_config/cfg.py:3253}}
Jul 08 11:08:41.807240 np0000004814 nova-conductor[98819]: DEBUG cotyledon.oslo_config_glue [-] oslo_limit.max_version = None {{(pid=98819) log_opt_values /opt/stack/data/venv/lib/python3.12/site-packages/oslo_config/cfg.py:3253}}
Jul 08 11:08:41.807240 np0000004814 nova-conductor[98819]: DEBUG cotyledon.oslo_config_glue [-] oslo_limit.min_version = None {{(pid=98819) log_opt_values /opt/stack/data/venv/lib/python3.12/site-packages/oslo_config/cfg.py:3253}}
Jul 08 11:08:41.807240 np0000004814 nova-conductor[98819]: DEBUG cotyledon.oslo_config_glue [-] oslo_limit.region_name = None {{(pid=98819) log_opt_values /opt/stack/data/venv/lib/python3.12/site-packages/oslo_config/cfg.py:3253}}
Jul 08 11:08:41.807240 np0000004814 nova-conductor[98819]: DEBUG cotyledon.oslo_config_glue [-] oslo_limit.retriable_status_codes = None {{(pid=98819) log_opt_values /opt/stack/data/venv/lib/python3.12/site-packages/oslo_config/cfg.py:3253}}
Jul 08 11:08:41.807240 np0000004814 nova-conductor[98819]: DEBUG cotyledon.oslo_config_glue [-] oslo_limit.service_name = None {{(pid=98819) log_opt_values /opt/stack/data/venv/lib/python3.12/site-packages/oslo_config/cfg.py:3253}}
Jul 08 11:08:41.807240 np0000004814 nova-conductor[98819]: DEBUG cotyledon.oslo_config_glue [-] oslo_limit.service_type = None {{(pid=98819) log_opt_values /opt/stack/data/venv/lib/python3.12/site-packages/oslo_config/cfg.py:3253}}
Jul 08 11:08:41.807546 np0000004814 nova-conductor[98819]: DEBUG cotyledon.oslo_config_glue [-] oslo_limit.split_loggers = False {{(pid=98819) log_opt_values /opt/stack/data/venv/lib/python3.12/site-packages/oslo_config/cfg.py:3253}}
Jul 08 11:08:41.807546 np0000004814 nova-conductor[98819]: DEBUG cotyledon.oslo_config_glue [-] oslo_limit.status_code_retries = None {{(pid=98819) log_opt_values /opt/stack/data/venv/lib/python3.12/site-packages/oslo_config/cfg.py:3253}}
Jul 08 11:08:41.807546 np0000004814 nova-conductor[98819]: DEBUG cotyledon.oslo_config_glue [-] oslo_limit.status_code_retry_delay = None {{(pid=98819) log_opt_values /opt/stack/data/venv/lib/python3.12/site-packages/oslo_config/cfg.py:3253}}
Jul 08 11:08:41.807546 np0000004814 nova-conductor[98819]: DEBUG cotyledon.oslo_config_glue [-] oslo_limit.timeout = None {{(pid=98819) log_opt_values /opt/stack/data/venv/lib/python3.12/site-packages/oslo_config/cfg.py:3253}}
Jul 08 11:08:41.807546 np0000004814 nova-conductor[98819]: DEBUG cotyledon.oslo_config_glue [-] oslo_limit.valid_interfaces = None {{(pid=98819) log_opt_values /opt/stack/data/venv/lib/python3.12/site-packages/oslo_config/cfg.py:3253}}
Jul 08 11:08:41.807546 np0000004814 nova-conductor[98819]: DEBUG cotyledon.oslo_config_glue [-] oslo_limit.version = None {{(pid=98819) log_opt_values /opt/stack/data/venv/lib/python3.12/site-packages/oslo_config/cfg.py:3253}}
Jul 08 11:08:41.807546 np0000004814 nova-conductor[98819]: DEBUG cotyledon.oslo_config_glue [-] oslo_reports.file_event_handler = None {{(pid=98819) log_opt_values /opt/stack/data/venv/lib/python3.12/site-packages/oslo_config/cfg.py:3253}}
Jul 08 11:08:41.807546 np0000004814 nova-conductor[98819]: DEBUG cotyledon.oslo_config_glue [-] oslo_reports.file_event_handler_interval = 1 {{(pid=98819) log_opt_values /opt/stack/data/venv/lib/python3.12/site-packages/oslo_config/cfg.py:3253}}
Jul 08 11:08:41.807546 np0000004814 nova-conductor[98819]: DEBUG cotyledon.oslo_config_glue [-] oslo_reports.log_dir = None {{(pid=98819) log_opt_values /opt/stack/data/venv/lib/python3.12/site-packages/oslo_config/cfg.py:3253}}
Jul 08 11:08:41.807955 np0000004814 nova-conductor[98819]: DEBUG cotyledon.oslo_config_glue [-] ******************************************************************************** {{(pid=98819) log_opt_values /opt/stack/data/venv/lib/python3.12/site-packages/oslo_config/cfg.py:3260}}
Jul 08 11:08:41.807955 np0000004814 nova-conductor[98819]: DEBUG cotyledon._service_worker [-] Run service ServiceWrapper(3) [98819] {{(pid=98819) wait_forever /opt/stack/data/venv/lib/python3.12/site-packages/cotyledon/_service_worker.py:218}}
Jul 08 11:08:41.807955 np0000004814 nova-conductor[98819]: INFO nova.service [-] Starting conductor node (version 33.1.0)
Jul 08 11:08:41.808711 np0000004814 nova-conductor[98765]: DEBUG oslo_db.sqlalchemy.engines [None req-9722dccd-ae1a-47ef-9eca-9dadebecf6cc None None] MySQL server mode set to STRICT_TRANS_TABLES,STRICT_ALL_TABLES,NO_ZERO_IN_DATE,NO_ZERO_DATE,ERROR_FOR_DIVISION_BY_ZERO,TRADITIONAL,NO_ENGINE_SUBSTITUTION {{(pid=98765) _check_effective_sql_mode /opt/stack/data/venv/lib/python3.12/site-packages/oslo_db/sqlalchemy/engines.py:325}}
Jul 08 11:08:41.808885 np0000004814 nova-conductor[98819]: INFO dbcounter [None req-ce372c6b-808f-412a-8950-2f59a450d331 None None] Registered counter for database nova_cell0
Jul 08 11:08:41.809119 np0000004814 nova-conductor[98765]: DEBUG dbcounter [-] [98765] Writer thread running {{(pid=98765) stat_writer /opt/stack/data/venv/lib/python3.12/site-packages/dbcounter.py:102}}
Jul 08 11:08:41.809356 np0000004814 nova-conductor[98815]: DEBUG oslo_db.sqlalchemy.engines [None req-71139113-add8-4ed4-91b4-5ff790f38333 None None] MySQL server mode set to STRICT_TRANS_TABLES,STRICT_ALL_TABLES,NO_ZERO_IN_DATE,NO_ZERO_DATE,ERROR_FOR_DIVISION_BY_ZERO,TRADITIONAL,NO_ENGINE_SUBSTITUTION {{(pid=98815) _check_effective_sql_mode /opt/stack/data/venv/lib/python3.12/site-packages/oslo_db/sqlalchemy/engines.py:325}}
Jul 08 11:08:41.809530 np0000004814 nova-conductor[98775]: DEBUG oslo_db.sqlalchemy.engines [None req-228f0299-0a13-455c-a095-c8bd7913767e None None] MySQL server mode set to STRICT_TRANS_TABLES,STRICT_ALL_TABLES,NO_ZERO_IN_DATE,NO_ZERO_DATE,ERROR_FOR_DIVISION_BY_ZERO,TRADITIONAL,NO_ENGINE_SUBSTITUTION {{(pid=98775) _check_effective_sql_mode /opt/stack/data/venv/lib/python3.12/site-packages/oslo_db/sqlalchemy/engines.py:325}}
Jul 08 11:08:41.809636 np0000004814 nova-conductor[98765]: DEBUG nova.service [None req-9722dccd-ae1a-47ef-9eca-9dadebecf6cc None None] Creating RPC server for service: nova-conductor on topic: conductor {{(pid=98765) start /opt/stack/nova/nova/service.py:196}}
Jul 08 11:08:41.809692 np0000004814 nova-conductor[98815]: DEBUG dbcounter [-] [98815] Writer thread running {{(pid=98815) stat_writer /opt/stack/data/venv/lib/python3.12/site-packages/dbcounter.py:102}}
Jul 08 11:08:41.809692 np0000004814 nova-conductor[98815]: DEBUG nova.service [None req-71139113-add8-4ed4-91b4-5ff790f38333 None None] Creating RPC server for service: nova-conductor on topic: conductor {{(pid=98815) start /opt/stack/nova/nova/service.py:196}}
Jul 08 11:08:41.809760 np0000004814 nova-conductor[98775]: DEBUG dbcounter [-] [98775] Writer thread running {{(pid=98775) stat_writer /opt/stack/data/venv/lib/python3.12/site-packages/dbcounter.py:102}}
Jul 08 11:08:41.809760 np0000004814 nova-conductor[98775]: DEBUG nova.service [None req-228f0299-0a13-455c-a095-c8bd7913767e None None] Creating RPC server for service: nova-conductor on topic: conductor {{(pid=98775) start /opt/stack/nova/nova/service.py:196}}
Jul 08 11:08:41.827547 np0000004814 nova-conductor[98819]: DEBUG oslo_db.sqlalchemy.engines [None req-ce372c6b-808f-412a-8950-2f59a450d331 None None] MySQL server mode set to STRICT_TRANS_TABLES,STRICT_ALL_TABLES,NO_ZERO_IN_DATE,NO_ZERO_DATE,ERROR_FOR_DIVISION_BY_ZERO,TRADITIONAL,NO_ENGINE_SUBSTITUTION {{(pid=98819) _check_effective_sql_mode /opt/stack/data/venv/lib/python3.12/site-packages/oslo_db/sqlalchemy/engines.py:325}}
Jul 08 11:08:41.834021 np0000004814 nova-conductor[98775]: DEBUG nova.service [None req-228f0299-0a13-455c-a095-c8bd7913767e None None] Join ServiceGroup membership for this service conductor {{(pid=98775) start /opt/stack/nova/nova/service.py:222}}
Jul 08 11:08:41.834187 np0000004814 nova-conductor[98775]: DEBUG nova.servicegroup.drivers.db [None req-228f0299-0a13-455c-a095-c8bd7913767e None None] DB_Driver: join new ServiceGroup member np0000004814 to the conductor group, service = {{(pid=98775) join /opt/stack/nova/nova/servicegroup/drivers/db.py:44}}
Jul 08 11:08:41.835648 np0000004814 nova-conductor[98765]: DEBUG nova.service [None req-9722dccd-ae1a-47ef-9eca-9dadebecf6cc None None] Join ServiceGroup membership for this service conductor {{(pid=98765) start /opt/stack/nova/nova/service.py:222}}
Jul 08 11:08:41.835867 np0000004814 nova-conductor[98765]: DEBUG nova.servicegroup.drivers.db [None req-9722dccd-ae1a-47ef-9eca-9dadebecf6cc None None] DB_Driver: join new ServiceGroup member np0000004814 to the conductor group, service = {{(pid=98765) join /opt/stack/nova/nova/servicegroup/drivers/db.py:44}}
Jul 08 11:08:41.837697 np0000004814 nova-conductor[98819]: DEBUG dbcounter [-] [98819] Writer thread running {{(pid=98819) stat_writer /opt/stack/data/venv/lib/python3.12/site-packages/dbcounter.py:102}}
Jul 08 11:08:41.839350 np0000004814 nova-conductor[98815]: DEBUG nova.service [None req-71139113-add8-4ed4-91b4-5ff790f38333 None None] Join ServiceGroup membership for this service conductor {{(pid=98815) start /opt/stack/nova/nova/service.py:222}}
Jul 08 11:08:41.839533 np0000004814 nova-conductor[98815]: DEBUG nova.servicegroup.drivers.db [None req-71139113-add8-4ed4-91b4-5ff790f38333 None None] DB_Driver: join new ServiceGroup member np0000004814 to the conductor group, service = {{(pid=98815) join /opt/stack/nova/nova/servicegroup/drivers/db.py:44}}
Jul 08 11:08:41.840239 np0000004814 nova-conductor[98819]: DEBUG nova.service [None req-ce372c6b-808f-412a-8950-2f59a450d331 None None] Creating RPC server for service: nova-conductor on topic: conductor {{(pid=98819) start /opt/stack/nova/nova/service.py:196}}
Jul 08 11:08:41.854491 np0000004814 nova-conductor[98819]: DEBUG nova.service [None req-ce372c6b-808f-412a-8950-2f59a450d331 None None] Join ServiceGroup membership for this service conductor {{(pid=98819) start /opt/stack/nova/nova/service.py:222}}
Jul 08 11:08:41.854736 np0000004814 nova-conductor[98819]: DEBUG nova.servicegroup.drivers.db [None req-ce372c6b-808f-412a-8950-2f59a450d331 None None] DB_Driver: join new ServiceGroup member np0000004814 to the conductor group, service = {{(pid=98819) join /opt/stack/nova/nova/servicegroup/drivers/db.py:44}}
Jul 08 11:08:46.849528 np0000004814 nova-conductor[98765]: DEBUG oslo.service.backend._threading.loopingcall [-] Fixed interval looping call 'nova.servicegroup.drivers.db.DbDriver._report_state' sleeping for 119.99 seconds {{(pid=98765) _run_loop /opt/stack/data/venv/lib/python3.12/site-packages/oslo_service/backend/_threading/loopingcall.py:125}}
Jul 08 11:08:46.850326 np0000004814 nova-conductor[98775]: DEBUG oslo.service.backend._threading.loopingcall [-] Fixed interval looping call 'nova.servicegroup.drivers.db.DbDriver._report_state' sleeping for 119.99 seconds {{(pid=98775) _run_loop /opt/stack/data/venv/lib/python3.12/site-packages/oslo_service/backend/_threading/loopingcall.py:125}}
Jul 08 11:08:46.853534 np0000004814 nova-conductor[98815]: DEBUG oslo.service.backend._threading.loopingcall [-] Fixed interval looping call 'nova.servicegroup.drivers.db.DbDriver._report_state' sleeping for 119.99 seconds {{(pid=98815) _run_loop /opt/stack/data/venv/lib/python3.12/site-packages/oslo_service/backend/_threading/loopingcall.py:125}}
Jul 08 11:08:46.863896 np0000004814 nova-conductor[98819]: DEBUG oslo.service.backend._threading.loopingcall [-] Fixed interval looping call 'nova.servicegroup.drivers.db.DbDriver._report_state' sleeping for 119.99 seconds {{(pid=98819) _run_loop /opt/stack/data/venv/lib/python3.12/site-packages/oslo_service/backend/_threading/loopingcall.py:125}}
Jul 08 11:08:50.414395 np0000004814 nova-conductor[97253]: DEBUG dbcounter [-] [97253] Writing DB stats nova_api:SELECT=1 {{(pid=97253) stat_writer /opt/stack/data/venv/lib/python3.12/site-packages/dbcounter.py:115}}
Jul 08 11:08:50.544461 np0000004814 nova-conductor[97253]: DEBUG dbcounter [-] [97253] Writing DB stats nova_cell1:SELECT=1 {{(pid=97253) stat_writer /opt/stack/data/venv/lib/python3.12/site-packages/dbcounter.py:115}}
Jul 08 11:08:50.548652 np0000004814 nova-conductor[97253]: DEBUG dbcounter [-] [97253] Writing DB stats nova_cell0:SELECT=1 {{(pid=97253) stat_writer /opt/stack/data/venv/lib/python3.12/site-packages/dbcounter.py:115}}
Jul 08 11:08:56.853949 np0000004814 nova-conductor[98765]: DEBUG dbcounter [-] [98765] Writing DB stats nova_cell0:SELECT=4,nova_cell0:INSERT=1,nova_cell0:UPDATE=1 {{(pid=98765) stat_writer /opt/stack/data/venv/lib/python3.12/site-packages/dbcounter.py:115}}
Jul 08 11:08:56.854281 np0000004814 nova-conductor[98775]: DEBUG dbcounter [-] [98775] Writing DB stats nova_cell0:SELECT=3,nova_cell0:UPDATE=1 {{(pid=98775) stat_writer /opt/stack/data/venv/lib/python3.12/site-packages/dbcounter.py:115}}
Jul 08 11:08:56.854571 np0000004814 nova-conductor[98815]: DEBUG dbcounter [-] [98815] Writing DB stats nova_cell0:SELECT=3,nova_cell0:UPDATE=1 {{(pid=98815) stat_writer /opt/stack/data/venv/lib/python3.12/site-packages/dbcounter.py:115}}
Jul 08 11:08:57.020402 np0000004814 nova-conductor[98819]: DEBUG dbcounter [-] [98819] Writing DB stats nova_cell0:SELECT=3 {{(pid=98819) stat_writer /opt/stack/data/venv/lib/python3.12/site-packages/dbcounter.py:115}}
Jul 08 11:09:12.841979 np0000004814 nova-conductor[98815]: DEBUG oslo.service.backend._threading.loopingcall [None req-06a5abe4-3079-48d6-a17e-d0e5f3663d86 None None] Dynamic interval looping call 'nova.service.Service.periodic_tasks' sleeping for 60.00 seconds {{(pid=98815) _run_loop /opt/stack/data/venv/lib/python3.12/site-packages/oslo_service/backend/_threading/loopingcall.py:125}}
Jul 08 11:09:21.856714 np0000004814 nova-conductor[98819]: DEBUG oslo.service.backend._threading.loopingcall [None req-36ce0865-0934-4102-9e29-68c5eb85780b None None] Dynamic interval looping call 'nova.service.Service.periodic_tasks' sleeping for 60.00 seconds {{(pid=98819) _run_loop /opt/stack/data/venv/lib/python3.12/site-packages/oslo_service/backend/_threading/loopingcall.py:125}}
Jul 08 11:09:26.836270 np0000004814 nova-conductor[98775]: DEBUG oslo.service.backend._threading.loopingcall [None req-ab5a5d3f-8193-4c11-b100-c60ea907db0b None None] Dynamic interval looping call 'nova.service.Service.periodic_tasks' sleeping for 60.00 seconds {{(pid=98775) _run_loop /opt/stack/data/venv/lib/python3.12/site-packages/oslo_service/backend/_threading/loopingcall.py:125}}
Jul 08 11:09:31.837564 np0000004814 nova-conductor[98765]: DEBUG oslo.service.backend._threading.loopingcall [None req-e3fdb6d0-6f2d-464e-aa47-0737cf850fd9 None None] Dynamic interval looping call 'nova.service.Service.periodic_tasks' sleeping for 60.00 seconds {{(pid=98765) _run_loop /opt/stack/data/venv/lib/python3.12/site-packages/oslo_service/backend/_threading/loopingcall.py:125}}
Jul 08 11:10:12.842427 np0000004814 nova-conductor[98815]: DEBUG oslo.service.backend._threading.loopingcall [None req-06a5abe4-3079-48d6-a17e-d0e5f3663d86 None None] Dynamic interval looping call 'nova.service.Service.periodic_tasks' sleeping for 60.00 seconds {{(pid=98815) _run_loop /opt/stack/data/venv/lib/python3.12/site-packages/oslo_service/backend/_threading/loopingcall.py:125}}
Jul 08 11:10:21.857128 np0000004814 nova-conductor[98819]: DEBUG oslo.service.backend._threading.loopingcall [None req-36ce0865-0934-4102-9e29-68c5eb85780b None None] Dynamic interval looping call 'nova.service.Service.periodic_tasks' sleeping for 60.00 seconds {{(pid=98819) _run_loop /opt/stack/data/venv/lib/python3.12/site-packages/oslo_service/backend/_threading/loopingcall.py:125}}
Jul 08 11:10:26.836709 np0000004814 nova-conductor[98775]: DEBUG oslo.service.backend._threading.loopingcall [None req-ab5a5d3f-8193-4c11-b100-c60ea907db0b None None] Dynamic interval looping call 'nova.service.Service.periodic_tasks' sleeping for 60.00 seconds {{(pid=98775) _run_loop /opt/stack/data/venv/lib/python3.12/site-packages/oslo_service/backend/_threading/loopingcall.py:125}}
Jul 08 11:10:31.838110 np0000004814 nova-conductor[98765]: DEBUG oslo.service.backend._threading.loopingcall [None req-e3fdb6d0-6f2d-464e-aa47-0737cf850fd9 None None] Dynamic interval looping call 'nova.service.Service.periodic_tasks' sleeping for 60.00 seconds {{(pid=98765) _run_loop /opt/stack/data/venv/lib/python3.12/site-packages/oslo_service/backend/_threading/loopingcall.py:125}}
Jul 08 11:10:46.847748 np0000004814 nova-conductor[98765]: DEBUG oslo.service.backend._threading.loopingcall [-] Fixed interval looping call 'nova.servicegroup.drivers.db.DbDriver._report_state' sleeping for 119.99 seconds {{(pid=98765) _run_loop /opt/stack/data/venv/lib/python3.12/site-packages/oslo_service/backend/_threading/loopingcall.py:125}}
Jul 08 11:10:46.848789 np0000004814 nova-conductor[98775]: DEBUG oslo.service.backend._threading.loopingcall [-] Fixed interval looping call 'nova.servicegroup.drivers.db.DbDriver._report_state' sleeping for 119.99 seconds {{(pid=98775) _run_loop /opt/stack/data/venv/lib/python3.12/site-packages/oslo_service/backend/_threading/loopingcall.py:125}}
Jul 08 11:10:46.849975 np0000004814 nova-conductor[98815]: DEBUG oslo.service.backend._threading.loopingcall [-] Fixed interval looping call 'nova.servicegroup.drivers.db.DbDriver._report_state' sleeping for 119.99 seconds {{(pid=98815) _run_loop /opt/stack/data/venv/lib/python3.12/site-packages/oslo_service/backend/_threading/loopingcall.py:125}}
Jul 08 11:10:46.857408 np0000004814 nova-conductor[98819]: DEBUG oslo.service.backend._threading.loopingcall [-] Fixed interval looping call 'nova.servicegroup.drivers.db.DbDriver._report_state' sleeping for 120.00 seconds {{(pid=98819) _run_loop /opt/stack/data/venv/lib/python3.12/site-packages/oslo_service/backend/_threading/loopingcall.py:125}}
Jul 08 11:10:54.772691 np0000004814 nova-conductor[98775]: DEBUG oslo_db.sqlalchemy.engines [None req-ba4d2397-3d4e-458b-a830-5b0c3628b20b tempest-ServerRescueNegativeTestJSON-1152908974 tempest-ServerRescueNegativeTestJSON-1152908974-project-member] Parent process 97253 forked (98775) with an open database connection, which is being discarded and recreated. {{(pid=98775) checkout /opt/stack/data/venv/lib/python3.12/site-packages/oslo_db/sqlalchemy/engines.py:402}}
Jul 08 11:10:54.822155 np0000004814 nova-conductor[98775]: DEBUG dbcounter [-] [98775] Writer thread running {{(pid=98775) stat_writer /opt/stack/data/venv/lib/python3.12/site-packages/dbcounter.py:102}}
Jul 08 11:10:55.846495 np0000004814 nova-conductor[98775]: DEBUG nova.conductor.manager [None req-ba4d2397-3d4e-458b-a830-5b0c3628b20b tempest-ServerRescueNegativeTestJSON-1152908974 tempest-ServerRescueNegativeTestJSON-1152908974-project-member] Took 1.02 seconds to select destinations for 1 instance(s). {{(pid=98775) _schedule_instances /opt/stack/nova/nova/conductor/manager.py:968}}
Jul 08 11:10:55.868404 np0000004814 nova-conductor[98775]: DEBUG oslo_concurrency.lockutils [None req-ba4d2397-3d4e-458b-a830-5b0c3628b20b tempest-ServerRescueNegativeTestJSON-1152908974 tempest-ServerRescueNegativeTestJSON-1152908974-project-member] Acquiring lock "bfc7a11d-7892-4432-bb77-a1734af5e676" by "nova.context.set_target_cell..get_or_set_cached_cell_and_set_connections" {{(pid=98775) inner /opt/stack/data/venv/lib/python3.12/site-packages/oslo_concurrency/lockutils.py:511}}
Jul 08 11:10:55.868624 np0000004814 nova-conductor[98775]: DEBUG oslo_concurrency.lockutils [None req-ba4d2397-3d4e-458b-a830-5b0c3628b20b tempest-ServerRescueNegativeTestJSON-1152908974 tempest-ServerRescueNegativeTestJSON-1152908974-project-member] Lock "bfc7a11d-7892-4432-bb77-a1734af5e676" acquired by "nova.context.set_target_cell..get_or_set_cached_cell_and_set_connections" :: waited 0.000s {{(pid=98775) inner /opt/stack/data/venv/lib/python3.12/site-packages/oslo_concurrency/lockutils.py:524}}
Jul 08 11:10:55.869937 np0000004814 nova-conductor[98775]: DEBUG oslo_concurrency.lockutils [None req-ba4d2397-3d4e-458b-a830-5b0c3628b20b tempest-ServerRescueNegativeTestJSON-1152908974 tempest-ServerRescueNegativeTestJSON-1152908974-project-member] Lock "bfc7a11d-7892-4432-bb77-a1734af5e676" "released" by "nova.context.set_target_cell..get_or_set_cached_cell_and_set_connections" :: held 0.001s {{(pid=98775) inner /opt/stack/data/venv/lib/python3.12/site-packages/oslo_concurrency/lockutils.py:543}}
Jul 08 11:10:55.871629 np0000004814 nova-conductor[98775]: INFO dbcounter [None req-ba4d2397-3d4e-458b-a830-5b0c3628b20b tempest-ServerRescueNegativeTestJSON-1152908974 tempest-ServerRescueNegativeTestJSON-1152908974-project-member] Registered counter for database nova_cell1
Jul 08 11:10:55.913850 np0000004814 nova-conductor[98775]: DEBUG oslo_db.sqlalchemy.engines [None req-ba4d2397-3d4e-458b-a830-5b0c3628b20b tempest-ServerRescueNegativeTestJSON-1152908974 tempest-ServerRescueNegativeTestJSON-1152908974-project-member] MySQL server mode set to STRICT_TRANS_TABLES,STRICT_ALL_TABLES,NO_ZERO_IN_DATE,NO_ZERO_DATE,ERROR_FOR_DIVISION_BY_ZERO,TRADITIONAL,NO_ENGINE_SUBSTITUTION {{(pid=98775) _check_effective_sql_mode /opt/stack/data/venv/lib/python3.12/site-packages/oslo_db/sqlalchemy/engines.py:325}}
Jul 08 11:10:55.921584 np0000004814 nova-conductor[98775]: DEBUG dbcounter [-] [98775] Writer thread running {{(pid=98775) stat_writer /opt/stack/data/venv/lib/python3.12/site-packages/dbcounter.py:102}}
Jul 08 11:10:55.982904 np0000004814 nova-conductor[98775]: INFO nova.utils [None req-ba4d2397-3d4e-458b-a830-5b0c3628b20b tempest-ServerRescueNegativeTestJSON-1152908974 tempest-ServerRescueNegativeTestJSON-1152908974-project-member] The cell worker thread pool ForkProcess-2.cell_worker is initialized
Jul 08 11:10:55.983208 np0000004814 nova-conductor[98775]: DEBUG oslo_concurrency.lockutils [None req-ba4d2397-3d4e-458b-a830-5b0c3628b20b tempest-ServerRescueNegativeTestJSON-1152908974 tempest-ServerRescueNegativeTestJSON-1152908974-project-member] Acquiring lock "00000000-0000-0000-0000-000000000000" by "nova.context.set_target_cell..get_or_set_cached_cell_and_set_connections" {{(pid=98775) inner /opt/stack/data/venv/lib/python3.12/site-packages/oslo_concurrency/lockutils.py:511}}
Jul 08 11:10:55.983369 np0000004814 nova-conductor[98775]: DEBUG oslo_concurrency.lockutils [None req-ba4d2397-3d4e-458b-a830-5b0c3628b20b tempest-ServerRescueNegativeTestJSON-1152908974 tempest-ServerRescueNegativeTestJSON-1152908974-project-member] Lock "00000000-0000-0000-0000-000000000000" acquired by "nova.context.set_target_cell..get_or_set_cached_cell_and_set_connections" :: waited 0.000s {{(pid=98775) inner /opt/stack/data/venv/lib/python3.12/site-packages/oslo_concurrency/lockutils.py:524}}
Jul 08 11:10:55.984003 np0000004814 nova-conductor[98775]: DEBUG oslo_concurrency.lockutils [None req-ba4d2397-3d4e-458b-a830-5b0c3628b20b tempest-ServerRescueNegativeTestJSON-1152908974 tempest-ServerRescueNegativeTestJSON-1152908974-project-member] Lock "00000000-0000-0000-0000-000000000000" "released" by "nova.context.set_target_cell..get_or_set_cached_cell_and_set_connections" :: held 0.000s {{(pid=98775) inner /opt/stack/data/venv/lib/python3.12/site-packages/oslo_concurrency/lockutils.py:543}}
Jul 08 11:10:55.984384 np0000004814 nova-conductor[98775]: DEBUG oslo_concurrency.lockutils [None req-ba4d2397-3d4e-458b-a830-5b0c3628b20b tempest-ServerRescueNegativeTestJSON-1152908974 tempest-ServerRescueNegativeTestJSON-1152908974-project-member] Acquiring lock "bfc7a11d-7892-4432-bb77-a1734af5e676" by "nova.context.set_target_cell..get_or_set_cached_cell_and_set_connections" {{(pid=98775) inner /opt/stack/data/venv/lib/python3.12/site-packages/oslo_concurrency/lockutils.py:511}}
Jul 08 11:10:55.985752 np0000004814 nova-conductor[98775]: INFO dbcounter [None req-ba4d2397-3d4e-458b-a830-5b0c3628b20b tempest-ServerRescueNegativeTestJSON-1152908974 tempest-ServerRescueNegativeTestJSON-1152908974-project-member] Registered counter for database nova_cell0
Jul 08 11:10:55.986930 np0000004814 nova-conductor[98775]: DEBUG oslo_concurrency.lockutils [None req-ba4d2397-3d4e-458b-a830-5b0c3628b20b tempest-ServerRescueNegativeTestJSON-1152908974 tempest-ServerRescueNegativeTestJSON-1152908974-project-member] Lock "bfc7a11d-7892-4432-bb77-a1734af5e676" acquired by "nova.context.set_target_cell..get_or_set_cached_cell_and_set_connections" :: waited 0.001s {{(pid=98775) inner /opt/stack/data/venv/lib/python3.12/site-packages/oslo_concurrency/lockutils.py:524}}
Jul 08 11:10:55.987091 np0000004814 nova-conductor[98775]: DEBUG oslo_concurrency.lockutils [None req-ba4d2397-3d4e-458b-a830-5b0c3628b20b tempest-ServerRescueNegativeTestJSON-1152908974 tempest-ServerRescueNegativeTestJSON-1152908974-project-member] Lock "bfc7a11d-7892-4432-bb77-a1734af5e676" "released" by "nova.context.set_target_cell..get_or_set_cached_cell_and_set_connections" :: held 0.002s {{(pid=98775) inner /opt/stack/data/venv/lib/python3.12/site-packages/oslo_concurrency/lockutils.py:543}}
Jul 08 11:10:56.021834 np0000004814 nova-conductor[98775]: DEBUG oslo_db.sqlalchemy.engines [None req-ba4d2397-3d4e-458b-a830-5b0c3628b20b tempest-ServerRescueNegativeTestJSON-1152908974 tempest-ServerRescueNegativeTestJSON-1152908974-project-member] MySQL server mode set to STRICT_TRANS_TABLES,STRICT_ALL_TABLES,NO_ZERO_IN_DATE,NO_ZERO_DATE,ERROR_FOR_DIVISION_BY_ZERO,TRADITIONAL,NO_ENGINE_SUBSTITUTION {{(pid=98775) _check_effective_sql_mode /opt/stack/data/venv/lib/python3.12/site-packages/oslo_db/sqlalchemy/engines.py:325}}
Jul 08 11:10:56.027300 np0000004814 nova-conductor[98775]: DEBUG dbcounter [-] [98775] Writer thread running {{(pid=98775) stat_writer /opt/stack/data/venv/lib/python3.12/site-packages/dbcounter.py:102}}
Jul 08 11:10:56.037968 np0000004814 nova-conductor[98775]: DEBUG nova.quota [None req-ba4d2397-3d4e-458b-a830-5b0c3628b20b tempest-ServerRescueNegativeTestJSON-1152908974 tempest-ServerRescueNegativeTestJSON-1152908974-project-member] Getting quotas for project c64552d28f894207ad75f1a66361edfb. Resources: {'ram', 'cores', 'instances'} {{(pid=98775) _get_quotas /opt/stack/nova/nova/quota.py:389}}
Jul 08 11:10:56.040234 np0000004814 nova-conductor[98775]: DEBUG nova.quota [None req-ba4d2397-3d4e-458b-a830-5b0c3628b20b tempest-ServerRescueNegativeTestJSON-1152908974 tempest-ServerRescueNegativeTestJSON-1152908974-project-member] Getting quotas for user 9371c0a8cd4b44d8b6d9c60553e6273a and project c64552d28f894207ad75f1a66361edfb. Resources: {'ram', 'cores', 'instances'} {{(pid=98775) _get_quotas /opt/stack/nova/nova/quota.py:379}}
Jul 08 11:10:56.046802 np0000004814 nova-conductor[98775]: DEBUG nova.conductor.manager [None req-ba4d2397-3d4e-458b-a830-5b0c3628b20b tempest-ServerRescueNegativeTestJSON-1152908974 tempest-ServerRescueNegativeTestJSON-1152908974-project-member] [instance: 23cff704-e275-4acc-a96a-04dd431e9cd1] Selected host: np0000004814; Selected node: np0000004814; Alternates: [] {{(pid=98775) schedule_and_build_instances /opt/stack/nova/nova/conductor/manager.py:1784}}
Jul 08 11:10:56.047819 np0000004814 nova-conductor[98775]: DEBUG oslo_concurrency.lockutils [None req-ba4d2397-3d4e-458b-a830-5b0c3628b20b tempest-ServerRescueNegativeTestJSON-1152908974 tempest-ServerRescueNegativeTestJSON-1152908974-project-member] Acquiring lock "bfc7a11d-7892-4432-bb77-a1734af5e676" by "nova.context.set_target_cell..get_or_set_cached_cell_and_set_connections" {{(pid=98775) inner /opt/stack/data/venv/lib/python3.12/site-packages/oslo_concurrency/lockutils.py:511}}
Jul 08 11:10:56.048047 np0000004814 nova-conductor[98775]: DEBUG oslo_concurrency.lockutils [None req-ba4d2397-3d4e-458b-a830-5b0c3628b20b tempest-ServerRescueNegativeTestJSON-1152908974 tempest-ServerRescueNegativeTestJSON-1152908974-project-member] Lock "bfc7a11d-7892-4432-bb77-a1734af5e676" acquired by "nova.context.set_target_cell..get_or_set_cached_cell_and_set_connections" :: waited 0.000s {{(pid=98775) inner /opt/stack/data/venv/lib/python3.12/site-packages/oslo_concurrency/lockutils.py:524}}
Jul 08 11:10:56.048284 np0000004814 nova-conductor[98775]: DEBUG oslo_concurrency.lockutils [None req-ba4d2397-3d4e-458b-a830-5b0c3628b20b tempest-ServerRescueNegativeTestJSON-1152908974 tempest-ServerRescueNegativeTestJSON-1152908974-project-member] Lock "bfc7a11d-7892-4432-bb77-a1734af5e676" "released" by "nova.context.set_target_cell..get_or_set_cached_cell_and_set_connections" :: held 0.000s {{(pid=98775) inner /opt/stack/data/venv/lib/python3.12/site-packages/oslo_concurrency/lockutils.py:543}}
Jul 08 11:10:56.060941 np0000004814 nova-conductor[98775]: DEBUG nova.conductor.manager [None req-ba4d2397-3d4e-458b-a830-5b0c3628b20b tempest-ServerRescueNegativeTestJSON-1152908974 tempest-ServerRescueNegativeTestJSON-1152908974-project-member] [instance: 23cff704-e275-4acc-a96a-04dd431e9cd1] block_device_mapping [BlockDeviceMapping(attachment_id=,boot_index=0,connection_info=None,created_at=,delete_on_termination=True,deleted=,deleted_at=,destination_type='local',device_name=None,device_type='disk',disk_bus=None,encrypted=False,encryption_format=None,encryption_options=None,encryption_secret_uuid=None,guest_format=None,id=,image_id='9e9cfce4-935f-4e6a-a1b8-c1f78d4546e4',instance=,instance_uuid=,no_device=False,snapshot_id=None,source_type='image',tag=None,updated_at=,uuid=,volume_id=None,volume_size=None,volume_type=None)] {{(pid=98775) _create_block_device_mapping /opt/stack/nova/nova/conductor/manager.py:1529}}
Jul 08 11:10:56.060941 np0000004814 nova-conductor[98775]: DEBUG oslo_concurrency.lockutils [None req-ba4d2397-3d4e-458b-a830-5b0c3628b20b tempest-ServerRescueNegativeTestJSON-1152908974 tempest-ServerRescueNegativeTestJSON-1152908974-project-member] Acquiring lock "bfc7a11d-7892-4432-bb77-a1734af5e676" by "nova.context.set_target_cell..get_or_set_cached_cell_and_set_connections" {{(pid=98775) inner /opt/stack/data/venv/lib/python3.12/site-packages/oslo_concurrency/lockutils.py:511}}
Jul 08 11:10:56.060941 np0000004814 nova-conductor[98775]: DEBUG oslo_concurrency.lockutils [None req-ba4d2397-3d4e-458b-a830-5b0c3628b20b tempest-ServerRescueNegativeTestJSON-1152908974 tempest-ServerRescueNegativeTestJSON-1152908974-project-member] Lock "bfc7a11d-7892-4432-bb77-a1734af5e676" acquired by "nova.context.set_target_cell..get_or_set_cached_cell_and_set_connections" :: waited 0.000s {{(pid=98775) inner /opt/stack/data/venv/lib/python3.12/site-packages/oslo_concurrency/lockutils.py:524}}
Jul 08 11:10:56.061191 np0000004814 nova-conductor[98775]: DEBUG oslo_concurrency.lockutils [None req-ba4d2397-3d4e-458b-a830-5b0c3628b20b tempest-ServerRescueNegativeTestJSON-1152908974 tempest-ServerRescueNegativeTestJSON-1152908974-project-member] Lock "bfc7a11d-7892-4432-bb77-a1734af5e676" "released" by "nova.context.set_target_cell..get_or_set_cached_cell_and_set_connections" :: held 0.000s {{(pid=98775) inner /opt/stack/data/venv/lib/python3.12/site-packages/oslo_concurrency/lockutils.py:543}}
Jul 08 11:10:56.097458 np0000004814 nova-conductor[98775]: DEBUG oslo_concurrency.lockutils [None req-ba4d2397-3d4e-458b-a830-5b0c3628b20b tempest-ServerRescueNegativeTestJSON-1152908974 tempest-ServerRescueNegativeTestJSON-1152908974-project-member] Acquiring lock "bfc7a11d-7892-4432-bb77-a1734af5e676" by "nova.context.set_target_cell..get_or_set_cached_cell_and_set_connections" {{(pid=98775) inner /opt/stack/data/venv/lib/python3.12/site-packages/oslo_concurrency/lockutils.py:511}}
Jul 08 11:10:56.097586 np0000004814 nova-conductor[98775]: DEBUG oslo_concurrency.lockutils [None req-ba4d2397-3d4e-458b-a830-5b0c3628b20b tempest-ServerRescueNegativeTestJSON-1152908974 tempest-ServerRescueNegativeTestJSON-1152908974-project-member] Lock "bfc7a11d-7892-4432-bb77-a1734af5e676" acquired by "nova.context.set_target_cell..get_or_set_cached_cell_and_set_connections" :: waited 0.000s {{(pid=98775) inner /opt/stack/data/venv/lib/python3.12/site-packages/oslo_concurrency/lockutils.py:524}}
Jul 08 11:10:56.097716 np0000004814 nova-conductor[98775]: DEBUG oslo_concurrency.lockutils [None req-ba4d2397-3d4e-458b-a830-5b0c3628b20b tempest-ServerRescueNegativeTestJSON-1152908974 tempest-ServerRescueNegativeTestJSON-1152908974-project-member] Lock "bfc7a11d-7892-4432-bb77-a1734af5e676" "released" by "nova.context.set_target_cell..get_or_set_cached_cell_and_set_connections" :: held 0.000s {{(pid=98775) inner /opt/stack/data/venv/lib/python3.12/site-packages/oslo_concurrency/lockutils.py:543}}
