Aug 03 20:20:25.223914 np0000006371 nova-scheduler[96738]: DEBUG cotyledon.oslo_config_glue [-] workarounds.never_download_image_if_on_rbd = False {{(pid=96738) log_opt_values /opt/stack/data/venv/lib/python3.12/site-packages/oslo_config/cfg.py:3545}}
Aug 03 20:20:25.224429 np0000006371 nova-scheduler[96738]: DEBUG cotyledon.oslo_config_glue [-] workarounds.qemu_monitor_announce_self_count = 3 {{(pid=96738) log_opt_values /opt/stack/data/venv/lib/python3.12/site-packages/oslo_config/cfg.py:3545}}
Aug 03 20:20:25.224429 np0000006371 nova-scheduler[96738]: DEBUG cotyledon.oslo_config_glue [-] workarounds.qemu_monitor_announce_self_interval = 1 {{(pid=96738) log_opt_values /opt/stack/data/venv/lib/python3.12/site-packages/oslo_config/cfg.py:3545}}
Aug 03 20:20:25.224429 np0000006371 nova-scheduler[96738]: DEBUG cotyledon.oslo_config_glue [-] workarounds.reserve_disk_resource_for_image_cache = False {{(pid=96738) log_opt_values /opt/stack/data/venv/lib/python3.12/site-packages/oslo_config/cfg.py:3545}}
Aug 03 20:20:25.224429 np0000006371 nova-scheduler[96738]: DEBUG cotyledon.oslo_config_glue [-] workarounds.skip_cpu_compare_at_startup = False {{(pid=96738) log_opt_values /opt/stack/data/venv/lib/python3.12/site-packages/oslo_config/cfg.py:3545}}
Aug 03 20:20:25.224429 np0000006371 nova-scheduler[96738]: DEBUG cotyledon.oslo_config_glue [-] workarounds.skip_cpu_compare_on_dest = False {{(pid=96738) log_opt_values /opt/stack/data/venv/lib/python3.12/site-packages/oslo_config/cfg.py:3545}}
Aug 03 20:20:25.224429 np0000006371 nova-scheduler[96738]: DEBUG cotyledon.oslo_config_glue [-] workarounds.skip_hypervisor_version_check_on_lm = False {{(pid=96738) log_opt_values /opt/stack/data/venv/lib/python3.12/site-packages/oslo_config/cfg.py:3545}}
Aug 03 20:20:25.224429 np0000006371 nova-scheduler[96738]: DEBUG cotyledon.oslo_config_glue [-] workarounds.skip_reserve_in_use_ironic_nodes = False {{(pid=96738) log_opt_values /opt/stack/data/venv/lib/python3.12/site-packages/oslo_config/cfg.py:3545}}
Aug 03 20:20:25.224429 np0000006371 nova-scheduler[96738]: DEBUG cotyledon.oslo_config_glue [-] workarounds.unified_limits_count_pcpu_as_vcpu = False {{(pid=96738) log_opt_values /opt/stack/data/venv/lib/python3.12/site-packages/oslo_config/cfg.py:3545}}
Aug 03 20:20:25.227178 np0000006371 nova-scheduler[96738]: DEBUG cotyledon.oslo_config_glue [-] workarounds.wait_for_vif_plugged_event_during_hard_reboot = [] {{(pid=96738) log_opt_values /opt/stack/data/venv/lib/python3.12/site-packages/oslo_config/cfg.py:3545}}
Aug 03 20:20:25.227178 np0000006371 nova-scheduler[96738]: DEBUG cotyledon.oslo_config_glue [-] wsgi.api_paste_config = /etc/nova/api-paste.ini {{(pid=96738) log_opt_values /opt/stack/data/venv/lib/python3.12/site-packages/oslo_config/cfg.py:3545}}
Aug 03 20:20:25.227178 np0000006371 nova-scheduler[96738]: DEBUG cotyledon.oslo_config_glue [-] wsgi.secure_proxy_ssl_header = None {{(pid=96738) log_opt_values /opt/stack/data/venv/lib/python3.12/site-packages/oslo_config/cfg.py:3545}}
Aug 03 20:20:25.227178 np0000006371 nova-scheduler[96738]: DEBUG cotyledon.oslo_config_glue [-] zvm.ca_file = None {{(pid=96738) log_opt_values /opt/stack/data/venv/lib/python3.12/site-packages/oslo_config/cfg.py:3545}}
Aug 03 20:20:25.227178 np0000006371 nova-scheduler[96738]: DEBUG cotyledon.oslo_config_glue [-] zvm.cloud_connector_url = None {{(pid=96738) log_opt_values /opt/stack/data/venv/lib/python3.12/site-packages/oslo_config/cfg.py:3545}}
Aug 03 20:20:25.227178 np0000006371 nova-scheduler[96738]: DEBUG cotyledon.oslo_config_glue [-] zvm.image_tmp_path = /opt/stack/data/nova/images {{(pid=96738) log_opt_values /opt/stack/data/venv/lib/python3.12/site-packages/oslo_config/cfg.py:3545}}
Aug 03 20:20:25.227178 np0000006371 nova-scheduler[96738]: DEBUG cotyledon.oslo_config_glue [-] zvm.reachable_timeout = 300 {{(pid=96738) log_opt_values /opt/stack/data/venv/lib/python3.12/site-packages/oslo_config/cfg.py:3545}}
Aug 03 20:20:25.227178 np0000006371 nova-scheduler[96738]: DEBUG cotyledon.oslo_config_glue [-] oslo_versionedobjects.fatal_exception_format_errors = False {{(pid=96738) log_opt_values /opt/stack/data/venv/lib/python3.12/site-packages/oslo_config/cfg.py:3545}}
Aug 03 20:20:25.227178 np0000006371 nova-scheduler[96738]: DEBUG cotyledon.oslo_config_glue [-] oslo_middleware.http_basic_auth_user_file = /etc/htpasswd {{(pid=96738) log_opt_values /opt/stack/data/venv/lib/python3.12/site-packages/oslo_config/cfg.py:3545}}
Aug 03 20:20:25.227625 np0000006371 nova-scheduler[96738]: DEBUG cotyledon.oslo_config_glue [-] oslo_messaging_metrics.metrics_buffer_size = 1000 {{(pid=96738) log_opt_values /opt/stack/data/venv/lib/python3.12/site-packages/oslo_config/cfg.py:3545}}
Aug 03 20:20:25.227625 np0000006371 nova-scheduler[96738]: DEBUG cotyledon.oslo_config_glue [-] oslo_messaging_metrics.metrics_enabled = False {{(pid=96738) log_opt_values /opt/stack/data/venv/lib/python3.12/site-packages/oslo_config/cfg.py:3545}}
Aug 03 20:20:25.227625 np0000006371 nova-scheduler[96738]: DEBUG cotyledon.oslo_config_glue [-] oslo_messaging_metrics.metrics_process_name = {{(pid=96738) log_opt_values /opt/stack/data/venv/lib/python3.12/site-packages/oslo_config/cfg.py:3545}}
Aug 03 20:20:25.227625 np0000006371 nova-scheduler[96738]: DEBUG cotyledon.oslo_config_glue [-] oslo_messaging_metrics.metrics_socket_file = /var/tmp/metrics_collector.sock {{(pid=96738) log_opt_values /opt/stack/data/venv/lib/python3.12/site-packages/oslo_config/cfg.py:3545}}
Aug 03 20:20:25.227625 np0000006371 nova-scheduler[96738]: DEBUG cotyledon.oslo_config_glue [-] oslo_messaging_metrics.metrics_thread_stop_timeout = 10 {{(pid=96738) log_opt_values /opt/stack/data/venv/lib/python3.12/site-packages/oslo_config/cfg.py:3545}}
Aug 03 20:20:25.227625 np0000006371 nova-scheduler[96738]: DEBUG cotyledon.oslo_config_glue [-] profiler.connection_string = messaging:// {{(pid=96738) log_opt_values /opt/stack/data/venv/lib/python3.12/site-packages/oslo_config/cfg.py:3545}}
Aug 03 20:20:25.227625 np0000006371 nova-scheduler[96738]: DEBUG cotyledon.oslo_config_glue [-] profiler.enabled = False {{(pid=96738) log_opt_values /opt/stack/data/venv/lib/python3.12/site-packages/oslo_config/cfg.py:3545}}
Aug 03 20:20:25.227625 np0000006371 nova-scheduler[96738]: DEBUG cotyledon.oslo_config_glue [-] profiler.es_doc_type = notification {{(pid=96738) log_opt_values /opt/stack/data/venv/lib/python3.12/site-packages/oslo_config/cfg.py:3545}}
Aug 03 20:20:25.227625 np0000006371 nova-scheduler[96738]: DEBUG cotyledon.oslo_config_glue [-] profiler.es_scroll_size = 10000 {{(pid=96738) log_opt_values /opt/stack/data/venv/lib/python3.12/site-packages/oslo_config/cfg.py:3545}}
Aug 03 20:20:25.228144 np0000006371 nova-scheduler[96738]: DEBUG cotyledon.oslo_config_glue [-] profiler.es_scroll_time = 2m {{(pid=96738) log_opt_values /opt/stack/data/venv/lib/python3.12/site-packages/oslo_config/cfg.py:3545}}
Aug 03 20:20:25.228144 np0000006371 nova-scheduler[96738]: DEBUG cotyledon.oslo_config_glue [-] profiler.filter_error_trace = False {{(pid=96738) log_opt_values /opt/stack/data/venv/lib/python3.12/site-packages/oslo_config/cfg.py:3545}}
Aug 03 20:20:25.228144 np0000006371 nova-scheduler[96738]: DEBUG cotyledon.oslo_config_glue [-] profiler.hmac_keys = **** {{(pid=96738) log_opt_values /opt/stack/data/venv/lib/python3.12/site-packages/oslo_config/cfg.py:3545}}
Aug 03 20:20:25.228144 np0000006371 nova-scheduler[96738]: DEBUG cotyledon.oslo_config_glue [-] profiler.sentinel_service_name = mymaster {{(pid=96738) log_opt_values /opt/stack/data/venv/lib/python3.12/site-packages/oslo_config/cfg.py:3545}}
Aug 03 20:20:25.228144 np0000006371 nova-scheduler[96738]: DEBUG cotyledon.oslo_config_glue [-] profiler.socket_timeout = 0.1 {{(pid=96738) log_opt_values /opt/stack/data/venv/lib/python3.12/site-packages/oslo_config/cfg.py:3545}}
Aug 03 20:20:25.228375 np0000006371 nova-scheduler[96736]: INFO dbcounter [None req-63354000-22ca-4ab1-8a54-caaa6bec0904 None None] Registered counter for database nova_cell0
Aug 03 20:20:25.228431 np0000006371 nova-scheduler[96738]: DEBUG cotyledon.oslo_config_glue [-] profiler.trace_requests = False {{(pid=96738) log_opt_values /opt/stack/data/venv/lib/python3.12/site-packages/oslo_config/cfg.py:3545}}
Aug 03 20:20:25.228431 np0000006371 nova-scheduler[96738]: DEBUG cotyledon.oslo_config_glue [-] profiler.trace_sqlalchemy = False {{(pid=96738) log_opt_values /opt/stack/data/venv/lib/python3.12/site-packages/oslo_config/cfg.py:3545}}
Aug 03 20:20:25.228431 np0000006371 nova-scheduler[96738]: DEBUG cotyledon.oslo_config_glue [-] profiler_jaeger.process_tags = {} {{(pid=96738) log_opt_values /opt/stack/data/venv/lib/python3.12/site-packages/oslo_config/cfg.py:3545}}
Aug 03 20:20:25.228431 np0000006371 nova-scheduler[96738]: DEBUG cotyledon.oslo_config_glue [-] profiler_jaeger.service_name_prefix = None {{(pid=96738) log_opt_values /opt/stack/data/venv/lib/python3.12/site-packages/oslo_config/cfg.py:3545}}
Aug 03 20:20:25.228431 np0000006371 nova-scheduler[96738]: DEBUG cotyledon.oslo_config_glue [-] profiler_otlp.service_name_prefix = None {{(pid=96738) log_opt_values /opt/stack/data/venv/lib/python3.12/site-packages/oslo_config/cfg.py:3545}}
Aug 03 20:20:25.228431 np0000006371 nova-scheduler[96738]: DEBUG cotyledon.oslo_config_glue [-] oslo_messaging_rabbit.amqp_auto_delete = False {{(pid=96738) log_opt_values /opt/stack/data/venv/lib/python3.12/site-packages/oslo_config/cfg.py:3545}}
Aug 03 20:20:25.228431 np0000006371 nova-scheduler[96738]: DEBUG cotyledon.oslo_config_glue [-] oslo_messaging_rabbit.amqp_durable_queues = False {{(pid=96738) log_opt_values /opt/stack/data/venv/lib/python3.12/site-packages/oslo_config/cfg.py:3545}}
Aug 03 20:20:25.228431 np0000006371 nova-scheduler[96738]: DEBUG cotyledon.oslo_config_glue [-] oslo_messaging_rabbit.conn_pool_min_size = 2 {{(pid=96738) log_opt_values /opt/stack/data/venv/lib/python3.12/site-packages/oslo_config/cfg.py:3545}}
Aug 03 20:20:25.228431 np0000006371 nova-scheduler[96738]: DEBUG cotyledon.oslo_config_glue [-] oslo_messaging_rabbit.conn_pool_ttl = 1200 {{(pid=96738) log_opt_values /opt/stack/data/venv/lib/python3.12/site-packages/oslo_config/cfg.py:3545}}
Aug 03 20:20:25.230082 np0000006371 nova-scheduler[96738]: DEBUG cotyledon.oslo_config_glue [-] oslo_messaging_rabbit.direct_mandatory_flag = True {{(pid=96738) log_opt_values /opt/stack/data/venv/lib/python3.12/site-packages/oslo_config/cfg.py:3545}}
Aug 03 20:20:25.230082 np0000006371 nova-scheduler[96738]: DEBUG cotyledon.oslo_config_glue [-] oslo_messaging_rabbit.enable_cancel_on_failover = False {{(pid=96738) log_opt_values /opt/stack/data/venv/lib/python3.12/site-packages/oslo_config/cfg.py:3545}}
Aug 03 20:20:25.230082 np0000006371 nova-scheduler[96738]: DEBUG cotyledon.oslo_config_glue [-] oslo_messaging_rabbit.heartbeat_rate = 3 {{(pid=96738) log_opt_values /opt/stack/data/venv/lib/python3.12/site-packages/oslo_config/cfg.py:3545}}
Aug 03 20:20:25.230082 np0000006371 nova-scheduler[96738]: DEBUG cotyledon.oslo_config_glue [-] oslo_messaging_rabbit.heartbeat_timeout_threshold = 60 {{(pid=96738) log_opt_values /opt/stack/data/venv/lib/python3.12/site-packages/oslo_config/cfg.py:3545}}
Aug 03 20:20:25.230082 np0000006371 nova-scheduler[96738]: DEBUG cotyledon.oslo_config_glue [-] oslo_messaging_rabbit.hostname = np0000006371 {{(pid=96738) log_opt_values /opt/stack/data/venv/lib/python3.12/site-packages/oslo_config/cfg.py:3545}}
Aug 03 20:20:25.230082 np0000006371 nova-scheduler[96738]: DEBUG cotyledon.oslo_config_glue [-] oslo_messaging_rabbit.kombu_compression = None {{(pid=96738) log_opt_values /opt/stack/data/venv/lib/python3.12/site-packages/oslo_config/cfg.py:3545}}
Aug 03 20:20:25.230082 np0000006371 nova-scheduler[96738]: DEBUG cotyledon.oslo_config_glue [-] oslo_messaging_rabbit.kombu_failover_strategy = round-robin {{(pid=96738) log_opt_values /opt/stack/data/venv/lib/python3.12/site-packages/oslo_config/cfg.py:3545}}
Aug 03 20:20:25.230082 np0000006371 nova-scheduler[96738]: DEBUG cotyledon.oslo_config_glue [-] oslo_messaging_rabbit.kombu_missing_consumer_retry_timeout = 60 {{(pid=96738) log_opt_values /opt/stack/data/venv/lib/python3.12/site-packages/oslo_config/cfg.py:3545}}
Aug 03 20:20:25.230082 np0000006371 nova-scheduler[96738]: DEBUG cotyledon.oslo_config_glue [-] oslo_messaging_rabbit.kombu_reconnect_delay = 1.0 {{(pid=96738) log_opt_values /opt/stack/data/venv/lib/python3.12/site-packages/oslo_config/cfg.py:3545}}
Aug 03 20:20:25.230523 np0000006371 nova-scheduler[96738]: DEBUG cotyledon.oslo_config_glue [-] oslo_messaging_rabbit.kombu_reconnect_splay = 0.0 {{(pid=96738) log_opt_values /opt/stack/data/venv/lib/python3.12/site-packages/oslo_config/cfg.py:3545}}
Aug 03 20:20:25.230523 np0000006371 nova-scheduler[96738]: DEBUG cotyledon.oslo_config_glue [-] oslo_messaging_rabbit.processname = nova-scheduler {{(pid=96738) log_opt_values /opt/stack/data/venv/lib/python3.12/site-packages/oslo_config/cfg.py:3545}}
Aug 03 20:20:25.230523 np0000006371 nova-scheduler[96738]: DEBUG cotyledon.oslo_config_glue [-] oslo_messaging_rabbit.rabbit_ha_queues = False {{(pid=96738) log_opt_values /opt/stack/data/venv/lib/python3.12/site-packages/oslo_config/cfg.py:3545}}
Aug 03 20:20:25.230523 np0000006371 nova-scheduler[96738]: DEBUG cotyledon.oslo_config_glue [-] oslo_messaging_rabbit.rabbit_interval_max = 30 {{(pid=96738) log_opt_values /opt/stack/data/venv/lib/python3.12/site-packages/oslo_config/cfg.py:3545}}
Aug 03 20:20:25.230523 np0000006371 nova-scheduler[96738]: DEBUG cotyledon.oslo_config_glue [-] oslo_messaging_rabbit.rabbit_login_method = AMQPLAIN {{(pid=96738) log_opt_values /opt/stack/data/venv/lib/python3.12/site-packages/oslo_config/cfg.py:3545}}
Aug 03 20:20:25.230523 np0000006371 nova-scheduler[96738]: DEBUG cotyledon.oslo_config_glue [-] oslo_messaging_rabbit.rabbit_qos_prefetch_count = 0 {{(pid=96738) log_opt_values /opt/stack/data/venv/lib/python3.12/site-packages/oslo_config/cfg.py:3545}}
Aug 03 20:20:25.230523 np0000006371 nova-scheduler[96738]: DEBUG cotyledon.oslo_config_glue [-] oslo_messaging_rabbit.rabbit_quorum_delivery_limit = 0 {{(pid=96738) log_opt_values /opt/stack/data/venv/lib/python3.12/site-packages/oslo_config/cfg.py:3545}}
Aug 03 20:20:25.230523 np0000006371 nova-scheduler[96738]: DEBUG cotyledon.oslo_config_glue [-] oslo_messaging_rabbit.rabbit_quorum_max_memory_bytes = 0 {{(pid=96738) log_opt_values /opt/stack/data/venv/lib/python3.12/site-packages/oslo_config/cfg.py:3545}}
Aug 03 20:20:25.230523 np0000006371 nova-scheduler[96738]: DEBUG cotyledon.oslo_config_glue [-] oslo_messaging_rabbit.rabbit_quorum_max_memory_length = 0 {{(pid=96738) log_opt_values /opt/stack/data/venv/lib/python3.12/site-packages/oslo_config/cfg.py:3545}}
Aug 03 20:20:25.230943 np0000006371 nova-scheduler[96738]: DEBUG cotyledon.oslo_config_glue [-] oslo_messaging_rabbit.rabbit_quorum_queue = False {{(pid=96738) log_opt_values /opt/stack/data/venv/lib/python3.12/site-packages/oslo_config/cfg.py:3545}}
Aug 03 20:20:25.230943 np0000006371 nova-scheduler[96738]: DEBUG cotyledon.oslo_config_glue [-] oslo_messaging_rabbit.rabbit_retry_backoff = 2 {{(pid=96738) log_opt_values /opt/stack/data/venv/lib/python3.12/site-packages/oslo_config/cfg.py:3545}}
Aug 03 20:20:25.230943 np0000006371 nova-scheduler[96738]: DEBUG cotyledon.oslo_config_glue [-] oslo_messaging_rabbit.rabbit_retry_interval = 1 {{(pid=96738) log_opt_values /opt/stack/data/venv/lib/python3.12/site-packages/oslo_config/cfg.py:3545}}
Aug 03 20:20:25.230943 np0000006371 nova-scheduler[96738]: DEBUG cotyledon.oslo_config_glue [-] oslo_messaging_rabbit.rabbit_stream_fanout = False {{(pid=96738) log_opt_values /opt/stack/data/venv/lib/python3.12/site-packages/oslo_config/cfg.py:3545}}
Aug 03 20:20:25.230943 np0000006371 nova-scheduler[96738]: DEBUG cotyledon.oslo_config_glue [-] oslo_messaging_rabbit.rabbit_transient_queues_ttl = 1800 {{(pid=96738) log_opt_values /opt/stack/data/venv/lib/python3.12/site-packages/oslo_config/cfg.py:3545}}
Aug 03 20:20:25.230943 np0000006371 nova-scheduler[96738]: DEBUG cotyledon.oslo_config_glue [-] oslo_messaging_rabbit.rabbit_transient_quorum_queue = False {{(pid=96738) log_opt_values /opt/stack/data/venv/lib/python3.12/site-packages/oslo_config/cfg.py:3545}}
Aug 03 20:20:25.230943 np0000006371 nova-scheduler[96738]: DEBUG cotyledon.oslo_config_glue [-] oslo_messaging_rabbit.rpc_conn_pool_size = 30 {{(pid=96738) log_opt_values /opt/stack/data/venv/lib/python3.12/site-packages/oslo_config/cfg.py:3545}}
Aug 03 20:20:25.230943 np0000006371 nova-scheduler[96738]: DEBUG cotyledon.oslo_config_glue [-] oslo_messaging_rabbit.ssl = False {{(pid=96738) log_opt_values /opt/stack/data/venv/lib/python3.12/site-packages/oslo_config/cfg.py:3545}}
Aug 03 20:20:25.230943 np0000006371 nova-scheduler[96738]: DEBUG cotyledon.oslo_config_glue [-] oslo_messaging_rabbit.ssl_ca_file = {{(pid=96738) log_opt_values /opt/stack/data/venv/lib/python3.12/site-packages/oslo_config/cfg.py:3545}}
Aug 03 20:20:25.231248 np0000006371 nova-scheduler[96738]: DEBUG cotyledon.oslo_config_glue [-] oslo_messaging_rabbit.ssl_cert_file = {{(pid=96738) log_opt_values /opt/stack/data/venv/lib/python3.12/site-packages/oslo_config/cfg.py:3545}}
Aug 03 20:20:25.231248 np0000006371 nova-scheduler[96738]: DEBUG cotyledon.oslo_config_glue [-] oslo_messaging_rabbit.ssl_enforce_fips_mode = False {{(pid=96738) log_opt_values /opt/stack/data/venv/lib/python3.12/site-packages/oslo_config/cfg.py:3545}}
Aug 03 20:20:25.231248 np0000006371 nova-scheduler[96738]: DEBUG cotyledon.oslo_config_glue [-] oslo_messaging_rabbit.ssl_enforce_hostname_verification = True {{(pid=96738) log_opt_values /opt/stack/data/venv/lib/python3.12/site-packages/oslo_config/cfg.py:3545}}
Aug 03 20:20:25.231248 np0000006371 nova-scheduler[96738]: DEBUG cotyledon.oslo_config_glue [-] oslo_messaging_rabbit.ssl_key_file = {{(pid=96738) log_opt_values /opt/stack/data/venv/lib/python3.12/site-packages/oslo_config/cfg.py:3545}}
Aug 03 20:20:25.231248 np0000006371 nova-scheduler[96738]: DEBUG cotyledon.oslo_config_glue [-] oslo_messaging_rabbit.ssl_version = {{(pid=96738) log_opt_values /opt/stack/data/venv/lib/python3.12/site-packages/oslo_config/cfg.py:3545}}
Aug 03 20:20:25.231248 np0000006371 nova-scheduler[96738]: DEBUG cotyledon.oslo_config_glue [-] oslo_messaging_rabbit.use_queue_manager = False {{(pid=96738) log_opt_values /opt/stack/data/venv/lib/python3.12/site-packages/oslo_config/cfg.py:3545}}
Aug 03 20:20:25.231248 np0000006371 nova-scheduler[96738]: DEBUG cotyledon.oslo_config_glue [-] oslo_messaging_notifications.driver = ['messagingv2'] {{(pid=96738) log_opt_values /opt/stack/data/venv/lib/python3.12/site-packages/oslo_config/cfg.py:3545}}
Aug 03 20:20:25.231248 np0000006371 nova-scheduler[96738]: DEBUG cotyledon.oslo_config_glue [-] oslo_messaging_notifications.retry = -1 {{(pid=96738) log_opt_values /opt/stack/data/venv/lib/python3.12/site-packages/oslo_config/cfg.py:3545}}
Aug 03 20:20:25.231248 np0000006371 nova-scheduler[96738]: DEBUG cotyledon.oslo_config_glue [-] oslo_messaging_notifications.topics = ['notifications'] {{(pid=96738) log_opt_values /opt/stack/data/venv/lib/python3.12/site-packages/oslo_config/cfg.py:3545}}
Aug 03 20:20:25.231544 np0000006371 nova-scheduler[96738]: DEBUG cotyledon.oslo_config_glue [-] oslo_messaging_notifications.transport_url = **** {{(pid=96738) log_opt_values /opt/stack/data/venv/lib/python3.12/site-packages/oslo_config/cfg.py:3545}}
Aug 03 20:20:25.231544 np0000006371 nova-scheduler[96738]: DEBUG cotyledon.oslo_config_glue [-] oslo_limit.auth_section = None {{(pid=96738) log_opt_values /opt/stack/data/venv/lib/python3.12/site-packages/oslo_config/cfg.py:3545}}
Aug 03 20:20:25.231544 np0000006371 nova-scheduler[96738]: DEBUG cotyledon.oslo_config_glue [-] oslo_limit.auth_type = None {{(pid=96738) log_opt_values /opt/stack/data/venv/lib/python3.12/site-packages/oslo_config/cfg.py:3545}}
Aug 03 20:20:25.231544 np0000006371 nova-scheduler[96738]: DEBUG cotyledon.oslo_config_glue [-] oslo_limit.cafile = None {{(pid=96738) log_opt_values /opt/stack/data/venv/lib/python3.12/site-packages/oslo_config/cfg.py:3545}}
Aug 03 20:20:25.231544 np0000006371 nova-scheduler[96738]: DEBUG cotyledon.oslo_config_glue [-] oslo_limit.certfile = None {{(pid=96738) log_opt_values /opt/stack/data/venv/lib/python3.12/site-packages/oslo_config/cfg.py:3545}}
Aug 03 20:20:25.231544 np0000006371 nova-scheduler[96738]: DEBUG cotyledon.oslo_config_glue [-] oslo_limit.collect_timing = False {{(pid=96738) log_opt_values /opt/stack/data/venv/lib/python3.12/site-packages/oslo_config/cfg.py:3545}}
Aug 03 20:20:25.231544 np0000006371 nova-scheduler[96738]: DEBUG cotyledon.oslo_config_glue [-] oslo_limit.connect_retries = None {{(pid=96738) log_opt_values /opt/stack/data/venv/lib/python3.12/site-packages/oslo_config/cfg.py:3545}}
Aug 03 20:20:25.231544 np0000006371 nova-scheduler[96738]: DEBUG cotyledon.oslo_config_glue [-] oslo_limit.connect_retry_delay = None {{(pid=96738) log_opt_values /opt/stack/data/venv/lib/python3.12/site-packages/oslo_config/cfg.py:3545}}
Aug 03 20:20:25.231544 np0000006371 nova-scheduler[96738]: DEBUG cotyledon.oslo_config_glue [-] oslo_limit.endpoint_id = None {{(pid=96738) log_opt_values /opt/stack/data/venv/lib/python3.12/site-packages/oslo_config/cfg.py:3545}}
Aug 03 20:20:25.231763 np0000006371 nova-scheduler[96738]: DEBUG cotyledon.oslo_config_glue [-] oslo_limit.endpoint_interface = public {{(pid=96738) log_opt_values /opt/stack/data/venv/lib/python3.12/site-packages/oslo_config/cfg.py:3545}}
Aug 03 20:20:25.231763 np0000006371 nova-scheduler[96738]: DEBUG cotyledon.oslo_config_glue [-] oslo_limit.endpoint_override = None {{(pid=96738) log_opt_values /opt/stack/data/venv/lib/python3.12/site-packages/oslo_config/cfg.py:3545}}
Aug 03 20:20:25.231763 np0000006371 nova-scheduler[96738]: DEBUG cotyledon.oslo_config_glue [-] oslo_limit.endpoint_region_name = None {{(pid=96738) log_opt_values /opt/stack/data/venv/lib/python3.12/site-packages/oslo_config/cfg.py:3545}}
Aug 03 20:20:25.231763 np0000006371 nova-scheduler[96738]: DEBUG cotyledon.oslo_config_glue [-] oslo_limit.endpoint_service_name = None {{(pid=96738) log_opt_values /opt/stack/data/venv/lib/python3.12/site-packages/oslo_config/cfg.py:3545}}
Aug 03 20:20:25.231763 np0000006371 nova-scheduler[96738]: DEBUG cotyledon.oslo_config_glue [-] oslo_limit.endpoint_service_type = None {{(pid=96738) log_opt_values /opt/stack/data/venv/lib/python3.12/site-packages/oslo_config/cfg.py:3545}}
Aug 03 20:20:25.231763 np0000006371 nova-scheduler[96738]: DEBUG cotyledon.oslo_config_glue [-] oslo_limit.insecure = False {{(pid=96738) log_opt_values /opt/stack/data/venv/lib/python3.12/site-packages/oslo_config/cfg.py:3545}}
Aug 03 20:20:25.231763 np0000006371 nova-scheduler[96738]: DEBUG cotyledon.oslo_config_glue [-] oslo_limit.keyfile = None {{(pid=96738) log_opt_values /opt/stack/data/venv/lib/python3.12/site-packages/oslo_config/cfg.py:3545}}
Aug 03 20:20:25.231763 np0000006371 nova-scheduler[96738]: DEBUG cotyledon.oslo_config_glue [-] oslo_limit.max_version = None {{(pid=96738) log_opt_values /opt/stack/data/venv/lib/python3.12/site-packages/oslo_config/cfg.py:3545}}
Aug 03 20:20:25.231763 np0000006371 nova-scheduler[96738]: DEBUG cotyledon.oslo_config_glue [-] oslo_limit.min_version = None {{(pid=96738) log_opt_values /opt/stack/data/venv/lib/python3.12/site-packages/oslo_config/cfg.py:3545}}
Aug 03 20:20:25.231971 np0000006371 nova-scheduler[96738]: DEBUG cotyledon.oslo_config_glue [-] oslo_limit.region_name = None {{(pid=96738) log_opt_values /opt/stack/data/venv/lib/python3.12/site-packages/oslo_config/cfg.py:3545}}
Aug 03 20:20:25.231971 np0000006371 nova-scheduler[96738]: DEBUG cotyledon.oslo_config_glue [-] oslo_limit.retriable_status_codes = None {{(pid=96738) log_opt_values /opt/stack/data/venv/lib/python3.12/site-packages/oslo_config/cfg.py:3545}}
Aug 03 20:20:25.231971 np0000006371 nova-scheduler[96738]: DEBUG cotyledon.oslo_config_glue [-] oslo_limit.service_name = None {{(pid=96738) log_opt_values /opt/stack/data/venv/lib/python3.12/site-packages/oslo_config/cfg.py:3545}}
Aug 03 20:20:25.231971 np0000006371 nova-scheduler[96738]: DEBUG cotyledon.oslo_config_glue [-] oslo_limit.service_type = None {{(pid=96738) log_opt_values /opt/stack/data/venv/lib/python3.12/site-packages/oslo_config/cfg.py:3545}}
Aug 03 20:20:25.231971 np0000006371 nova-scheduler[96738]: DEBUG cotyledon.oslo_config_glue [-] oslo_limit.split_loggers = False {{(pid=96738) log_opt_values /opt/stack/data/venv/lib/python3.12/site-packages/oslo_config/cfg.py:3545}}
Aug 03 20:20:25.231971 np0000006371 nova-scheduler[96738]: DEBUG cotyledon.oslo_config_glue [-] oslo_limit.status_code_retries = None {{(pid=96738) log_opt_values /opt/stack/data/venv/lib/python3.12/site-packages/oslo_config/cfg.py:3545}}
Aug 03 20:20:25.231971 np0000006371 nova-scheduler[96738]: DEBUG cotyledon.oslo_config_glue [-] oslo_limit.status_code_retry_delay = None {{(pid=96738) log_opt_values /opt/stack/data/venv/lib/python3.12/site-packages/oslo_config/cfg.py:3545}}
Aug 03 20:20:25.231971 np0000006371 nova-scheduler[96738]: DEBUG cotyledon.oslo_config_glue [-] oslo_limit.timeout = None {{(pid=96738) log_opt_values /opt/stack/data/venv/lib/python3.12/site-packages/oslo_config/cfg.py:3545}}
Aug 03 20:20:25.231971 np0000006371 nova-scheduler[96738]: DEBUG cotyledon.oslo_config_glue [-] oslo_limit.valid_interfaces = None {{(pid=96738) log_opt_values /opt/stack/data/venv/lib/python3.12/site-packages/oslo_config/cfg.py:3545}}
Aug 03 20:20:25.232191 np0000006371 nova-scheduler[96738]: DEBUG cotyledon.oslo_config_glue [-] oslo_limit.version = None {{(pid=96738) log_opt_values /opt/stack/data/venv/lib/python3.12/site-packages/oslo_config/cfg.py:3545}}
Aug 03 20:20:25.232191 np0000006371 nova-scheduler[96738]: DEBUG cotyledon.oslo_config_glue [-] oslo_reports.file_event_handler = None {{(pid=96738) log_opt_values /opt/stack/data/venv/lib/python3.12/site-packages/oslo_config/cfg.py:3545}}
Aug 03 20:20:25.232191 np0000006371 nova-scheduler[96738]: DEBUG cotyledon.oslo_config_glue [-] oslo_reports.file_event_handler_interval = 1 {{(pid=96738) log_opt_values /opt/stack/data/venv/lib/python3.12/site-packages/oslo_config/cfg.py:3545}}
Aug 03 20:20:25.232191 np0000006371 nova-scheduler[96738]: DEBUG cotyledon.oslo_config_glue [-] oslo_reports.log_dir = None {{(pid=96738) log_opt_values /opt/stack/data/venv/lib/python3.12/site-packages/oslo_config/cfg.py:3545}}
Aug 03 20:20:25.232191 np0000006371 nova-scheduler[96738]: DEBUG cotyledon.oslo_config_glue [-] ******************************************************************************** {{(pid=96738) log_opt_values /opt/stack/data/venv/lib/python3.12/site-packages/oslo_config/cfg.py:3552}}
Aug 03 20:20:25.232191 np0000006371 nova-scheduler[96738]: DEBUG cotyledon._service_worker [-] Run service ServiceWrapper(3) [96738] {{(pid=96738) wait_forever /opt/stack/data/venv/lib/python3.12/site-packages/cotyledon/_service_worker.py:218}}
Aug 03 20:20:25.232191 np0000006371 nova-scheduler[96738]: INFO nova.service [-] Starting scheduler node (version 33.1.0)
Aug 03 20:20:25.232191 np0000006371 nova-scheduler[96738]: INFO dbcounter [None req-61b51249-1159-457a-adf0-b5e9878b0a63 None None] Registered counter for database nova_cell0
Aug 03 20:20:25.232374 np0000006371 nova-scheduler[96732]: DEBUG oslo_db.sqlalchemy.engines [None req-552b4b02-fe16-46f6-9b81-ad7530ceb053 None None] MySQL server mode set to STRICT_TRANS_TABLES,STRICT_ALL_TABLES,NO_ZERO_IN_DATE,NO_ZERO_DATE,ERROR_FOR_DIVISION_BY_ZERO,TRADITIONAL,NO_ENGINE_SUBSTITUTION {{(pid=96732) _check_effective_sql_mode /opt/stack/data/venv/lib/python3.12/site-packages/oslo_db/sqlalchemy/engines.py:325}}
Aug 03 20:20:25.232410 np0000006371 nova-scheduler[96734]: DEBUG oslo_db.sqlalchemy.engines [None req-7bb45ef7-c000-4cde-98ed-25a2e5a15c6e None None] MySQL server mode set to STRICT_TRANS_TABLES,STRICT_ALL_TABLES,NO_ZERO_IN_DATE,NO_ZERO_DATE,ERROR_FOR_DIVISION_BY_ZERO,TRADITIONAL,NO_ENGINE_SUBSTITUTION {{(pid=96734) _check_effective_sql_mode /opt/stack/data/venv/lib/python3.12/site-packages/oslo_db/sqlalchemy/engines.py:325}}
Aug 03 20:20:25.232441 np0000006371 nova-scheduler[96732]: DEBUG dbcounter [-] [96732] Writer thread running {{(pid=96732) stat_writer /opt/stack/data/venv/lib/python3.12/site-packages/dbcounter.py:102}}
Aug 03 20:20:25.232486 np0000006371 nova-scheduler[96734]: DEBUG dbcounter [-] [96734] Writer thread running {{(pid=96734) stat_writer /opt/stack/data/venv/lib/python3.12/site-packages/dbcounter.py:102}}
Aug 03 20:20:25.232527 np0000006371 nova-scheduler[96736]: DEBUG oslo_db.sqlalchemy.engines [None req-63354000-22ca-4ab1-8a54-caaa6bec0904 None None] MySQL server mode set to STRICT_TRANS_TABLES,STRICT_ALL_TABLES,NO_ZERO_IN_DATE,NO_ZERO_DATE,ERROR_FOR_DIVISION_BY_ZERO,TRADITIONAL,NO_ENGINE_SUBSTITUTION {{(pid=96736) _check_effective_sql_mode /opt/stack/data/venv/lib/python3.12/site-packages/oslo_db/sqlalchemy/engines.py:325}}
Aug 03 20:20:25.232560 np0000006371 nova-scheduler[96738]: DEBUG oslo_db.sqlalchemy.engines [None req-61b51249-1159-457a-adf0-b5e9878b0a63 None None] MySQL server mode set to STRICT_TRANS_TABLES,STRICT_ALL_TABLES,NO_ZERO_IN_DATE,NO_ZERO_DATE,ERROR_FOR_DIVISION_BY_ZERO,TRADITIONAL,NO_ENGINE_SUBSTITUTION {{(pid=96738) _check_effective_sql_mode /opt/stack/data/venv/lib/python3.12/site-packages/oslo_db/sqlalchemy/engines.py:325}}
Aug 03 20:20:25.233908 np0000006371 nova-scheduler[96732]: DEBUG nova.service [None req-552b4b02-fe16-46f6-9b81-ad7530ceb053 None None] Creating RPC server for service: nova-scheduler on topic: scheduler {{(pid=96732) start /opt/stack/nova/nova/service.py:196}}
Aug 03 20:20:25.242121 np0000006371 nova-scheduler[96734]: DEBUG nova.service [None req-7bb45ef7-c000-4cde-98ed-25a2e5a15c6e None None] Creating RPC server for service: nova-scheduler on topic: scheduler {{(pid=96734) start /opt/stack/nova/nova/service.py:196}}
Aug 03 20:20:25.243814 np0000006371 nova-scheduler[96736]: DEBUG dbcounter [-] [96736] Writer thread running {{(pid=96736) stat_writer /opt/stack/data/venv/lib/python3.12/site-packages/dbcounter.py:102}}
Aug 03 20:20:25.247870 np0000006371 nova-scheduler[96736]: DEBUG nova.service [None req-63354000-22ca-4ab1-8a54-caaa6bec0904 None None] Creating RPC server for service: nova-scheduler on topic: scheduler {{(pid=96736) start /opt/stack/nova/nova/service.py:196}}
Aug 03 20:20:25.248908 np0000006371 nova-scheduler[96738]: DEBUG dbcounter [-] [96738] Writer thread running {{(pid=96738) stat_writer /opt/stack/data/venv/lib/python3.12/site-packages/dbcounter.py:102}}
Aug 03 20:20:25.252780 np0000006371 nova-scheduler[96738]: DEBUG nova.service [None req-61b51249-1159-457a-adf0-b5e9878b0a63 None None] Creating RPC server for service: nova-scheduler on topic: scheduler {{(pid=96738) start /opt/stack/nova/nova/service.py:196}}
Aug 03 20:20:25.281476 np0000006371 nova-scheduler[96738]: DEBUG nova.service [None req-61b51249-1159-457a-adf0-b5e9878b0a63 None None] Join ServiceGroup membership for this service scheduler {{(pid=96738) start /opt/stack/nova/nova/service.py:222}}
Aug 03 20:20:25.282141 np0000006371 nova-scheduler[96738]: DEBUG nova.servicegroup.drivers.db [None req-61b51249-1159-457a-adf0-b5e9878b0a63 None None] DB_Driver: join new ServiceGroup member np0000006371 to the scheduler group, service = {{(pid=96738) join /opt/stack/nova/nova/servicegroup/drivers/db.py:44}}
Aug 03 20:20:25.288264 np0000006371 nova-scheduler[96736]: DEBUG nova.service [None req-63354000-22ca-4ab1-8a54-caaa6bec0904 None None] Join ServiceGroup membership for this service scheduler {{(pid=96736) start /opt/stack/nova/nova/service.py:222}}
Aug 03 20:20:25.288453 np0000006371 nova-scheduler[96736]: DEBUG nova.servicegroup.drivers.db [None req-63354000-22ca-4ab1-8a54-caaa6bec0904 None None] DB_Driver: join new ServiceGroup member np0000006371 to the scheduler group, service = {{(pid=96736) join /opt/stack/nova/nova/servicegroup/drivers/db.py:44}}
Aug 03 20:20:25.290022 np0000006371 nova-scheduler[96734]: DEBUG nova.service [None req-7bb45ef7-c000-4cde-98ed-25a2e5a15c6e None None] Join ServiceGroup membership for this service scheduler {{(pid=96734) start /opt/stack/nova/nova/service.py:222}}
Aug 03 20:20:25.290251 np0000006371 nova-scheduler[96734]: DEBUG nova.servicegroup.drivers.db [None req-7bb45ef7-c000-4cde-98ed-25a2e5a15c6e None None] DB_Driver: join new ServiceGroup member np0000006371 to the scheduler group, service = {{(pid=96734) join /opt/stack/nova/nova/servicegroup/drivers/db.py:44}}
Aug 03 20:20:25.290686 np0000006371 nova-scheduler[96732]: DEBUG nova.service [None req-552b4b02-fe16-46f6-9b81-ad7530ceb053 None None] Join ServiceGroup membership for this service scheduler {{(pid=96732) start /opt/stack/nova/nova/service.py:222}}
Aug 03 20:20:25.291045 np0000006371 nova-scheduler[96732]: DEBUG nova.servicegroup.drivers.db [None req-552b4b02-fe16-46f6-9b81-ad7530ceb053 None None] DB_Driver: join new ServiceGroup member np0000006371 to the scheduler group, service = {{(pid=96732) join /opt/stack/nova/nova/servicegroup/drivers/db.py:44}}
Aug 03 20:20:30.303563 np0000006371 nova-scheduler[96738]: DEBUG oslo.service.backend._threading.loopingcall [-] Fixed interval looping call 'nova.servicegroup.drivers.db.DbDriver._report_state' sleeping for 119.98 seconds {{(pid=96738) _run_loop /opt/stack/data/venv/lib/python3.12/site-packages/oslo_service/backend/_threading/loopingcall.py:125}}
Aug 03 20:20:30.304560 np0000006371 nova-scheduler[96734]: DEBUG oslo.service.backend._threading.loopingcall [-] Fixed interval looping call 'nova.servicegroup.drivers.db.DbDriver._report_state' sleeping for 119.99 seconds {{(pid=96734) _run_loop /opt/stack/data/venv/lib/python3.12/site-packages/oslo_service/backend/_threading/loopingcall.py:125}}
Aug 03 20:20:30.307575 np0000006371 nova-scheduler[96736]: DEBUG oslo.service.backend._threading.loopingcall [-] Fixed interval looping call 'nova.servicegroup.drivers.db.DbDriver._report_state' sleeping for 119.98 seconds {{(pid=96736) _run_loop /opt/stack/data/venv/lib/python3.12/site-packages/oslo_service/backend/_threading/loopingcall.py:125}}
Aug 03 20:20:30.308062 np0000006371 nova-scheduler[96732]: DEBUG oslo.service.backend._threading.loopingcall [-] Fixed interval looping call 'nova.servicegroup.drivers.db.DbDriver._report_state' sleeping for 119.99 seconds {{(pid=96732) _run_loop /opt/stack/data/venv/lib/python3.12/site-packages/oslo_service/backend/_threading/loopingcall.py:125}}
Aug 03 20:20:33.769095 np0000006371 nova-scheduler[95482]: DEBUG dbcounter [-] [95482] Writing DB stats nova_api:SELECT=3 {{(pid=95482) stat_writer /opt/stack/data/venv/lib/python3.12/site-packages/dbcounter.py:115}}
Aug 03 20:20:33.906374 np0000006371 nova-scheduler[95482]: DEBUG dbcounter [-] [95482] Writing DB stats nova_cell1:SELECT=1 {{(pid=95482) stat_writer /opt/stack/data/venv/lib/python3.12/site-packages/dbcounter.py:115}}
Aug 03 20:20:33.916792 np0000006371 nova-scheduler[95482]: DEBUG dbcounter [-] [95482] Writing DB stats nova_cell0:SELECT=1 {{(pid=95482) stat_writer /opt/stack/data/venv/lib/python3.12/site-packages/dbcounter.py:115}}
Aug 03 20:20:40.295984 np0000006371 nova-scheduler[96738]: DEBUG dbcounter [-] [96738] Writing DB stats nova_cell0:SELECT=3,nova_cell0:UPDATE=1 {{(pid=96738) stat_writer /opt/stack/data/venv/lib/python3.12/site-packages/dbcounter.py:115}}
Aug 03 20:20:40.302886 np0000006371 nova-scheduler[96734]: DEBUG dbcounter [-] [96734] Writing DB stats nova_cell0:SELECT=5,nova_cell0:INSERT=1,nova_cell0:UPDATE=1 {{(pid=96734) stat_writer /opt/stack/data/venv/lib/python3.12/site-packages/dbcounter.py:115}}
Aug 03 20:20:40.304050 np0000006371 nova-scheduler[96732]: DEBUG dbcounter [-] [96732] Writing DB stats nova_cell0:SELECT=4,nova_cell0:INSERT=1 {{(pid=96732) stat_writer /opt/stack/data/venv/lib/python3.12/site-packages/dbcounter.py:115}}
Aug 03 20:20:40.305313 np0000006371 nova-scheduler[96736]: DEBUG dbcounter [-] [96736] Writing DB stats nova_cell0:SELECT=3,nova_cell0:UPDATE=1 {{(pid=96736) stat_writer /opt/stack/data/venv/lib/python3.12/site-packages/dbcounter.py:115}}
Aug 03 20:20:48.293959 np0000006371 nova-scheduler[96732]: DEBUG oslo.service.backend._threading.loopingcall [None req-c797667e-3f82-436f-9709-77f1f912993c None None] Dynamic interval looping call 'nova.service.Service.periodic_tasks' sleeping for 60.00 seconds {{(pid=96732) _run_loop /opt/stack/data/venv/lib/python3.12/site-packages/oslo_service/backend/_threading/loopingcall.py:125}}
Aug 03 20:20:56.293238 np0000006371 nova-scheduler[96734]: DEBUG oslo.service.backend._threading.loopingcall [None req-3cae1631-78b7-4d47-8f48-f749e8c13c98 None None] Dynamic interval looping call 'nova.service.Service.periodic_tasks' sleeping for 60.00 seconds {{(pid=96734) _run_loop /opt/stack/data/venv/lib/python3.12/site-packages/oslo_service/backend/_threading/loopingcall.py:125}}
Aug 03 20:21:03.291762 np0000006371 nova-scheduler[96736]: DEBUG oslo.service.backend._threading.loopingcall [None req-ec7f82da-2fd5-417f-8c71-1e4bec5742bd None None] Dynamic interval looping call 'nova.service.Service.periodic_tasks' sleeping for 60.00 seconds {{(pid=96736) _run_loop /opt/stack/data/venv/lib/python3.12/site-packages/oslo_service/backend/_threading/loopingcall.py:125}}
Aug 03 20:21:18.284436 np0000006371 nova-scheduler[96738]: DEBUG oslo.service.backend._threading.loopingcall [None req-183534c8-9aba-4c74-9de9-d4c112f242b9 None None] Dynamic interval looping call 'nova.service.Service.periodic_tasks' sleeping for 60.00 seconds {{(pid=96738) _run_loop /opt/stack/data/venv/lib/python3.12/site-packages/oslo_service/backend/_threading/loopingcall.py:125}}
Aug 03 20:21:48.294495 np0000006371 nova-scheduler[96732]: DEBUG oslo.service.backend._threading.loopingcall [None req-c797667e-3f82-436f-9709-77f1f912993c None None] Dynamic interval looping call 'nova.service.Service.periodic_tasks' sleeping for 60.00 seconds {{(pid=96732) _run_loop /opt/stack/data/venv/lib/python3.12/site-packages/oslo_service/backend/_threading/loopingcall.py:125}}
Aug 03 20:21:56.293790 np0000006371 nova-scheduler[96734]: DEBUG oslo.service.backend._threading.loopingcall [None req-3cae1631-78b7-4d47-8f48-f749e8c13c98 None None] Dynamic interval looping call 'nova.service.Service.periodic_tasks' sleeping for 60.00 seconds {{(pid=96734) _run_loop /opt/stack/data/venv/lib/python3.12/site-packages/oslo_service/backend/_threading/loopingcall.py:125}}
Aug 03 20:22:03.292299 np0000006371 nova-scheduler[96736]: DEBUG oslo.service.backend._threading.loopingcall [None req-ec7f82da-2fd5-417f-8c71-1e4bec5742bd None None] Dynamic interval looping call 'nova.service.Service.periodic_tasks' sleeping for 60.00 seconds {{(pid=96736) _run_loop /opt/stack/data/venv/lib/python3.12/site-packages/oslo_service/backend/_threading/loopingcall.py:125}}
Aug 03 20:22:18.285074 np0000006371 nova-scheduler[96738]: DEBUG oslo.service.backend._threading.loopingcall [None req-183534c8-9aba-4c74-9de9-d4c112f242b9 None None] Dynamic interval looping call 'nova.service.Service.periodic_tasks' sleeping for 60.00 seconds {{(pid=96738) _run_loop /opt/stack/data/venv/lib/python3.12/site-packages/oslo_service/backend/_threading/loopingcall.py:125}}
Aug 03 20:22:30.292134 np0000006371 nova-scheduler[96738]: DEBUG oslo.service.backend._threading.loopingcall [-] Fixed interval looping call 'nova.servicegroup.drivers.db.DbDriver._report_state' sleeping for 119.99 seconds {{(pid=96738) _run_loop /opt/stack/data/venv/lib/python3.12/site-packages/oslo_service/backend/_threading/loopingcall.py:125}}
Aug 03 20:22:30.292717 np0000006371 nova-scheduler[96736]: DEBUG oslo.service.backend._threading.loopingcall [-] Fixed interval looping call 'nova.servicegroup.drivers.db.DbDriver._report_state' sleeping for 120.00 seconds {{(pid=96736) _run_loop /opt/stack/data/venv/lib/python3.12/site-packages/oslo_service/backend/_threading/loopingcall.py:125}}
Aug 03 20:22:30.298714 np0000006371 nova-scheduler[96734]: DEBUG oslo.service.backend._threading.loopingcall [-] Fixed interval looping call 'nova.servicegroup.drivers.db.DbDriver._report_state' sleeping for 120.00 seconds {{(pid=96734) _run_loop /opt/stack/data/venv/lib/python3.12/site-packages/oslo_service/backend/_threading/loopingcall.py:125}}
Aug 03 20:22:30.302294 np0000006371 nova-scheduler[96732]: DEBUG oslo.service.backend._threading.loopingcall [-] Fixed interval looping call 'nova.servicegroup.drivers.db.DbDriver._report_state' sleeping for 120.00 seconds {{(pid=96732) _run_loop /opt/stack/data/venv/lib/python3.12/site-packages/oslo_service/backend/_threading/loopingcall.py:125}}
Aug 03 20:22:40.287155 np0000006371 nova-scheduler[96738]: DEBUG dbcounter [-] [96738] Writing DB stats nova_cell0:SELECT=1,nova_cell0:UPDATE=1 {{(pid=96738) stat_writer /opt/stack/data/venv/lib/python3.12/site-packages/dbcounter.py:115}}
Aug 03 20:22:40.291553 np0000006371 nova-scheduler[96736]: DEBUG dbcounter [-] [96736] Writing DB stats nova_cell0:SELECT=1,nova_cell0:UPDATE=1 {{(pid=96736) stat_writer /opt/stack/data/venv/lib/python3.12/site-packages/dbcounter.py:115}}
Aug 03 20:22:40.296884 np0000006371 nova-scheduler[96734]: DEBUG dbcounter [-] [96734] Writing DB stats nova_cell0:SELECT=1 {{(pid=96734) stat_writer /opt/stack/data/venv/lib/python3.12/site-packages/dbcounter.py:115}}
Aug 03 20:22:40.300583 np0000006371 nova-scheduler[96732]: DEBUG dbcounter [-] [96732] Writing DB stats nova_cell0:SELECT=1 {{(pid=96732) stat_writer /opt/stack/data/venv/lib/python3.12/site-packages/dbcounter.py:115}}
Aug 03 20:22:48.295775 np0000006371 nova-scheduler[96732]: DEBUG oslo.service.backend._threading.loopingcall [None req-c797667e-3f82-436f-9709-77f1f912993c None None] Dynamic interval looping call 'nova.service.Service.periodic_tasks' sleeping for 60.00 seconds {{(pid=96732) _run_loop /opt/stack/data/venv/lib/python3.12/site-packages/oslo_service/backend/_threading/loopingcall.py:125}}
Aug 03 20:22:56.294282 np0000006371 nova-scheduler[96734]: DEBUG oslo.service.backend._threading.loopingcall [None req-3cae1631-78b7-4d47-8f48-f749e8c13c98 None None] Dynamic interval looping call 'nova.service.Service.periodic_tasks' sleeping for 60.00 seconds {{(pid=96734) _run_loop /opt/stack/data/venv/lib/python3.12/site-packages/oslo_service/backend/_threading/loopingcall.py:125}}
Aug 03 20:22:57.822166 np0000006371 nova-scheduler[96738]: DEBUG nova.scheduler.manager [None req-bbb70414-950a-4d05-91b7-ce9838dd534c tempest-ServerBootFromVolumeStableRescueTest-1465799062 tempest-ServerBootFromVolumeStableRescueTest-1465799062-project-member] Starting to schedule for instances: ['08395fe6-e58f-4f1d-9eae-e6c03184ceda'] {{(pid=96738) select_destinations /opt/stack/nova/nova/scheduler/manager.py:209}}
Aug 03 20:22:57.837849 np0000006371 nova-scheduler[96738]: DEBUG nova.scheduler.request_filter [None req-bbb70414-950a-4d05-91b7-ce9838dd534c tempest-ServerBootFromVolumeStableRescueTest-1465799062 tempest-ServerBootFromVolumeStableRescueTest-1465799062-project-member] compute_status_filter request filter added forbidden trait COMPUTE_STATUS_DISABLED {{(pid=96738) compute_status_filter /opt/stack/nova/nova/scheduler/request_filter.py:253}}
Aug 03 20:22:57.837849 np0000006371 nova-scheduler[96738]: DEBUG nova.scheduler.request_filter [None req-bbb70414-950a-4d05-91b7-ce9838dd534c tempest-ServerBootFromVolumeStableRescueTest-1465799062 tempest-ServerBootFromVolumeStableRescueTest-1465799062-project-member] Request filter 'compute_status_filter' took 0.0 seconds {{(pid=96738) wrapper /opt/stack/nova/nova/scheduler/request_filter.py:46}}
Aug 03 20:22:57.837849 np0000006371 nova-scheduler[96738]: DEBUG nova.scheduler.request_filter [None req-bbb70414-950a-4d05-91b7-ce9838dd534c tempest-ServerBootFromVolumeStableRescueTest-1465799062 tempest-ServerBootFromVolumeStableRescueTest-1465799062-project-member] Request filter 'accelerators_filter' took 0.0 seconds {{(pid=96738) wrapper /opt/stack/nova/nova/scheduler/request_filter.py:46}}
Aug 03 20:22:57.837849 np0000006371 nova-scheduler[96738]: DEBUG nova.scheduler.request_filter [None req-bbb70414-950a-4d05-91b7-ce9838dd534c tempest-ServerBootFromVolumeStableRescueTest-1465799062 tempest-ServerBootFromVolumeStableRescueTest-1465799062-project-member] Request filter 'packed_virtqueue_filter' took 0.0 seconds {{(pid=96738) wrapper /opt/stack/nova/nova/scheduler/request_filter.py:46}}
Aug 03 20:22:57.837849 np0000006371 nova-scheduler[96738]: DEBUG nova.scheduler.request_filter [None req-bbb70414-950a-4d05-91b7-ce9838dd534c tempest-ServerBootFromVolumeStableRescueTest-1465799062 tempest-ServerBootFromVolumeStableRescueTest-1465799062-project-member] Request filter 'remote_managed_ports_filter' took 0.0 seconds {{(pid=96738) wrapper /opt/stack/nova/nova/scheduler/request_filter.py:46}}
Aug 03 20:22:57.838141 np0000006371 nova-scheduler[96738]: DEBUG nova.scheduler.request_filter [None req-bbb70414-950a-4d05-91b7-ce9838dd534c tempest-ServerBootFromVolumeStableRescueTest-1465799062 tempest-ServerBootFromVolumeStableRescueTest-1465799062-project-member] ephemeral_encryption_filter skipped {{(pid=96738) ephemeral_encryption_filter /opt/stack/nova/nova/scheduler/request_filter.py:426}}
Aug 03 20:22:57.838141 np0000006371 nova-scheduler[96738]: DEBUG nova.scheduler.request_filter [None req-bbb70414-950a-4d05-91b7-ce9838dd534c tempest-ServerBootFromVolumeStableRescueTest-1465799062 tempest-ServerBootFromVolumeStableRescueTest-1465799062-project-member] virtio_sound_filter skipped {{(pid=96738) virtio_sound_filter /opt/stack/nova/nova/scheduler/request_filter.py:460}}
Aug 03 20:22:57.838141 np0000006371 nova-scheduler[96738]: DEBUG nova.scheduler.request_filter [None req-bbb70414-950a-4d05-91b7-ce9838dd534c tempest-ServerBootFromVolumeStableRescueTest-1465799062 tempest-ServerBootFromVolumeStableRescueTest-1465799062-project-member] tpm_secret_security_filter skipped {{(pid=96738) tpm_secret_security_filter /opt/stack/nova/nova/scheduler/request_filter.py:477}}
Aug 03 20:22:58.493525 np0000006371 nova-scheduler[96738]: INFO nova.utils [None req-bbb70414-950a-4d05-91b7-ce9838dd534c tempest-ServerBootFromVolumeStableRescueTest-1465799062 tempest-ServerBootFromVolumeStableRescueTest-1465799062-project-member] The cell worker thread pool ForkProcess-4.cell_worker is initialized
Aug 03 20:22:58.493525 np0000006371 nova-scheduler[96738]: DEBUG oslo_concurrency.lockutils [None req-bbb70414-950a-4d05-91b7-ce9838dd534c tempest-ServerBootFromVolumeStableRescueTest-1465799062 tempest-ServerBootFromVolumeStableRescueTest-1465799062-project-member] Acquiring lock "f8fb0072-5763-413d-97e8-1e26c146d182" by "nova.context.set_target_cell..get_or_set_cached_cell_and_set_connections" {{(pid=96738) inner /opt/stack/data/venv/lib/python3.12/site-packages/oslo_concurrency/lockutils.py:512}}
Aug 03 20:22:58.493786 np0000006371 nova-scheduler[96738]: DEBUG oslo_concurrency.lockutils [None req-bbb70414-950a-4d05-91b7-ce9838dd534c tempest-ServerBootFromVolumeStableRescueTest-1465799062 tempest-ServerBootFromVolumeStableRescueTest-1465799062-project-member] Lock "f8fb0072-5763-413d-97e8-1e26c146d182" acquired by "nova.context.set_target_cell..get_or_set_cached_cell_and_set_connections" :: waited 0.000s {{(pid=96738) inner /opt/stack/data/venv/lib/python3.12/site-packages/oslo_concurrency/lockutils.py:525}}
Aug 03 20:22:58.495725 np0000006371 nova-scheduler[96738]: DEBUG oslo_concurrency.lockutils [None req-bbb70414-950a-4d05-91b7-ce9838dd534c tempest-ServerBootFromVolumeStableRescueTest-1465799062 tempest-ServerBootFromVolumeStableRescueTest-1465799062-project-member] Lock "f8fb0072-5763-413d-97e8-1e26c146d182" "released" by "nova.context.set_target_cell..get_or_set_cached_cell_and_set_connections" :: held 0.002s {{(pid=96738) inner /opt/stack/data/venv/lib/python3.12/site-packages/oslo_concurrency/lockutils.py:544}}
Aug 03 20:22:58.497471 np0000006371 nova-scheduler[96738]: INFO dbcounter [None req-bbb70414-950a-4d05-91b7-ce9838dd534c tempest-ServerBootFromVolumeStableRescueTest-1465799062 tempest-ServerBootFromVolumeStableRescueTest-1465799062-project-member] Registered counter for database nova_cell1
Aug 03 20:22:58.542834 np0000006371 nova-scheduler[96738]: DEBUG oslo_db.sqlalchemy.engines [None req-bbb70414-950a-4d05-91b7-ce9838dd534c tempest-ServerBootFromVolumeStableRescueTest-1465799062 tempest-ServerBootFromVolumeStableRescueTest-1465799062-project-member] MySQL server mode set to STRICT_TRANS_TABLES,STRICT_ALL_TABLES,NO_ZERO_IN_DATE,NO_ZERO_DATE,ERROR_FOR_DIVISION_BY_ZERO,TRADITIONAL,NO_ENGINE_SUBSTITUTION {{(pid=96738) _check_effective_sql_mode /opt/stack/data/venv/lib/python3.12/site-packages/oslo_db/sqlalchemy/engines.py:325}}
Aug 03 20:22:58.548571 np0000006371 nova-scheduler[96738]: DEBUG dbcounter [-] [96738] Writer thread running {{(pid=96738) stat_writer /opt/stack/data/venv/lib/python3.12/site-packages/dbcounter.py:102}}
Aug 03 20:22:58.564111 np0000006371 nova-scheduler[96738]: DEBUG oslo_db.sqlalchemy.engines [None req-bbb70414-950a-4d05-91b7-ce9838dd534c tempest-ServerBootFromVolumeStableRescueTest-1465799062 tempest-ServerBootFromVolumeStableRescueTest-1465799062-project-member] Parent process 95482 forked (96738) with an open database connection, which is being discarded and recreated. {{(pid=96738) checkout /opt/stack/data/venv/lib/python3.12/site-packages/oslo_db/sqlalchemy/engines.py:402}}
Aug 03 20:22:58.605207 np0000006371 nova-scheduler[96738]: DEBUG dbcounter [-] [96738] Writer thread running {{(pid=96738) stat_writer /opt/stack/data/venv/lib/python3.12/site-packages/dbcounter.py:102}}
