Aug 03 20:19:57.458072 np0000006371 devstack@neutron-api.service[90891]: DEBUG neutron.common.ovn.hash_ring_manager [-] Allow caching, nodes 4>=4 {{(pid=90891) _wait_startup_before_caching /opt/stack/neutron/neutron/common/ovn/hash_ring_manager.py:71}}
Aug 03 20:19:57.458381 np0000006371 devstack@neutron-api.service[90891]: DEBUG neutron.plugins.ml2.drivers.ovn.mech_driver.ovsdb.ovsdb_monitor [-] Hash Ring: Node 09159959fcc4565bb51719c9a7bdd663 (host: np0000006371) handling event "update" for row 7cc3a27c-13ec-46f0-9ebc-cdf7a7a9b709 (table: Connection) {{(pid=90891) notify /opt/stack/neutron/neutron/plugins/ml2/drivers/ovn/mech_driver/ovsdb/ovsdb_monitor.py:1099}}
Aug 03 20:19:59.749593 np0000006371 devstack@neutron-api.service[90891]: DEBUG neutron.api.wsgi [None req-248a8f56-5cf7-4da9-bd15-320f73a490a1 admin admin] Missing Content-Type {{(pid=90891) get_content_type /opt/stack/neutron/neutron/api/wsgi.py:80}}
Aug 03 20:19:59.750100 np0000006371 devstack@neutron-api.service[90891]: DEBUG neutron.api.wsgi [None req-248a8f56-5cf7-4da9-bd15-320f73a490a1 admin admin] https://10.4.3.92/networking/v2.0/extensions returned with HTTP 200 {{(pid=90891) __call__ /opt/stack/neutron/neutron/api/wsgi.py:540}}
Aug 03 20:19:59.750378 np0000006371 devstack@neutron-api.service[90891]: [pid: 90891|app: 0|req: 2/2] 10.4.3.92 () {64 vars in 1285 bytes} [Mon Aug 3 20:19:59 2026] GET /networking/v2.0/extensions => generated 16171 bytes in 601 msecs (HTTP/1.1 200) 4 headers in 159 bytes (1 switches on core 0)
Aug 03 20:20:00.147480 np0000006371 devstack@neutron-api.service[90893]: DEBUG neutron.api.v2.base [None req-21053aaa-7fec-434a-8dc9-07a98a28514f admin admin] Request body: {'subnetpool': {'is_default': True, 'shared': True, 'name': 'shared-default-subnetpool-v4', 'prefixes': ['10.1.0.0/20'], 'default_prefixlen': 26}} {{(pid=90893) prepare_request_body /opt/stack/neutron/neutron/api/v2/base.py:727}}
Aug 03 20:20:00.375740 np0000006371 devstack@neutron-api.service[90893]: DEBUG neutron.policy [None req-21053aaa-7fec-434a-8dc9-07a98a28514f admin admin] Loaded default policies from ['neutron'] under neutron.policies entry points {{(pid=90893) register_rules /opt/stack/neutron/neutron/policy.py:65}}
Aug 03 20:20:00.517332 np0000006371 devstack@neutron-api.service[90893]: DEBUG neutron_lib.callbacks.manager [None req-21053aaa-7fec-434a-8dc9-07a98a28514f admin admin] Publish callbacks ['neutron.objects.securitygroup.RbacNeutronDbObjectMixin.validate_rbac_policy_change-2859370148235', 'neutron.objects.address_group.RbacNeutronDbObjectMixin.validate_rbac_policy_change-2859370109186', 'neutron.objects.network.RbacNeutronDbObjectMixin.validate_rbac_policy_change-2859370053678', 'neutron.objects.qos.policy.RbacNeutronDbObjectMixin.validate_rbac_policy_change-2859370061609', 'neutron.objects.subnetpool.RbacNeutronDbObjectMixin.validate_rbac_policy_change-2859370086393', 'neutron.objects.address_scope.RbacNeutronDbObjectMixin.validate_rbac_policy_change-2859370023769', 'neutron.plugins.ml2.plugin.External_net_db_mixin._process_ext_policy_create-482802', 'neutron.plugins.ml2.plugin.NeutronDbPluginV2.validate_network_rbac_policy_change-471214'] for rbac-policy (None), before_create {{(pid=90893) _notify_loop /opt/stack/data/venv/lib/python3.12/site-packages/neutron_lib/callbacks/manager.py:184}}
Aug 03 20:20:00.562338 np0000006371 devstack@neutron-api.service[90893]: DEBUG neutron_lib.callbacks.manager [None req-21053aaa-7fec-434a-8dc9-07a98a28514f admin admin] Publish callbacks [] for subnetpool (None), before_response {{(pid=90893) _notify_loop /opt/stack/data/venv/lib/python3.12/site-packages/neutron_lib/callbacks/manager.py:184}}
Aug 03 20:20:00.562845 np0000006371 devstack@neutron-api.service[90893]: [pid: 90893|app: 0|req: 1/3] 10.4.3.92 () {68 vars in 1329 bytes} [Mon Aug 3 20:20:00 2026] POST /networking/v2.0/subnetpools => generated 533 bytes in 531 msecs (HTTP/1.1 201) 4 headers in 162 bytes (1 switches on core 0)
Aug 03 20:20:00.940965 np0000006371 devstack@neutron-api.service[90892]: DEBUG neutron.api.v2.base [None req-cc76b002-8eed-4c72-b0fd-91190aa585f9 admin admin] Request body: {'subnetpool': {'is_default': True, 'shared': True, 'name': 'shared-default-subnetpool-v6', 'prefixes': ['fd0f:4d2d:d229::/56'], 'default_prefixlen': 64}} {{(pid=90892) prepare_request_body /opt/stack/neutron/neutron/api/v2/base.py:727}}
Aug 03 20:20:01.115451 np0000006371 devstack@neutron-api.service[90892]: DEBUG neutron.policy [None req-cc76b002-8eed-4c72-b0fd-91190aa585f9 admin admin] Loaded default policies from ['neutron'] under neutron.policies entry points {{(pid=90892) register_rules /opt/stack/neutron/neutron/policy.py:65}}
Aug 03 20:20:01.271559 np0000006371 devstack@neutron-api.service[90892]: DEBUG neutron_lib.callbacks.manager [None req-cc76b002-8eed-4c72-b0fd-91190aa585f9 admin admin] Publish callbacks ['neutron.objects.securitygroup.RbacNeutronDbObjectMixin.validate_rbac_policy_change-2859370264480', 'neutron.objects.address_group.RbacNeutronDbObjectMixin.validate_rbac_policy_change-2859370159631', 'neutron.objects.network.RbacNeutronDbObjectMixin.validate_rbac_policy_change-2859370032339', 'neutron.objects.qos.policy.RbacNeutronDbObjectMixin.validate_rbac_policy_change-2859370036763', 'neutron.objects.subnetpool.RbacNeutronDbObjectMixin.validate_rbac_policy_change-2859370061570', 'neutron.objects.address_scope.RbacNeutronDbObjectMixin.validate_rbac_policy_change-2859370072742', 'neutron.plugins.ml2.plugin.External_net_db_mixin._process_ext_policy_create-374598', 'neutron.plugins.ml2.plugin.NeutronDbPluginV2.validate_network_rbac_policy_change-368494'] for rbac-policy (None), before_create {{(pid=90892) _notify_loop /opt/stack/data/venv/lib/python3.12/site-packages/neutron_lib/callbacks/manager.py:184}}
Aug 03 20:20:01.317348 np0000006371 devstack@neutron-api.service[90892]: DEBUG neutron_lib.callbacks.manager [None req-cc76b002-8eed-4c72-b0fd-91190aa585f9 admin admin] Publish callbacks [] for subnetpool (None), before_response {{(pid=90892) _notify_loop /opt/stack/data/venv/lib/python3.12/site-packages/neutron_lib/callbacks/manager.py:184}}
Aug 03 20:20:01.317837 np0000006371 devstack@neutron-api.service[90892]: [pid: 90892|app: 0|req: 1/4] 10.4.3.92 () {68 vars in 1329 bytes} [Mon Aug 3 20:20:00 2026] POST /networking/v2.0/subnetpools => generated 543 bytes in 487 msecs (HTTP/1.1 201) 4 headers in 162 bytes (1 switches on core 0)
Aug 03 20:20:01.686562 np0000006371 devstack@neutron-api.service[90890]: DEBUG neutron.api.v2.base [None req-7f2fa003-f389-4f16-8725-0e83d61c0162 admin admin] Request body: {'network': {'name': 'private', 'admin_state_up': True}} {{(pid=90890) prepare_request_body /opt/stack/neutron/neutron/api/v2/base.py:727}}
Aug 03 20:20:01.717673 np0000006371 devstack@neutron-api.service[90890]: DEBUG neutron.pecan_wsgi.hooks.quota_enforcement [None req-7f2fa003-f389-4f16-8725-0e83d61c0162 admin admin] Made reservation on behalf of f872a872f1e44ecaae8794c5a991236c for: {'network': 1} {{(pid=90890) before /opt/stack/neutron/neutron/pecan_wsgi/hooks/quota_enforcement.py:66}}
Aug 03 20:20:01.891568 np0000006371 devstack@neutron-api.service[90890]: DEBUG neutron.policy [None req-7f2fa003-f389-4f16-8725-0e83d61c0162 admin admin] Loaded default policies from ['neutron'] under neutron.policies entry points {{(pid=90890) register_rules /opt/stack/neutron/neutron/policy.py:65}}
Aug 03 20:20:02.007372 np0000006371 devstack@neutron-api.service[90890]: DEBUG neutron_lib.callbacks.manager [None req-7f2fa003-f389-4f16-8725-0e83d61c0162 admin admin] Publish callbacks ['neutron.plugins.ml2.plugin.SecurityGroupDbMixin._ensure_default_security_group_handler-160486'] for network (None), before_create {{(pid=90890) _notify_loop /opt/stack/data/venv/lib/python3.12/site-packages/neutron_lib/callbacks/manager.py:184}}
Aug 03 20:20:02.033205 np0000006371 devstack@neutron-api.service[90890]: DEBUG neutron_lib.callbacks.manager [None req-7f2fa003-f389-4f16-8725-0e83d61c0162 admin admin] Publish callbacks [] for security_group (None), before_create {{(pid=90890) _notify_loop /opt/stack/data/venv/lib/python3.12/site-packages/neutron_lib/callbacks/manager.py:184}}
Aug 03 20:20:02.152235 np0000006371 devstack@neutron-api.service[90890]: DEBUG neutron_lib.callbacks.manager [None req-7f2fa003-f389-4f16-8725-0e83d61c0162 admin admin] Publish callbacks ['neutron.plugins.ml2.drivers.ovn.mech_driver.mech_driver.OVNMechanismDriver._create_security_group_precommit-1906456'] for security_group (60adcd52-a452-433d-8e59-cc3cd9711e93), precommit_create {{(pid=90890) _notify_loop /opt/stack/data/venv/lib/python3.12/site-packages/neutron_lib/callbacks/manager.py:184}}
Aug 03 20:20:02.152387 np0000006371 devstack@neutron-api.service[90890]: DEBUG neutron.db.ovn_revision_numbers_db [None req-7f2fa003-f389-4f16-8725-0e83d61c0162 admin admin] create_initial_revision uuid=60adcd52-a452-433d-8e59-cc3cd9711e93, type=security_groups, rev=-1 {{(pid=90890) create_initial_revision /opt/stack/neutron/neutron/db/ovn_revision_numbers_db.py:98}}
Aug 03 20:20:02.155712 np0000006371 devstack@neutron-api.service[90890]: DEBUG neutron.db.ovn_revision_numbers_db [None req-7f2fa003-f389-4f16-8725-0e83d61c0162 admin admin] create_initial_revision uuid=30876f5e-62c6-4db3-a028-832a5e19b2a7, type=security_group_rules, rev=-1 {{(pid=90890) create_initial_revision /opt/stack/neutron/neutron/db/ovn_revision_numbers_db.py:98}}
Aug 03 20:20:02.157273 np0000006371 devstack@neutron-api.service[90890]: DEBUG neutron.db.ovn_revision_numbers_db [None req-7f2fa003-f389-4f16-8725-0e83d61c0162 admin admin] create_initial_revision uuid=a82fb81d-cdd7-4118-89f1-a35d4c591a86, type=security_group_rules, rev=-1 {{(pid=90890) create_initial_revision /opt/stack/neutron/neutron/db/ovn_revision_numbers_db.py:98}}
Aug 03 20:20:02.158753 np0000006371 devstack@neutron-api.service[90890]: DEBUG neutron.db.ovn_revision_numbers_db [None req-7f2fa003-f389-4f16-8725-0e83d61c0162 admin admin] create_initial_revision uuid=ab70dcb7-55d7-41f6-ae78-eeae15ae40a4, type=security_group_rules, rev=-1 {{(pid=90890) create_initial_revision /opt/stack/neutron/neutron/db/ovn_revision_numbers_db.py:98}}
Aug 03 20:20:02.159947 np0000006371 devstack@neutron-api.service[90890]: DEBUG neutron.db.ovn_revision_numbers_db [None req-7f2fa003-f389-4f16-8725-0e83d61c0162 admin admin] create_initial_revision uuid=dfaf1d3b-e1d2-4e4d-abe7-0b33a155a9fc, type=security_group_rules, rev=-1 {{(pid=90890) create_initial_revision /opt/stack/neutron/neutron/db/ovn_revision_numbers_db.py:98}}
Aug 03 20:20:02.166302 np0000006371 devstack@neutron-api.service[90890]: DEBUG neutron_lib.callbacks.manager [None req-7f2fa003-f389-4f16-8725-0e83d61c0162 admin admin] Publish callbacks ['neutron.plugins.ml2.drivers.ovn.mech_driver.mech_driver.OVNMechanismDriver._create_security_group-1906438', 'neutron.plugins.ml2.ovo_rpc._ObjectChangeHandler.handle_event-1169464'] for security_group (60adcd52-a452-433d-8e59-cc3cd9711e93), after_create {{(pid=90890) _notify_loop /opt/stack/data/venv/lib/python3.12/site-packages/neutron_lib/callbacks/manager.py:184}}
Aug 03 20:20:02.167434 np0000006371 devstack@neutron-api.service[90890]: DEBUG ovsdbapp.backend.ovs_idl.transaction [-] Running txn n=1 command(idx=0): PgAddCommand(_result=None, name=pg_60adcd52_a452_433d_8e59_cc3cd9711e93, may_exist=False, columns={'acls': [], 'external_ids': {'neutron:security_group_id': '60adcd52-a452-433d-8e59-cc3cd9711e93'}}) {{(pid=90890) do_commit /opt/stack/data/venv/lib/python3.12/site-packages/ovsdbapp/backend/ovs_idl/transaction.py:89}}
Aug 03 20:20:02.171833 np0000006371 devstack@neutron-api.service[90890]: DEBUG ovsdbapp.backend.ovs_idl.transaction [-] Running txn n=1 command(idx=1): PgAclAddCommand(_result=None, entity=pg_60adcd52_a452_433d_8e59_cc3cd9711e93, direction=from-lport, priority=1002, match=inport == @pg_60adcd52_a452_433d_8e59_cc3cd9711e93 && ip4, action=allow-related, log=False, may_exist=True, severity=[], name=[], meter=[], external_ids={'neutron:security_group_rule_id': '30876f5e-62c6-4db3-a028-832a5e19b2a7'}) {{(pid=90890) do_commit /opt/stack/data/venv/lib/python3.12/site-packages/ovsdbapp/backend/ovs_idl/transaction.py:89}}
Aug 03 20:20:02.172322 np0000006371 devstack@neutron-api.service[90890]: DEBUG ovsdbapp.backend.ovs_idl.transaction [-] Running txn n=1 command(idx=2): PgAclAddCommand(_result=None, entity=pg_60adcd52_a452_433d_8e59_cc3cd9711e93, direction=from-lport, priority=1002, match=inport == @pg_60adcd52_a452_433d_8e59_cc3cd9711e93 && ip6, action=allow-related, log=False, may_exist=True, severity=[], name=[], meter=[], external_ids={'neutron:security_group_rule_id': 'a82fb81d-cdd7-4118-89f1-a35d4c591a86'}) {{(pid=90890) do_commit /opt/stack/data/venv/lib/python3.12/site-packages/ovsdbapp/backend/ovs_idl/transaction.py:89}}
Aug 03 20:20:02.172679 np0000006371 devstack@neutron-api.service[90890]: DEBUG ovsdbapp.backend.ovs_idl.transaction [-] Running txn n=1 command(idx=3): PgAclAddCommand(_result=None, entity=pg_60adcd52_a452_433d_8e59_cc3cd9711e93, direction=to-lport, priority=1002, match=outport == @pg_60adcd52_a452_433d_8e59_cc3cd9711e93 && ip4 && ip4.src == $pg_60adcd52_a452_433d_8e59_cc3cd9711e93_ip4, action=allow-related, log=False, may_exist=True, severity=[], name=[], meter=[], external_ids={'neutron:security_group_rule_id': 'ab70dcb7-55d7-41f6-ae78-eeae15ae40a4'}) {{(pid=90890) do_commit /opt/stack/data/venv/lib/python3.12/site-packages/ovsdbapp/backend/ovs_idl/transaction.py:89}}
Aug 03 20:20:02.172970 np0000006371 devstack@neutron-api.service[90890]: DEBUG ovsdbapp.backend.ovs_idl.transaction [-] Running txn n=1 command(idx=4): PgAclAddCommand(_result=None, entity=pg_60adcd52_a452_433d_8e59_cc3cd9711e93, direction=to-lport, priority=1002, match=outport == @pg_60adcd52_a452_433d_8e59_cc3cd9711e93 && ip6 && ip6.src == $pg_60adcd52_a452_433d_8e59_cc3cd9711e93_ip6, action=allow-related, log=False, may_exist=True, severity=[], name=[], meter=[], external_ids={'neutron:security_group_rule_id': 'dfaf1d3b-e1d2-4e4d-abe7-0b33a155a9fc'}) {{(pid=90890) do_commit /opt/stack/data/venv/lib/python3.12/site-packages/ovsdbapp/backend/ovs_idl/transaction.py:89}}
Aug 03 20:20:02.178398 np0000006371 devstack@neutron-api.service[90893]: DEBUG neutron.plugins.ml2.drivers.ovn.mech_driver.ovsdb.ovsdb_monitor [-] Hash Ring: Node e6b9a8e720f35327b98de33d6ee6a6f5 (host: np0000006371) handling event "create" for row 7c4fc309-1c4d-436d-b8b3-228014797434 (table: ACL) {{(pid=90893) notify /opt/stack/neutron/neutron/plugins/ml2/drivers/ovn/mech_driver/ovsdb/ovsdb_monitor.py:1099}}
Aug 03 20:20:02.178711 np0000006371 devstack@neutron-api.service[90893]: DEBUG neutron.plugins.ml2.drivers.ovn.mech_driver.ovsdb.ovsdb_monitor [-] Hash Ring: Node e6b9a8e720f35327b98de33d6ee6a6f5 (host: np0000006371) handling event "create" for row fe3c317d-59a7-41c3-a989-2704c60207d1 (table: ACL) {{(pid=90893) notify /opt/stack/neutron/neutron/plugins/ml2/drivers/ovn/mech_driver/ovsdb/ovsdb_monitor.py:1099}}
Aug 03 20:20:02.178907 np0000006371 devstack@neutron-api.service[90893]: DEBUG neutron.plugins.ml2.drivers.ovn.mech_driver.ovsdb.ovsdb_monitor [-] Hash Ring: Node e6b9a8e720f35327b98de33d6ee6a6f5 (host: np0000006371) handling event "create" for row 1ab12db5-8b34-47de-b584-235de9337f46 (table: Port_Group) {{(pid=90893) notify /opt/stack/neutron/neutron/plugins/ml2/drivers/ovn/mech_driver/ovsdb/ovsdb_monitor.py:1099}}
Aug 03 20:20:02.178973 np0000006371 devstack@neutron-api.service[90891]: DEBUG neutron.plugins.ml2.drivers.ovn.mech_driver.ovsdb.ovsdb_monitor [-] Hash Ring: Node 09159959fcc4565bb51719c9a7bdd663 (host: np0000006371) handling event "create" for row 5fc6e310-dc6e-4f20-be79-5b3a47fc661c (table: ACL) {{(pid=90891) notify /opt/stack/neutron/neutron/plugins/ml2/drivers/ovn/mech_driver/ovsdb/ovsdb_monitor.py:1099}}
Aug 03 20:20:02.179248 np0000006371 devstack@neutron-api.service[90891]: DEBUG neutron.plugins.ml2.drivers.ovn.mech_driver.ovsdb.ovsdb_monitor [-] Hash Ring: Node 09159959fcc4565bb51719c9a7bdd663 (host: np0000006371) handling event "create" for row 7c4fc309-1c4d-436d-b8b3-228014797434 (table: ACL) {{(pid=90891) notify /opt/stack/neutron/neutron/plugins/ml2/drivers/ovn/mech_driver/ovsdb/ovsdb_monitor.py:1099}}
Aug 03 20:20:02.179336 np0000006371 devstack@neutron-api.service[90891]: DEBUG neutron.plugins.ml2.drivers.ovn.mech_driver.ovsdb.ovsdb_monitor [-] Hash Ring: Node 09159959fcc4565bb51719c9a7bdd663 (host: np0000006371) handling event "create" for row ab37c0aa-c99a-4ece-b1ac-2cfe3a61fd6f (table: ACL) {{(pid=90891) notify /opt/stack/neutron/neutron/plugins/ml2/drivers/ovn/mech_driver/ovsdb/ovsdb_monitor.py:1099}}
Aug 03 20:20:02.179503 np0000006371 devstack@neutron-api.service[90891]: DEBUG neutron.plugins.ml2.drivers.ovn.mech_driver.ovsdb.ovsdb_monitor [-] Hash Ring: Node 09159959fcc4565bb51719c9a7bdd663 (host: np0000006371) handling event "create" for row fe3c317d-59a7-41c3-a989-2704c60207d1 (table: ACL) {{(pid=90891) notify /opt/stack/neutron/neutron/plugins/ml2/drivers/ovn/mech_driver/ovsdb/ovsdb_monitor.py:1099}}
Aug 03 20:20:02.179689 np0000006371 devstack@neutron-api.service[90891]: DEBUG neutron.plugins.ml2.drivers.ovn.mech_driver.ovsdb.ovsdb_monitor [-] Hash Ring: Node 09159959fcc4565bb51719c9a7bdd663 (host: np0000006371) handling event "create" for row 1ab12db5-8b34-47de-b584-235de9337f46 (table: Port_Group) {{(pid=90891) notify /opt/stack/neutron/neutron/plugins/ml2/drivers/ovn/mech_driver/ovsdb/ovsdb_monitor.py:1099}}
Aug 03 20:20:02.180432 np0000006371 devstack@neutron-api.service[90892]: DEBUG neutron.plugins.ml2.drivers.ovn.mech_driver.ovsdb.ovsdb_monitor [-] Hash Ring: Node a7e0cb7a00e55340a045473145a3b0c8 (host: np0000006371) handling event "create" for row ab37c0aa-c99a-4ece-b1ac-2cfe3a61fd6f (table: ACL) {{(pid=90892) notify /opt/stack/neutron/neutron/plugins/ml2/drivers/ovn/mech_driver/ovsdb/ovsdb_monitor.py:1099}}
Aug 03 20:20:02.202377 np0000006371 devstack@neutron-api.service[90890]: INFO neutron.db.ovn_revision_numbers_db [None req-7f2fa003-f389-4f16-8725-0e83d61c0162 admin admin] Successfully bumped revision number for resource 60adcd52-a452-433d-8e59-cc3cd9711e93 (type: security_groups) to 1
Aug 03 20:20:02.217830 np0000006371 devstack@neutron-api.service[90890]: INFO neutron.db.ovn_revision_numbers_db [None req-7f2fa003-f389-4f16-8725-0e83d61c0162 admin admin] Successfully bumped revision number for resource 30876f5e-62c6-4db3-a028-832a5e19b2a7 (type: security_group_rules) to 0
Aug 03 20:20:02.231726 np0000006371 devstack@neutron-api.service[90890]: INFO neutron.db.ovn_revision_numbers_db [None req-7f2fa003-f389-4f16-8725-0e83d61c0162 admin admin] Successfully bumped revision number for resource a82fb81d-cdd7-4118-89f1-a35d4c591a86 (type: security_group_rules) to 0
Aug 03 20:20:02.248021 np0000006371 devstack@neutron-api.service[90890]: INFO neutron.db.ovn_revision_numbers_db [None req-7f2fa003-f389-4f16-8725-0e83d61c0162 admin admin] Successfully bumped revision number for resource ab70dcb7-55d7-41f6-ae78-eeae15ae40a4 (type: security_group_rules) to 0
Aug 03 20:20:02.262195 np0000006371 devstack@neutron-api.service[90890]: INFO neutron.db.ovn_revision_numbers_db [None req-7f2fa003-f389-4f16-8725-0e83d61c0162 admin admin] Successfully bumped revision number for resource dfaf1d3b-e1d2-4e4d-abe7-0b33a155a9fc (type: security_group_rules) to 0
Aug 03 20:20:02.294977 np0000006371 devstack@neutron-api.service[90890]: DEBUG neutron.api.rpc.handlers.resources_rpc [None req-7f2fa003-f389-4f16-8725-0e83d61c0162 admin admin] Pushing event updated for resources: {'SecurityGroup': ['ID=60adcd52-a452-433d-8e59-cc3cd9711e93,revision_number=1']} {{(pid=90890) push /opt/stack/neutron/neutron/api/rpc/handlers/resources_rpc.py:237}}
Aug 03 20:20:02.303696 np0000006371 devstack@neutron-api.service[90890]: DEBUG ovsdbapp.backend.ovs_idl.transaction [-] Running txn n=1 command(idx=0): CheckLivenessCommand(_result=None) {{(pid=90890) do_commit /opt/stack/data/venv/lib/python3.12/site-packages/ovsdbapp/backend/ovs_idl/transaction.py:89}}
Aug 03 20:20:02.306708 np0000006371 devstack@neutron-api.service[90891]: DEBUG neutron.plugins.ml2.drivers.ovn.mech_driver.ovsdb.ovsdb_monitor [-] Hash Ring: Node 09159959fcc4565bb51719c9a7bdd663 (host: np0000006371) handling event "update" for row b0aab583-ab23-4881-8ac3-4189a110a7df (table: NB_Global) {{(pid=90891) notify /opt/stack/neutron/neutron/plugins/ml2/drivers/ovn/mech_driver/ovsdb/ovsdb_monitor.py:1099}}
Aug 03 20:20:02.307386 np0000006371 devstack@neutron-api.service[90893]: DEBUG neutron.plugins.ml2.drivers.ovn.mech_driver.ovsdb.ovsdb_monitor [-] Hash Ring: Node e6b9a8e720f35327b98de33d6ee6a6f5 (host: np0000006371) handling event "update" for row b0aab583-ab23-4881-8ac3-4189a110a7df (table: NB_Global) {{(pid=90893) notify /opt/stack/neutron/neutron/plugins/ml2/drivers/ovn/mech_driver/ovsdb/ovsdb_monitor.py:1099}}
Aug 03 20:20:02.308391 np0000006371 devstack@neutron-api.service[90893]: DEBUG neutron.plugins.ml2.drivers.ovn.mech_driver.ovsdb.ovsdb_monitor [-] Hash Ring: Node e6b9a8e720f35327b98de33d6ee6a6f5 (host: np0000006371) handling event "update" for row b0aab583-ab23-4881-8ac3-4189a110a7df (table: NB_Global) {{(pid=90893) notify /opt/stack/neutron/neutron/plugins/ml2/drivers/ovn/mech_driver/ovsdb/ovsdb_monitor.py:1099}}
Aug 03 20:20:02.308882 np0000006371 devstack@neutron-api.service[90891]: DEBUG neutron.plugins.ml2.drivers.ovn.mech_driver.ovsdb.ovsdb_monitor [-] Hash Ring: Node 09159959fcc4565bb51719c9a7bdd663 (host: np0000006371) handling event "update" for row b0aab583-ab23-4881-8ac3-4189a110a7df (table: NB_Global) {{(pid=90891) notify /opt/stack/neutron/neutron/plugins/ml2/drivers/ovn/mech_driver/ovsdb/ovsdb_monitor.py:1099}}
Aug 03 20:20:02.308999 np0000006371 devstack@neutron-api.service[90890]: DEBUG neutron.api.rpc.callbacks.version_manager [None req-7f2fa003-f389-4f16-8725-0e83d61c0162 admin admin] Tracked resource versions report:
Aug 03 20:20:02.308999 np0000006371 devstack@neutron-api.service[90890]: pushed versions:
Aug 03 20:20:02.308999 np0000006371 devstack@neutron-api.service[90890]: { 'AddressGroup': {'1.2'},
Aug 03 20:20:02.308999 np0000006371 devstack@neutron-api.service[90890]: 'Agent': {'1.1'},
Aug 03 20:20:02.308999 np0000006371 devstack@neutron-api.service[90890]: 'ConntrackHelper': {'1.0'},
Aug 03 20:20:02.308999 np0000006371 devstack@neutron-api.service[90890]: 'LocalIPAssociation': {'1.0'},
Aug 03 20:20:02.308999 np0000006371 devstack@neutron-api.service[90890]: 'Log': {'1.0'},
Aug 03 20:20:02.308999 np0000006371 devstack@neutron-api.service[90890]: 'NDPProxy': {'1.0'},
Aug 03 20:20:02.308999 np0000006371 devstack@neutron-api.service[90890]: 'Network': {'1.3'},
Aug 03 20:20:02.308999 np0000006371 devstack@neutron-api.service[90890]: 'Port': {'1.11'},
Aug 03 20:20:02.308999 np0000006371 devstack@neutron-api.service[90890]: 'PortForwarding': {'1.3'},
Aug 03 20:20:02.308999 np0000006371 devstack@neutron-api.service[90890]: 'QosPolicy': {'1.10'},
Aug 03 20:20:02.308999 np0000006371 devstack@neutron-api.service[90890]: 'SecurityGroup': {'1.6'},
Aug 03 20:20:02.308999 np0000006371 devstack@neutron-api.service[90890]: 'SecurityGroupRule': {'1.3'},
Aug 03 20:20:02.308999 np0000006371 devstack@neutron-api.service[90890]: 'SubPort': {'1.0'},
Aug 03 20:20:02.308999 np0000006371 devstack@neutron-api.service[90890]: 'Subnet': {'1.2'},
Aug 03 20:20:02.308999 np0000006371 devstack@neutron-api.service[90890]: 'Trunk': {'1.1'}}
Aug 03 20:20:02.308999 np0000006371 devstack@neutron-api.service[90890]: consumer versions:
Aug 03 20:20:02.308999 np0000006371 devstack@neutron-api.service[90890]: {}
Aug 03 20:20:02.308999 np0000006371 devstack@neutron-api.service[90890]: {{(pid=90890) report /opt/stack/neutron/neutron/api/rpc/callbacks/version_manager.py:183}}
Aug 03 20:20:02.309650 np0000006371 devstack@neutron-api.service[90893]: DEBUG neutron.plugins.ml2.drivers.ovn.mech_driver.ovsdb.ovsdb_monitor [-] Hash Ring: Node e6b9a8e720f35327b98de33d6ee6a6f5 (host: np0000006371) handling event "update" for row b0aab583-ab23-4881-8ac3-4189a110a7df (table: NB_Global) {{(pid=90893) notify /opt/stack/neutron/neutron/plugins/ml2/drivers/ovn/mech_driver/ovsdb/ovsdb_monitor.py:1099}}
Aug 03 20:20:02.310120 np0000006371 devstack@neutron-api.service[90892]: DEBUG ovsdbapp.backend.ovs_idl.event [-] Matched UPDATE: ChassisAgentWriteEvent(events=('create', 'update'), table='Chassis_Private', conditions=None, old_conditions=None), priority=20 to row=Chassis_Private(uuid=4c8fcf5a-6740-48b8-a249-02c9f45a3ce0, chassis=ae818d7f-6969-4ee1-9fef-4b1dcd562b34, external_ids={'neutron:ovn-bridge': 'br-int', 'neutron:ovn-neutron-agent-id': '5df4d98e-ecf3-5aeb-b9fe-3de410c9f26c', 'neutron:ovn-neutron-agent-sb-cfg': '0'}, name='222128b0-c0cd-482f-b7bf-0f4ce977d816', nb_cfg=1, nb_cfg_timestamp=1785788402306) old=Chassis_Private(uuid=4c8fcf5a-6740-48b8-a249-02c9f45a3ce0, nb_cfg=0, nb_cfg_timestamp=0) {{(pid=90892) matches /opt/stack/data/venv/lib/python3.12/site-packages/ovsdbapp/backend/ovs_idl/event.py:55}}
Aug 03 20:20:02.310247 np0000006371 devstack@neutron-api.service[90891]: DEBUG ovsdbapp.backend.ovs_idl.event [-] Matched UPDATE: ChassisAgentWriteEvent(events=('create', 'update'), table='Chassis_Private', conditions=None, old_conditions=None), priority=20 to row=Chassis_Private(uuid=4c8fcf5a-6740-48b8-a249-02c9f45a3ce0, chassis=ae818d7f-6969-4ee1-9fef-4b1dcd562b34, external_ids={'neutron:ovn-bridge': 'br-int', 'neutron:ovn-neutron-agent-id': '5df4d98e-ecf3-5aeb-b9fe-3de410c9f26c', 'neutron:ovn-neutron-agent-sb-cfg': '0'}, name='222128b0-c0cd-482f-b7bf-0f4ce977d816', nb_cfg=1, nb_cfg_timestamp=1785788402306) old=Chassis_Private(uuid=4c8fcf5a-6740-48b8-a249-02c9f45a3ce0, nb_cfg=0, nb_cfg_timestamp=0) {{(pid=90891) matches /opt/stack/data/venv/lib/python3.12/site-packages/ovsdbapp/backend/ovs_idl/event.py:55}}
Aug 03 20:20:02.311024 np0000006371 devstack@neutron-api.service[90893]: DEBUG ovsdbapp.backend.ovs_idl.event [-] Matched UPDATE: ChassisAgentWriteEvent(events=('create', 'update'), table='Chassis_Private', conditions=None, old_conditions=None), priority=20 to row=Chassis_Private(uuid=4c8fcf5a-6740-48b8-a249-02c9f45a3ce0, chassis=ae818d7f-6969-4ee1-9fef-4b1dcd562b34, external_ids={'neutron:ovn-bridge': 'br-int', 'neutron:ovn-neutron-agent-id': '5df4d98e-ecf3-5aeb-b9fe-3de410c9f26c', 'neutron:ovn-neutron-agent-sb-cfg': '0'}, name='222128b0-c0cd-482f-b7bf-0f4ce977d816', nb_cfg=1, nb_cfg_timestamp=1785788402306) old=Chassis_Private(uuid=4c8fcf5a-6740-48b8-a249-02c9f45a3ce0, nb_cfg=0, nb_cfg_timestamp=0) {{(pid=90893) matches /opt/stack/data/venv/lib/python3.12/site-packages/ovsdbapp/backend/ovs_idl/event.py:55}}
Aug 03 20:20:02.311895 np0000006371 devstack@neutron-api.service[90891]: DEBUG neutron.plugins.ml2.drivers.ovn.mech_driver.ovsdb.ovsdb_monitor [-] Hash Ring: Node 09159959fcc4565bb51719c9a7bdd663 (host: np0000006371) handling event "update" for row b0aab583-ab23-4881-8ac3-4189a110a7df (table: NB_Global) {{(pid=90891) notify /opt/stack/neutron/neutron/plugins/ml2/drivers/ovn/mech_driver/ovsdb/ovsdb_monitor.py:1099}}
Aug 03 20:20:02.312979 np0000006371 devstack@neutron-api.service[90891]: DEBUG neutron.plugins.ml2.drivers.ovn.mech_driver.ovsdb.ovsdb_monitor [-] Hash Ring: Node 09159959fcc4565bb51719c9a7bdd663 (host: np0000006371) handling event "update" for row b0aab583-ab23-4881-8ac3-4189a110a7df (table: NB_Global) {{(pid=90891) notify /opt/stack/neutron/neutron/plugins/ml2/drivers/ovn/mech_driver/ovsdb/ovsdb_monitor.py:1099}}
Aug 03 20:20:02.313263 np0000006371 devstack@neutron-api.service[90893]: DEBUG neutron.plugins.ml2.drivers.ovn.mech_driver.ovsdb.ovsdb_monitor [-] Hash Ring: Node e6b9a8e720f35327b98de33d6ee6a6f5 (host: np0000006371) handling event "update" for row b0aab583-ab23-4881-8ac3-4189a110a7df (table: NB_Global) {{(pid=90893) notify /opt/stack/neutron/neutron/plugins/ml2/drivers/ovn/mech_driver/ovsdb/ovsdb_monitor.py:1099}}
Aug 03 20:20:02.315084 np0000006371 devstack@neutron-api.service[90892]: DEBUG ovsdbapp.backend.ovs_idl.event [-] Matched UPDATE: ChassisOVNAgentWriteEvent(events=('create', 'update'), table='Chassis_Private', conditions=None, old_conditions=None), priority=20 to row=Chassis_Private(uuid=4c8fcf5a-6740-48b8-a249-02c9f45a3ce0, chassis=ae818d7f-6969-4ee1-9fef-4b1dcd562b34, external_ids={'neutron:ovn-bridge': 'br-int', 'neutron:ovn-neutron-agent-id': '5df4d98e-ecf3-5aeb-b9fe-3de410c9f26c', 'neutron:ovn-neutron-agent-sb-cfg': '1'}, name='222128b0-c0cd-482f-b7bf-0f4ce977d816', nb_cfg=1, nb_cfg_timestamp=1785788402306) old=Chassis_Private(uuid=4c8fcf5a-6740-48b8-a249-02c9f45a3ce0, external_ids={'neutron:ovn-bridge': 'br-int', 'neutron:ovn-neutron-agent-id': '5df4d98e-ecf3-5aeb-b9fe-3de410c9f26c', 'neutron:ovn-neutron-agent-sb-cfg': '0'}) {{(pid=90892) matches /opt/stack/data/venv/lib/python3.12/site-packages/ovsdbapp/backend/ovs_idl/event.py:55}}
Aug 03 20:20:02.315302 np0000006371 devstack@neutron-api.service[90890]: DEBUG ovsdbapp.backend.ovs_idl.event [-] Matched UPDATE: ChassisAgentWriteEvent(events=('create', 'update'), table='Chassis_Private', conditions=None, old_conditions=None), priority=20 to row=Chassis_Private(uuid=4c8fcf5a-6740-48b8-a249-02c9f45a3ce0, chassis=ae818d7f-6969-4ee1-9fef-4b1dcd562b34, external_ids={'neutron:ovn-bridge': 'br-int', 'neutron:ovn-neutron-agent-id': '5df4d98e-ecf3-5aeb-b9fe-3de410c9f26c', 'neutron:ovn-neutron-agent-sb-cfg': '0'}, name='222128b0-c0cd-482f-b7bf-0f4ce977d816', nb_cfg=1, nb_cfg_timestamp=1785788402306) old=Chassis_Private(uuid=4c8fcf5a-6740-48b8-a249-02c9f45a3ce0, nb_cfg=0, nb_cfg_timestamp=0) {{(pid=90890) matches /opt/stack/data/venv/lib/python3.12/site-packages/ovsdbapp/backend/ovs_idl/event.py:55}}
Aug 03 20:20:02.315425 np0000006371 devstack@neutron-api.service[90893]: DEBUG ovsdbapp.backend.ovs_idl.event [-] Matched UPDATE: ChassisOVNAgentWriteEvent(events=('create', 'update'), table='Chassis_Private', conditions=None, old_conditions=None), priority=20 to row=Chassis_Private(uuid=4c8fcf5a-6740-48b8-a249-02c9f45a3ce0, chassis=ae818d7f-6969-4ee1-9fef-4b1dcd562b34, external_ids={'neutron:ovn-bridge': 'br-int', 'neutron:ovn-neutron-agent-id': '5df4d98e-ecf3-5aeb-b9fe-3de410c9f26c', 'neutron:ovn-neutron-agent-sb-cfg': '1'}, name='222128b0-c0cd-482f-b7bf-0f4ce977d816', nb_cfg=1, nb_cfg_timestamp=1785788402306) old=Chassis_Private(uuid=4c8fcf5a-6740-48b8-a249-02c9f45a3ce0, external_ids={'neutron:ovn-bridge': 'br-int', 'neutron:ovn-neutron-agent-id': '5df4d98e-ecf3-5aeb-b9fe-3de410c9f26c', 'neutron:ovn-neutron-agent-sb-cfg': '0'}) {{(pid=90893) matches /opt/stack/data/venv/lib/python3.12/site-packages/ovsdbapp/backend/ovs_idl/event.py:55}}
Aug 03 20:20:02.315684 np0000006371 devstack@neutron-api.service[90891]: DEBUG neutron.common.ovn.hash_ring_manager [-] Allow caching, nodes 4>=4 {{(pid=90891) _wait_startup_before_caching /opt/stack/neutron/neutron/common/ovn/hash_ring_manager.py:71}}
Aug 03 20:20:02.315889 np0000006371 devstack@neutron-api.service[90891]: DEBUG neutron.plugins.ml2.drivers.ovn.mech_driver.ovsdb.ovsdb_monitor [-] Hash Ring: Node 09159959fcc4565bb51719c9a7bdd663 (host: np0000006371) handling event "update" for row 4c8fcf5a-6740-48b8-a249-02c9f45a3ce0 (table: Chassis_Private) {{(pid=90891) notify /opt/stack/neutron/neutron/plugins/ml2/drivers/ovn/mech_driver/ovsdb/ovsdb_monitor.py:1099}}
Aug 03 20:20:02.317032 np0000006371 devstack@neutron-api.service[90891]: DEBUG ovsdbapp.backend.ovs_idl.event [-] Matched UPDATE: ChassisOVNAgentWriteEvent(events=('create', 'update'), table='Chassis_Private', conditions=None, old_conditions=None), priority=20 to row=Chassis_Private(uuid=4c8fcf5a-6740-48b8-a249-02c9f45a3ce0, chassis=ae818d7f-6969-4ee1-9fef-4b1dcd562b34, external_ids={'neutron:ovn-bridge': 'br-int', 'neutron:ovn-neutron-agent-id': '5df4d98e-ecf3-5aeb-b9fe-3de410c9f26c', 'neutron:ovn-neutron-agent-sb-cfg': '1'}, name='222128b0-c0cd-482f-b7bf-0f4ce977d816', nb_cfg=1, nb_cfg_timestamp=1785788402306) old=Chassis_Private(uuid=4c8fcf5a-6740-48b8-a249-02c9f45a3ce0, external_ids={'neutron:ovn-bridge': 'br-int', 'neutron:ovn-neutron-agent-id': '5df4d98e-ecf3-5aeb-b9fe-3de410c9f26c', 'neutron:ovn-neutron-agent-sb-cfg': '0'}) {{(pid=90891) matches /opt/stack/data/venv/lib/python3.12/site-packages/ovsdbapp/backend/ovs_idl/event.py:55}}
Aug 03 20:20:02.317310 np0000006371 devstack@neutron-api.service[90891]: DEBUG neutron.plugins.ml2.drivers.ovn.mech_driver.ovsdb.ovsdb_monitor [-] Hash Ring: Node 09159959fcc4565bb51719c9a7bdd663 (host: np0000006371) handling event "update" for row 4c8fcf5a-6740-48b8-a249-02c9f45a3ce0 (table: Chassis_Private) {{(pid=90891) notify /opt/stack/neutron/neutron/plugins/ml2/drivers/ovn/mech_driver/ovsdb/ovsdb_monitor.py:1099}}
Aug 03 20:20:02.318445 np0000006371 devstack@neutron-api.service[90890]: DEBUG ovsdbapp.backend.ovs_idl.event [-] Matched UPDATE: ChassisOVNAgentWriteEvent(events=('create', 'update'), table='Chassis_Private', conditions=None, old_conditions=None), priority=20 to row=Chassis_Private(uuid=4c8fcf5a-6740-48b8-a249-02c9f45a3ce0, chassis=ae818d7f-6969-4ee1-9fef-4b1dcd562b34, external_ids={'neutron:ovn-bridge': 'br-int', 'neutron:ovn-neutron-agent-id': '5df4d98e-ecf3-5aeb-b9fe-3de410c9f26c', 'neutron:ovn-neutron-agent-sb-cfg': '1'}, name='222128b0-c0cd-482f-b7bf-0f4ce977d816', nb_cfg=1, nb_cfg_timestamp=1785788402306) old=Chassis_Private(uuid=4c8fcf5a-6740-48b8-a249-02c9f45a3ce0, external_ids={'neutron:ovn-bridge': 'br-int', 'neutron:ovn-neutron-agent-id': '5df4d98e-ecf3-5aeb-b9fe-3de410c9f26c', 'neutron:ovn-neutron-agent-sb-cfg': '0'}) {{(pid=90890) matches /opt/stack/data/venv/lib/python3.12/site-packages/ovsdbapp/backend/ovs_idl/event.py:55}}
Aug 03 20:20:02.361166 np0000006371 devstack@neutron-api.service[90890]: DEBUG neutron.plugins.ml2.drivers.helpers [None req-7f2fa003-f389-4f16-8725-0e83d61c0162 admin admin] geneve segment allocate from pool success with {'geneve_vni': 12475} {{(pid=90890) allocate_partially_specified_segment /opt/stack/neutron/neutron/plugins/ml2/drivers/helpers.py:142}}
Aug 03 20:20:02.374853 np0000006371 devstack@neutron-api.service[90890]: DEBUG neutron_lib.callbacks.manager [None req-7f2fa003-f389-4f16-8725-0e83d61c0162 admin admin] Publish callbacks ['neutron.services.segments.db._add_segment_host_mapping_for_segment-8711757342380', 'neutron.plugins.ml2.plugin.Ml2Plugin._handle_segment_change-421442'] for segment (22c60e78-781c-44a4-9a0b-487a9be6dd4a), precommit_create {{(pid=90890) _notify_loop /opt/stack/data/venv/lib/python3.12/site-packages/neutron_lib/callbacks/manager.py:184}}
Aug 03 20:20:02.375192 np0000006371 devstack@neutron-api.service[90890]: INFO neutron.db.segments_db [None req-7f2fa003-f389-4f16-8725-0e83d61c0162 admin admin] Added segment 22c60e78-781c-44a4-9a0b-487a9be6dd4a of type geneve for network 4abb331f-677f-4c42-b79e-b6592ff6bdb2
Aug 03 20:20:02.435775 np0000006371 devstack@neutron-api.service[90890]: DEBUG neutron_lib.callbacks.manager [None req-7f2fa003-f389-4f16-8725-0e83d61c0162 admin admin] Publish callbacks ['neutron.services.auto_allocate.db._ensure_external_network_default_value_callback-8711756077340'] for network (4abb331f-677f-4c42-b79e-b6592ff6bdb2), precommit_create {{(pid=90890) _notify_loop /opt/stack/data/venv/lib/python3.12/site-packages/neutron_lib/callbacks/manager.py:184}}
Aug 03 20:20:02.456249 np0000006371 devstack@neutron-api.service[90890]: DEBUG neutron.plugins.ml2.drivers.ovn.mech_driver.mech_driver [None req-7f2fa003-f389-4f16-8725-0e83d61c0162 admin admin] Validating network segment with type geneve, segmentation ID 12475, physical network None {{(pid=90890) _validate_network_segments /opt/stack/neutron/neutron/plugins/ml2/drivers/ovn/mech_driver/mech_driver.py:646}}
Aug 03 20:20:02.456441 np0000006371 devstack@neutron-api.service[90890]: DEBUG neutron.db.ovn_revision_numbers_db [None req-7f2fa003-f389-4f16-8725-0e83d61c0162 admin admin] create_initial_revision uuid=4abb331f-677f-4c42-b79e-b6592ff6bdb2, type=networks, rev=-1 {{(pid=90890) create_initial_revision /opt/stack/neutron/neutron/db/ovn_revision_numbers_db.py:98}}
Aug 03 20:20:02.478098 np0000006371 devstack@neutron-api.service[90890]: DEBUG neutron_lib.callbacks.manager [None req-7f2fa003-f389-4f16-8725-0e83d61c0162 admin admin] Publish callbacks ['neutron.plugins.ml2.ovo_rpc._ObjectChangeHandler.handle_event-1169452'] for network (4abb331f-677f-4c42-b79e-b6592ff6bdb2), after_create {{(pid=90890) _notify_loop /opt/stack/data/venv/lib/python3.12/site-packages/neutron_lib/callbacks/manager.py:184}}
Aug 03 20:20:02.532391 np0000006371 devstack@neutron-api.service[90890]: DEBUG neutron.api.rpc.handlers.resources_rpc [None req-7f2fa003-f389-4f16-8725-0e83d61c0162 admin admin] Pushing event updated for resources: {'Network': ['ID=4abb331f-677f-4c42-b79e-b6592ff6bdb2,revision_number=1']} {{(pid=90890) push /opt/stack/neutron/neutron/api/rpc/handlers/resources_rpc.py:237}}
Aug 03 20:20:02.542400 np0000006371 devstack@neutron-api.service[90890]: DEBUG ovsdbapp.backend.ovs_idl.transaction [-] Running txn n=1 command(idx=0): AddNetworkCommand(_result=None, network_uuid=4abb331f-677f-4c42-b79e-b6592ff6bdb2, may_exist=True, columns={'external_ids': {'neutron:network_name': 'private', 'neutron:mtu': '1372', 'neutron:revision_number': '1', 'neutron:availability_zone_hints': '', 'neutron:provnet-network-type': 'geneve'}, 'other_config': {'mcast_snoop': 'false', 'mcast_flood_unregistered': 'false', 'vlan-passthru': 'false'}}) {{(pid=90890) do_commit /opt/stack/data/venv/lib/python3.12/site-packages/ovsdbapp/backend/ovs_idl/transaction.py:89}}
Aug 03 20:20:02.542789 np0000006371 devstack@neutron-api.service[90890]: DEBUG neutron.common.ovn.utils [-] OVS persist_uuid supported=True {{(pid=90890) ovs_persist_uuid_supported /opt/stack/neutron/neutron/common/ovn/utils.py:1565}}
Aug 03 20:20:02.551849 np0000006371 devstack@neutron-api.service[90891]: DEBUG neutron.plugins.ml2.drivers.ovn.mech_driver.ovsdb.ovsdb_monitor [-] Hash Ring: Node 09159959fcc4565bb51719c9a7bdd663 (host: np0000006371) handling event "create" for row 4abb331f-677f-4c42-b79e-b6592ff6bdb2 (table: Logical_Switch) {{(pid=90891) notify /opt/stack/neutron/neutron/plugins/ml2/drivers/ovn/mech_driver/ovsdb/ovsdb_monitor.py:1099}}
Aug 03 20:20:02.556614 np0000006371 devstack@neutron-api.service[90891]: DEBUG neutron.plugins.ml2.drivers.ovn.mech_driver.ovsdb.ovsdb_monitor [-] Hash Ring: Node 09159959fcc4565bb51719c9a7bdd663 (host: np0000006371) handling event "create" for row 3299937a-b6b1-4209-89fd-f8322f2b926a (table: Datapath_Binding) {{(pid=90891) notify /opt/stack/neutron/neutron/plugins/ml2/drivers/ovn/mech_driver/ovsdb/ovsdb_monitor.py:1099}}
Aug 03 20:20:02.557609 np0000006371 devstack@neutron-api.service[90893]: DEBUG neutron.plugins.ml2.drivers.ovn.mech_driver.ovsdb.ovsdb_monitor [-] Hash Ring: Node e6b9a8e720f35327b98de33d6ee6a6f5 (host: np0000006371) handling event "create" for row 3299937a-b6b1-4209-89fd-f8322f2b926a (table: Datapath_Binding) {{(pid=90893) notify /opt/stack/neutron/neutron/plugins/ml2/drivers/ovn/mech_driver/ovsdb/ovsdb_monitor.py:1099}}
Aug 03 20:20:02.584048 np0000006371 devstack@neutron-api.service[90890]: INFO neutron.db.ovn_revision_numbers_db [None req-7f2fa003-f389-4f16-8725-0e83d61c0162 admin admin] Successfully bumped revision number for resource 4abb331f-677f-4c42-b79e-b6592ff6bdb2 (type: networks) to 1
Aug 03 20:20:02.648314 np0000006371 devstack@neutron-api.service[90890]: DEBUG neutron_lib.callbacks.manager [None req-7f2fa003-f389-4f16-8725-0e83d61c0162 admin admin] Publish callbacks ['neutron.plugins.ml2.plugin.SecurityGroupDbMixin._ensure_default_security_group_handler-160486'] for port (None), before_create {{(pid=90890) _notify_loop /opt/stack/data/venv/lib/python3.12/site-packages/neutron_lib/callbacks/manager.py:184}}
Aug 03 20:20:02.950856 np0000006371 devstack@neutron-api.service[90890]: DEBUG neutron_lib.callbacks.manager [None req-7f2fa003-f389-4f16-8725-0e83d61c0162 admin admin] Publish callbacks ['neutron.plugins.ml2.drivers.ovn.mech_driver.mech_driver.OVNMechanismDriver._validate_allowed_address_pairs-1906320'] for allowed_address_pair (5776f2f6-a00b-42eb-92b6-be04fc138f4c), before_create {{(pid=90890) _notify_loop /opt/stack/data/venv/lib/python3.12/site-packages/neutron_lib/callbacks/manager.py:184}}
Aug 03 20:20:02.951498 np0000006371 devstack@neutron-api.service[90890]: DEBUG neutron_lib.callbacks.manager [None req-7f2fa003-f389-4f16-8725-0e83d61c0162 admin admin] Publish callbacks [] for port (5776f2f6-a00b-42eb-92b6-be04fc138f4c), precommit_create {{(pid=90890) _notify_loop /opt/stack/data/venv/lib/python3.12/site-packages/neutron_lib/callbacks/manager.py:184}}
Aug 03 20:20:02.951743 np0000006371 devstack@neutron-api.service[90890]: DEBUG neutron.plugins.ml2.drivers.ovn.mech_driver.mech_driver [None req-7f2fa003-f389-4f16-8725-0e83d61c0162 admin admin] No provisioning block for port 5776f2f6-a00b-42eb-92b6-be04fc138f4c since it does not have a host {{(pid=90890) _is_port_provisioning_required /opt/stack/neutron/neutron/plugins/ml2/drivers/ovn/mech_driver/mech_driver.py:899}}
Aug 03 20:20:02.951849 np0000006371 devstack@neutron-api.service[90890]: DEBUG neutron.db.ovn_revision_numbers_db [None req-7f2fa003-f389-4f16-8725-0e83d61c0162 admin admin] create_initial_revision uuid=5776f2f6-a00b-42eb-92b6-be04fc138f4c, type=ports, rev=-1 {{(pid=90890) create_initial_revision /opt/stack/neutron/neutron/db/ovn_revision_numbers_db.py:98}}
Aug 03 20:20:03.011381 np0000006371 devstack@neutron-api.service[90890]: DEBUG neutron_lib.callbacks.manager [None req-7f2fa003-f389-4f16-8725-0e83d61c0162 admin admin] Publish callbacks ['neutron.plugins.ml2.ovo_rpc._ObjectChangeHandler.handle_event-1178282'] for port (5776f2f6-a00b-42eb-92b6-be04fc138f4c), after_create {{(pid=90890) _notify_loop /opt/stack/data/venv/lib/python3.12/site-packages/neutron_lib/callbacks/manager.py:184}}
Aug 03 20:20:03.065253 np0000006371 devstack@neutron-api.service[90890]: DEBUG neutron.api.rpc.handlers.resources_rpc [None req-7f2fa003-f389-4f16-8725-0e83d61c0162 admin admin] Pushing event updated for resources: {'Port': ['ID=5776f2f6-a00b-42eb-92b6-be04fc138f4c,revision_number=1']} {{(pid=90890) push /opt/stack/neutron/neutron/api/rpc/handlers/resources_rpc.py:237}}
Aug 03 20:20:03.097279 np0000006371 devstack@neutron-api.service[90890]: DEBUG neutron.plugins.ml2.drivers.ovn.mech_driver.ovsdb.commands [None req-7f2fa003-f389-4f16-8725-0e83d61c0162 admin admin] Converting tag [] to a tag_request {{(pid=90890) _tag_column_to_tag_request /opt/stack/neutron/neutron/plugins/ml2/drivers/ovn/mech_driver/ovsdb/commands.py:227}}
Aug 03 20:20:03.098776 np0000006371 devstack@neutron-api.service[90890]: DEBUG ovsdbapp.backend.ovs_idl.transaction [-] Running txn n=1 command(idx=0): AddLSwitchPortCommand(_result=None, lport=5776f2f6-a00b-42eb-92b6-be04fc138f4c, lswitch=neutron-4abb331f-677f-4c42-b79e-b6592ff6bdb2, may_exist=True, network_uuid=4abb331f-677f-4c42-b79e-b6592ff6bdb2, columns={'addresses': ['fa:16:3e:14:b2:13'], 'external_ids': {'neutron:port_name': '', 'neutron:device_id': 'ovnmeta-4abb331f-677f-4c42-b79e-b6592ff6bdb2', 'neutron:project_id': 'f872a872f1e44ecaae8794c5a991236c', 'neutron:cidrs': '', 'neutron:device_owner': 'network:distributed', 'neutron:subnet_pool_addr_scope4': '', 'neutron:subnet_pool_addr_scope6': '', 'neutron:network_name': 'neutron-4abb331f-677f-4c42-b79e-b6592ff6bdb2', 'neutron:security_group_ids': '', 'neutron:revision_number': '1', 'neutron:vnic_type': 'normal', 'neutron:port_capabilities': '', 'neutron:mtu': '1372'}, 'parent_name': [], 'enabled': True, 'options': {}, 'type': 'localport', 'port_security': [], 'dhcpv4_options': [], 'dhcpv6_options': [], 'tag_request': []}) {{(pid=90890) do_commit /opt/stack/data/venv/lib/python3.12/site-packages/ovsdbapp/backend/ovs_idl/transaction.py:89}}
Aug 03 20:20:03.098985 np0000006371 devstack@neutron-api.service[90890]: DEBUG ovsdbapp.backend.ovs_idl.transaction [-] Running txn n=1 command(idx=1): QoSDelCommand(_result=None, switch=neutron-4abb331f-677f-4c42-b79e-b6592ff6bdb2, conditions=[('direction', '=', 'to-lport'), ('priority', '=', 2002), ('match', '=', 'outport == "5776f2f6-a00b-42eb-92b6-be04fc138f4c"')], if_exists=True) {{(pid=90890) do_commit /opt/stack/data/venv/lib/python3.12/site-packages/ovsdbapp/backend/ovs_idl/transaction.py:89}}
Aug 03 20:20:03.098985 np0000006371 devstack@neutron-api.service[90890]: DEBUG ovsdbapp.backend.ovs_idl.transaction [-] Running txn n=1 command(idx=2): QoSDelCommand(_result=None, switch=neutron-4abb331f-677f-4c42-b79e-b6592ff6bdb2, conditions=[('direction', '=', 'from-lport'), ('priority', '=', 2002), ('match', '=', 'inport == "5776f2f6-a00b-42eb-92b6-be04fc138f4c"')], if_exists=True) {{(pid=90890) do_commit /opt/stack/data/venv/lib/python3.12/site-packages/ovsdbapp/backend/ovs_idl/transaction.py:89}}
Aug 03 20:20:03.102309 np0000006371 devstack@neutron-api.service[90891]: DEBUG neutron.plugins.ml2.drivers.ovn.mech_driver.ovsdb.ovsdb_monitor [-] Hash Ring: Node 09159959fcc4565bb51719c9a7bdd663 (host: np0000006371) handling event "update" for row 4abb331f-677f-4c42-b79e-b6592ff6bdb2 (table: Logical_Switch) {{(pid=90891) notify /opt/stack/neutron/neutron/plugins/ml2/drivers/ovn/mech_driver/ovsdb/ovsdb_monitor.py:1099}}
Aug 03 20:20:03.102475 np0000006371 devstack@neutron-api.service[90891]: DEBUG neutron.plugins.ml2.drivers.ovn.mech_driver.ovsdb.ovsdb_monitor [-] Hash Ring: Node 09159959fcc4565bb51719c9a7bdd663 (host: np0000006371) handling event "create" for row f325afe3-04dc-4803-9c99-dfd4dccf161a (table: Logical_Switch_Port) {{(pid=90891) notify /opt/stack/neutron/neutron/plugins/ml2/drivers/ovn/mech_driver/ovsdb/ovsdb_monitor.py:1099}}
Aug 03 20:20:03.103572 np0000006371 devstack@neutron-api.service[90891]: DEBUG ovsdbapp.backend.ovs_idl.event [-] Matched CREATE: LogicalSwitchPortCreateEvent(events=('create',), table='Logical_Switch_Port', conditions=[], old_conditions=None), priority=20 to row=Logical_Switch_Port(uuid=f325afe3-04dc-4803-9c99-dfd4dccf161a, addresses=['fa:16:3e:14:b2:13'], dhcpv4_options=[], dhcpv6_options=[], dynamic_addresses=[], enabled=True, external_ids={'neutron:cidrs': '', 'neutron:device_id': 'ovnmeta-4abb331f-677f-4c42-b79e-b6592ff6bdb2', 'neutron:device_owner': 'network:distributed', 'neutron:mtu': '1372', 'neutron:network_name': 'neutron-4abb331f-677f-4c42-b79e-b6592ff6bdb2', 'neutron:port_capabilities': '', 'neutron:port_name': '', 'neutron:project_id': 'f872a872f1e44ecaae8794c5a991236c', 'neutron:revision_number': '1', 'neutron:security_group_ids': '', 'neutron:subnet_pool_addr_scope4': '', 'neutron:subnet_pool_addr_scope6': '', 'neutron:vnic_type': 'normal'}, ha_chassis_group=[], mirror_rules=[], name='5776f2f6-a00b-42eb-92b6-be04fc138f4c', options={}, parent_name=[], port_security=[], tag=[], tag_request=[], type='localport', up=[]) old= {{(pid=90891) matches /opt/stack/data/venv/lib/python3.12/site-packages/ovsdbapp/backend/ovs_idl/event.py:55}}
Aug 03 20:20:03.104718 np0000006371 devstack@neutron-api.service[90893]: DEBUG neutron.plugins.ml2.drivers.ovn.mech_driver.ovsdb.ovsdb_monitor [-] Hash Ring: Node e6b9a8e720f35327b98de33d6ee6a6f5 (host: np0000006371) handling event "create" for row f325afe3-04dc-4803-9c99-dfd4dccf161a (table: Logical_Switch_Port) {{(pid=90893) notify /opt/stack/neutron/neutron/plugins/ml2/drivers/ovn/mech_driver/ovsdb/ovsdb_monitor.py:1099}}
Aug 03 20:20:03.105612 np0000006371 devstack@neutron-api.service[90891]: DEBUG neutron.plugins.ml2.drivers.ovn.mech_driver.ovsdb.ovsdb_monitor [-] Hash Ring: Node 09159959fcc4565bb51719c9a7bdd663 (host: np0000006371) handling event "create" for row dd5d3fae-79bf-4826-9345-72aa084dc15c (table: Port_Binding) {{(pid=90891) notify /opt/stack/neutron/neutron/plugins/ml2/drivers/ovn/mech_driver/ovsdb/ovsdb_monitor.py:1099}}
Aug 03 20:20:03.105976 np0000006371 devstack@neutron-api.service[90893]: DEBUG ovsdbapp.backend.ovs_idl.event [-] Matched CREATE: LogicalSwitchPortCreateEvent(events=('create',), table='Logical_Switch_Port', conditions=[], old_conditions=None), priority=20 to row=Logical_Switch_Port(uuid=f325afe3-04dc-4803-9c99-dfd4dccf161a, addresses=['fa:16:3e:14:b2:13'], dhcpv4_options=[], dhcpv6_options=[], dynamic_addresses=[], enabled=True, external_ids={'neutron:cidrs': '', 'neutron:device_id': 'ovnmeta-4abb331f-677f-4c42-b79e-b6592ff6bdb2', 'neutron:device_owner': 'network:distributed', 'neutron:mtu': '1372', 'neutron:network_name': 'neutron-4abb331f-677f-4c42-b79e-b6592ff6bdb2', 'neutron:port_capabilities': '', 'neutron:port_name': '', 'neutron:project_id': 'f872a872f1e44ecaae8794c5a991236c', 'neutron:revision_number': '1', 'neutron:security_group_ids': '', 'neutron:subnet_pool_addr_scope4': '', 'neutron:subnet_pool_addr_scope6': '', 'neutron:vnic_type': 'normal'}, ha_chassis_group=[], mirror_rules=[], name='5776f2f6-a00b-42eb-92b6-be04fc138f4c', options={}, parent_name=[], port_security=[], tag=[], tag_request=[], type='localport', up=[]) old= {{(pid=90893) matches /opt/stack/data/venv/lib/python3.12/site-packages/ovsdbapp/backend/ovs_idl/event.py:55}}
Aug 03 20:20:03.106385 np0000006371 devstack@neutron-api.service[90891]: INFO neutron.plugins.ml2.drivers.ovn.mech_driver.mech_driver [-] OVN reports status down for port: 5776f2f6-a00b-42eb-92b6-be04fc138f4c
Aug 03 20:20:03.107143 np0000006371 devstack@neutron-api.service[90890]: DEBUG neutron.plugins.ml2.drivers.ovn.mech_driver.ovsdb.ovsdb_monitor [-] Hash Ring: Node 48c1d62e4171561eafbcf85c8bc85180 (host: np0000006371) handling event "create" for row dd5d3fae-79bf-4826-9345-72aa084dc15c (table: Port_Binding) {{(pid=90890) notify /opt/stack/neutron/neutron/plugins/ml2/drivers/ovn/mech_driver/ovsdb/ovsdb_monitor.py:1099}}
Aug 03 20:20:03.107279 np0000006371 devstack@neutron-api.service[90893]: INFO neutron.plugins.ml2.drivers.ovn.mech_driver.mech_driver [-] OVN reports status down for port: 5776f2f6-a00b-42eb-92b6-be04fc138f4c
