Jun 03 01:08:36.989305 np0000002000 devstack@g-api.service[101938]: DEBUG glance.api.middleware.version_negotiation [None req-1eecb31c-3a62-4192-b7e6-f0c5abeb81b8 tempest-ServerStableDeviceRescueTest-945622888 tempest-ServerStableDeviceRescueTest-945622888-project-member] Matched version: v2 {{(pid=101938) process_request /opt/stack/glance/glance/api/middleware/version_negotiation.py:69}}
Jun 03 01:08:36.989465 np0000002000 devstack@g-api.service[101938]: DEBUG glance.api.middleware.version_negotiation [None req-1eecb31c-3a62-4192-b7e6-f0c5abeb81b8 tempest-ServerStableDeviceRescueTest-945622888 tempest-ServerStableDeviceRescueTest-945622888-project-member] new path /v2/images/19d2b67c-d393-46ed-9253-ee20621e0ff0 {{(pid=101938) process_request /opt/stack/glance/glance/api/middleware/version_negotiation.py:70}}
Jun 03 01:08:37.005451 np0000002000 devstack@g-api.service[101938]: [pid: 101938|app: 0|req: 106/312] 127.0.0.1 () {40 vars in 838 bytes} [Wed Jun 3 01:08:36 2026] GET /v2/images/19d2b67c-d393-46ed-9253-ee20621e0ff0 => generated 1044 bytes in 16 msecs (HTTP/1.1 200) 4 headers in 158 bytes (1 switches on core 0)
Jun 03 01:08:38.279117 np0000002000 devstack@g-api.service[101937]: DEBUG glance.api.middleware.version_negotiation [None req-1eecb31c-3a62-4192-b7e6-f0c5abeb81b8 tempest-ServerStableDeviceRescueTest-945622888 tempest-ServerStableDeviceRescueTest-945622888-project-member] Determining version of request: GET /v2/images/19d2b67c-d393-46ed-9253-ee20621e0ff0 Accept: */* {{(pid=101937) process_request /opt/stack/glance/glance/api/middleware/version_negotiation.py:44}}
Jun 03 01:08:38.279493 np0000002000 devstack@g-api.service[101937]: DEBUG glance.api.middleware.version_negotiation [None req-1eecb31c-3a62-4192-b7e6-f0c5abeb81b8 tempest-ServerStableDeviceRescueTest-945622888 tempest-ServerStableDeviceRescueTest-945622888-project-member] Using url versioning {{(pid=101937) process_request /opt/stack/glance/glance/api/middleware/version_negotiation.py:57}}
Jun 03 01:08:38.279493 np0000002000 devstack@g-api.service[101937]: DEBUG glance.api.middleware.version_negotiation [None req-1eecb31c-3a62-4192-b7e6-f0c5abeb81b8 tempest-ServerStableDeviceRescueTest-945622888 tempest-ServerStableDeviceRescueTest-945622888-project-member] Matched version: v2 {{(pid=101937) process_request /opt/stack/glance/glance/api/middleware/version_negotiation.py:69}}
Jun 03 01:08:38.279493 np0000002000 devstack@g-api.service[101937]: DEBUG glance.api.middleware.version_negotiation [None req-1eecb31c-3a62-4192-b7e6-f0c5abeb81b8 tempest-ServerStableDeviceRescueTest-945622888 tempest-ServerStableDeviceRescueTest-945622888-project-member] new path /v2/images/19d2b67c-d393-46ed-9253-ee20621e0ff0 {{(pid=101937) process_request /opt/stack/glance/glance/api/middleware/version_negotiation.py:70}}
Jun 03 01:08:38.289220 np0000002000 devstack@g-api.service[101937]: [pid: 101937|app: 0|req: 104/313] 127.0.0.1 () {44 vars in 1115 bytes} [Wed Jun 3 01:08:38 2026] GET /v2/images/19d2b67c-d393-46ed-9253-ee20621e0ff0 => generated 1044 bytes in 10 msecs (HTTP/1.1 200) 4 headers in 158 bytes (1 switches on core 0)
Jun 03 01:08:38.320004 np0000002000 devstack@g-api.service[101939]: DEBUG glance.api.middleware.version_negotiation [None req-c3224fa3-320d-4aaf-bccf-f98b5d068c06 tempest-AttachVolumeMultiAttachTest-619856118 tempest-AttachVolumeMultiAttachTest-619856118-project-member] Determining version of request: GET /v2/schemas/image Accept: */* {{(pid=101939) process_request /opt/stack/glance/glance/api/middleware/version_negotiation.py:44}}
Jun 03 01:08:38.320463 np0000002000 devstack@g-api.service[101939]: DEBUG glance.api.middleware.version_negotiation [None req-c3224fa3-320d-4aaf-bccf-f98b5d068c06 tempest-AttachVolumeMultiAttachTest-619856118 tempest-AttachVolumeMultiAttachTest-619856118-project-member] Using url versioning {{(pid=101939) process_request /opt/stack/glance/glance/api/middleware/version_negotiation.py:57}}
Jun 03 01:08:38.320463 np0000002000 devstack@g-api.service[101939]: DEBUG glance.api.middleware.version_negotiation [None req-c3224fa3-320d-4aaf-bccf-f98b5d068c06 tempest-AttachVolumeMultiAttachTest-619856118 tempest-AttachVolumeMultiAttachTest-619856118-project-member] Matched version: v2 {{(pid=101939) process_request /opt/stack/glance/glance/api/middleware/version_negotiation.py:69}}
Jun 03 01:08:38.320463 np0000002000 devstack@g-api.service[101939]: DEBUG glance.api.middleware.version_negotiation [None req-c3224fa3-320d-4aaf-bccf-f98b5d068c06 tempest-AttachVolumeMultiAttachTest-619856118 tempest-AttachVolumeMultiAttachTest-619856118-project-member] new path /v2/schemas/image {{(pid=101939) process_request /opt/stack/glance/glance/api/middleware/version_negotiation.py:70}}
Jun 03 01:08:38.323227 np0000002000 devstack@g-api.service[101939]: [pid: 101939|app: 0|req: 104/314] 127.0.0.1 () {44 vars in 1055 bytes} [Wed Jun 3 01:08:38 2026] GET /v2/schemas/image => generated 6083 bytes in 3 msecs (HTTP/1.1 200) 4 headers in 158 bytes (1 switches on core 0)
Jun 03 01:08:38.903528 np0000002000 devstack@g-api.service[101938]: DEBUG glance.api.middleware.version_negotiation [None req-43fda0bb-89e0-4d71-8614-1b74a12bd95b tempest-AttachVolumeMultiAttachTest-619856118 tempest-AttachVolumeMultiAttachTest-619856118-project-member] Determining version of request: POST /v2/images Accept: application/json {{(pid=101938) process_request /opt/stack/glance/glance/api/middleware/version_negotiation.py:44}}
Jun 03 01:08:38.903841 np0000002000 devstack@g-api.service[101938]: DEBUG glance.api.middleware.version_negotiation [None req-43fda0bb-89e0-4d71-8614-1b74a12bd95b tempest-AttachVolumeMultiAttachTest-619856118 tempest-AttachVolumeMultiAttachTest-619856118-project-member] Using url versioning {{(pid=101938) process_request /opt/stack/glance/glance/api/middleware/version_negotiation.py:57}}
Jun 03 01:08:38.903841 np0000002000 devstack@g-api.service[101938]: DEBUG glance.api.middleware.version_negotiation [None req-43fda0bb-89e0-4d71-8614-1b74a12bd95b tempest-AttachVolumeMultiAttachTest-619856118 tempest-AttachVolumeMultiAttachTest-619856118-project-member] Matched version: v2 {{(pid=101938) process_request /opt/stack/glance/glance/api/middleware/version_negotiation.py:69}}
Jun 03 01:08:38.903841 np0000002000 devstack@g-api.service[101938]: DEBUG glance.api.middleware.version_negotiation [None req-43fda0bb-89e0-4d71-8614-1b74a12bd95b tempest-AttachVolumeMultiAttachTest-619856118 tempest-AttachVolumeMultiAttachTest-619856118-project-member] new path /v2/images {{(pid=101938) process_request /opt/stack/glance/glance/api/middleware/version_negotiation.py:70}}
Jun 03 01:08:39.614428 np0000002000 devstack@g-api.service[101938]: [pid: 101938|app: 0|req: 107/315] 127.0.0.1 () {42 vars in 786 bytes} [Wed Jun 3 01:08:38 2026] POST /v2/images => generated 648 bytes in 710 msecs (HTTP/1.1 201) 6 headers in 315 bytes (1 switches on core 0)
Jun 03 01:08:39.621500 np0000002000 devstack@g-api.service[101937]: DEBUG glance.api.middleware.version_negotiation [None req-f4c9ca9b-a139-4de0-b4f0-e3db2b0963dd tempest-AttachVolumeMultiAttachTest-619856118 tempest-AttachVolumeMultiAttachTest-619856118-project-member] Determining version of request: PUT /v2/images/b68afe57-ccd8-4a5b-b181-025c3b86cb61/file Accept: {{(pid=101937) process_request /opt/stack/glance/glance/api/middleware/version_negotiation.py:44}}
Jun 03 01:08:39.621831 np0000002000 devstack@g-api.service[101937]: DEBUG glance.api.middleware.version_negotiation [None req-f4c9ca9b-a139-4de0-b4f0-e3db2b0963dd tempest-AttachVolumeMultiAttachTest-619856118 tempest-AttachVolumeMultiAttachTest-619856118-project-member] Using url versioning {{(pid=101937) process_request /opt/stack/glance/glance/api/middleware/version_negotiation.py:57}}
Jun 03 01:08:39.621831 np0000002000 devstack@g-api.service[101937]: DEBUG glance.api.middleware.version_negotiation [None req-f4c9ca9b-a139-4de0-b4f0-e3db2b0963dd tempest-AttachVolumeMultiAttachTest-619856118 tempest-AttachVolumeMultiAttachTest-619856118-project-member] Matched version: v2 {{(pid=101937) process_request /opt/stack/glance/glance/api/middleware/version_negotiation.py:69}}
Jun 03 01:08:39.621831 np0000002000 devstack@g-api.service[101937]: DEBUG glance.api.middleware.version_negotiation [None req-f4c9ca9b-a139-4de0-b4f0-e3db2b0963dd tempest-AttachVolumeMultiAttachTest-619856118 tempest-AttachVolumeMultiAttachTest-619856118-project-member] new path /v2/images/b68afe57-ccd8-4a5b-b181-025c3b86cb61/file {{(pid=101937) process_request /opt/stack/glance/glance/api/middleware/version_negotiation.py:70}}
Jun 03 01:08:40.137044 np0000002000 devstack@g-api.service[101937]: INFO glance.api.v2.image_data [None req-b289676b-1f07-4aa6-86c3-734b879d92a6 tempest-ImageDependencyTests-432194443 tempest-ImageDependencyTests-432194443-project-member] Unable to create trust: no such option collect_timing in group [keystone_authtoken] Use the existing user token.
Jun 03 01:08:40.618875 np0000002000 devstack@g-api.service[101937]: DEBUG glance.location [None req-b289676b-1f07-4aa6-86c3-734b879d92a6 tempest-ImageDependencyTests-432194443 tempest-ImageDependencyTests-432194443-project-member] Enabling in-flight format inspection for raw {{(pid=101937) set_data /opt/stack/glance/glance/location.py:616}}
Jun 03 01:08:40.619314 np0000002000 devstack@g-api.service[101937]: DEBUG glance_store.backend [None req-b289676b-1f07-4aa6-86c3-734b879d92a6 tempest-ImageDependencyTests-432194443 tempest-ImageDependencyTests-432194443-project-member] Attempting to import store swift {{(pid=101937) _load_store /opt/stack/data/venv/lib/python3.12/site-packages/glance_store/backend.py:215}}
Jun 03 01:08:40.620924 np0000002000 devstack@g-api.service[101937]: DEBUG glance_store.capabilities [None req-b289676b-1f07-4aa6-86c3-734b879d92a6 tempest-ImageDependencyTests-432194443 tempest-ImageDependencyTests-432194443-project-member] Store glance_store._drivers.swift.store.SingleTenantStore doesn't support updating dynamic storage capabilities. Please overwrite 'update_capabilities' method of the store to implement updating logics if needed. {{(pid=101937) update_capabilities /opt/stack/data/venv/lib/python3.12/site-packages/glance_store/capabilities.py:91}}
Jun 03 01:08:40.620924 np0000002000 devstack@g-api.service[101937]: DEBUG glance_store.driver [None req-b289676b-1f07-4aa6-86c3-734b879d92a6 tempest-ImageDependencyTests-432194443 tempest-ImageDependencyTests-432194443-project-member] Late loading location class glance_store._drivers.swift.store.StoreLocation {{(pid=101937) get_store_location_class /opt/stack/data/venv/lib/python3.12/site-packages/glance_store/driver.py:134}}
Jun 03 01:08:40.620924 np0000002000 devstack@g-api.service[101937]: DEBUG glance_store.location [None req-b289676b-1f07-4aa6-86c3-734b879d92a6 tempest-ImageDependencyTests-432194443 tempest-ImageDependencyTests-432194443-project-member] Registering scheme swift+https with {'store': , 'location_class': , 'store_entry': 'swift'} {{(pid=101937) register_scheme_map /opt/stack/data/venv/lib/python3.12/site-packages/glance_store/location.py:146}}
Jun 03 01:08:40.621104 np0000002000 devstack@g-api.service[101937]: DEBUG glance_store.location [None req-b289676b-1f07-4aa6-86c3-734b879d92a6 tempest-ImageDependencyTests-432194443 tempest-ImageDependencyTests-432194443-project-member] Registering scheme swift+https with {'store': , 'location_class': , 'store_entry': 'swift'} {{(pid=101937) register_scheme_map /opt/stack/data/venv/lib/python3.12/site-packages/glance_store/location.py:146}}
Jun 03 01:08:40.621104 np0000002000 devstack@g-api.service[101937]: DEBUG glance_store.location [None req-b289676b-1f07-4aa6-86c3-734b879d92a6 tempest-ImageDependencyTests-432194443 tempest-ImageDependencyTests-432194443-project-member] Registering scheme swift with {'store': , 'location_class': , 'store_entry': 'swift'} {{(pid=101937) register_scheme_map /opt/stack/data/venv/lib/python3.12/site-packages/glance_store/location.py:146}}
Jun 03 01:08:40.621177 np0000002000 devstack@g-api.service[101937]: DEBUG glance_store.location [None req-b289676b-1f07-4aa6-86c3-734b879d92a6 tempest-ImageDependencyTests-432194443 tempest-ImageDependencyTests-432194443-project-member] Registering scheme swift+https with {'store': , 'location_class': , 'store_entry': 'swift'} {{(pid=101937) register_scheme_map /opt/stack/data/venv/lib/python3.12/site-packages/glance_store/location.py:146}}
Jun 03 01:08:40.621242 np0000002000 devstack@g-api.service[101937]: DEBUG glance_store.location [None req-b289676b-1f07-4aa6-86c3-734b879d92a6 tempest-ImageDependencyTests-432194443 tempest-ImageDependencyTests-432194443-project-member] Registering scheme swift with {'store': , 'location_class': , 'store_entry': 'swift'} {{(pid=101937) register_scheme_map /opt/stack/data/venv/lib/python3.12/site-packages/glance_store/location.py:146}}
Jun 03 01:08:40.621417 np0000002000 devstack@g-api.service[101937]: DEBUG glance_store.location [None req-b289676b-1f07-4aa6-86c3-734b879d92a6 tempest-ImageDependencyTests-432194443 tempest-ImageDependencyTests-432194443-project-member] Registering scheme swift+http with {'store': , 'location_class': , 'store_entry': 'swift'} {{(pid=101937) register_scheme_map /opt/stack/data/venv/lib/python3.12/site-packages/glance_store/location.py:146}}
Jun 03 01:08:40.621417 np0000002000 devstack@g-api.service[101937]: DEBUG glance_store.location [None req-b289676b-1f07-4aa6-86c3-734b879d92a6 tempest-ImageDependencyTests-432194443 tempest-ImageDependencyTests-432194443-project-member] Registering scheme swift+https with {'store': , 'location_class': , 'store_entry': 'swift'} {{(pid=101937) register_scheme_map /opt/stack/data/venv/lib/python3.12/site-packages/glance_store/location.py:146}}
Jun 03 01:08:40.621896 np0000002000 devstack@g-api.service[101937]: DEBUG glance_store.location [None req-b289676b-1f07-4aa6-86c3-734b879d92a6 tempest-ImageDependencyTests-432194443 tempest-ImageDependencyTests-432194443-project-member] Registering scheme swift with {'store': , 'location_class': , 'store_entry': 'swift'} {{(pid=101937) register_scheme_map /opt/stack/data/venv/lib/python3.12/site-packages/glance_store/location.py:146}}
Jun 03 01:08:40.621896 np0000002000 devstack@g-api.service[101937]: DEBUG glance_store.location [None req-b289676b-1f07-4aa6-86c3-734b879d92a6 tempest-ImageDependencyTests-432194443 tempest-ImageDependencyTests-432194443-project-member] Registering scheme swift+http with {'store': , 'location_class': , 'store_entry': 'swift'} {{(pid=101937) register_scheme_map /opt/stack/data/venv/lib/python3.12/site-packages/glance_store/location.py:146}}
Jun 03 01:08:40.621896 np0000002000 devstack@g-api.service[101937]: DEBUG glance_store.location [None req-b289676b-1f07-4aa6-86c3-734b879d92a6 tempest-ImageDependencyTests-432194443 tempest-ImageDependencyTests-432194443-project-member] Registering scheme swift+config with {'store': , 'location_class': , 'store_entry': 'swift'} {{(pid=101937) register_scheme_map /opt/stack/data/venv/lib/python3.12/site-packages/glance_store/location.py:146}}
Jun 03 01:08:40.816301 np0000002000 devstack@g-api.service[101939]: DEBUG glance.api.middleware.version_negotiation [None req-f4c9ca9b-a139-4de0-b4f0-e3db2b0963dd tempest-AttachVolumeMultiAttachTest-619856118 tempest-AttachVolumeMultiAttachTest-619856118-project-member] Determining version of request: GET /v2/images/19d2b67c-d393-46ed-9253-ee20621e0ff0 Accept: application/json {{(pid=101939) process_request /opt/stack/glance/glance/api/middleware/version_negotiation.py:44}}
Jun 03 01:08:40.816617 np0000002000 devstack@g-api.service[101939]: DEBUG glance.api.middleware.version_negotiation [None req-f4c9ca9b-a139-4de0-b4f0-e3db2b0963dd tempest-AttachVolumeMultiAttachTest-619856118 tempest-AttachVolumeMultiAttachTest-619856118-project-member] Using url versioning {{(pid=101939) process_request /opt/stack/glance/glance/api/middleware/version_negotiation.py:57}}
Jun 03 01:08:40.816733 np0000002000 devstack@g-api.service[101939]: DEBUG glance.api.middleware.version_negotiation [None req-f4c9ca9b-a139-4de0-b4f0-e3db2b0963dd tempest-AttachVolumeMultiAttachTest-619856118 tempest-AttachVolumeMultiAttachTest-619856118-project-member] Matched version: v2 {{(pid=101939) process_request /opt/stack/glance/glance/api/middleware/version_negotiation.py:69}}
Jun 03 01:08:40.816875 np0000002000 devstack@g-api.service[101939]: DEBUG glance.api.middleware.version_negotiation [None req-f4c9ca9b-a139-4de0-b4f0-e3db2b0963dd tempest-AttachVolumeMultiAttachTest-619856118 tempest-AttachVolumeMultiAttachTest-619856118-project-member] new path /v2/images/19d2b67c-d393-46ed-9253-ee20621e0ff0 {{(pid=101939) process_request /opt/stack/glance/glance/api/middleware/version_negotiation.py:70}}
Jun 03 01:08:40.873042 np0000002000 devstack@g-api.service[101938]: DEBUG glance.api.middleware.version_negotiation [None req-24b91dc3-d48e-4eb0-9417-175dbfe17fd3 tempest-ImageDependencyTests-432194443 tempest-ImageDependencyTests-432194443-project-member] Determining version of request: GET /v2/images/19d2b67c-d393-46ed-9253-ee20621e0ff0 Accept: */* {{(pid=101938) process_request /opt/stack/glance/glance/api/middleware/version_negotiation.py:44}}
Jun 03 01:08:40.873042 np0000002000 devstack@g-api.service[101938]: DEBUG glance.api.middleware.version_negotiation [None req-24b91dc3-d48e-4eb0-9417-175dbfe17fd3 tempest-ImageDependencyTests-432194443 tempest-ImageDependencyTests-432194443-project-member] Using url versioning {{(pid=101938) process_request /opt/stack/glance/glance/api/middleware/version_negotiation.py:57}}
Jun 03 01:08:40.873042 np0000002000 devstack@g-api.service[101938]: DEBUG glance.api.middleware.version_negotiation [None req-24b91dc3-d48e-4eb0-9417-175dbfe17fd3 tempest-ImageDependencyTests-432194443 tempest-ImageDependencyTests-432194443-project-member] Matched version: v2 {{(pid=101938) process_request /opt/stack/glance/glance/api/middleware/version_negotiation.py:69}}
Jun 03 01:08:40.873042 np0000002000 devstack@g-api.service[101938]: DEBUG glance.api.middleware.version_negotiation [None req-24b91dc3-d48e-4eb0-9417-175dbfe17fd3 tempest-ImageDependencyTests-432194443 tempest-ImageDependencyTests-432194443-project-member] new path /v2/images/19d2b67c-d393-46ed-9253-ee20621e0ff0 {{(pid=101938) process_request /opt/stack/glance/glance/api/middleware/version_negotiation.py:70}}
Jun 03 01:08:40.878706 np0000002000 devstack@g-api.service[101937]: DEBUG swiftclient [None req-b289676b-1f07-4aa6-86c3-734b879d92a6 tempest-ImageDependencyTests-432194443 tempest-ImageDependencyTests-432194443-project-member] REQ: curl -i https://10.4.3.177:8080/v1/AUTH_4feb3d0b8245406cbec01d8e54eb310c/glance -I -H "X-Auth-Token: gAAAAABqH36YSzaG..." {{(pid=101937) http_log /opt/stack/data/venv/lib/python3.12/site-packages/swiftclient/client.py:160}}
Jun 03 01:08:40.878825 np0000002000 devstack@g-api.service[101937]: DEBUG swiftclient [None req-b289676b-1f07-4aa6-86c3-734b879d92a6 tempest-ImageDependencyTests-432194443 tempest-ImageDependencyTests-432194443-project-member] RESP STATUS: 204 No Content {{(pid=101937) http_log /opt/stack/data/venv/lib/python3.12/site-packages/swiftclient/client.py:161}}
Jun 03 01:08:40.879000 np0000002000 devstack@g-api.service[101937]: DEBUG swiftclient [None req-b289676b-1f07-4aa6-86c3-734b879d92a6 tempest-ImageDependencyTests-432194443 tempest-ImageDependencyTests-432194443-project-member] RESP HEADERS: {'Date': 'Wed, 03 Jun 2026 01:08:40 GMT', 'Server': 'Apache/2.4.58 (Ubuntu)', 'Content-Type': 'text/plain; charset=utf-8', 'X-Container-Object-Count': '5', 'X-Container-Bytes-Used': '117964800', 'X-Timestamp': '1780448541.12758', 'Last-Modified': 'Wed, 03 Jun 2026 01:02:22 GMT', 'Accept-Ranges': 'bytes', 'X-Storage-Policy': 'Policy-0', 'X-Container-Sharding': 'False', 'Vary': 'Accept', 'X-Trans-Id': 'tx48b8fe6f4c4e48f1845de-006a1f7e98', 'X-Openstack-Request-Id': 'tx48b8fe6f4c4e48f1845de-006a1f7e98', 'Connection': 'close'} {{(pid=101937) http_log /opt/stack/data/venv/lib/python3.12/site-packages/swiftclient/client.py:162}}
Jun 03 01:08:40.879194 np0000002000 devstack@g-api.service[101937]: DEBUG glance_store._drivers.swift.store [None req-b289676b-1f07-4aa6-86c3-734b879d92a6 tempest-ImageDependencyTests-432194443 tempest-ImageDependencyTests-432194443-project-member] Adding image object 'b68afe57-ccd8-4a5b-b181-025c3b86cb61' to Swift {{(pid=101937) add /opt/stack/data/venv/lib/python3.12/site-packages/glance_store/_drivers/swift/store.py:970}}
Jun 03 01:08:40.881235 np0000002000 devstack@g-api.service[101938]: [pid: 101938|app: 0|req: 108/316] 127.0.0.1 () {44 vars in 1115 bytes} [Wed Jun 3 01:08:40 2026] GET /v2/images/19d2b67c-d393-46ed-9253-ee20621e0ff0 => generated 1044 bytes in 10 msecs (HTTP/1.1 200) 4 headers in 158 bytes (1 switches on core 0)
Jun 03 01:08:40.884975 np0000002000 devstack@g-api.service[101937]: DEBUG oslo_utils.imageutils.format_inspector [None req-b289676b-1f07-4aa6-86c3-734b879d92a6 tempest-ImageDependencyTests-432194443 tempest-ImageDependencyTests-432194443-project-member] Format inspector for vmdk does not match, excluding from consideration (Signature KDMV not found: b'\x8d\x83\xa8\x13') {{(pid=101937) _process_chunk /opt/stack/data/venv/lib/python3.12/site-packages/oslo_utils/imageutils/format_inspector.py:1758}}
Jun 03 01:08:40.899799 np0000002000 devstack@g-api.service[101939]: [pid: 101939|app: 0|req: 105/317] 127.0.0.1 () {40 vars in 838 bytes} [Wed Jun 3 01:08:40 2026] GET /v2/images/19d2b67c-d393-46ed-9253-ee20621e0ff0 => generated 1044 bytes in 84 msecs (HTTP/1.1 200) 4 headers in 158 bytes (1 switches on core 0)
Jun 03 01:08:40.904658 np0000002000 devstack@g-api.service[101937]: DEBUG swiftclient [None req-b289676b-1f07-4aa6-86c3-734b879d92a6 tempest-ImageDependencyTests-432194443 tempest-ImageDependencyTests-432194443-project-member] REQ: curl -i https://10.4.3.177:8080/v1/AUTH_4feb3d0b8245406cbec01d8e54eb310c/glance/b68afe57-ccd8-4a5b-b181-025c3b86cb61 -X PUT -H "X-Auth-Token: gAAAAABqH36YSzaG..." -H "Content-Length: 1024" {{(pid=101937) http_log /opt/stack/data/venv/lib/python3.12/site-packages/swiftclient/client.py:160}}
Jun 03 01:08:40.904842 np0000002000 devstack@g-api.service[101937]: DEBUG swiftclient [None req-b289676b-1f07-4aa6-86c3-734b879d92a6 tempest-ImageDependencyTests-432194443 tempest-ImageDependencyTests-432194443-project-member] RESP STATUS: 201 Created {{(pid=101937) http_log /opt/stack/data/venv/lib/python3.12/site-packages/swiftclient/client.py:161}}
Jun 03 01:08:40.904951 np0000002000 devstack@g-api.service[101937]: DEBUG swiftclient [None req-b289676b-1f07-4aa6-86c3-734b879d92a6 tempest-ImageDependencyTests-432194443 tempest-ImageDependencyTests-432194443-project-member] RESP HEADERS: {'Date': 'Wed, 03 Jun 2026 01:08:40 GMT', 'Server': 'Apache/2.4.58 (Ubuntu)', 'Content-Type': 'text/html; charset=UTF-8', 'Content-Length': '0', 'Etag': 'db21b04a72697342e811f200b330a422', 'Last-Modified': 'Wed, 03 Jun 2026 01:08:41 GMT', 'X-Trans-Id': 'txc72fce3ba1d947d3bc3c3-006a1f7e98', 'X-Openstack-Request-Id': 'txc72fce3ba1d947d3bc3c3-006a1f7e98', 'Connection': 'close'} {{(pid=101937) http_log /opt/stack/data/venv/lib/python3.12/site-packages/swiftclient/client.py:162}}
Jun 03 01:08:40.905479 np0000002000 devstack@g-api.service[101937]: INFO glance.location [None req-b289676b-1f07-4aa6-86c3-734b879d92a6 tempest-ImageDependencyTests-432194443 tempest-ImageDependencyTests-432194443-project-member] Image format matched and virtual size computed: 1024
Jun 03 01:08:40.918576 np0000002000 devstack@g-api.service[101938]: DEBUG glance.api.middleware.version_negotiation [None req-7847c24f-c0dc-4a6f-847b-8d7725a90817 tempest-AttachVolumeNegativeTest-1145310491 tempest-AttachVolumeNegativeTest-1145310491-project-member] Determining version of request: GET /v2/schemas/image Accept: */* {{(pid=101938) process_request /opt/stack/glance/glance/api/middleware/version_negotiation.py:44}}
Jun 03 01:08:40.918745 np0000002000 devstack@g-api.service[101938]: DEBUG glance.api.middleware.version_negotiation [None req-7847c24f-c0dc-4a6f-847b-8d7725a90817 tempest-AttachVolumeNegativeTest-1145310491 tempest-AttachVolumeNegativeTest-1145310491-project-member] Using url versioning {{(pid=101938) process_request /opt/stack/glance/glance/api/middleware/version_negotiation.py:57}}
Jun 03 01:08:40.918861 np0000002000 devstack@g-api.service[101938]: DEBUG glance.api.middleware.version_negotiation [None req-7847c24f-c0dc-4a6f-847b-8d7725a90817 tempest-AttachVolumeNegativeTest-1145310491 tempest-AttachVolumeNegativeTest-1145310491-project-member] Matched version: v2 {{(pid=101938) process_request /opt/stack/glance/glance/api/middleware/version_negotiation.py:69}}
Jun 03 01:08:40.918948 np0000002000 devstack@g-api.service[101938]: DEBUG glance.api.middleware.version_negotiation [None req-7847c24f-c0dc-4a6f-847b-8d7725a90817 tempest-AttachVolumeNegativeTest-1145310491 tempest-AttachVolumeNegativeTest-1145310491-project-member] new path /v2/schemas/image {{(pid=101938) process_request /opt/stack/glance/glance/api/middleware/version_negotiation.py:70}}
Jun 03 01:08:40.921277 np0000002000 devstack@g-api.service[101938]: [pid: 101938|app: 0|req: 109/318] 127.0.0.1 () {44 vars in 1055 bytes} [Wed Jun 3 01:08:40 2026] GET /v2/schemas/image => generated 6083 bytes in 3 msecs (HTTP/1.1 200) 4 headers in 158 bytes (1 switches on core 0)
Jun 03 01:08:40.921347 np0000002000 devstack@g-api.service[101939]: DEBUG glance.api.middleware.version_negotiation [None req-282d2fe9-1612-4b35-ab86-ff97bcaf4296 tempest-VolumesImageMetadata-735590819 tempest-VolumesImageMetadata-735590819-project-member] Determining version of request: GET /v2/images/19d2b67c-d393-46ed-9253-ee20621e0ff0 Accept: */* {{(pid=101939) process_request /opt/stack/glance/glance/api/middleware/version_negotiation.py:44}}
Jun 03 01:08:40.921502 np0000002000 devstack@g-api.service[101939]: DEBUG glance.api.middleware.version_negotiation [None req-282d2fe9-1612-4b35-ab86-ff97bcaf4296 tempest-VolumesImageMetadata-735590819 tempest-VolumesImageMetadata-735590819-project-member] Using url versioning {{(pid=101939) process_request /opt/stack/glance/glance/api/middleware/version_negotiation.py:57}}
Jun 03 01:08:40.921654 np0000002000 devstack@g-api.service[101939]: DEBUG glance.api.middleware.version_negotiation [None req-282d2fe9-1612-4b35-ab86-ff97bcaf4296 tempest-VolumesImageMetadata-735590819 tempest-VolumesImageMetadata-735590819-project-member] Matched version: v2 {{(pid=101939) process_request /opt/stack/glance/glance/api/middleware/version_negotiation.py:69}}
Jun 03 01:08:40.921763 np0000002000 devstack@g-api.service[101939]: DEBUG glance.api.middleware.version_negotiation [None req-282d2fe9-1612-4b35-ab86-ff97bcaf4296 tempest-VolumesImageMetadata-735590819 tempest-VolumesImageMetadata-735590819-project-member] new path /v2/images/19d2b67c-d393-46ed-9253-ee20621e0ff0 {{(pid=101939) process_request /opt/stack/glance/glance/api/middleware/version_negotiation.py:70}}
Jun 03 01:08:40.929342 np0000002000 devstack@g-api.service[101937]: DEBUG glance_store.backend [None req-b289676b-1f07-4aa6-86c3-734b879d92a6 tempest-ImageDependencyTests-432194443 tempest-ImageDependencyTests-432194443-project-member] Attempting to import store swift {{(pid=101937) _load_store /opt/stack/data/venv/lib/python3.12/site-packages/glance_store/backend.py:215}}
Jun 03 01:08:40.931923 np0000002000 devstack@g-api.service[101937]: DEBUG glance_store.capabilities [None req-b289676b-1f07-4aa6-86c3-734b879d92a6 tempest-ImageDependencyTests-432194443 tempest-ImageDependencyTests-432194443-project-member] Store glance_store._drivers.swift.store.SingleTenantStore doesn't support updating dynamic storage capabilities. Please overwrite 'update_capabilities' method of the store to implement updating logics if needed. {{(pid=101937) update_capabilities /opt/stack/data/venv/lib/python3.12/site-packages/glance_store/capabilities.py:91}}
Jun 03 01:08:40.931923 np0000002000 devstack@g-api.service[101937]: DEBUG glance_store.driver [None req-b289676b-1f07-4aa6-86c3-734b879d92a6 tempest-ImageDependencyTests-432194443 tempest-ImageDependencyTests-432194443-project-member] Late loading location class glance_store._drivers.swift.store.StoreLocation {{(pid=101937) get_store_location_class /opt/stack/data/venv/lib/python3.12/site-packages/glance_store/driver.py:134}}
Jun 03 01:08:40.931923 np0000002000 devstack@g-api.service[101937]: DEBUG glance_store.location [None req-b289676b-1f07-4aa6-86c3-734b879d92a6 tempest-ImageDependencyTests-432194443 tempest-ImageDependencyTests-432194443-project-member] Registering scheme swift+https with {'store': , 'location_class': , 'store_entry': 'swift'} {{(pid=101937) register_scheme_map /opt/stack/data/venv/lib/python3.12/site-packages/glance_store/location.py:146}}
Jun 03 01:08:40.931923 np0000002000 devstack@g-api.service[101937]: DEBUG glance_store.location [None req-b289676b-1f07-4aa6-86c3-734b879d92a6 tempest-ImageDependencyTests-432194443 tempest-ImageDependencyTests-432194443-project-member] Registering scheme swift+https with {'store': , 'location_class': , 'store_entry': 'swift'} {{(pid=101937) register_scheme_map /opt/stack/data/venv/lib/python3.12/site-packages/glance_store/location.py:146}}
Jun 03 01:08:40.931923 np0000002000 devstack@g-api.service[101937]: DEBUG glance_store.location [None req-b289676b-1f07-4aa6-86c3-734b879d92a6 tempest-ImageDependencyTests-432194443 tempest-ImageDependencyTests-432194443-project-member] Registering scheme swift with {'store': , 'location_class': , 'store_entry': 'swift'} {{(pid=101937) register_scheme_map /opt/stack/data/venv/lib/python3.12/site-packages/glance_store/location.py:146}}
Jun 03 01:08:40.931923 np0000002000 devstack@g-api.service[101937]: DEBUG glance_store.location [None req-b289676b-1f07-4aa6-86c3-734b879d92a6 tempest-ImageDependencyTests-432194443 tempest-ImageDependencyTests-432194443-project-member] Registering scheme swift+https with {'store': , 'location_class': , 'store_entry': 'swift'} {{(pid=101937) register_scheme_map /opt/stack/data/venv/lib/python3.12/site-packages/glance_store/location.py:146}}
Jun 03 01:08:40.931923 np0000002000 devstack@g-api.service[101937]: DEBUG glance_store.location [None req-b289676b-1f07-4aa6-86c3-734b879d92a6 tempest-ImageDependencyTests-432194443 tempest-ImageDependencyTests-432194443-project-member] Registering scheme swift with {'store': , 'location_class': , 'store_entry': 'swift'} {{(pid=101937) register_scheme_map /opt/stack/data/venv/lib/python3.12/site-packages/glance_store/location.py:146}}
Jun 03 01:08:40.931923 np0000002000 devstack@g-api.service[101937]: DEBUG glance_store.location [None req-b289676b-1f07-4aa6-86c3-734b879d92a6 tempest-ImageDependencyTests-432194443 tempest-ImageDependencyTests-432194443-project-member] Registering scheme swift+http with {'store': , 'location_class': , 'store_entry': 'swift'} {{(pid=101937) register_scheme_map /opt/stack/data/venv/lib/python3.12/site-packages/glance_store/location.py:146}}
Jun 03 01:08:40.931923 np0000002000 devstack@g-api.service[101937]: DEBUG glance_store.location [None req-b289676b-1f07-4aa6-86c3-734b879d92a6 tempest-ImageDependencyTests-432194443 tempest-ImageDependencyTests-432194443-project-member] Registering scheme swift+https with {'store': , 'location_class': , 'store_entry': 'swift'} {{(pid=101937) register_scheme_map /opt/stack/data/venv/lib/python3.12/site-packages/glance_store/location.py:146}}
Jun 03 01:08:40.932362 np0000002000 devstack@g-api.service[101937]: DEBUG glance_store.location [None req-b289676b-1f07-4aa6-86c3-734b879d92a6 tempest-ImageDependencyTests-432194443 tempest-ImageDependencyTests-432194443-project-member] Registering scheme swift with {'store': , 'location_class': , 'store_entry': 'swift'} {{(pid=101937) register_scheme_map /opt/stack/data/venv/lib/python3.12/site-packages/glance_store/location.py:146}}
Jun 03 01:08:40.932568 np0000002000 devstack@g-api.service[101937]: DEBUG glance_store.location [None req-b289676b-1f07-4aa6-86c3-734b879d92a6 tempest-ImageDependencyTests-432194443 tempest-ImageDependencyTests-432194443-project-member] Registering scheme swift+http with {'store': , 'location_class': , 'store_entry': 'swift'} {{(pid=101937) register_scheme_map /opt/stack/data/venv/lib/python3.12/site-packages/glance_store/location.py:146}}
Jun 03 01:08:40.933400 np0000002000 devstack@g-api.service[101937]: DEBUG glance_store.location [None req-b289676b-1f07-4aa6-86c3-734b879d92a6 tempest-ImageDependencyTests-432194443 tempest-ImageDependencyTests-432194443-project-member] Registering scheme swift+config with {'store': , 'location_class': , 'store_entry': 'swift'} {{(pid=101937) register_scheme_map /opt/stack/data/venv/lib/python3.12/site-packages/glance_store/location.py:146}}
Jun 03 01:08:40.933400 np0000002000 devstack@g-api.service[101937]: DEBUG glance_store.backend [None req-b289676b-1f07-4aa6-86c3-734b879d92a6 tempest-ImageDependencyTests-432194443 tempest-ImageDependencyTests-432194443-project-member] Skipping store.set_acls... not implemented. {{(pid=101937) set_acls /opt/stack/data/venv/lib/python3.12/site-packages/glance_store/backend.py:507}}
Jun 03 01:08:40.935080 np0000002000 devstack@g-api.service[101937]: [pid: 101937|app: 0|req: 105/319] 127.0.0.1 () {40 vars in 847 bytes} [Wed Jun 3 01:08:39 2026] PUT /v2/images/b68afe57-ccd8-4a5b-b181-025c3b86cb61/file => generated 0 bytes in 1313 msecs (HTTP/1.1 204) 4 headers in 171 bytes (1 switches on core 0)
Jun 03 01:08:40.935468 np0000002000 devstack@g-api.service[101939]: [pid: 101939|app: 0|req: 106/320] 127.0.0.1 () {44 vars in 1115 bytes} [Wed Jun 3 01:08:40 2026] GET /v2/images/19d2b67c-d393-46ed-9253-ee20621e0ff0 => generated 1044 bytes in 14 msecs (HTTP/1.1 200) 4 headers in 158 bytes (1 switches on core 0)
Jun 03 01:08:40.942376 np0000002000 devstack@g-api.service[101938]: DEBUG glance.api.middleware.version_negotiation [None req-7847c24f-c0dc-4a6f-847b-8d7725a90817 tempest-AttachVolumeNegativeTest-1145310491 tempest-AttachVolumeNegativeTest-1145310491-project-member] Determining version of request: GET /v2/images/b68afe57-ccd8-4a5b-b181-025c3b86cb61 Accept: application/json {{(pid=101938) process_request /opt/stack/glance/glance/api/middleware/version_negotiation.py:44}}
Jun 03 01:08:40.942376 np0000002000 devstack@g-api.service[101938]: DEBUG glance.api.middleware.version_negotiation [None req-7847c24f-c0dc-4a6f-847b-8d7725a90817 tempest-AttachVolumeNegativeTest-1145310491 tempest-AttachVolumeNegativeTest-1145310491-project-member] Using url versioning {{(pid=101938) process_request /opt/stack/glance/glance/api/middleware/version_negotiation.py:57}}
Jun 03 01:08:40.942376 np0000002000 devstack@g-api.service[101938]: DEBUG glance.api.middleware.version_negotiation [None req-7847c24f-c0dc-4a6f-847b-8d7725a90817 tempest-AttachVolumeNegativeTest-1145310491 tempest-AttachVolumeNegativeTest-1145310491-project-member] Matched version: v2 {{(pid=101938) process_request /opt/stack/glance/glance/api/middleware/version_negotiation.py:69}}
Jun 03 01:08:40.942376 np0000002000 devstack@g-api.service[101938]: DEBUG glance.api.middleware.version_negotiation [None req-7847c24f-c0dc-4a6f-847b-8d7725a90817 tempest-AttachVolumeNegativeTest-1145310491 tempest-AttachVolumeNegativeTest-1145310491-project-member] new path /v2/images/b68afe57-ccd8-4a5b-b181-025c3b86cb61 {{(pid=101938) process_request /opt/stack/glance/glance/api/middleware/version_negotiation.py:70}}
Jun 03 01:08:40.943339 np0000002000 devstack@g-api.service[101937]: DEBUG glance.api.middleware.version_negotiation [None req-b289676b-1f07-4aa6-86c3-734b879d92a6 tempest-ImageDependencyTests-432194443 tempest-ImageDependencyTests-432194443-project-member] Determining version of request: GET /v2/schemas/image Accept: */* {{(pid=101937) process_request /opt/stack/glance/glance/api/middleware/version_negotiation.py:44}}
Jun 03 01:08:40.943500 np0000002000 devstack@g-api.service[101937]: DEBUG glance.api.middleware.version_negotiation [None req-b289676b-1f07-4aa6-86c3-734b879d92a6 tempest-ImageDependencyTests-432194443 tempest-ImageDependencyTests-432194443-project-member] Using url versioning {{(pid=101937) process_request /opt/stack/glance/glance/api/middleware/version_negotiation.py:57}}
Jun 03 01:08:40.943623 np0000002000 devstack@g-api.service[101937]: DEBUG glance.api.middleware.version_negotiation [None req-b289676b-1f07-4aa6-86c3-734b879d92a6 tempest-ImageDependencyTests-432194443 tempest-ImageDependencyTests-432194443-project-member] Matched version: v2 {{(pid=101937) process_request /opt/stack/glance/glance/api/middleware/version_negotiation.py:69}}
Jun 03 01:08:40.943734 np0000002000 devstack@g-api.service[101937]: DEBUG glance.api.middleware.version_negotiation [None req-b289676b-1f07-4aa6-86c3-734b879d92a6 tempest-ImageDependencyTests-432194443 tempest-ImageDependencyTests-432194443-project-member] new path /v2/schemas/image {{(pid=101937) process_request /opt/stack/glance/glance/api/middleware/version_negotiation.py:70}}
Jun 03 01:08:40.946024 np0000002000 devstack@g-api.service[101937]: [pid: 101937|app: 0|req: 106/321] 127.0.0.1 () {44 vars in 1055 bytes} [Wed Jun 3 01:08:40 2026] GET /v2/schemas/image => generated 6083 bytes in 3 msecs (HTTP/1.1 200) 4 headers in 158 bytes (1 switches on core 0)
Jun 03 01:08:40.951254 np0000002000 devstack@g-api.service[101938]: [pid: 101938|app: 0|req: 110/322] 127.0.0.1 () {40 vars in 838 bytes} [Wed Jun 3 01:08:40 2026] GET /v2/images/b68afe57-ccd8-4a5b-b181-025c3b86cb61 => generated 808 bytes in 10 msecs (HTTP/1.1 200) 4 headers in 157 bytes (1 switches on core 0)
Jun 03 01:08:40.953630 np0000002000 devstack@g-api.service[101939]: DEBUG glance.api.middleware.version_negotiation [None req-ace176d6-b9d6-4d8a-9441-04202203c6ba tempest-VolumesImageMetadata-735590819 tempest-VolumesImageMetadata-735590819-project-member] Determining version of request: GET /v2/schemas/image Accept: */* {{(pid=101939) process_request /opt/stack/glance/glance/api/middleware/version_negotiation.py:44}}
Jun 03 01:08:40.953790 np0000002000 devstack@g-api.service[101939]: DEBUG glance.api.middleware.version_negotiation [None req-ace176d6-b9d6-4d8a-9441-04202203c6ba tempest-VolumesImageMetadata-735590819 tempest-VolumesImageMetadata-735590819-project-member] Using url versioning {{(pid=101939) process_request /opt/stack/glance/glance/api/middleware/version_negotiation.py:57}}
Jun 03 01:08:40.953903 np0000002000 devstack@g-api.service[101939]: DEBUG glance.api.middleware.version_negotiation [None req-ace176d6-b9d6-4d8a-9441-04202203c6ba tempest-VolumesImageMetadata-735590819 tempest-VolumesImageMetadata-735590819-project-member] Matched version: v2 {{(pid=101939) process_request /opt/stack/glance/glance/api/middleware/version_negotiation.py:69}}
Jun 03 01:08:40.953990 np0000002000 devstack@g-api.service[101939]: DEBUG glance.api.middleware.version_negotiation [None req-ace176d6-b9d6-4d8a-9441-04202203c6ba tempest-VolumesImageMetadata-735590819 tempest-VolumesImageMetadata-735590819-project-member] new path /v2/schemas/image {{(pid=101939) process_request /opt/stack/glance/glance/api/middleware/version_negotiation.py:70}}
Jun 03 01:08:40.956071 np0000002000 devstack@g-api.service[101939]: [pid: 101939|app: 0|req: 107/323] 127.0.0.1 () {44 vars in 1055 bytes} [Wed Jun 3 01:08:40 2026] GET /v2/schemas/image => generated 6083 bytes in 2 msecs (HTTP/1.1 200) 4 headers in 158 bytes (1 switches on core 0)
Jun 03 01:08:40.963040 np0000002000 devstack@g-api.service[101937]: DEBUG glance.api.middleware.version_negotiation [None req-ace176d6-b9d6-4d8a-9441-04202203c6ba tempest-VolumesImageMetadata-735590819 tempest-VolumesImageMetadata-735590819-project-member] Determining version of request: GET /v2/images/19d2b67c-d393-46ed-9253-ee20621e0ff0 Accept: */* {{(pid=101937) process_request /opt/stack/glance/glance/api/middleware/version_negotiation.py:44}}
Jun 03 01:08:40.963180 np0000002000 devstack@g-api.service[101937]: DEBUG glance.api.middleware.version_negotiation [None req-ace176d6-b9d6-4d8a-9441-04202203c6ba tempest-VolumesImageMetadata-735590819 tempest-VolumesImageMetadata-735590819-project-member] Using url versioning {{(pid=101937) process_request /opt/stack/glance/glance/api/middleware/version_negotiation.py:57}}
Jun 03 01:08:40.963326 np0000002000 devstack@g-api.service[101937]: DEBUG glance.api.middleware.version_negotiation [None req-ace176d6-b9d6-4d8a-9441-04202203c6ba tempest-VolumesImageMetadata-735590819 tempest-VolumesImageMetadata-735590819-project-member] Matched version: v2 {{(pid=101937) process_request /opt/stack/glance/glance/api/middleware/version_negotiation.py:69}}
Jun 03 01:08:40.963422 np0000002000 devstack@g-api.service[101937]: DEBUG glance.api.middleware.version_negotiation [None req-ace176d6-b9d6-4d8a-9441-04202203c6ba tempest-VolumesImageMetadata-735590819 tempest-VolumesImageMetadata-735590819-project-member] new path /v2/images/19d2b67c-d393-46ed-9253-ee20621e0ff0 {{(pid=101937) process_request /opt/stack/glance/glance/api/middleware/version_negotiation.py:70}}
Jun 03 01:08:40.980492 np0000002000 devstack@g-api.service[101937]: [pid: 101937|app: 0|req: 107/324] 127.0.0.1 () {44 vars in 1115 bytes} [Wed Jun 3 01:08:40 2026] GET /v2/images/19d2b67c-d393-46ed-9253-ee20621e0ff0 => generated 1044 bytes in 17 msecs (HTTP/1.1 200) 4 headers in 158 bytes (1 switches on core 0)
Jun 03 01:08:40.991145 np0000002000 devstack@g-api.service[101938]: DEBUG glance.api.middleware.version_negotiation [None req-48328a01-7a63-4d48-a5e4-7c892eb83e67 tempest-ImageDependencyTests-432194443 tempest-ImageDependencyTests-432194443-project-member] Determining version of request: GET /v2/schemas/image Accept: */* {{(pid=101938) process_request /opt/stack/glance/glance/api/middleware/version_negotiation.py:44}}
Jun 03 01:08:40.991859 np0000002000 devstack@g-api.service[101938]: DEBUG glance.api.middleware.version_negotiation [None req-48328a01-7a63-4d48-a5e4-7c892eb83e67 tempest-ImageDependencyTests-432194443 tempest-ImageDependencyTests-432194443-project-member] Using url versioning {{(pid=101938) process_request /opt/stack/glance/glance/api/middleware/version_negotiation.py:57}}
Jun 03 01:08:40.991859 np0000002000 devstack@g-api.service[101938]: DEBUG glance.api.middleware.version_negotiation [None req-48328a01-7a63-4d48-a5e4-7c892eb83e67 tempest-ImageDependencyTests-432194443 tempest-ImageDependencyTests-432194443-project-member] Matched version: v2 {{(pid=101938) process_request /opt/stack/glance/glance/api/middleware/version_negotiation.py:69}}
Jun 03 01:08:40.991859 np0000002000 devstack@g-api.service[101938]: DEBUG glance.api.middleware.version_negotiation [None req-48328a01-7a63-4d48-a5e4-7c892eb83e67 tempest-ImageDependencyTests-432194443 tempest-ImageDependencyTests-432194443-project-member] new path /v2/schemas/image {{(pid=101938) process_request /opt/stack/glance/glance/api/middleware/version_negotiation.py:70}}
Jun 03 01:08:40.994945 np0000002000 devstack@g-api.service[101938]: [pid: 101938|app: 0|req: 111/325] 127.0.0.1 () {44 vars in 1055 bytes} [Wed Jun 3 01:08:40 2026] GET /v2/schemas/image => generated 6083 bytes in 3 msecs (HTTP/1.1 200) 4 headers in 158 bytes (1 switches on core 0)
Jun 03 01:08:41.005142 np0000002000 devstack@g-api.service[101939]: DEBUG glance.api.middleware.version_negotiation [None req-ace176d6-b9d6-4d8a-9441-04202203c6ba tempest-VolumesImageMetadata-735590819 tempest-VolumesImageMetadata-735590819-project-member] Determining version of request: GET /v2/schemas/image Accept: */* {{(pid=101939) process_request /opt/stack/glance/glance/api/middleware/version_negotiation.py:44}}
Jun 03 01:08:41.005266 np0000002000 devstack@g-api.service[101939]: DEBUG glance.api.middleware.version_negotiation [None req-ace176d6-b9d6-4d8a-9441-04202203c6ba tempest-VolumesImageMetadata-735590819 tempest-VolumesImageMetadata-735590819-project-member] Using url versioning {{(pid=101939) process_request /opt/stack/glance/glance/api/middleware/version_negotiation.py:57}}
Jun 03 01:08:41.005380 np0000002000 devstack@g-api.service[101939]: DEBUG glance.api.middleware.version_negotiation [None req-ace176d6-b9d6-4d8a-9441-04202203c6ba tempest-VolumesImageMetadata-735590819 tempest-VolumesImageMetadata-735590819-project-member] Matched version: v2 {{(pid=101939) process_request /opt/stack/glance/glance/api/middleware/version_negotiation.py:69}}
Jun 03 01:08:41.005517 np0000002000 devstack@g-api.service[101939]: DEBUG glance.api.middleware.version_negotiation [None req-ace176d6-b9d6-4d8a-9441-04202203c6ba tempest-VolumesImageMetadata-735590819 tempest-VolumesImageMetadata-735590819-project-member] new path /v2/schemas/image {{(pid=101939) process_request /opt/stack/glance/glance/api/middleware/version_negotiation.py:70}}
Jun 03 01:08:41.007547 np0000002000 devstack@g-api.service[101939]: [pid: 101939|app: 0|req: 108/326] 127.0.0.1 () {44 vars in 1055 bytes} [Wed Jun 3 01:08:41 2026] GET /v2/schemas/image => generated 6083 bytes in 2 msecs (HTTP/1.1 200) 4 headers in 158 bytes (1 switches on core 0)
Jun 03 01:08:41.032827 np0000002000 devstack@g-api.service[101937]: DEBUG glance.api.middleware.version_negotiation [None req-ace176d6-b9d6-4d8a-9441-04202203c6ba tempest-VolumesImageMetadata-735590819 tempest-VolumesImageMetadata-735590819-project-member] Determining version of request: GET /v2/images/19d2b67c-d393-46ed-9253-ee20621e0ff0 Accept: */* {{(pid=101937) process_request /opt/stack/glance/glance/api/middleware/version_negotiation.py:44}}
Jun 03 01:08:41.032827 np0000002000 devstack@g-api.service[101937]: DEBUG glance.api.middleware.version_negotiation [None req-ace176d6-b9d6-4d8a-9441-04202203c6ba tempest-VolumesImageMetadata-735590819 tempest-VolumesImageMetadata-735590819-project-member] Using url versioning {{(pid=101937) process_request /opt/stack/glance/glance/api/middleware/version_negotiation.py:57}}
Jun 03 01:08:41.032827 np0000002000 devstack@g-api.service[101937]: DEBUG glance.api.middleware.version_negotiation [None req-ace176d6-b9d6-4d8a-9441-04202203c6ba tempest-VolumesImageMetadata-735590819 tempest-VolumesImageMetadata-735590819-project-member] Matched version: v2 {{(pid=101937) process_request /opt/stack/glance/glance/api/middleware/version_negotiation.py:69}}
Jun 03 01:08:41.032827 np0000002000 devstack@g-api.service[101937]: DEBUG glance.api.middleware.version_negotiation [None req-ace176d6-b9d6-4d8a-9441-04202203c6ba tempest-VolumesImageMetadata-735590819 tempest-VolumesImageMetadata-735590819-project-member] new path /v2/images/19d2b67c-d393-46ed-9253-ee20621e0ff0 {{(pid=101937) process_request /opt/stack/glance/glance/api/middleware/version_negotiation.py:70}}
Jun 03 01:08:41.051746 np0000002000 devstack@g-api.service[101937]: [pid: 101937|app: 0|req: 108/327] 127.0.0.1 () {44 vars in 1115 bytes} [Wed Jun 3 01:08:41 2026] GET /v2/images/19d2b67c-d393-46ed-9253-ee20621e0ff0 => generated 1044 bytes in 19 msecs (HTTP/1.1 200) 4 headers in 158 bytes (1 switches on core 0)
Jun 03 01:08:41.063579 np0000002000 devstack@g-api.service[101938]: DEBUG glance.api.middleware.version_negotiation [None req-ace176d6-b9d6-4d8a-9441-04202203c6ba tempest-VolumesImageMetadata-735590819 tempest-VolumesImageMetadata-735590819-project-member] Determining version of request: GET /v2/schemas/image Accept: */* {{(pid=101938) process_request /opt/stack/glance/glance/api/middleware/version_negotiation.py:44}}
Jun 03 01:08:41.063759 np0000002000 devstack@g-api.service[101938]: DEBUG glance.api.middleware.version_negotiation [None req-ace176d6-b9d6-4d8a-9441-04202203c6ba tempest-VolumesImageMetadata-735590819 tempest-VolumesImageMetadata-735590819-project-member] Using url versioning {{(pid=101938) process_request /opt/stack/glance/glance/api/middleware/version_negotiation.py:57}}
Jun 03 01:08:41.063830 np0000002000 devstack@g-api.service[101938]: DEBUG glance.api.middleware.version_negotiation [None req-ace176d6-b9d6-4d8a-9441-04202203c6ba tempest-VolumesImageMetadata-735590819 tempest-VolumesImageMetadata-735590819-project-member] Matched version: v2 {{(pid=101938) process_request /opt/stack/glance/glance/api/middleware/version_negotiation.py:69}}
Jun 03 01:08:41.063934 np0000002000 devstack@g-api.service[101938]: DEBUG glance.api.middleware.version_negotiation [None req-ace176d6-b9d6-4d8a-9441-04202203c6ba tempest-VolumesImageMetadata-735590819 tempest-VolumesImageMetadata-735590819-project-member] new path /v2/schemas/image {{(pid=101938) process_request /opt/stack/glance/glance/api/middleware/version_negotiation.py:70}}
Jun 03 01:08:41.066107 np0000002000 devstack@g-api.service[101938]: [pid: 101938|app: 0|req: 112/328] 127.0.0.1 () {44 vars in 1055 bytes} [Wed Jun 3 01:08:41 2026] GET /v2/schemas/image => generated 6083 bytes in 2 msecs (HTTP/1.1 200) 4 headers in 158 bytes (1 switches on core 0)
Jun 03 01:08:41.140700 np0000002000 devstack@g-api.service[101939]: DEBUG glance.api.middleware.version_negotiation [None req-ace176d6-b9d6-4d8a-9441-04202203c6ba tempest-VolumesImageMetadata-735590819 tempest-VolumesImageMetadata-735590819-project-member] Determining version of request: GET /v2/images/b68afe57-ccd8-4a5b-b181-025c3b86cb61 Accept: */* {{(pid=101939) process_request /opt/stack/glance/glance/api/middleware/version_negotiation.py:44}}
Jun 03 01:08:41.140700 np0000002000 devstack@g-api.service[101939]: DEBUG glance.api.middleware.version_negotiation [None req-ace176d6-b9d6-4d8a-9441-04202203c6ba tempest-VolumesImageMetadata-735590819 tempest-VolumesImageMetadata-735590819-project-member] Using url versioning {{(pid=101939) process_request /opt/stack/glance/glance/api/middleware/version_negotiation.py:57}}
