May 27 19:05:41.272085 np0000001541 devstack@neutron-api.service[90032]: DEBUG neutron.api.extensions [None req-7a1c8744-2d2b-410b-b35b-e895b16a3c82 None None] Ext name="Neutron Port MAC address regenerate" alias="port-mac-address-regenerate" description="Network port MAC address regenerate" updated="2018-05-03T10:00:00-00:00" {{(pid=90032) _check_extension /opt/stack/neutron/neutron/api/extensions.py:415}}
May 27 19:05:41.272423 np0000001541 devstack@neutron-api.service[90032]: INFO neutron.api.extensions [None req-7a1c8744-2d2b-410b-b35b-e895b16a3c82 None None] Loaded extension: port-mac-address-regenerate
May 27 19:05:41.272473 np0000001541 devstack@neutron-api.service[90032]: DEBUG neutron.api.extensions [None req-7a1c8744-2d2b-410b-b35b-e895b16a3c82 None None] Loading extension file: port_numa_affinity_policy.py {{(pid=90032) _load_all_extensions_from_path /opt/stack/neutron/neutron/api/extensions.py:449}}
May 27 19:05:41.272847 np0000001541 devstack@neutron-api.service[90032]: DEBUG neutron.api.extensions [None req-7a1c8744-2d2b-410b-b35b-e895b16a3c82 None None] Ext name="Port NUMA affinity policy" alias="port-numa-affinity-policy" description="Expose the port NUMA affinity policy" updated="2020-07-08T10:00:00-00:00" {{(pid=90032) _check_extension /opt/stack/neutron/neutron/api/extensions.py:415}}
May 27 19:05:41.273053 np0000001541 devstack@neutron-api.service[90032]: INFO neutron.api.extensions [None req-7a1c8744-2d2b-410b-b35b-e895b16a3c82 None None] Loaded extension: port-numa-affinity-policy
May 27 19:05:41.273287 np0000001541 devstack@neutron-api.service[90032]: DEBUG neutron.api.extensions [None req-7a1c8744-2d2b-410b-b35b-e895b16a3c82 None None] Loading extension file: port_numa_affinity_policy_socket.py {{(pid=90032) _load_all_extensions_from_path /opt/stack/neutron/neutron/api/extensions.py:449}}
May 27 19:05:41.273357 np0000001541 devstack@neutron-api.service[90033]: DEBUG neutron_lib.callbacks.manager [None req-5bc04390-3856-4103-ba1a-0ec60b4bb893 None None] Subscribe: > router before_delete 55550000, False {{(pid=90033) subscribe /opt/stack/data/venv/lib/python3.12/site-packages/neutron_lib/callbacks/manager.py:52}}
May 27 19:05:41.275509 np0000001541 devstack@neutron-api.service[90033]: DEBUG neutron_lib.callbacks.manager [None req-5bc04390-3856-4103-ba1a-0ec60b4bb893 None None] Subscribe: port before_update 55550000, False {{(pid=90033) subscribe /opt/stack/data/venv/lib/python3.12/site-packages/neutron_lib/callbacks/manager.py:52}}
May 27 19:05:41.275622 np0000001541 devstack@neutron-api.service[90032]: DEBUG neutron.api.extensions [None req-7a1c8744-2d2b-410b-b35b-e895b16a3c82 None None] Ext name="Port NUMA affinity policy "socket"" alias="port-numa-affinity-policy-socket" description="Adds "socket" to the supported port NUMA affinity policies" updated="2024-02-09T10:00:00-00:00" {{(pid=90032) _check_extension /opt/stack/neutron/neutron/api/extensions.py:415}}
May 27 19:05:41.275721 np0000001541 devstack@neutron-api.service[90033]: DEBUG neutron_lib.callbacks.manager [None req-5bc04390-3856-4103-ba1a-0ec60b4bb893 None None] Subscribe: port after_update 55550000, False {{(pid=90033) subscribe /opt/stack/data/venv/lib/python3.12/site-packages/neutron_lib/callbacks/manager.py:52}}
May 27 19:05:41.275838 np0000001541 devstack@neutron-api.service[90032]: INFO neutron.api.extensions [None req-7a1c8744-2d2b-410b-b35b-e895b16a3c82 None None] Loaded extension: port-numa-affinity-policy-socket
May 27 19:05:41.275933 np0000001541 devstack@neutron-api.service[90033]: DEBUG neutron_lib.callbacks.manager [None req-5bc04390-3856-4103-ba1a-0ec60b4bb893 None None] Subscribe: > port precommit_delete 55550000, False {{(pid=90033) subscribe /opt/stack/data/venv/lib/python3.12/site-packages/neutron_lib/callbacks/manager.py:52}}
May 27 19:05:41.276073 np0000001541 devstack@neutron-api.service[90032]: DEBUG neutron.api.extensions [None req-7a1c8744-2d2b-410b-b35b-e895b16a3c82 None None] Loading extension file: port_resource_request.py {{(pid=90032) _load_all_extensions_from_path /opt/stack/neutron/neutron/api/extensions.py:449}}
May 27 19:05:41.276196 np0000001541 devstack@neutron-api.service[90033]: DEBUG neutron_lib.callbacks.manager [None req-5bc04390-3856-4103-ba1a-0ec60b4bb893 None None] Subscribe: port before_update 55550000, False {{(pid=90033) subscribe /opt/stack/data/venv/lib/python3.12/site-packages/neutron_lib/callbacks/manager.py:52}}
May 27 19:05:41.276196 np0000001541 devstack@neutron-api.service[90033]: DEBUG neutron_lib.callbacks.manager [None req-5bc04390-3856-4103-ba1a-0ec60b4bb893 None None] Subscribe: port before_delete 55550000, False {{(pid=90033) subscribe /opt/stack/data/venv/lib/python3.12/site-packages/neutron_lib/callbacks/manager.py:52}}
May 27 19:05:41.276358 np0000001541 devstack@neutron-api.service[90032]: DEBUG neutron.api.extensions [None req-7a1c8744-2d2b-410b-b35b-e895b16a3c82 None None] Ext name="Port Resource Request" alias="port-resource-request" description="Expose resource request to Port" updated="2018-05-08T10:00:00-00:00" {{(pid=90032) _check_extension /opt/stack/neutron/neutron/api/extensions.py:415}}
May 27 19:05:41.276464 np0000001541 devstack@neutron-api.service[90033]: DEBUG neutron_lib.callbacks.manager [None req-5bc04390-3856-4103-ba1a-0ec60b4bb893 None None] Subscribe: > router precommit_create 55550000, False {{(pid=90033) subscribe /opt/stack/data/venv/lib/python3.12/site-packages/neutron_lib/callbacks/manager.py:52}}
May 27 19:05:41.276579 np0000001541 devstack@neutron-api.service[90032]: INFO neutron.api.extensions [None req-7a1c8744-2d2b-410b-b35b-e895b16a3c82 None None] Extension port-resource-request not supported by any of loaded plugins
May 27 19:05:41.276704 np0000001541 devstack@neutron-api.service[90033]: DEBUG neutron_lib.callbacks.manager [None req-5bc04390-3856-4103-ba1a-0ec60b4bb893 None None] Subscribe: > router precommit_create 55550000, False {{(pid=90033) subscribe /opt/stack/data/venv/lib/python3.12/site-packages/neutron_lib/callbacks/manager.py:52}}
May 27 19:05:41.276814 np0000001541 devstack@neutron-api.service[90032]: DEBUG neutron.api.extensions [None req-7a1c8744-2d2b-410b-b35b-e895b16a3c82 None None] Loading extension file: port_resource_request_groups.py {{(pid=90032) _load_all_extensions_from_path /opt/stack/neutron/neutron/api/extensions.py:449}}
May 27 19:05:41.276916 np0000001541 devstack@neutron-api.service[90033]: DEBUG neutron_lib.callbacks.manager [None req-5bc04390-3856-4103-ba1a-0ec60b4bb893 None None] Subscribe: > router precommit_update 55550000, False {{(pid=90033) subscribe /opt/stack/data/venv/lib/python3.12/site-packages/neutron_lib/callbacks/manager.py:52}}
May 27 19:05:41.276916 np0000001541 devstack@neutron-api.service[90033]: DEBUG neutron_lib.callbacks.manager [None req-5bc04390-3856-4103-ba1a-0ec60b4bb893 None None] Subscribe: subnet after_update 55550000, False {{(pid=90033) subscribe /opt/stack/data/venv/lib/python3.12/site-packages/neutron_lib/callbacks/manager.py:52}}
May 27 19:05:41.277248 np0000001541 devstack@neutron-api.service[90032]: DEBUG neutron.api.extensions [None req-7a1c8744-2d2b-410b-b35b-e895b16a3c82 None None] Ext name="Port Resource Request Groups" alias="port-resource-request-groups" description="Support requesting multiple groups of resources and traits from the same RP subtree in resource_request" updated="2021-08-02T10:00:00-00:00" {{(pid=90032) _check_extension /opt/stack/neutron/neutron/api/extensions.py:415}}
May 27 19:05:41.277248 np0000001541 devstack@neutron-api.service[90032]: INFO neutron.api.extensions [None req-7a1c8744-2d2b-410b-b35b-e895b16a3c82 None None] Extension port-resource-request-groups not supported by any of loaded plugins
May 27 19:05:41.277399 np0000001541 devstack@neutron-api.service[90033]: DEBUG neutron.quota.resource_registry [None req-5bc04390-3856-4103-ba1a-0ec60b4bb893 None None] Tracking information for resource: router configured {{(pid=90033) set_tracked_resource /opt/stack/neutron/neutron/quota/resource_registry.py:203}}
May 27 19:05:41.277570 np0000001541 devstack@neutron-api.service[90032]: DEBUG neutron.api.extensions [None req-7a1c8744-2d2b-410b-b35b-e895b16a3c82 None None] Loading extension file: port_trusted_vif.py {{(pid=90032) _load_all_extensions_from_path /opt/stack/neutron/neutron/api/extensions.py:449}}
May 27 19:05:41.277691 np0000001541 devstack@neutron-api.service[90033]: DEBUG neutron.quota.resource_registry [None req-5bc04390-3856-4103-ba1a-0ec60b4bb893 None None] Tracking information for resource: floatingip configured {{(pid=90033) set_tracked_resource /opt/stack/neutron/neutron/quota/resource_registry.py:203}}
May 27 19:05:41.277691 np0000001541 devstack@neutron-api.service[90033]: INFO neutron.services.ovn_l3.plugin [None req-5bc04390-3856-4103-ba1a-0ec60b4bb893 None None] Starting OVNL3RouterPlugin
May 27 19:05:41.277807 np0000001541 devstack@neutron-api.service[90032]: DEBUG neutron.api.extensions [None req-7a1c8744-2d2b-410b-b35b-e895b16a3c82 None None] Ext name="Port trusted vif" alias="port-trusted-vif" description="Expose port 'trusted' attribute in the API" updated="2024-07-10T10:00:00-00:00" {{(pid=90032) _check_extension /opt/stack/neutron/neutron/api/extensions.py:415}}
May 27 19:05:41.277898 np0000001541 devstack@neutron-api.service[90033]: DEBUG neutron_lib.callbacks.manager [None req-5bc04390-3856-4103-ba1a-0ec60b4bb893 None None] Subscribe: > port_forwarding_plugin after_init 55550000, False {{(pid=90033) subscribe /opt/stack/data/venv/lib/python3.12/site-packages/neutron_lib/callbacks/manager.py:52}}
May 27 19:05:41.277993 np0000001541 devstack@neutron-api.service[90032]: INFO neutron.api.extensions [None req-7a1c8744-2d2b-410b-b35b-e895b16a3c82 None None] Extension port-trusted-vif not supported by any of loaded plugins
May 27 19:05:41.277993 np0000001541 devstack@neutron-api.service[90032]: DEBUG neutron.api.extensions [None req-7a1c8744-2d2b-410b-b35b-e895b16a3c82 None None] Loading extension file: portbindings.py {{(pid=90032) _load_all_extensions_from_path /opt/stack/neutron/neutron/api/extensions.py:449}}
May 27 19:05:41.278080 np0000001541 devstack@neutron-api.service[90033]: DEBUG neutron_lib.callbacks.manager [None req-5bc04390-3856-4103-ba1a-0ec60b4bb893 None None] Subscribe: > router before_create 55550100, False {{(pid=90033) subscribe /opt/stack/data/venv/lib/python3.12/site-packages/neutron_lib/callbacks/manager.py:52}}
May 27 19:05:41.278080 np0000001541 devstack@neutron-api.service[90033]: DEBUG neutron_lib.callbacks.manager [None req-5bc04390-3856-4103-ba1a-0ec60b4bb893 None None] Subscribe: > router precommit_delete 55550100, False {{(pid=90033) subscribe /opt/stack/data/venv/lib/python3.12/site-packages/neutron_lib/callbacks/manager.py:52}}
May 27 19:05:41.278170 np0000001541 devstack@neutron-api.service[90032]: DEBUG neutron.api.extensions [None req-7a1c8744-2d2b-410b-b35b-e895b16a3c82 None None] Ext name="Port Binding" alias="binding" description="Expose port bindings of a virtual port to external application" updated="2014-02-03T10:00:00-00:00" {{(pid=90032) _check_extension /opt/stack/neutron/neutron/api/extensions.py:415}}
May 27 19:05:41.278209 np0000001541 devstack@neutron-api.service[90033]: DEBUG neutron_lib.callbacks.manager [None req-5bc04390-3856-4103-ba1a-0ec60b4bb893 None None] Subscribe: > router precommit_create 55550100, False {{(pid=90033) subscribe /opt/stack/data/venv/lib/python3.12/site-packages/neutron_lib/callbacks/manager.py:52}}
May 27 19:05:41.278246 np0000001541 devstack@neutron-api.service[90032]: INFO neutron.api.extensions [None req-7a1c8744-2d2b-410b-b35b-e895b16a3c82 None None] Loaded extension: binding
May 27 19:05:41.278283 np0000001541 devstack@neutron-api.service[90033]: DEBUG neutron_lib.callbacks.manager [None req-5bc04390-3856-4103-ba1a-0ec60b4bb893 None None] Subscribe: > router precommit_update 55550100, False {{(pid=90033) subscribe /opt/stack/data/venv/lib/python3.12/site-packages/neutron_lib/callbacks/manager.py:52}}
May 27 19:05:41.278343 np0000001541 devstack@neutron-api.service[90032]: DEBUG neutron.api.extensions [None req-7a1c8744-2d2b-410b-b35b-e895b16a3c82 None None] Loading extension file: portbindings_extended.py {{(pid=90032) _load_all_extensions_from_path /opt/stack/neutron/neutron/api/extensions.py:449}}
May 27 19:05:41.278343 np0000001541 devstack@neutron-api.service[90032]: DEBUG neutron.api.extensions [None req-7a1c8744-2d2b-410b-b35b-e895b16a3c82 None None] Ext name="Port Bindings Extended" alias="binding-extended" description="Expose port bindings of a virtual port to external application" updated="2017-07-17T10:00:00-00:00" {{(pid=90032) _check_extension /opt/stack/neutron/neutron/api/extensions.py:415}}
May 27 19:05:41.278343 np0000001541 devstack@neutron-api.service[90032]: INFO neutron.api.extensions [None req-7a1c8744-2d2b-410b-b35b-e895b16a3c82 None None] Loaded extension: binding-extended
May 27 19:05:41.278343 np0000001541 devstack@neutron-api.service[90032]: DEBUG neutron.api.extensions [None req-7a1c8744-2d2b-410b-b35b-e895b16a3c82 None None] Loading extension file: portsecurity.py {{(pid=90032) _load_all_extensions_from_path /opt/stack/neutron/neutron/api/extensions.py:449}}
May 27 19:05:41.278343 np0000001541 devstack@neutron-api.service[90032]: DEBUG neutron.api.extensions [None req-7a1c8744-2d2b-410b-b35b-e895b16a3c82 None None] Ext name="Port Security" alias="port-security" description="Provides port security" updated="2012-07-23T10:00:00-00:00" {{(pid=90032) _check_extension /opt/stack/neutron/neutron/api/extensions.py:415}}
May 27 19:05:41.278343 np0000001541 devstack@neutron-api.service[90032]: INFO neutron.api.extensions [None req-7a1c8744-2d2b-410b-b35b-e895b16a3c82 None None] Loaded extension: port-security
May 27 19:05:41.278343 np0000001541 devstack@neutron-api.service[90032]: DEBUG neutron.api.extensions [None req-7a1c8744-2d2b-410b-b35b-e895b16a3c82 None None] Loading extension file: project_id.py {{(pid=90032) _load_all_extensions_from_path /opt/stack/neutron/neutron/api/extensions.py:449}}
May 27 19:05:41.278578 np0000001541 devstack@neutron-api.service[90032]: DEBUG neutron.api.extensions [None req-7a1c8744-2d2b-410b-b35b-e895b16a3c82 None None] Ext name="project_id field enabled" alias="project-id" description="Extension that indicates that project_id field is enabled." updated="2016-09-09T09:09:09-09:09" {{(pid=90032) _check_extension /opt/stack/neutron/neutron/api/extensions.py:415}}
May 27 19:05:41.278578 np0000001541 devstack@neutron-api.service[90032]: INFO neutron.api.extensions [None req-7a1c8744-2d2b-410b-b35b-e895b16a3c82 None None] Loaded extension: project-id
May 27 19:05:41.278663 np0000001541 devstack@neutron-api.service[90032]: DEBUG neutron.api.extensions [None req-7a1c8744-2d2b-410b-b35b-e895b16a3c82 None None] Loading extension file: providernet.py {{(pid=90032) _load_all_extensions_from_path /opt/stack/neutron/neutron/api/extensions.py:449}}
May 27 19:05:41.278949 np0000001541 devstack@neutron-api.service[90032]: DEBUG neutron.api.extensions [None req-7a1c8744-2d2b-410b-b35b-e895b16a3c82 None None] Ext name="Provider Network" alias="provider" description="Expose mapping of virtual networks to physical networks" updated="2012-09-07T10:00:00-00:00" {{(pid=90032) _check_extension /opt/stack/neutron/neutron/api/extensions.py:415}}
May 27 19:05:41.282479 np0000001541 devstack@neutron-api.service[90032]: INFO neutron.api.extensions [None req-7a1c8744-2d2b-410b-b35b-e895b16a3c82 None None] Loaded extension: provider
May 27 19:05:41.282479 np0000001541 devstack@neutron-api.service[90032]: DEBUG neutron.api.extensions [None req-7a1c8744-2d2b-410b-b35b-e895b16a3c82 None None] Loading extension file: pvlan.py {{(pid=90032) _load_all_extensions_from_path /opt/stack/neutron/neutron/api/extensions.py:449}}
May 27 19:05:41.282479 np0000001541 devstack@neutron-api.service[90032]: DEBUG neutron.api.extensions [None req-7a1c8744-2d2b-410b-b35b-e895b16a3c82 None None] Ext name="Private VLAN" alias="pvlan" description="The Private VLAN semantics extension." updated="2026-02-03T10:00:00-00:00" {{(pid=90032) _check_extension /opt/stack/neutron/neutron/api/extensions.py:415}}
May 27 19:05:41.282479 np0000001541 devstack@neutron-api.service[90032]: INFO neutron.api.extensions [None req-7a1c8744-2d2b-410b-b35b-e895b16a3c82 None None] Extension pvlan not supported by any of loaded plugins
May 27 19:05:41.282479 np0000001541 devstack@neutron-api.service[90032]: DEBUG neutron.api.extensions [None req-7a1c8744-2d2b-410b-b35b-e895b16a3c82 None None] Loading extension file: qinq.py {{(pid=90032) _load_all_extensions_from_path /opt/stack/neutron/neutron/api/extensions.py:449}}
May 27 19:05:41.282479 np0000001541 devstack@neutron-api.service[90032]: DEBUG neutron.api.extensions [None req-7a1c8744-2d2b-410b-b35b-e895b16a3c82 None None] Ext name="QinQ networks" alias="qinq" description="Expose network 'qinq' attribute in the API. This allows to configure network to allow vlan in vlan configuration using 0x88a8 ethertype (QinQ)." updated="2024-12-02T10:00:00-00:00" {{(pid=90032) _check_extension /opt/stack/neutron/neutron/api/extensions.py:415}}
May 27 19:05:41.282479 np0000001541 devstack@neutron-api.service[90032]: INFO neutron.api.extensions [None req-7a1c8744-2d2b-410b-b35b-e895b16a3c82 None None] Loaded extension: qinq
May 27 19:05:41.282479 np0000001541 devstack@neutron-api.service[90032]: DEBUG neutron.api.extensions [None req-7a1c8744-2d2b-410b-b35b-e895b16a3c82 None None] Loading extension file: qos.py {{(pid=90032) _load_all_extensions_from_path /opt/stack/neutron/neutron/api/extensions.py:449}}
May 27 19:05:41.282872 np0000001541 devstack@neutron-api.service[90033]: DEBUG neutron.services.provider_configuration [None req-5bc04390-3856-4103-ba1a-0ec60b4bb893 None None] Service providers = [] {{(pid=90033) parse_service_provider_opt /opt/stack/neutron/neutron/services/provider_configuration.py:170}}
May 27 19:05:41.282872 np0000001541 devstack@neutron-api.service[90033]: DEBUG neutron.db.servicetype_db [None req-5bc04390-3856-4103-ba1a-0ec60b4bb893 None None] Adding provider configuration for service L3_ROUTER_NAT {{(pid=90033) add_provider_configuration /opt/stack/neutron/neutron/db/servicetype_db.py:45}}
May 27 19:05:41.283132 np0000001541 devstack@neutron-api.service[90032]: DEBUG neutron.api.extensions [None req-7a1c8744-2d2b-410b-b35b-e895b16a3c82 None None] Ext name="Quality of Service" alias="qos" description="The Quality of Service extension." updated="2015-06-08T10:00:00-00:00" {{(pid=90032) _check_extension /opt/stack/neutron/neutron/api/extensions.py:415}}
May 27 19:05:41.283132 np0000001541 devstack@neutron-api.service[90032]: INFO neutron.api.extensions [None req-7a1c8744-2d2b-410b-b35b-e895b16a3c82 None None] Extension qos not supported by any of loaded plugins
May 27 19:05:41.283132 np0000001541 devstack@neutron-api.service[90032]: DEBUG neutron.api.extensions [None req-7a1c8744-2d2b-410b-b35b-e895b16a3c82 None None] Loading extension file: qos_bw_limit_direction.py {{(pid=90032) _load_all_extensions_from_path /opt/stack/neutron/neutron/api/extensions.py:449}}
May 27 19:05:41.283132 np0000001541 devstack@neutron-api.service[90032]: DEBUG neutron.api.extensions [None req-7a1c8744-2d2b-410b-b35b-e895b16a3c82 None None] Ext name="Direction for QoS bandwidth limit rule" alias="qos-bw-limit-direction" description="Allow to configure QoS bandwidth limit rule with specific direction: ingress or egress" updated="2017-04-10T10:00:00-00:00" {{(pid=90032) _check_extension /opt/stack/neutron/neutron/api/extensions.py:415}}
May 27 19:05:41.283377 np0000001541 devstack@neutron-api.service[90032]: INFO neutron.api.extensions [None req-7a1c8744-2d2b-410b-b35b-e895b16a3c82 None None] Extension qos-bw-limit-direction not supported by any of loaded plugins
May 27 19:05:41.283377 np0000001541 devstack@neutron-api.service[90032]: DEBUG neutron.api.extensions [None req-7a1c8744-2d2b-410b-b35b-e895b16a3c82 None None] Loading extension file: qos_bw_minimum_ingress.py {{(pid=90032) _load_all_extensions_from_path /opt/stack/neutron/neutron/api/extensions.py:449}}
May 27 19:05:41.283719 np0000001541 devstack@neutron-api.service[90032]: DEBUG neutron.api.extensions [None req-7a1c8744-2d2b-410b-b35b-e895b16a3c82 None None] Ext name="Ingress direction for QoS minimum bandwidth rule" alias="qos-bw-minimum-ingress" description="Allow to configure QoS minumum bandwidth rule with ingress direction." updated="2018-07-09T10:00:00-00:00" {{(pid=90032) _check_extension /opt/stack/neutron/neutron/api/extensions.py:415}}
May 27 19:05:41.283937 np0000001541 devstack@neutron-api.service[90032]: INFO neutron.api.extensions [None req-7a1c8744-2d2b-410b-b35b-e895b16a3c82 None None] Extension qos-bw-minimum-ingress not supported by any of loaded plugins
May 27 19:05:41.284107 np0000001541 devstack@neutron-api.service[90033]: DEBUG neutron_lib.callbacks.manager [None req-5bc04390-3856-4103-ba1a-0ec60b4bb893 None None] Subscribe: > router precommit_create 55549900, False {{(pid=90033) subscribe /opt/stack/data/venv/lib/python3.12/site-packages/neutron_lib/callbacks/manager.py:52}}
May 27 19:05:41.284224 np0000001541 devstack@neutron-api.service[90032]: DEBUG neutron.api.extensions [None req-7a1c8744-2d2b-410b-b35b-e895b16a3c82 None None] Loading extension file: qos_default.py {{(pid=90032) _load_all_extensions_from_path /opt/stack/neutron/neutron/api/extensions.py:449}}
May 27 19:05:41.284360 np0000001541 devstack@neutron-api.service[90033]: DEBUG neutron_lib.callbacks.manager [None req-5bc04390-3856-4103-ba1a-0ec60b4bb893 None None] Subscribe: > router_interface after_create 55550000, False {{(pid=90033) subscribe /opt/stack/data/venv/lib/python3.12/site-packages/neutron_lib/callbacks/manager.py:52}}
May 27 19:05:41.284470 np0000001541 devstack@neutron-api.service[90032]: DEBUG neutron.api.extensions [None req-7a1c8744-2d2b-410b-b35b-e895b16a3c82 None None] Ext name="QoS default policy" alias="qos-default" description="Expose the QoS default policy per project" updated="2017-041-06T10:00:00-00:00" {{(pid=90032) _check_extension /opt/stack/neutron/neutron/api/extensions.py:415}}
May 27 19:05:41.284574 np0000001541 devstack@neutron-api.service[90033]: DEBUG neutron_lib.callbacks.manager [None req-5bc04390-3856-4103-ba1a-0ec60b4bb893 None None] Subscribe: > floatingip after_create 55550000, False {{(pid=90033) subscribe /opt/stack/data/venv/lib/python3.12/site-packages/neutron_lib/callbacks/manager.py:52}}
May 27 19:05:41.284574 np0000001541 devstack@neutron-api.service[90033]: DEBUG neutron_lib.callbacks.manager [None req-5bc04390-3856-4103-ba1a-0ec60b4bb893 None None] Subscribe: > floatingip precommit_create 55550000, False {{(pid=90033) subscribe /opt/stack/data/venv/lib/python3.12/site-packages/neutron_lib/callbacks/manager.py:52}}
May 27 19:05:41.284741 np0000001541 devstack@neutron-api.service[90032]: INFO neutron.api.extensions [None req-7a1c8744-2d2b-410b-b35b-e895b16a3c82 None None] Extension qos-default not supported by any of loaded plugins
May 27 19:05:41.284846 np0000001541 devstack@neutron-api.service[90033]: DEBUG neutron_lib.callbacks.manager [None req-5bc04390-3856-4103-ba1a-0ec60b4bb893 None None] Subscribe: > floatingip precommit_update 55550000, False {{(pid=90033) subscribe /opt/stack/data/venv/lib/python3.12/site-packages/neutron_lib/callbacks/manager.py:52}}
May 27 19:05:41.284951 np0000001541 devstack@neutron-api.service[90032]: DEBUG neutron.api.extensions [None req-7a1c8744-2d2b-410b-b35b-e895b16a3c82 None None] Loading extension file: qos_fip.py {{(pid=90032) _load_all_extensions_from_path /opt/stack/neutron/neutron/api/extensions.py:449}}
May 27 19:05:41.285187 np0000001541 devstack@neutron-api.service[90033]: DEBUG neutron_lib.callbacks.manager [None req-5bc04390-3856-4103-ba1a-0ec60b4bb893 None None] Subscribe: > floatingip after_delete 55550000, False {{(pid=90033) subscribe /opt/stack/data/venv/lib/python3.12/site-packages/neutron_lib/callbacks/manager.py:52}}
May 27 19:05:41.285187 np0000001541 devstack@neutron-api.service[90033]: DEBUG neutron_lib.callbacks.manager [None req-5bc04390-3856-4103-ba1a-0ec60b4bb893 None None] Subscribe: > floatingip after_status_update 55550000, False {{(pid=90033) subscribe /opt/stack/data/venv/lib/python3.12/site-packages/neutron_lib/callbacks/manager.py:52}}
May 27 19:05:41.285279 np0000001541 devstack@neutron-api.service[90032]: DEBUG neutron.api.extensions [None req-7a1c8744-2d2b-410b-b35b-e895b16a3c82 None None] Ext name="Floating IP QoS" alias="qos-fip" description="The floating IP Quality of Service extension" updated="2017-07-20T00:00:00-00:00" {{(pid=90032) _check_extension /opt/stack/neutron/neutron/api/extensions.py:415}}
May 27 19:05:41.285400 np0000001541 devstack@neutron-api.service[90033]: DEBUG neutron_lib.callbacks.manager [None req-5bc04390-3856-4103-ba1a-0ec60b4bb893 None None] Subscribe: > floatingip after_update 55550000, False {{(pid=90033) subscribe /opt/stack/data/venv/lib/python3.12/site-packages/neutron_lib/callbacks/manager.py:52}}
May 27 19:05:41.285450 np0000001541 devstack@neutron-api.service[90032]: INFO neutron.api.extensions [None req-7a1c8744-2d2b-410b-b35b-e895b16a3c82 None None] Extension qos-fip not supported by any of loaded plugins
May 27 19:05:41.285495 np0000001541 devstack@neutron-api.service[90033]: DEBUG neutron_lib.callbacks.manager [None req-5bc04390-3856-4103-ba1a-0ec60b4bb893 None None] Subscribe: > port_forwarding after_create 55550000, False {{(pid=90033) subscribe /opt/stack/data/venv/lib/python3.12/site-packages/neutron_lib/callbacks/manager.py:52}}
May 27 19:05:41.285541 np0000001541 devstack@neutron-api.service[90032]: DEBUG neutron.api.extensions [None req-7a1c8744-2d2b-410b-b35b-e895b16a3c82 None None] Loading extension file: qos_fip_network_policy.py {{(pid=90032) _load_all_extensions_from_path /opt/stack/neutron/neutron/api/extensions.py:449}}
May 27 19:05:41.285587 np0000001541 devstack@neutron-api.service[90033]: DEBUG neutron_lib.callbacks.manager [None req-5bc04390-3856-4103-ba1a-0ec60b4bb893 None None] Subscribe: > router_interface after_delete 55550000, False {{(pid=90033) subscribe /opt/stack/data/venv/lib/python3.12/site-packages/neutron_lib/callbacks/manager.py:52}}
May 27 19:05:41.285640 np0000001541 devstack@neutron-api.service[90033]: DEBUG neutron_lib.callbacks.manager [None req-5bc04390-3856-4103-ba1a-0ec60b4bb893 None None] Subscribe: > router after_create 55550000, False {{(pid=90033) subscribe /opt/stack/data/venv/lib/python3.12/site-packages/neutron_lib/callbacks/manager.py:52}}
May 27 19:05:41.285816 np0000001541 devstack@neutron-api.service[90033]: DEBUG neutron_lib.callbacks.manager [None req-5bc04390-3856-4103-ba1a-0ec60b4bb893 None None] Subscribe: > router precommit_create 55550000, False {{(pid=90033) subscribe /opt/stack/data/venv/lib/python3.12/site-packages/neutron_lib/callbacks/manager.py:52}}
May 27 19:05:41.285875 np0000001541 devstack@neutron-api.service[90032]: DEBUG neutron.api.extensions [None req-7a1c8744-2d2b-410b-b35b-e895b16a3c82 None None] Ext name="QoS floating IP network policy ID" alias="qos-fip-network-policy" description="Adds a the QoS network ID to the floating IP definition" updated="2021-11-15T10:00:00-00:00" {{(pid=90032) _check_extension /opt/stack/neutron/neutron/api/extensions.py:415}}
May 27 19:05:41.285961 np0000001541 devstack@neutron-api.service[90033]: DEBUG neutron_lib.callbacks.manager [None req-5bc04390-3856-4103-ba1a-0ec60b4bb893 None None] Subscribe: > router after_delete 55550000, False {{(pid=90033) subscribe /opt/stack/data/venv/lib/python3.12/site-packages/neutron_lib/callbacks/manager.py:52}}
May 27 19:05:41.286071 np0000001541 devstack@neutron-api.service[90032]: INFO neutron.api.extensions [None req-7a1c8744-2d2b-410b-b35b-e895b16a3c82 None None] Extension qos-fip-network-policy not supported by any of loaded plugins
May 27 19:05:41.286133 np0000001541 devstack@neutron-api.service[90033]: DEBUG neutron_lib.callbacks.manager [None req-5bc04390-3856-4103-ba1a-0ec60b4bb893 None None] Subscribe: > router after_update 55550000, False {{(pid=90033) subscribe /opt/stack/data/venv/lib/python3.12/site-packages/neutron_lib/callbacks/manager.py:52}}
May 27 19:05:41.286223 np0000001541 devstack@neutron-api.service[90032]: DEBUG neutron.api.extensions [None req-7a1c8744-2d2b-410b-b35b-e895b16a3c82 None None] Loading extension file: qos_gateway_ip.py {{(pid=90032) _load_all_extensions_from_path /opt/stack/neutron/neutron/api/extensions.py:449}}
May 27 19:05:41.286331 np0000001541 devstack@neutron-api.service[90033]: DEBUG neutron.services.service_base [None req-5bc04390-3856-4103-ba1a-0ec60b4bb893 None None] Loaded 'neutron.services.ovn_l3.service_providers.ovn.OvnDriver' provider for service L3_ROUTER_NAT {{(pid=90033) load_drivers /opt/stack/neutron/neutron/services/service_base.py:49}}
May 27 19:05:41.286535 np0000001541 devstack@neutron-api.service[90033]: DEBUG neutron_lib.callbacks.manager [None req-5bc04390-3856-4103-ba1a-0ec60b4bb893 None None] Subscribe: > process after_init 55550001, True {{(pid=90033) subscribe /opt/stack/data/venv/lib/python3.12/site-packages/neutron_lib/callbacks/manager.py:52}}
May 27 19:05:41.286588 np0000001541 devstack@neutron-api.service[90032]: DEBUG neutron.api.extensions [None req-7a1c8744-2d2b-410b-b35b-e895b16a3c82 None None] Ext name="Router gateway IP QoS" alias="qos-gateway-ip" description="The Router gateway IP Quality of Service extension" updated="2018-02-24T00:00:00-00:00" {{(pid=90032) _check_extension /opt/stack/neutron/neutron/api/extensions.py:415}}
May 27 19:05:41.287081 np0000001541 devstack@neutron-api.service[90033]: DEBUG neutron.manager [None req-5bc04390-3856-4103-ba1a-0ec60b4bb893 None None] Successfully loaded L3_ROUTER_NAT plugin. Description: L3 Router Service Plugin for basic L3 forwarding using OVN {{(pid=90033) _create_and_add_service_plugin /opt/stack/neutron/neutron/manager.py:239}}
May 27 19:05:41.287199 np0000001541 devstack@neutron-api.service[90032]: INFO neutron.api.extensions [None req-7a1c8744-2d2b-410b-b35b-e895b16a3c82 None None] Extension qos-gateway-ip not supported by any of loaded plugins
May 27 19:05:41.287252 np0000001541 devstack@neutron-api.service[90033]: INFO neutron.manager [None req-5bc04390-3856-4103-ba1a-0ec60b4bb893 None None] Loading Plugin: auto_allocate
May 27 19:05:41.287310 np0000001541 devstack@neutron-api.service[90032]: DEBUG neutron.api.extensions [None req-7a1c8744-2d2b-410b-b35b-e895b16a3c82 None None] Loading extension file: qos_port_network_policy.py {{(pid=90032) _load_all_extensions_from_path /opt/stack/neutron/neutron/api/extensions.py:449}}
May 27 19:05:41.287310 np0000001541 devstack@neutron-api.service[90032]: DEBUG neutron.api.extensions [None req-7a1c8744-2d2b-410b-b35b-e895b16a3c82 None None] Ext name="QoS port network policy ID" alias="qos-port-network-policy" description="Adds a the QoS network ID to the port definition" updated="2019-11-01T10:00:00-00:00" {{(pid=90032) _check_extension /opt/stack/neutron/neutron/api/extensions.py:415}}
May 27 19:05:41.287477 np0000001541 devstack@neutron-api.service[90032]: INFO neutron.api.extensions [None req-7a1c8744-2d2b-410b-b35b-e895b16a3c82 None None] Extension qos-port-network-policy not supported by any of loaded plugins
May 27 19:05:41.287655 np0000001541 devstack@neutron-api.service[90032]: DEBUG neutron.api.extensions [None req-7a1c8744-2d2b-410b-b35b-e895b16a3c82 None None] Loading extension file: qos_pps_minimum_rule.py {{(pid=90032) _load_all_extensions_from_path /opt/stack/neutron/neutron/api/extensions.py:449}}
May 27 19:05:41.287912 np0000001541 devstack@neutron-api.service[90032]: DEBUG neutron.api.extensions [None req-7a1c8744-2d2b-410b-b35b-e895b16a3c82 None None] Ext name="QoS minimum packet rate rule" alias="qos-pps-minimum" description="Allow to configure QoS minimum packet rate rule." updated="2021-07-14T10:00:00-00:00" {{(pid=90032) _check_extension /opt/stack/neutron/neutron/api/extensions.py:415}}
May 27 19:05:41.288133 np0000001541 devstack@neutron-api.service[90032]: INFO neutron.api.extensions [None req-7a1c8744-2d2b-410b-b35b-e895b16a3c82 None None] Extension qos-pps-minimum not supported by any of loaded plugins
May 27 19:05:41.288260 np0000001541 devstack@neutron-api.service[90032]: DEBUG neutron.api.extensions [None req-7a1c8744-2d2b-410b-b35b-e895b16a3c82 None None] Loading extension file: qos_pps_minimum_rule_alias.py {{(pid=90032) _load_all_extensions_from_path /opt/stack/neutron/neutron/api/extensions.py:449}}
May 27 19:05:41.288361 np0000001541 devstack@neutron-api.service[90033]: DEBUG neutron_lib.callbacks.manager [None req-5bc04390-3856-4103-ba1a-0ec60b4bb893 None None] Subscribe: network precommit_update 55550000, False {{(pid=90033) subscribe /opt/stack/data/venv/lib/python3.12/site-packages/neutron_lib/callbacks/manager.py:52}}
May 27 19:05:41.288531 np0000001541 devstack@neutron-api.service[90033]: DEBUG neutron_lib.callbacks.manager [None req-5bc04390-3856-4103-ba1a-0ec60b4bb893 None None] Subscribe: network precommit_create 55550000, False {{(pid=90033) subscribe /opt/stack/data/venv/lib/python3.12/site-packages/neutron_lib/callbacks/manager.py:52}}
May 27 19:05:41.288605 np0000001541 devstack@neutron-api.service[90032]: DEBUG neutron.api.extensions [None req-7a1c8744-2d2b-410b-b35b-e895b16a3c82 None None] Ext name="QoS minimum packet rate rule alias" alias="qos-pps-minimum-rule-alias" description="API to enable GET, PUT and DELETE operations on QoS minimum packet rate rule without specifying policy ID" updated="2021-10-22T10:00:00-00:00" {{(pid=90032) _check_extension /opt/stack/neutron/neutron/api/extensions.py:415}}
May 27 19:05:41.289164 np0000001541 devstack@neutron-api.service[90032]: INFO neutron.api.extensions [None req-7a1c8744-2d2b-410b-b35b-e895b16a3c82 None None] Extension qos-pps-minimum-rule-alias not supported by any of loaded plugins
May 27 19:05:41.289220 np0000001541 devstack@neutron-api.service[90033]: DEBUG neutron.manager [None req-5bc04390-3856-4103-ba1a-0ec60b4bb893 None None] Successfully loaded auto-allocated-topology plugin. Description: Auto Allocated Topology - aka get me a network. {{(pid=90033) _create_and_add_service_plugin /opt/stack/neutron/neutron/manager.py:239}}
May 27 19:05:41.289269 np0000001541 devstack@neutron-api.service[90032]: DEBUG neutron.api.extensions [None req-7a1c8744-2d2b-410b-b35b-e895b16a3c82 None None] Loading extension file: qos_pps_rule.py {{(pid=90032) _load_all_extensions_from_path /opt/stack/neutron/neutron/api/extensions.py:449}}
May 27 19:05:41.289335 np0000001541 devstack@neutron-api.service[90033]: INFO neutron.manager [None req-5bc04390-3856-4103-ba1a-0ec60b4bb893 None None] Loading Plugin: tag
May 27 19:05:41.289383 np0000001541 devstack@neutron-api.service[90032]: DEBUG neutron.api.extensions [None req-7a1c8744-2d2b-410b-b35b-e895b16a3c82 None None] Ext name="QoS Rule Type Packet per Second Extension" alias="qos-pps" description="Add QoS Rule Type Packet per Second" updated="2021-05-12T10:00:00-00:00" {{(pid=90032) _check_extension /opt/stack/neutron/neutron/api/extensions.py:415}}
May 27 19:05:41.289555 np0000001541 devstack@neutron-api.service[90032]: INFO neutron.api.extensions [None req-7a1c8744-2d2b-410b-b35b-e895b16a3c82 None None] Extension qos-pps not supported by any of loaded plugins
May 27 19:05:41.290306 np0000001541 devstack@neutron-api.service[90032]: DEBUG neutron.api.extensions [None req-7a1c8744-2d2b-410b-b35b-e895b16a3c82 None None] Loading extension file: qos_rule_type_details.py {{(pid=90032) _load_all_extensions_from_path /opt/stack/neutron/neutron/api/extensions.py:449}}
May 27 19:05:41.290306 np0000001541 devstack@neutron-api.service[90032]: DEBUG neutron.api.extensions [None req-7a1c8744-2d2b-410b-b35b-e895b16a3c82 None None] Ext name="Details of QoS rule types" alias="qos-rule-type-details" description="Expose details about QoS rule types supported by loaded backend drivers" updated="2017-06-22T10:00:00-00:00" {{(pid=90032) _check_extension /opt/stack/neutron/neutron/api/extensions.py:415}}
May 27 19:05:41.290306 np0000001541 devstack@neutron-api.service[90032]: INFO neutron.api.extensions [None req-7a1c8744-2d2b-410b-b35b-e895b16a3c82 None None] Extension qos-rule-type-details not supported by any of loaded plugins
May 27 19:05:41.290306 np0000001541 devstack@neutron-api.service[90032]: DEBUG neutron.api.extensions [None req-7a1c8744-2d2b-410b-b35b-e895b16a3c82 None None] Loading extension file: qos_rule_type_filter.py {{(pid=90032) _load_all_extensions_from_path /opt/stack/neutron/neutron/api/extensions.py:449}}
May 27 19:05:41.290582 np0000001541 devstack@neutron-api.service[90032]: DEBUG neutron.api.extensions [None req-7a1c8744-2d2b-410b-b35b-e895b16a3c82 None None] Ext name="Allow to filter the list of QoS rule types" alias="qos-rule-type-filter" description="Allows to filter the QoS rule type list adding two new flags. "all_rules" prints all implemented QoS rule types."all_supported" prints all supported QoS rule types by the loaded mechanism drivers" updated="2022-02-02T10:00:00-00:00" {{(pid=90032) _check_extension /opt/stack/neutron/neutron/api/extensions.py:415}}
May 27 19:05:41.290812 np0000001541 devstack@neutron-api.service[90032]: INFO neutron.api.extensions [None req-7a1c8744-2d2b-410b-b35b-e895b16a3c82 None None] Extension qos-rule-type-filter not supported by any of loaded plugins
May 27 19:05:41.290941 np0000001541 devstack@neutron-api.service[90032]: DEBUG neutron.api.extensions [None req-7a1c8744-2d2b-410b-b35b-e895b16a3c82 None None] Loading extension file: qos_rules_alias.py {{(pid=90032) _load_all_extensions_from_path /opt/stack/neutron/neutron/api/extensions.py:449}}
May 27 19:05:41.291260 np0000001541 devstack@neutron-api.service[90032]: DEBUG neutron.api.extensions [None req-7a1c8744-2d2b-410b-b35b-e895b16a3c82 None None] Ext name="Quality of Service rules alias API" alias="qos-rules-alias" description="API to enable GET, PUT and DELETE operations on QoS policy rules without specifying policy ID" updated="2018-10-07T10:00:00-00:00" {{(pid=90032) _check_extension /opt/stack/neutron/neutron/api/extensions.py:415}}
May 27 19:05:41.291476 np0000001541 devstack@neutron-api.service[90032]: INFO neutron.api.extensions [None req-7a1c8744-2d2b-410b-b35b-e895b16a3c82 None None] Extension qos-rules-alias not supported by any of loaded plugins
May 27 19:05:41.291611 np0000001541 devstack@neutron-api.service[90032]: DEBUG neutron.api.extensions [None req-7a1c8744-2d2b-410b-b35b-e895b16a3c82 None None] Loading extension file: quota_check_limit.py {{(pid=90032) _load_all_extensions_from_path /opt/stack/neutron/neutron/api/extensions.py:449}}
May 27 19:05:41.291918 np0000001541 devstack@neutron-api.service[90032]: DEBUG neutron.api.extensions [None req-7a1c8744-2d2b-410b-b35b-e895b16a3c82 None None] Ext name="Quota engine limit check" alias="quota-check-limit" description="Support for checking the resource usage before applying a new quota limit" updated="2021-09-08T16:00:00-00:00" {{(pid=90032) _check_extension /opt/stack/neutron/neutron/api/extensions.py:415}}
May 27 19:05:41.292145 np0000001541 devstack@neutron-api.service[90032]: INFO neutron.api.extensions [None req-7a1c8744-2d2b-410b-b35b-e895b16a3c82 None None] Loaded extension: quota-check-limit
May 27 19:05:41.292282 np0000001541 devstack@neutron-api.service[90032]: DEBUG neutron.api.extensions [None req-7a1c8744-2d2b-410b-b35b-e895b16a3c82 None None] Loading extension file: quota_check_limit_default.py {{(pid=90032) _load_all_extensions_from_path /opt/stack/neutron/neutron/api/extensions.py:449}}
May 27 19:05:41.292586 np0000001541 devstack@neutron-api.service[90032]: DEBUG neutron.api.extensions [None req-7a1c8744-2d2b-410b-b35b-e895b16a3c82 None None] Ext name="Quota engine limit check by default" alias="quota-check-limit-default" description="By default, the Neutron quota engine checks the resource usage before applying a new quota limit" updated="2024-08-21T16:00:00-00:00" {{(pid=90032) _check_extension /opt/stack/neutron/neutron/api/extensions.py:415}}
May 27 19:05:41.292797 np0000001541 devstack@neutron-api.service[90032]: INFO neutron.api.extensions [None req-7a1c8744-2d2b-410b-b35b-e895b16a3c82 None None] Loaded extension: quota-check-limit-default
May 27 19:05:41.292916 np0000001541 devstack@neutron-api.service[90032]: DEBUG neutron.api.extensions [None req-7a1c8744-2d2b-410b-b35b-e895b16a3c82 None None] Loading extension file: quotasv2.py {{(pid=90032) _load_all_extensions_from_path /opt/stack/neutron/neutron/api/extensions.py:449}}
May 27 19:05:41.293239 np0000001541 devstack@neutron-api.service[90033]: DEBUG neutron.manager [None req-5bc04390-3856-4103-ba1a-0ec60b4bb893 None None] Successfully loaded TAG plugin. Description: Tag support {{(pid=90033) _create_and_add_service_plugin /opt/stack/neutron/neutron/manager.py:239}}
May 27 19:05:41.293417 np0000001541 devstack@neutron-api.service[90033]: INFO neutron.manager [None req-5bc04390-3856-4103-ba1a-0ec60b4bb893 None None] Loading Plugin: timestamp
May 27 19:05:41.293606 np0000001541 devstack@neutron-api.service[90032]: DEBUG neutron.api.extensions [None req-7a1c8744-2d2b-410b-b35b-e895b16a3c82 None None] Ext name="Quota management support" alias="quotas" description="Expose functions for quotas management per project" updated="2012-07-29T10:00:00-00:00" {{(pid=90032) _check_extension /opt/stack/neutron/neutron/api/extensions.py:415}}
May 27 19:05:41.293739 np0000001541 devstack@neutron-api.service[90032]: INFO neutron.api.extensions [None req-7a1c8744-2d2b-410b-b35b-e895b16a3c82 None None] Loaded extension: quotas
May 27 19:05:41.293864 np0000001541 devstack@neutron-api.service[90032]: DEBUG neutron.api.extensions [None req-7a1c8744-2d2b-410b-b35b-e895b16a3c82 None None] Loading extension file: quotasv2_detail.py {{(pid=90032) _load_all_extensions_from_path /opt/stack/neutron/neutron/api/extensions.py:449}}
May 27 19:05:41.295312 np0000001541 devstack@neutron-api.service[90033]: DEBUG neutron.manager [None req-5bc04390-3856-4103-ba1a-0ec60b4bb893 None None] Successfully loaded timestamp plugin. Description: Adds timestamps to Neutron resources with standard attributes {{(pid=90033) _create_and_add_service_plugin /opt/stack/neutron/neutron/manager.py:239}}
May 27 19:05:41.295507 np0000001541 devstack@neutron-api.service[90033]: INFO neutron.manager [None req-5bc04390-3856-4103-ba1a-0ec60b4bb893 None None] Loading Plugin: network_ip_availability
May 27 19:05:41.295619 np0000001541 devstack@neutron-api.service[90032]: DEBUG neutron.api.extensions [None req-7a1c8744-2d2b-410b-b35b-e895b16a3c82 None None] Ext name="Quota details management support" alias="quota_details" description="Expose functions for quotas usage statistics per project" updated="2017-02-10T10:00:00-00:00" {{(pid=90032) _check_extension /opt/stack/neutron/neutron/api/extensions.py:415}}
May 27 19:05:41.295742 np0000001541 devstack@neutron-api.service[90032]: INFO neutron.api.extensions [None req-7a1c8744-2d2b-410b-b35b-e895b16a3c82 None None] Loaded extension: quota_details
May 27 19:05:41.295863 np0000001541 devstack@neutron-api.service[90032]: DEBUG neutron.api.extensions [None req-7a1c8744-2d2b-410b-b35b-e895b16a3c82 None None] Loading extension file: rbac.py {{(pid=90032) _load_all_extensions_from_path /opt/stack/neutron/neutron/api/extensions.py:449}}
May 27 19:05:41.296613 np0000001541 devstack@neutron-api.service[90032]: DEBUG neutron.api.extensions [None req-7a1c8744-2d2b-410b-b35b-e895b16a3c82 None None] Ext name="RBAC Policies" alias="rbac-policies" description="Allows creation and modification of policies that control project access to resources." updated="2015-06-17T12:15:12-00:00" {{(pid=90032) _check_extension /opt/stack/neutron/neutron/api/extensions.py:415}}
May 27 19:05:41.296859 np0000001541 devstack@neutron-api.service[90032]: INFO neutron.api.extensions [None req-7a1c8744-2d2b-410b-b35b-e895b16a3c82 None None] Loaded extension: rbac-policies
May 27 19:05:41.296991 np0000001541 devstack@neutron-api.service[90032]: DEBUG neutron.api.extensions [None req-7a1c8744-2d2b-410b-b35b-e895b16a3c82 None None] Loading extension file: rbac_address_group.py {{(pid=90032) _load_all_extensions_from_path /opt/stack/neutron/neutron/api/extensions.py:449}}
May 27 19:05:41.297754 np0000001541 devstack@neutron-api.service[90032]: DEBUG neutron.api.extensions [None req-7a1c8744-2d2b-410b-b35b-e895b16a3c82 None None] Ext name="Add address_group type to RBAC" alias="rbac-address-group" description="Add address_group type to network RBAC" updated="2021-01-20T00:00:00-00:00" {{(pid=90032) _check_extension /opt/stack/neutron/neutron/api/extensions.py:415}}
May 27 19:05:41.297754 np0000001541 devstack@neutron-api.service[90032]: INFO neutron.api.extensions [None req-7a1c8744-2d2b-410b-b35b-e895b16a3c82 None None] Extension rbac-address-group not supported by any of loaded plugins
May 27 19:05:41.297873 np0000001541 devstack@neutron-api.service[90033]: DEBUG neutron.manager [None req-5bc04390-3856-4103-ba1a-0ec60b4bb893 None None] Successfully loaded network-ip-availability plugin. Description: Provides IP availability data for each network and subnet. {{(pid=90033) _create_and_add_service_plugin /opt/stack/neutron/neutron/manager.py:239}}
May 27 19:05:41.297950 np0000001541 devstack@neutron-api.service[90032]: DEBUG neutron.api.extensions [None req-7a1c8744-2d2b-410b-b35b-e895b16a3c82 None None] Loading extension file: rbac_address_scope.py {{(pid=90032) _load_all_extensions_from_path /opt/stack/neutron/neutron/api/extensions.py:449}}
May 27 19:05:41.298009 np0000001541 devstack@neutron-api.service[90033]: INFO neutron.manager [None req-5bc04390-3856-4103-ba1a-0ec60b4bb893 None None] Loading Plugin: flavors
May 27 19:05:41.298070 np0000001541 devstack@neutron-api.service[90032]: DEBUG neutron.api.extensions [None req-7a1c8744-2d2b-410b-b35b-e895b16a3c82 None None] Ext name="Add address_scope type to RBAC" alias="rbac-address-scope" description="Add address_scope type to RBAC" updated="2020-02-12T00:00:00-00:00" {{(pid=90032) _check_extension /opt/stack/neutron/neutron/api/extensions.py:415}}
May 27 19:05:41.298070 np0000001541 devstack@neutron-api.service[90032]: INFO neutron.api.extensions [None req-7a1c8744-2d2b-410b-b35b-e895b16a3c82 None None] Loaded extension: rbac-address-scope
May 27 19:05:41.298159 np0000001541 devstack@neutron-api.service[90032]: DEBUG neutron.api.extensions [None req-7a1c8744-2d2b-410b-b35b-e895b16a3c82 None None] Loading extension file: rbac_security_groups.py {{(pid=90032) _load_all_extensions_from_path /opt/stack/neutron/neutron/api/extensions.py:449}}
May 27 19:05:41.298376 np0000001541 devstack@neutron-api.service[90032]: DEBUG neutron.api.extensions [None req-7a1c8744-2d2b-410b-b35b-e895b16a3c82 None None] Ext name="Add security_group type to network RBAC" alias="rbac-security-groups" description="Add security_group type to network RBAC" updated="2019-02-14T00:00:00-00:00" {{(pid=90032) _check_extension /opt/stack/neutron/neutron/api/extensions.py:415}}
May 27 19:05:41.298519 np0000001541 devstack@neutron-api.service[90032]: INFO neutron.api.extensions [None req-7a1c8744-2d2b-410b-b35b-e895b16a3c82 None None] Loaded extension: rbac-security-groups
May 27 19:05:41.298598 np0000001541 devstack@neutron-api.service[90032]: DEBUG neutron.api.extensions [None req-7a1c8744-2d2b-410b-b35b-e895b16a3c82 None None] Loading extension file: rbac_subnetpool.py {{(pid=90032) _load_all_extensions_from_path /opt/stack/neutron/neutron/api/extensions.py:449}}
May 27 19:05:41.298830 np0000001541 devstack@neutron-api.service[90032]: DEBUG neutron.api.extensions [None req-7a1c8744-2d2b-410b-b35b-e895b16a3c82 None None] Ext name="Add subnetpool type to RBAC" alias="rbac-subnetpool" description="Add subnetpool type to RBAC" updated="2020-02-05T00:00:00-00:00" {{(pid=90032) _check_extension /opt/stack/neutron/neutron/api/extensions.py:415}}
May 27 19:05:41.298996 np0000001541 devstack@neutron-api.service[90032]: INFO neutron.api.extensions [None req-7a1c8744-2d2b-410b-b35b-e895b16a3c82 None None] Extension rbac-subnetpool not supported by any of loaded plugins
May 27 19:05:41.299106 np0000001541 devstack@neutron-api.service[90032]: DEBUG neutron.api.extensions [None req-7a1c8744-2d2b-410b-b35b-e895b16a3c82 None None] Loading extension file: revisionifmatch.py {{(pid=90032) _load_all_extensions_from_path /opt/stack/neutron/neutron/api/extensions.py:449}}
May 27 19:05:41.299136 np0000001541 devstack@neutron-api.service[90033]: DEBUG neutron.manager [None req-5bc04390-3856-4103-ba1a-0ec60b4bb893 None None] Successfully loaded FLAVORS plugin. Description: Neutron Flavors and Service Profiles manager plugin {{(pid=90033) _create_and_add_service_plugin /opt/stack/neutron/neutron/manager.py:239}}
May 27 19:05:41.299281 np0000001541 devstack@neutron-api.service[90033]: INFO neutron.manager [None req-5bc04390-3856-4103-ba1a-0ec60b4bb893 None None] Loading Plugin: revisions
May 27 19:05:41.299346 np0000001541 devstack@neutron-api.service[90032]: DEBUG neutron.api.extensions [None req-7a1c8744-2d2b-410b-b35b-e895b16a3c82 None None] Ext name="If-Match constraints based on revision_number" alias="revision-if-match" description="Extension indicating that If-Match based on revision_number is supported." updated="2016-12-11T00:00:00-00:00" {{(pid=90032) _check_extension /opt/stack/neutron/neutron/api/extensions.py:415}}
May 27 19:05:41.299522 np0000001541 devstack@neutron-api.service[90032]: INFO neutron.api.extensions [None req-7a1c8744-2d2b-410b-b35b-e895b16a3c82 None None] Loaded extension: revision-if-match
May 27 19:05:41.299647 np0000001541 devstack@neutron-api.service[90032]: DEBUG neutron.api.extensions [None req-7a1c8744-2d2b-410b-b35b-e895b16a3c82 None None] Loading extension file: revisions.py {{(pid=90032) _load_all_extensions_from_path /opt/stack/neutron/neutron/api/extensions.py:449}}
