May 27 19:05:41.602821 np0000001541 neutron-periodic-workers[92085]: DEBUG cotyledon.oslo_config_glue [-] database.pool_timeout = None {{(pid=92085) log_opt_values /opt/stack/data/venv/lib/python3.12/site-packages/oslo_config/cfg.py:3256}}
May 27 19:05:41.602821 np0000001541 neutron-periodic-workers[92085]: DEBUG cotyledon.oslo_config_glue [-] database.retry_interval = 10 {{(pid=92085) log_opt_values /opt/stack/data/venv/lib/python3.12/site-packages/oslo_config/cfg.py:3256}}
May 27 19:05:41.602821 np0000001541 neutron-periodic-workers[92085]: DEBUG cotyledon.oslo_config_glue [-] database.slave_connection = **** {{(pid=92085) log_opt_values /opt/stack/data/venv/lib/python3.12/site-packages/oslo_config/cfg.py:3256}}
May 27 19:05:41.603217 np0000001541 neutron-periodic-workers[92085]: DEBUG cotyledon.oslo_config_glue [-] database.sqlite_synchronous = True {{(pid=92085) log_opt_values /opt/stack/data/venv/lib/python3.12/site-packages/oslo_config/cfg.py:3256}}
May 27 19:05:41.603217 np0000001541 neutron-periodic-workers[92085]: DEBUG cotyledon.oslo_config_glue [-] database.synchronous_reader = True {{(pid=92085) log_opt_values /opt/stack/data/venv/lib/python3.12/site-packages/oslo_config/cfg.py:3256}}
May 27 19:05:41.603217 np0000001541 neutron-periodic-workers[92085]: DEBUG cotyledon.oslo_config_glue [-] database.use_db_reconnect = False {{(pid=92085) log_opt_values /opt/stack/data/venv/lib/python3.12/site-packages/oslo_config/cfg.py:3256}}
May 27 19:05:41.603217 np0000001541 neutron-periodic-workers[92085]: DEBUG cotyledon.oslo_config_glue [-] ovn.bfd_min_rx = 1000 {{(pid=92085) log_opt_values /opt/stack/data/venv/lib/python3.12/site-packages/oslo_config/cfg.py:3256}}
May 27 19:05:41.603217 np0000001541 neutron-periodic-workers[92085]: DEBUG cotyledon.oslo_config_glue [-] ovn.bfd_min_tx = 100 {{(pid=92085) log_opt_values /opt/stack/data/venv/lib/python3.12/site-packages/oslo_config/cfg.py:3256}}
May 27 19:05:41.603217 np0000001541 neutron-periodic-workers[92085]: DEBUG cotyledon.oslo_config_glue [-] ovn.bfd_mult = 3 {{(pid=92085) log_opt_values /opt/stack/data/venv/lib/python3.12/site-packages/oslo_config/cfg.py:3256}}
May 27 19:05:41.603217 np0000001541 neutron-periodic-workers[92085]: DEBUG cotyledon.oslo_config_glue [-] ovn.broadcast_arps_to_all_routers = True {{(pid=92085) log_opt_values /opt/stack/data/venv/lib/python3.12/site-packages/oslo_config/cfg.py:3256}}
May 27 19:05:41.603217 np0000001541 neutron-periodic-workers[92085]: DEBUG cotyledon.oslo_config_glue [-] ovn.dhcp_default_lease_time = 43200 {{(pid=92085) log_opt_values /opt/stack/data/venv/lib/python3.12/site-packages/oslo_config/cfg.py:3256}}
May 27 19:05:41.603217 np0000001541 neutron-periodic-workers[92085]: DEBUG cotyledon.oslo_config_glue [-] ovn.disable_ovn_dhcp_for_baremetal_ports = False {{(pid=92085) log_opt_values /opt/stack/data/venv/lib/python3.12/site-packages/oslo_config/cfg.py:3256}}
May 27 19:05:41.603667 np0000001541 neutron-periodic-workers[92085]: DEBUG cotyledon.oslo_config_glue [-] ovn.dns_records_ovn_owned = False {{(pid=92085) log_opt_values /opt/stack/data/venv/lib/python3.12/site-packages/oslo_config/cfg.py:3256}}
May 27 19:05:41.603667 np0000001541 neutron-periodic-workers[92085]: DEBUG cotyledon.oslo_config_glue [-] ovn.dns_servers = [] {{(pid=92085) log_opt_values /opt/stack/data/venv/lib/python3.12/site-packages/oslo_config/cfg.py:3256}}
May 27 19:05:41.603667 np0000001541 neutron-periodic-workers[92085]: DEBUG cotyledon.oslo_config_glue [-] ovn.enable_distributed_floating_ip = False {{(pid=92085) log_opt_values /opt/stack/data/venv/lib/python3.12/site-packages/oslo_config/cfg.py:3256}}
May 27 19:05:41.603667 np0000001541 neutron-periodic-workers[92085]: DEBUG cotyledon.oslo_config_glue [-] ovn.fdb_age_threshold = 300 {{(pid=92085) log_opt_values /opt/stack/data/venv/lib/python3.12/site-packages/oslo_config/cfg.py:3256}}
May 27 19:05:41.603667 np0000001541 neutron-periodic-workers[92085]: DEBUG cotyledon.oslo_config_glue [-] ovn.ha_failover_strategy = normal {{(pid=92085) log_opt_values /opt/stack/data/venv/lib/python3.12/site-packages/oslo_config/cfg.py:3256}}
May 27 19:05:41.603667 np0000001541 neutron-periodic-workers[92085]: DEBUG cotyledon.oslo_config_glue [-] ovn.live_migration_activation_strategy = rarp {{(pid=92085) log_opt_values /opt/stack/data/venv/lib/python3.12/site-packages/oslo_config/cfg.py:3256}}
May 27 19:05:41.603667 np0000001541 neutron-periodic-workers[92085]: DEBUG cotyledon.oslo_config_glue [-] ovn.localnet_learn_fdb = False {{(pid=92085) log_opt_values /opt/stack/data/venv/lib/python3.12/site-packages/oslo_config/cfg.py:3256}}
May 27 19:05:41.603667 np0000001541 neutron-periodic-workers[92085]: DEBUG cotyledon.oslo_config_glue [-] ovn.mac_binding_age_threshold = 300 {{(pid=92085) log_opt_values /opt/stack/data/venv/lib/python3.12/site-packages/oslo_config/cfg.py:3256}}
May 27 19:05:41.603667 np0000001541 neutron-periodic-workers[92085]: DEBUG cotyledon.oslo_config_glue [-] ovn.neutron_sync_mode = log {{(pid=92085) log_opt_values /opt/stack/data/venv/lib/python3.12/site-packages/oslo_config/cfg.py:3256}}
May 27 19:05:41.604082 np0000001541 neutron-periodic-workers[92085]: DEBUG cotyledon.oslo_config_glue [-] ovn.ovn_dhcp4_global_options = {} {{(pid=92085) log_opt_values /opt/stack/data/venv/lib/python3.12/site-packages/oslo_config/cfg.py:3256}}
May 27 19:05:41.604082 np0000001541 neutron-periodic-workers[92085]: DEBUG cotyledon.oslo_config_glue [-] ovn.ovn_dhcp6_global_options = {} {{(pid=92085) log_opt_values /opt/stack/data/venv/lib/python3.12/site-packages/oslo_config/cfg.py:3256}}
May 27 19:05:41.604082 np0000001541 neutron-periodic-workers[92085]: DEBUG cotyledon.oslo_config_glue [-] ovn.ovn_l3_scheduler = leastloaded {{(pid=92085) log_opt_values /opt/stack/data/venv/lib/python3.12/site-packages/oslo_config/cfg.py:3256}}
May 27 19:05:41.604082 np0000001541 neutron-periodic-workers[92085]: DEBUG cotyledon.oslo_config_glue [-] ovn.ovn_metadata_enabled = True {{(pid=92085) log_opt_values /opt/stack/data/venv/lib/python3.12/site-packages/oslo_config/cfg.py:3256}}
May 27 19:05:41.604082 np0000001541 neutron-periodic-workers[92085]: DEBUG cotyledon.oslo_config_glue [-] ovn.ovn_nb_ca_cert = /opt/stack/data/CA/int-ca/ca-chain.pem {{(pid=92085) log_opt_values /opt/stack/data/venv/lib/python3.12/site-packages/oslo_config/cfg.py:3256}}
May 27 19:05:41.604082 np0000001541 neutron-periodic-workers[92085]: DEBUG cotyledon.oslo_config_glue [-] ovn.ovn_nb_certificate = /opt/stack/data/CA/int-ca/devstack-cert.crt {{(pid=92085) log_opt_values /opt/stack/data/venv/lib/python3.12/site-packages/oslo_config/cfg.py:3256}}
May 27 19:05:41.604082 np0000001541 neutron-periodic-workers[92085]: DEBUG cotyledon.oslo_config_glue [-] ovn.ovn_nb_connection = ['ssl:10.4.3.127:6641'] {{(pid=92085) log_opt_values /opt/stack/data/venv/lib/python3.12/site-packages/oslo_config/cfg.py:3256}}
May 27 19:05:41.604082 np0000001541 neutron-periodic-workers[92085]: DEBUG cotyledon.oslo_config_glue [-] ovn.ovn_nb_private_key = /opt/stack/data/CA/int-ca/private/devstack-cert.key {{(pid=92085) log_opt_values /opt/stack/data/venv/lib/python3.12/site-packages/oslo_config/cfg.py:3256}}
May 27 19:05:41.604457 np0000001541 neutron-periodic-workers[92085]: DEBUG cotyledon.oslo_config_glue [-] ovn.ovn_router_indirect_snat = False {{(pid=92085) log_opt_values /opt/stack/data/venv/lib/python3.12/site-packages/oslo_config/cfg.py:3256}}
May 27 19:05:41.604457 np0000001541 neutron-periodic-workers[92085]: DEBUG cotyledon.oslo_config_glue [-] ovn.ovn_sb_ca_cert = /opt/stack/data/CA/int-ca/ca-chain.pem {{(pid=92085) log_opt_values /opt/stack/data/venv/lib/python3.12/site-packages/oslo_config/cfg.py:3256}}
May 27 19:05:41.604457 np0000001541 neutron-periodic-workers[92085]: DEBUG cotyledon.oslo_config_glue [-] ovn.ovn_sb_certificate = /opt/stack/data/CA/int-ca/devstack-cert.crt {{(pid=92085) log_opt_values /opt/stack/data/venv/lib/python3.12/site-packages/oslo_config/cfg.py:3256}}
May 27 19:05:41.604457 np0000001541 neutron-periodic-workers[92085]: DEBUG cotyledon.oslo_config_glue [-] ovn.ovn_sb_connection = ['ssl:10.4.3.127:6642'] {{(pid=92085) log_opt_values /opt/stack/data/venv/lib/python3.12/site-packages/oslo_config/cfg.py:3256}}
May 27 19:05:41.604457 np0000001541 neutron-periodic-workers[92085]: DEBUG cotyledon.oslo_config_glue [-] ovn.ovn_sb_private_key = /opt/stack/data/CA/int-ca/private/devstack-cert.key {{(pid=92085) log_opt_values /opt/stack/data/venv/lib/python3.12/site-packages/oslo_config/cfg.py:3256}}
May 27 19:05:41.604457 np0000001541 neutron-periodic-workers[92085]: DEBUG cotyledon.oslo_config_glue [-] ovn.ovs_create_tap = False {{(pid=92085) log_opt_values /opt/stack/data/venv/lib/python3.12/site-packages/oslo_config/cfg.py:3256}}
May 27 19:05:41.604457 np0000001541 neutron-periodic-workers[92085]: DEBUG cotyledon.oslo_config_glue [-] ovn.ovsdb_connection_timeout = 180 {{(pid=92085) log_opt_values /opt/stack/data/venv/lib/python3.12/site-packages/oslo_config/cfg.py:3256}}
May 27 19:05:41.604457 np0000001541 neutron-periodic-workers[92085]: DEBUG cotyledon.oslo_config_glue [-] ovn.ovsdb_log_level = INFO {{(pid=92085) log_opt_values /opt/stack/data/venv/lib/python3.12/site-packages/oslo_config/cfg.py:3256}}
May 27 19:05:41.604770 np0000001541 neutron-periodic-workers[92085]: DEBUG cotyledon.oslo_config_glue [-] ovn.ovsdb_probe_interval = 60000 {{(pid=92085) log_opt_values /opt/stack/data/venv/lib/python3.12/site-packages/oslo_config/cfg.py:3256}}
May 27 19:05:41.604770 np0000001541 neutron-periodic-workers[92085]: DEBUG cotyledon.oslo_config_glue [-] ovn.ovsdb_retry_max_interval = 180 {{(pid=92085) log_opt_values /opt/stack/data/venv/lib/python3.12/site-packages/oslo_config/cfg.py:3256}}
May 27 19:05:41.604770 np0000001541 neutron-periodic-workers[92085]: DEBUG cotyledon.oslo_config_glue [-] ovn.stateless_nat_enabled = False {{(pid=92085) log_opt_values /opt/stack/data/venv/lib/python3.12/site-packages/oslo_config/cfg.py:3256}}
May 27 19:05:41.604770 np0000001541 neutron-periodic-workers[92085]: DEBUG cotyledon.oslo_config_glue [-] ovn.vhost_sock_dir = /var/run/openvswitch {{(pid=92085) log_opt_values /opt/stack/data/venv/lib/python3.12/site-packages/oslo_config/cfg.py:3256}}
May 27 19:05:41.604770 np0000001541 neutron-periodic-workers[92085]: DEBUG cotyledon.oslo_config_glue [-] OVS.bridge_mac_table_size = 50000 {{(pid=92085) log_opt_values /opt/stack/data/venv/lib/python3.12/site-packages/oslo_config/cfg.py:3256}}
May 27 19:05:41.604770 np0000001541 neutron-periodic-workers[92085]: DEBUG cotyledon.oslo_config_glue [-] OVS.igmp_flood = False {{(pid=92085) log_opt_values /opt/stack/data/venv/lib/python3.12/site-packages/oslo_config/cfg.py:3256}}
May 27 19:05:41.604770 np0000001541 neutron-periodic-workers[92085]: DEBUG cotyledon.oslo_config_glue [-] OVS.igmp_flood_reports = True {{(pid=92085) log_opt_values /opt/stack/data/venv/lib/python3.12/site-packages/oslo_config/cfg.py:3256}}
May 27 19:05:41.604770 np0000001541 neutron-periodic-workers[92085]: DEBUG cotyledon.oslo_config_glue [-] OVS.igmp_flood_unregistered = False {{(pid=92085) log_opt_values /opt/stack/data/venv/lib/python3.12/site-packages/oslo_config/cfg.py:3256}}
May 27 19:05:41.604770 np0000001541 neutron-periodic-workers[92085]: DEBUG cotyledon.oslo_config_glue [-] OVS.igmp_snooping_enable = False {{(pid=92085) log_opt_values /opt/stack/data/venv/lib/python3.12/site-packages/oslo_config/cfg.py:3256}}
May 27 19:05:41.605161 np0000001541 neutron-periodic-workers[92085]: DEBUG cotyledon.oslo_config_glue [-] OVS.ovsdb_timeout = 10 {{(pid=92085) log_opt_values /opt/stack/data/venv/lib/python3.12/site-packages/oslo_config/cfg.py:3256}}
May 27 19:05:41.605161 np0000001541 neutron-periodic-workers[92085]: DEBUG cotyledon.oslo_config_glue [-] ovn_nb_global.fdb_removal_limit = 0 {{(pid=92085) log_opt_values /opt/stack/data/venv/lib/python3.12/site-packages/oslo_config/cfg.py:3256}}
May 27 19:05:41.605161 np0000001541 neutron-periodic-workers[92085]: DEBUG cotyledon.oslo_config_glue [-] ovn_nb_global.ignore_lsp_down = False {{(pid=92085) log_opt_values /opt/stack/data/venv/lib/python3.12/site-packages/oslo_config/cfg.py:3256}}
May 27 19:05:41.605161 np0000001541 neutron-periodic-workers[92085]: DEBUG cotyledon.oslo_config_glue [-] ovn_nb_global.mac_binding_removal_limit = 0 {{(pid=92085) log_opt_values /opt/stack/data/venv/lib/python3.12/site-packages/oslo_config/cfg.py:3256}}
May 27 19:05:41.605161 np0000001541 neutron-periodic-workers[92085]: DEBUG cotyledon.oslo_config_glue [-] ******************************************************************************** {{(pid=92085) log_opt_values /opt/stack/data/venv/lib/python3.12/site-packages/oslo_config/cfg.py:3263}}
May 27 19:05:41.605161 np0000001541 neutron-periodic-workers[92085]: DEBUG cotyledon._service_worker [-] Run service ServiceWrapper(0) [92085] {{(pid=92085) wait_forever /opt/stack/data/venv/lib/python3.12/site-packages/cotyledon/_service_worker.py:218}}
May 27 19:05:51.236590 np0000001541 neutron-periodic-workers[91053]: DEBUG dbcounter [-] [91053] Writing DB stats neutron:SELECT=4 {{(pid=91053) stat_writer /opt/stack/data/venv/lib/python3.12/site-packages/dbcounter.py:115}}
May 27 19:06:42.577017 np0000001541 neutron-periodic-workers[92062]: DEBUG oslo_db.sqlalchemy.engines [None req-2928860b-0162-40ef-b55e-6a519e941332 None None] Parent process 91053 forked (92062) with an open database connection, which is being discarded and recreated. {{(pid=92062) checkout /opt/stack/data/venv/lib/python3.12/site-packages/oslo_db/sqlalchemy/engines.py:402}}
May 27 19:06:42.626519 np0000001541 neutron-periodic-workers[92062]: DEBUG dbcounter [-] [92062] Writer thread running {{(pid=92062) stat_writer /opt/stack/data/venv/lib/python3.12/site-packages/dbcounter.py:102}}
May 27 19:06:42.629549 np0000001541 neutron-periodic-workers[92062]: DEBUG neutron.db.agents_db [None req-2928860b-0162-40ef-b55e-6a519e941332 None None] Agent healthcheck: found 0 active agents {{(pid=92062) agent_health_check /opt/stack/neutron/neutron/db/agents_db.py:322}}
May 27 19:06:42.629722 np0000001541 neutron-periodic-workers[92062]: DEBUG oslo.service.backend._threading.loopingcall [None req-2928860b-0162-40ef-b55e-6a519e941332 None None] Fixed interval looping call 'neutron.plugins.ml2.plugin.AgentDbMixin.agent_health_check' sleeping for 36.94 seconds {{(pid=92062) _run_loop /opt/stack/data/venv/lib/python3.12/site-packages/oslo_service/backend/_threading/loopingcall.py:125}}
May 27 19:06:45.594539 np0000001541 neutron-periodic-workers[92046]: DEBUG dbcounter [-] [92046] Writer thread running {{(pid=92046) stat_writer /opt/stack/data/venv/lib/python3.12/site-packages/dbcounter.py:102}}
May 27 19:06:45.610649 np0000001541 neutron-periodic-workers[92046]: DEBUG oslo.service.backend._threading.loopingcall [None req-a165f6d3-934a-4d46-a3b6-bbd64a2a8075 None None] Fixed interval looping call 'neutron.plugins.ml2.plugin.DhcpAgentSchedulerDbMixin.remove_networks_from_down_agents' sleeping for 36.94 seconds {{(pid=92046) _run_loop /opt/stack/data/venv/lib/python3.12/site-packages/oslo_service/backend/_threading/loopingcall.py:125}}
May 27 19:06:52.627001 np0000001541 neutron-periodic-workers[92062]: DEBUG dbcounter [-] [92062] Writing DB stats neutron:SELECT=1 {{(pid=92062) stat_writer /opt/stack/data/venv/lib/python3.12/site-packages/dbcounter.py:115}}
May 27 19:06:55.609843 np0000001541 neutron-periodic-workers[92046]: DEBUG dbcounter [-] [92046] Writing DB stats neutron:SELECT=3 {{(pid=92046) stat_writer /opt/stack/data/venv/lib/python3.12/site-packages/dbcounter.py:115}}
May 27 19:07:19.574058 np0000001541 neutron-periodic-workers[92062]: DEBUG neutron.db.agents_db [None req-2928860b-0162-40ef-b55e-6a519e941332 None None] Agent healthcheck: found 0 active agents {{(pid=92062) agent_health_check /opt/stack/neutron/neutron/db/agents_db.py:322}}
May 27 19:07:19.574448 np0000001541 neutron-periodic-workers[92062]: DEBUG oslo.service.backend._threading.loopingcall [None req-2928860b-0162-40ef-b55e-6a519e941332 None None] Fixed interval looping call 'neutron.plugins.ml2.plugin.AgentDbMixin.agent_health_check' sleeping for 37.00 seconds {{(pid=92062) _run_loop /opt/stack/data/venv/lib/python3.12/site-packages/oslo_service/backend/_threading/loopingcall.py:125}}
May 27 19:07:22.556681 np0000001541 neutron-periodic-workers[92046]: DEBUG oslo.service.backend._threading.loopingcall [None req-a165f6d3-934a-4d46-a3b6-bbd64a2a8075 None None] Fixed interval looping call 'neutron.plugins.ml2.plugin.DhcpAgentSchedulerDbMixin.remove_networks_from_down_agents' sleeping for 36.99 seconds {{(pid=92046) _run_loop /opt/stack/data/venv/lib/python3.12/site-packages/oslo_service/backend/_threading/loopingcall.py:125}}
May 27 19:07:29.572711 np0000001541 neutron-periodic-workers[92062]: DEBUG dbcounter [-] [92062] Writing DB stats neutron:SELECT=1 {{(pid=92062) stat_writer /opt/stack/data/venv/lib/python3.12/site-packages/dbcounter.py:115}}
May 27 19:07:32.556211 np0000001541 neutron-periodic-workers[92046]: DEBUG dbcounter [-] [92046] Writing DB stats neutron:SELECT=3 {{(pid=92046) stat_writer /opt/stack/data/venv/lib/python3.12/site-packages/dbcounter.py:115}}
May 27 19:07:41.646273 np0000001541 neutron-periodic-workers[92076]: DEBUG dbcounter [-] [92076] Writer thread running {{(pid=92076) stat_writer /opt/stack/data/venv/lib/python3.12/site-packages/dbcounter.py:102}}
May 27 19:07:41.647860 np0000001541 neutron-periodic-workers[92076]: DEBUG oslo.service.backend._threading.loopingcall [None req-3ea67981-bcdf-4810-8e7c-25c1c7d489c1 None None] Fixed interval looping call 'neutron.db.quota.driver_nolock.DbQuotaNoLockDriver._remove_expired_reservations' sleeping for 119.94 seconds {{(pid=92076) _run_loop /opt/stack/data/venv/lib/python3.12/site-packages/oslo_service/backend/_threading/loopingcall.py:125}}
May 27 19:07:51.646693 np0000001541 neutron-periodic-workers[92076]: DEBUG dbcounter [-] [92076] Writing DB stats neutron:DELETE=1 {{(pid=92076) stat_writer /opt/stack/data/venv/lib/python3.12/site-packages/dbcounter.py:115}}
May 27 19:07:56.577427 np0000001541 neutron-periodic-workers[92062]: DEBUG neutron.db.agents_db [None req-2928860b-0162-40ef-b55e-6a519e941332 None None] Agent healthcheck: found 0 active agents {{(pid=92062) agent_health_check /opt/stack/neutron/neutron/db/agents_db.py:322}}
May 27 19:07:56.577898 np0000001541 neutron-periodic-workers[92062]: DEBUG oslo.service.backend._threading.loopingcall [None req-2928860b-0162-40ef-b55e-6a519e941332 None None] Fixed interval looping call 'neutron.plugins.ml2.plugin.AgentDbMixin.agent_health_check' sleeping for 37.00 seconds {{(pid=92062) _run_loop /opt/stack/data/venv/lib/python3.12/site-packages/oslo_service/backend/_threading/loopingcall.py:125}}
May 27 19:07:59.556660 np0000001541 neutron-periodic-workers[92046]: DEBUG oslo.service.backend._threading.loopingcall [None req-a165f6d3-934a-4d46-a3b6-bbd64a2a8075 None None] Fixed interval looping call 'neutron.plugins.ml2.plugin.DhcpAgentSchedulerDbMixin.remove_networks_from_down_agents' sleeping for 36.99 seconds {{(pid=92046) _run_loop /opt/stack/data/venv/lib/python3.12/site-packages/oslo_service/backend/_threading/loopingcall.py:125}}
May 27 19:08:06.576452 np0000001541 neutron-periodic-workers[92062]: DEBUG dbcounter [-] [92062] Writing DB stats neutron:SELECT=1 {{(pid=92062) stat_writer /opt/stack/data/venv/lib/python3.12/site-packages/dbcounter.py:115}}
May 27 19:08:09.555595 np0000001541 neutron-periodic-workers[92046]: DEBUG dbcounter [-] [92046] Writing DB stats neutron:SELECT=3 {{(pid=92046) stat_writer /opt/stack/data/venv/lib/python3.12/site-packages/dbcounter.py:115}}
May 27 19:08:33.581202 np0000001541 neutron-periodic-workers[92062]: DEBUG neutron.db.agents_db [None req-2928860b-0162-40ef-b55e-6a519e941332 None None] Agent healthcheck: found 0 active agents {{(pid=92062) agent_health_check /opt/stack/neutron/neutron/db/agents_db.py:322}}
May 27 19:08:33.581732 np0000001541 neutron-periodic-workers[92062]: DEBUG oslo.service.backend._threading.loopingcall [None req-2928860b-0162-40ef-b55e-6a519e941332 None None] Fixed interval looping call 'neutron.plugins.ml2.plugin.AgentDbMixin.agent_health_check' sleeping for 37.00 seconds {{(pid=92062) _run_loop /opt/stack/data/venv/lib/python3.12/site-packages/oslo_service/backend/_threading/loopingcall.py:125}}
May 27 19:08:36.554567 np0000001541 neutron-periodic-workers[92046]: DEBUG oslo.service.backend._threading.loopingcall [None req-a165f6d3-934a-4d46-a3b6-bbd64a2a8075 None None] Fixed interval looping call 'neutron.plugins.ml2.plugin.DhcpAgentSchedulerDbMixin.remove_networks_from_down_agents' sleeping for 36.99 seconds {{(pid=92046) _run_loop /opt/stack/data/venv/lib/python3.12/site-packages/oslo_service/backend/_threading/loopingcall.py:125}}
May 27 19:08:43.580979 np0000001541 neutron-periodic-workers[92062]: DEBUG dbcounter [-] [92062] Writing DB stats neutron:SELECT=1 {{(pid=92062) stat_writer /opt/stack/data/venv/lib/python3.12/site-packages/dbcounter.py:115}}
May 27 19:08:46.554645 np0000001541 neutron-periodic-workers[92046]: DEBUG dbcounter [-] [92046] Writing DB stats neutron:SELECT=3 {{(pid=92046) stat_writer /opt/stack/data/venv/lib/python3.12/site-packages/dbcounter.py:115}}
May 27 19:09:10.586992 np0000001541 neutron-periodic-workers[92062]: DEBUG neutron.db.agents_db [None req-2928860b-0162-40ef-b55e-6a519e941332 None None] Agent healthcheck: found 0 active agents {{(pid=92062) agent_health_check /opt/stack/neutron/neutron/db/agents_db.py:322}}
May 27 19:09:10.586992 np0000001541 neutron-periodic-workers[92062]: DEBUG oslo.service.backend._threading.loopingcall [None req-2928860b-0162-40ef-b55e-6a519e941332 None None] Fixed interval looping call 'neutron.plugins.ml2.plugin.AgentDbMixin.agent_health_check' sleeping for 37.00 seconds {{(pid=92062) _run_loop /opt/stack/data/venv/lib/python3.12/site-packages/oslo_service/backend/_threading/loopingcall.py:125}}
May 27 19:09:13.812278 np0000001541 neutron-periodic-workers[92046]: DEBUG oslo.service.backend._threading.loopingcall [None req-a165f6d3-934a-4d46-a3b6-bbd64a2a8075 None None] Fixed interval looping call 'neutron.plugins.ml2.plugin.DhcpAgentSchedulerDbMixin.remove_networks_from_down_agents' sleeping for 36.99 seconds {{(pid=92046) _run_loop /opt/stack/data/venv/lib/python3.12/site-packages/oslo_service/backend/_threading/loopingcall.py:125}}
May 27 19:09:20.584034 np0000001541 neutron-periodic-workers[92062]: DEBUG dbcounter [-] [92062] Writing DB stats neutron:SELECT=1 {{(pid=92062) stat_writer /opt/stack/data/venv/lib/python3.12/site-packages/dbcounter.py:115}}
May 27 19:09:23.559190 np0000001541 neutron-periodic-workers[92046]: DEBUG dbcounter [-] [92046] Writing DB stats neutron:SELECT=3 {{(pid=92046) stat_writer /opt/stack/data/venv/lib/python3.12/site-packages/dbcounter.py:115}}
May 27 19:09:41.602425 np0000001541 neutron-periodic-workers[92076]: DEBUG oslo.service.backend._threading.loopingcall [None req-3ea67981-bcdf-4810-8e7c-25c1c7d489c1 None None] Fixed interval looping call 'neutron.db.quota.driver_nolock.DbQuotaNoLockDriver._remove_expired_reservations' sleeping for 119.99 seconds {{(pid=92076) _run_loop /opt/stack/data/venv/lib/python3.12/site-packages/oslo_service/backend/_threading/loopingcall.py:125}}
May 27 19:09:47.593037 np0000001541 neutron-periodic-workers[92062]: DEBUG neutron.db.agents_db [None req-2928860b-0162-40ef-b55e-6a519e941332 None None] Agent healthcheck: found 0 active agents {{(pid=92062) agent_health_check /opt/stack/neutron/neutron/db/agents_db.py:322}}
May 27 19:09:47.593474 np0000001541 neutron-periodic-workers[92062]: DEBUG oslo.service.backend._threading.loopingcall [None req-2928860b-0162-40ef-b55e-6a519e941332 None None] Fixed interval looping call 'neutron.plugins.ml2.plugin.AgentDbMixin.agent_health_check' sleeping for 36.99 seconds {{(pid=92062) _run_loop /opt/stack/data/venv/lib/python3.12/site-packages/oslo_service/backend/_threading/loopingcall.py:125}}
May 27 19:09:50.558395 np0000001541 neutron-periodic-workers[92046]: DEBUG oslo.service.backend._threading.loopingcall [None req-a165f6d3-934a-4d46-a3b6-bbd64a2a8075 None None] Fixed interval looping call 'neutron.plugins.ml2.plugin.DhcpAgentSchedulerDbMixin.remove_networks_from_down_agents' sleeping for 36.99 seconds {{(pid=92046) _run_loop /opt/stack/data/venv/lib/python3.12/site-packages/oslo_service/backend/_threading/loopingcall.py:125}}
May 27 19:09:51.602114 np0000001541 neutron-periodic-workers[92076]: DEBUG dbcounter [-] [92076] Writing DB stats neutron:DELETE=1 {{(pid=92076) stat_writer /opt/stack/data/venv/lib/python3.12/site-packages/dbcounter.py:115}}
May 27 19:09:57.592370 np0000001541 neutron-periodic-workers[92062]: DEBUG dbcounter [-] [92062] Writing DB stats neutron:SELECT=1 {{(pid=92062) stat_writer /opt/stack/data/venv/lib/python3.12/site-packages/dbcounter.py:115}}
May 27 19:10:00.557411 np0000001541 neutron-periodic-workers[92046]: DEBUG dbcounter [-] [92046] Writing DB stats neutron:SELECT=3 {{(pid=92046) stat_writer /opt/stack/data/venv/lib/python3.12/site-packages/dbcounter.py:115}}
May 27 19:10:11.695381 np0000001541 neutron-periodic-workers[92085]: DEBUG dbcounter [-] [92085] Writer thread running {{(pid=92085) stat_writer /opt/stack/data/venv/lib/python3.12/site-packages/dbcounter.py:102}}
May 27 19:10:11.705025 np0000001541 neutron-periodic-workers[92085]: DEBUG oslo.service.backend._threading.loopingcall [None req-1fc6c085-3ee1-4ca2-87f1-9a7b3c340d9f None None] Fixed interval looping call 'neutron.services.ovn_l3.plugin.L3_NAT_dbonly_mixin._clean_garbage' sleeping for 299.90 seconds {{(pid=92085) _run_loop /opt/stack/data/venv/lib/python3.12/site-packages/oslo_service/backend/_threading/loopingcall.py:125}}
May 27 19:10:21.696044 np0000001541 neutron-periodic-workers[92085]: DEBUG dbcounter [-] [92085] Writing DB stats neutron:SELECT=1 {{(pid=92085) stat_writer /opt/stack/data/venv/lib/python3.12/site-packages/dbcounter.py:115}}
May 27 19:10:24.587117 np0000001541 neutron-periodic-workers[92062]: DEBUG neutron.db.agents_db [None req-2928860b-0162-40ef-b55e-6a519e941332 None None] Agent healthcheck: found 0 active agents {{(pid=92062) agent_health_check /opt/stack/neutron/neutron/db/agents_db.py:322}}
May 27 19:10:24.587516 np0000001541 neutron-periodic-workers[92062]: DEBUG oslo.service.backend._threading.loopingcall [None req-2928860b-0162-40ef-b55e-6a519e941332 None None] Fixed interval looping call 'neutron.plugins.ml2.plugin.AgentDbMixin.agent_health_check' sleeping for 37.00 seconds {{(pid=92062) _run_loop /opt/stack/data/venv/lib/python3.12/site-packages/oslo_service/backend/_threading/loopingcall.py:125}}
May 27 19:10:27.556421 np0000001541 neutron-periodic-workers[92046]: DEBUG oslo.service.backend._threading.loopingcall [None req-a165f6d3-934a-4d46-a3b6-bbd64a2a8075 None None] Fixed interval looping call 'neutron.plugins.ml2.plugin.DhcpAgentSchedulerDbMixin.remove_networks_from_down_agents' sleeping for 36.99 seconds {{(pid=92046) _run_loop /opt/stack/data/venv/lib/python3.12/site-packages/oslo_service/backend/_threading/loopingcall.py:125}}
May 27 19:10:34.586051 np0000001541 neutron-periodic-workers[92062]: DEBUG dbcounter [-] [92062] Writing DB stats neutron:SELECT=1 {{(pid=92062) stat_writer /opt/stack/data/venv/lib/python3.12/site-packages/dbcounter.py:115}}
May 27 19:10:37.555508 np0000001541 neutron-periodic-workers[92046]: DEBUG dbcounter [-] [92046] Writing DB stats neutron:SELECT=3 {{(pid=92046) stat_writer /opt/stack/data/venv/lib/python3.12/site-packages/dbcounter.py:115}}
May 27 19:11:01.592911 np0000001541 neutron-periodic-workers[92062]: DEBUG neutron.db.agents_db [None req-2928860b-0162-40ef-b55e-6a519e941332 None None] Agent healthcheck: found 0 active agents {{(pid=92062) agent_health_check /opt/stack/neutron/neutron/db/agents_db.py:322}}
May 27 19:11:01.592911 np0000001541 neutron-periodic-workers[92062]: DEBUG oslo.service.backend._threading.loopingcall [None req-2928860b-0162-40ef-b55e-6a519e941332 None None] Fixed interval looping call 'neutron.plugins.ml2.plugin.AgentDbMixin.agent_health_check' sleeping for 36.99 seconds {{(pid=92062) _run_loop /opt/stack/data/venv/lib/python3.12/site-packages/oslo_service/backend/_threading/loopingcall.py:125}}
May 27 19:11:04.554252 np0000001541 neutron-periodic-workers[92046]: DEBUG oslo.service.backend._threading.loopingcall [None req-a165f6d3-934a-4d46-a3b6-bbd64a2a8075 None None] Fixed interval looping call 'neutron.plugins.ml2.plugin.DhcpAgentSchedulerDbMixin.remove_networks_from_down_agents' sleeping for 36.99 seconds {{(pid=92046) _run_loop /opt/stack/data/venv/lib/python3.12/site-packages/oslo_service/backend/_threading/loopingcall.py:125}}
May 27 19:11:11.591191 np0000001541 neutron-periodic-workers[92062]: DEBUG dbcounter [-] [92062] Writing DB stats neutron:SELECT=1 {{(pid=92062) stat_writer /opt/stack/data/venv/lib/python3.12/site-packages/dbcounter.py:115}}
May 27 19:11:14.552725 np0000001541 neutron-periodic-workers[92046]: DEBUG dbcounter [-] [92046] Writing DB stats neutron:SELECT=3 {{(pid=92046) stat_writer /opt/stack/data/venv/lib/python3.12/site-packages/dbcounter.py:115}}
May 27 19:11:38.591233 np0000001541 neutron-periodic-workers[92062]: DEBUG neutron.db.agents_db [None req-2928860b-0162-40ef-b55e-6a519e941332 None None] Agent healthcheck: found 0 active agents {{(pid=92062) agent_health_check /opt/stack/neutron/neutron/db/agents_db.py:322}}
May 27 19:11:38.591624 np0000001541 neutron-periodic-workers[92062]: DEBUG oslo.service.backend._threading.loopingcall [None req-2928860b-0162-40ef-b55e-6a519e941332 None None] Fixed interval looping call 'neutron.plugins.ml2.plugin.AgentDbMixin.agent_health_check' sleeping for 36.99 seconds {{(pid=92062) _run_loop /opt/stack/data/venv/lib/python3.12/site-packages/oslo_service/backend/_threading/loopingcall.py:125}}
May 27 19:11:41.550416 np0000001541 neutron-periodic-workers[92046]: DEBUG oslo.service.backend._threading.loopingcall [None req-a165f6d3-934a-4d46-a3b6-bbd64a2a8075 None None] Fixed interval looping call 'neutron.plugins.ml2.plugin.DhcpAgentSchedulerDbMixin.remove_networks_from_down_agents' sleeping for 36.99 seconds {{(pid=92046) _run_loop /opt/stack/data/venv/lib/python3.12/site-packages/oslo_service/backend/_threading/loopingcall.py:125}}
May 27 19:11:41.595213 np0000001541 neutron-periodic-workers[92076]: DEBUG oslo.service.backend._threading.loopingcall [None req-3ea67981-bcdf-4810-8e7c-25c1c7d489c1 None None] Fixed interval looping call 'neutron.db.quota.driver_nolock.DbQuotaNoLockDriver._remove_expired_reservations' sleeping for 120.00 seconds {{(pid=92076) _run_loop /opt/stack/data/venv/lib/python3.12/site-packages/oslo_service/backend/_threading/loopingcall.py:125}}
May 27 19:11:48.590074 np0000001541 neutron-periodic-workers[92062]: DEBUG dbcounter [-] [92062] Writing DB stats neutron:SELECT=1 {{(pid=92062) stat_writer /opt/stack/data/venv/lib/python3.12/site-packages/dbcounter.py:115}}
May 27 19:11:51.549921 np0000001541 neutron-periodic-workers[92046]: DEBUG dbcounter [-] [92046] Writing DB stats neutron:SELECT=3 {{(pid=92046) stat_writer /opt/stack/data/venv/lib/python3.12/site-packages/dbcounter.py:115}}
May 27 19:11:51.595209 np0000001541 neutron-periodic-workers[92076]: DEBUG dbcounter [-] [92076] Writing DB stats neutron:DELETE=1 {{(pid=92076) stat_writer /opt/stack/data/venv/lib/python3.12/site-packages/dbcounter.py:115}}
May 27 19:12:15.585795 np0000001541 neutron-periodic-workers[92062]: DEBUG neutron.db.agents_db [None req-2928860b-0162-40ef-b55e-6a519e941332 None None] Agent healthcheck: found 0 active agents {{(pid=92062) agent_health_check /opt/stack/neutron/neutron/db/agents_db.py:322}}
May 27 19:12:15.585795 np0000001541 neutron-periodic-workers[92062]: DEBUG oslo.service.backend._threading.loopingcall [None req-2928860b-0162-40ef-b55e-6a519e941332 None None] Fixed interval looping call 'neutron.plugins.ml2.plugin.AgentDbMixin.agent_health_check' sleeping for 37.00 seconds {{(pid=92062) _run_loop /opt/stack/data/venv/lib/python3.12/site-packages/oslo_service/backend/_threading/loopingcall.py:125}}
May 27 19:12:18.557101 np0000001541 neutron-periodic-workers[92046]: DEBUG oslo.service.backend._threading.loopingcall [None req-a165f6d3-934a-4d46-a3b6-bbd64a2a8075 None None] Fixed interval looping call 'neutron.plugins.ml2.plugin.DhcpAgentSchedulerDbMixin.remove_networks_from_down_agents' sleeping for 36.98 seconds {{(pid=92046) _run_loop /opt/stack/data/venv/lib/python3.12/site-packages/oslo_service/backend/_threading/loopingcall.py:125}}
May 27 19:12:25.583961 np0000001541 neutron-periodic-workers[92062]: DEBUG dbcounter [-] [92062] Writing DB stats neutron:SELECT=1 {{(pid=92062) stat_writer /opt/stack/data/venv/lib/python3.12/site-packages/dbcounter.py:115}}
May 27 19:12:28.555409 np0000001541 neutron-periodic-workers[92046]: DEBUG dbcounter [-] [92046] Writing DB stats neutron:SELECT=3 {{(pid=92046) stat_writer /opt/stack/data/venv/lib/python3.12/site-packages/dbcounter.py:115}}
May 27 19:12:52.590226 np0000001541 neutron-periodic-workers[92062]: DEBUG neutron.db.agents_db [None req-2928860b-0162-40ef-b55e-6a519e941332 None None] Agent healthcheck: found 0 active agents {{(pid=92062) agent_health_check /opt/stack/neutron/neutron/db/agents_db.py:322}}
May 27 19:12:52.590226 np0000001541 neutron-periodic-workers[92062]: DEBUG oslo.service.backend._threading.loopingcall [None req-2928860b-0162-40ef-b55e-6a519e941332 None None] Fixed interval looping call 'neutron.plugins.ml2.plugin.AgentDbMixin.agent_health_check' sleeping for 37.00 seconds {{(pid=92062) _run_loop /opt/stack/data/venv/lib/python3.12/site-packages/oslo_service/backend/_threading/loopingcall.py:125}}
May 27 19:12:55.547459 np0000001541 neutron-periodic-workers[92046]: DEBUG oslo.service.backend._threading.loopingcall [None req-a165f6d3-934a-4d46-a3b6-bbd64a2a8075 None None] Fixed interval looping call 'neutron.plugins.ml2.plugin.DhcpAgentSchedulerDbMixin.remove_networks_from_down_agents' sleeping for 36.99 seconds {{(pid=92046) _run_loop /opt/stack/data/venv/lib/python3.12/site-packages/oslo_service/backend/_threading/loopingcall.py:125}}
May 27 19:13:02.588540 np0000001541 neutron-periodic-workers[92062]: DEBUG dbcounter [-] [92062] Writing DB stats neutron:SELECT=1 {{(pid=92062) stat_writer /opt/stack/data/venv/lib/python3.12/site-packages/dbcounter.py:115}}
May 27 19:13:05.546035 np0000001541 neutron-periodic-workers[92046]: DEBUG dbcounter [-] [92046] Writing DB stats neutron:SELECT=3 {{(pid=92046) stat_writer /opt/stack/data/venv/lib/python3.12/site-packages/dbcounter.py:115}}
May 27 19:13:29.595538 np0000001541 neutron-periodic-workers[92062]: DEBUG neutron.db.agents_db [None req-2928860b-0162-40ef-b55e-6a519e941332 None None] Agent healthcheck: found 0 active agents {{(pid=92062) agent_health_check /opt/stack/neutron/neutron/db/agents_db.py:322}}
May 27 19:13:29.595814 np0000001541 neutron-periodic-workers[92062]: DEBUG oslo.service.backend._threading.loopingcall [None req-2928860b-0162-40ef-b55e-6a519e941332 None None] Fixed interval looping call 'neutron.plugins.ml2.plugin.AgentDbMixin.agent_health_check' sleeping for 36.99 seconds {{(pid=92062) _run_loop /opt/stack/data/venv/lib/python3.12/site-packages/oslo_service/backend/_threading/loopingcall.py:125}}
May 27 19:13:32.545075 np0000001541 neutron-periodic-workers[92046]: DEBUG oslo.service.backend._threading.loopingcall [None req-a165f6d3-934a-4d46-a3b6-bbd64a2a8075 None None] Fixed interval looping call 'neutron.plugins.ml2.plugin.DhcpAgentSchedulerDbMixin.remove_networks_from_down_agents' sleeping for 36.99 seconds {{(pid=92046) _run_loop /opt/stack/data/venv/lib/python3.12/site-packages/oslo_service/backend/_threading/loopingcall.py:125}}
May 27 19:13:39.593246 np0000001541 neutron-periodic-workers[92062]: DEBUG dbcounter [-] [92062] Writing DB stats neutron:SELECT=1 {{(pid=92062) stat_writer /opt/stack/data/venv/lib/python3.12/site-packages/dbcounter.py:115}}
May 27 19:13:41.599552 np0000001541 neutron-periodic-workers[92076]: DEBUG oslo.service.backend._threading.loopingcall [None req-3ea67981-bcdf-4810-8e7c-25c1c7d489c1 None None] Fixed interval looping call 'neutron.db.quota.driver_nolock.DbQuotaNoLockDriver._remove_expired_reservations' sleeping for 120.00 seconds {{(pid=92076) _run_loop /opt/stack/data/venv/lib/python3.12/site-packages/oslo_service/backend/_threading/loopingcall.py:125}}
May 27 19:13:42.544195 np0000001541 neutron-periodic-workers[92046]: DEBUG dbcounter [-] [92046] Writing DB stats neutron:SELECT=3 {{(pid=92046) stat_writer /opt/stack/data/venv/lib/python3.12/site-packages/dbcounter.py:115}}
May 27 19:13:51.598032 np0000001541 neutron-periodic-workers[92076]: DEBUG dbcounter [-] [92076] Writing DB stats neutron:DELETE=1 {{(pid=92076) stat_writer /opt/stack/data/venv/lib/python3.12/site-packages/dbcounter.py:115}}
May 27 19:14:06.589782 np0000001541 neutron-periodic-workers[92062]: DEBUG neutron.db.agents_db [None req-2928860b-0162-40ef-b55e-6a519e941332 None None] Agent healthcheck: found 0 active agents {{(pid=92062) agent_health_check /opt/stack/neutron/neutron/db/agents_db.py:322}}
May 27 19:14:06.589782 np0000001541 neutron-periodic-workers[92062]: DEBUG oslo.service.backend._threading.loopingcall [None req-2928860b-0162-40ef-b55e-6a519e941332 None None] Fixed interval looping call 'neutron.plugins.ml2.plugin.AgentDbMixin.agent_health_check' sleeping for 37.00 seconds {{(pid=92062) _run_loop /opt/stack/data/venv/lib/python3.12/site-packages/oslo_service/backend/_threading/loopingcall.py:125}}
May 27 19:14:09.552523 np0000001541 neutron-periodic-workers[92046]: DEBUG oslo.service.backend._threading.loopingcall [None req-a165f6d3-934a-4d46-a3b6-bbd64a2a8075 None None] Fixed interval looping call 'neutron.plugins.ml2.plugin.DhcpAgentSchedulerDbMixin.remove_networks_from_down_agents' sleeping for 36.99 seconds {{(pid=92046) _run_loop /opt/stack/data/venv/lib/python3.12/site-packages/oslo_service/backend/_threading/loopingcall.py:125}}
May 27 19:14:16.589334 np0000001541 neutron-periodic-workers[92062]: DEBUG dbcounter [-] [92062] Writing DB stats neutron:SELECT=1 {{(pid=92062) stat_writer /opt/stack/data/venv/lib/python3.12/site-packages/dbcounter.py:115}}
May 27 19:14:19.546708 np0000001541 neutron-periodic-workers[92046]: DEBUG dbcounter [-] [92046] Writing DB stats neutron:SELECT=3 {{(pid=92046) stat_writer /opt/stack/data/venv/lib/python3.12/site-packages/dbcounter.py:115}}
May 27 19:14:43.599226 np0000001541 neutron-periodic-workers[92062]: DEBUG neutron.db.agents_db [None req-2928860b-0162-40ef-b55e-6a519e941332 None None] Agent healthcheck: found 0 active agents {{(pid=92062) agent_health_check /opt/stack/neutron/neutron/db/agents_db.py:322}}
May 27 19:14:43.599608 np0000001541 neutron-periodic-workers[92062]: DEBUG oslo.service.backend._threading.loopingcall [None req-2928860b-0162-40ef-b55e-6a519e941332 None None] Fixed interval looping call 'neutron.plugins.ml2.plugin.AgentDbMixin.agent_health_check' sleeping for 36.99 seconds {{(pid=92062) _run_loop /opt/stack/data/venv/lib/python3.12/site-packages/oslo_service/backend/_threading/loopingcall.py:125}}
May 27 19:14:46.548270 np0000001541 neutron-periodic-workers[92046]: DEBUG oslo.service.backend._threading.loopingcall [None req-a165f6d3-934a-4d46-a3b6-bbd64a2a8075 None None] Fixed interval looping call 'neutron.plugins.ml2.plugin.DhcpAgentSchedulerDbMixin.remove_networks_from_down_agents' sleeping for 36.99 seconds {{(pid=92046) _run_loop /opt/stack/data/venv/lib/python3.12/site-packages/oslo_service/backend/_threading/loopingcall.py:125}}
May 27 19:14:53.595957 np0000001541 neutron-periodic-workers[92062]: DEBUG dbcounter [-] [92062] Writing DB stats neutron:SELECT=1 {{(pid=92062) stat_writer /opt/stack/data/venv/lib/python3.12/site-packages/dbcounter.py:115}}
May 27 19:14:56.545806 np0000001541 neutron-periodic-workers[92046]: DEBUG dbcounter [-] [92046] Writing DB stats neutron:SELECT=3 {{(pid=92046) stat_writer /opt/stack/data/venv/lib/python3.12/site-packages/dbcounter.py:115}}
May 27 19:15:11.612496 np0000001541 neutron-periodic-workers[92085]: DEBUG oslo.service.backend._threading.loopingcall [None req-1fc6c085-3ee1-4ca2-87f1-9a7b3c340d9f None None] Fixed interval looping call 'neutron.services.ovn_l3.plugin.L3_NAT_dbonly_mixin._clean_garbage' sleeping for 299.99 seconds {{(pid=92085) _run_loop /opt/stack/data/venv/lib/python3.12/site-packages/oslo_service/backend/_threading/loopingcall.py:125}}
May 27 19:15:20.598927 np0000001541 neutron-periodic-workers[92062]: DEBUG neutron.db.agents_db [None req-2928860b-0162-40ef-b55e-6a519e941332 None None] Agent healthcheck: found 0 active agents {{(pid=92062) agent_health_check /opt/stack/neutron/neutron/db/agents_db.py:322}}
May 27 19:15:20.599452 np0000001541 neutron-periodic-workers[92062]: DEBUG oslo.service.backend._threading.loopingcall [None req-2928860b-0162-40ef-b55e-6a519e941332 None None] Fixed interval looping call 'neutron.plugins.ml2.plugin.AgentDbMixin.agent_health_check' sleeping for 36.99 seconds {{(pid=92062) _run_loop /opt/stack/data/venv/lib/python3.12/site-packages/oslo_service/backend/_threading/loopingcall.py:125}}
May 27 19:15:21.607598 np0000001541 neutron-periodic-workers[92085]: DEBUG dbcounter [-] [92085] Writing DB stats neutron:SELECT=1 {{(pid=92085) stat_writer /opt/stack/data/venv/lib/python3.12/site-packages/dbcounter.py:115}}
May 27 19:15:23.543777 np0000001541 neutron-periodic-workers[92046]: DEBUG oslo.service.backend._threading.loopingcall [None req-a165f6d3-934a-4d46-a3b6-bbd64a2a8075 None None] Fixed interval looping call 'neutron.plugins.ml2.plugin.DhcpAgentSchedulerDbMixin.remove_networks_from_down_agents' sleeping for 36.99 seconds {{(pid=92046) _run_loop /opt/stack/data/venv/lib/python3.12/site-packages/oslo_service/backend/_threading/loopingcall.py:125}}
May 27 19:15:30.594377 np0000001541 neutron-periodic-workers[92062]: DEBUG dbcounter [-] [92062] Writing DB stats neutron:SELECT=1 {{(pid=92062) stat_writer /opt/stack/data/venv/lib/python3.12/site-packages/dbcounter.py:115}}
May 27 19:15:33.543017 np0000001541 neutron-periodic-workers[92046]: DEBUG dbcounter [-] [92046] Writing DB stats neutron:SELECT=3 {{(pid=92046) stat_writer /opt/stack/data/venv/lib/python3.12/site-packages/dbcounter.py:115}}
May 27 19:15:41.603189 np0000001541 neutron-periodic-workers[92076]: DEBUG oslo.service.backend._threading.loopingcall [None req-3ea67981-bcdf-4810-8e7c-25c1c7d489c1 None None] Fixed interval looping call 'neutron.db.quota.driver_nolock.DbQuotaNoLockDriver._remove_expired_reservations' sleeping for 120.00 seconds {{(pid=92076) _run_loop /opt/stack/data/venv/lib/python3.12/site-packages/oslo_service/backend/_threading/loopingcall.py:125}}
May 27 19:15:51.601366 np0000001541 neutron-periodic-workers[92076]: DEBUG dbcounter [-] [92076] Writing DB stats neutron:DELETE=1 {{(pid=92076) stat_writer /opt/stack/data/venv/lib/python3.12/site-packages/dbcounter.py:115}}
May 27 19:15:57.595543 np0000001541 neutron-periodic-workers[92062]: DEBUG neutron.db.agents_db [None req-2928860b-0162-40ef-b55e-6a519e941332 None None] Agent healthcheck: found 0 active agents {{(pid=92062) agent_health_check /opt/stack/neutron/neutron/db/agents_db.py:322}}
May 27 19:15:57.596006 np0000001541 neutron-periodic-workers[92062]: DEBUG oslo.service.backend._threading.loopingcall [None req-2928860b-0162-40ef-b55e-6a519e941332 None None] Fixed interval looping call 'neutron.plugins.ml2.plugin.AgentDbMixin.agent_health_check' sleeping for 36.99 seconds {{(pid=92062) _run_loop /opt/stack/data/venv/lib/python3.12/site-packages/oslo_service/backend/_threading/loopingcall.py:125}}
May 27 19:16:00.540777 np0000001541 neutron-periodic-workers[92046]: DEBUG oslo.service.backend._threading.loopingcall [None req-a165f6d3-934a-4d46-a3b6-bbd64a2a8075 None None] Fixed interval looping call 'neutron.plugins.ml2.plugin.DhcpAgentSchedulerDbMixin.remove_networks_from_down_agents' sleeping for 36.99 seconds {{(pid=92046) _run_loop /opt/stack/data/venv/lib/python3.12/site-packages/oslo_service/backend/_threading/loopingcall.py:125}}
May 27 19:16:07.592236 np0000001541 neutron-periodic-workers[92062]: DEBUG dbcounter [-] [92062] Writing DB stats neutron:SELECT=1 {{(pid=92062) stat_writer /opt/stack/data/venv/lib/python3.12/site-packages/dbcounter.py:115}}
May 27 19:16:10.539456 np0000001541 neutron-periodic-workers[92046]: DEBUG dbcounter [-] [92046] Writing DB stats neutron:SELECT=3 {{(pid=92046) stat_writer /opt/stack/data/venv/lib/python3.12/site-packages/dbcounter.py:115}}
May 27 19:16:34.594685 np0000001541 neutron-periodic-workers[92062]: DEBUG neutron.db.agents_db [None req-2928860b-0162-40ef-b55e-6a519e941332 None None] Agent healthcheck: found 0 active agents {{(pid=92062) agent_health_check /opt/stack/neutron/neutron/db/agents_db.py:322}}
May 27 19:16:34.594971 np0000001541 neutron-periodic-workers[92062]: DEBUG oslo.service.backend._threading.loopingcall [None req-2928860b-0162-40ef-b55e-6a519e941332 None None] Fixed interval looping call 'neutron.plugins.ml2.plugin.AgentDbMixin.agent_health_check' sleeping for 36.99 seconds {{(pid=92062) _run_loop /opt/stack/data/venv/lib/python3.12/site-packages/oslo_service/backend/_threading/loopingcall.py:125}}
May 27 19:16:37.537360 np0000001541 neutron-periodic-workers[92046]: DEBUG oslo.service.backend._threading.loopingcall [None req-a165f6d3-934a-4d46-a3b6-bbd64a2a8075 None None] Fixed interval looping call 'neutron.plugins.ml2.plugin.DhcpAgentSchedulerDbMixin.remove_networks_from_down_agents' sleeping for 36.99 seconds {{(pid=92046) _run_loop /opt/stack/data/venv/lib/python3.12/site-packages/oslo_service/backend/_threading/loopingcall.py:125}}
May 27 19:16:44.590756 np0000001541 neutron-periodic-workers[92062]: DEBUG dbcounter [-] [92062] Writing DB stats neutron:SELECT=1 {{(pid=92062) stat_writer /opt/stack/data/venv/lib/python3.12/site-packages/dbcounter.py:115}}
May 27 19:16:47.536418 np0000001541 neutron-periodic-workers[92046]: DEBUG dbcounter [-] [92046] Writing DB stats neutron:SELECT=3 {{(pid=92046) stat_writer /opt/stack/data/venv/lib/python3.12/site-packages/dbcounter.py:115}}
May 27 19:17:11.589375 np0000001541 neutron-periodic-workers[92062]: DEBUG neutron.db.agents_db [None req-2928860b-0162-40ef-b55e-6a519e941332 None None] Agent healthcheck: found 0 active agents {{(pid=92062) agent_health_check /opt/stack/neutron/neutron/db/agents_db.py:322}}
May 27 19:17:11.589703 np0000001541 neutron-periodic-workers[92062]: DEBUG oslo.service.backend._threading.loopingcall [None req-2928860b-0162-40ef-b55e-6a519e941332 None None] Fixed interval looping call 'neutron.plugins.ml2.plugin.AgentDbMixin.agent_health_check' sleeping for 37.00 seconds {{(pid=92062) _run_loop /opt/stack/data/venv/lib/python3.12/site-packages/oslo_service/backend/_threading/loopingcall.py:125}}
May 27 19:17:14.534543 np0000001541 neutron-periodic-workers[92046]: DEBUG oslo.service.backend._threading.loopingcall [None req-a165f6d3-934a-4d46-a3b6-bbd64a2a8075 None None] Fixed interval looping call 'neutron.plugins.ml2.plugin.DhcpAgentSchedulerDbMixin.remove_networks_from_down_agents' sleeping for 36.99 seconds {{(pid=92046) _run_loop /opt/stack/data/venv/lib/python3.12/site-packages/oslo_service/backend/_threading/loopingcall.py:125}}
May 27 19:17:21.589163 np0000001541 neutron-periodic-workers[92062]: DEBUG dbcounter [-] [92062] Writing DB stats neutron:SELECT=1 {{(pid=92062) stat_writer /opt/stack/data/venv/lib/python3.12/site-packages/dbcounter.py:115}}
May 27 19:17:24.533686 np0000001541 neutron-periodic-workers[92046]: DEBUG dbcounter [-] [92046] Writing DB stats neutron:SELECT=3 {{(pid=92046) stat_writer /opt/stack/data/venv/lib/python3.12/site-packages/dbcounter.py:115}}
May 27 19:17:41.609312 np0000001541 neutron-periodic-workers[92076]: DEBUG oslo.service.backend._threading.loopingcall [None req-3ea67981-bcdf-4810-8e7c-25c1c7d489c1 None None] Fixed interval looping call 'neutron.db.quota.driver_nolock.DbQuotaNoLockDriver._remove_expired_reservations' sleeping for 120.00 seconds {{(pid=92076) _run_loop /opt/stack/data/venv/lib/python3.12/site-packages/oslo_service/backend/_threading/loopingcall.py:125}}
May 27 19:17:48.593602 np0000001541 neutron-periodic-workers[92062]: DEBUG neutron.db.agents_db [None req-2928860b-0162-40ef-b55e-6a519e941332 None None] Agent healthcheck: found 0 active agents {{(pid=92062) agent_health_check /opt/stack/neutron/neutron/db/agents_db.py:322}}
May 27 19:17:48.593993 np0000001541 neutron-periodic-workers[92062]: DEBUG oslo.service.backend._threading.loopingcall [None req-2928860b-0162-40ef-b55e-6a519e941332 None None] Fixed interval looping call 'neutron.plugins.ml2.plugin.AgentDbMixin.agent_health_check' sleeping for 37.00 seconds {{(pid=92062) _run_loop /opt/stack/data/venv/lib/python3.12/site-packages/oslo_service/backend/_threading/loopingcall.py:125}}
May 27 19:17:51.531441 np0000001541 neutron-periodic-workers[92046]: DEBUG oslo.service.backend._threading.loopingcall [None req-a165f6d3-934a-4d46-a3b6-bbd64a2a8075 None None] Fixed interval looping call 'neutron.plugins.ml2.plugin.DhcpAgentSchedulerDbMixin.remove_networks_from_down_agents' sleeping for 36.99 seconds {{(pid=92046) _run_loop /opt/stack/data/venv/lib/python3.12/site-packages/oslo_service/backend/_threading/loopingcall.py:125}}
May 27 19:17:51.605722 np0000001541 neutron-periodic-workers[92076]: DEBUG dbcounter [-] [92076] Writing DB stats neutron:DELETE=1 {{(pid=92076) stat_writer /opt/stack/data/venv/lib/python3.12/site-packages/dbcounter.py:115}}
May 27 19:17:58.592152 np0000001541 neutron-periodic-workers[92062]: DEBUG dbcounter [-] [92062] Writing DB stats neutron:SELECT=1 {{(pid=92062) stat_writer /opt/stack/data/venv/lib/python3.12/site-packages/dbcounter.py:115}}
