Jun 16 13:39:25.855389 np0000002948 devstack@g-api.service[98911]: DEBUG glance.common.config [None req-aadf891f-2c5f-48e4-b8e4-9be2d4d58ffb None None] healthcheck.allowed_source_ranges = [] {{(pid=98911) log_opt_values /opt/stack/data/venv/lib/python3.12/site-packages/oslo_config/cfg.py:3253}}
Jun 16 13:39:25.855425 np0000002948 devstack@g-api.service[98910]: DEBUG glance.common.config [None req-64e46dad-433e-46c5-bde3-b36ad442d5fa None None] database.asyncio_slave_connection = **** {{(pid=98910) log_opt_values /opt/stack/data/venv/lib/python3.12/site-packages/oslo_config/cfg.py:3253}}
Jun 16 13:39:25.855466 np0000002948 devstack@g-api.service[98911]: DEBUG glance.common.config [None req-aadf891f-2c5f-48e4-b8e4-9be2d4d58ffb None None] healthcheck.backends = ['disable_by_file'] {{(pid=98911) log_opt_values /opt/stack/data/venv/lib/python3.12/site-packages/oslo_config/cfg.py:3253}}
Jun 16 13:39:25.855504 np0000002948 devstack@g-api.service[98910]: DEBUG glance.common.config [None req-64e46dad-433e-46c5-bde3-b36ad442d5fa None None] database.backend = sqlalchemy {{(pid=98910) log_opt_values /opt/stack/data/venv/lib/python3.12/site-packages/oslo_config/cfg.py:3253}}
Jun 16 13:39:25.855563 np0000002948 devstack@g-api.service[98911]: DEBUG glance.common.config [None req-aadf891f-2c5f-48e4-b8e4-9be2d4d58ffb None None] healthcheck.detailed = False {{(pid=98911) log_opt_values /opt/stack/data/venv/lib/python3.12/site-packages/oslo_config/cfg.py:3253}}
Jun 16 13:39:25.855668 np0000002948 devstack@g-api.service[98910]: DEBUG glance.common.config [None req-64e46dad-433e-46c5-bde3-b36ad442d5fa None None] database.connection = **** {{(pid=98910) log_opt_values /opt/stack/data/venv/lib/python3.12/site-packages/oslo_config/cfg.py:3253}}
Jun 16 13:39:25.855709 np0000002948 devstack@g-api.service[98911]: DEBUG glance.common.config [None req-aadf891f-2c5f-48e4-b8e4-9be2d4d58ffb None None] healthcheck.disable_by_file_path = None {{(pid=98911) log_opt_values /opt/stack/data/venv/lib/python3.12/site-packages/oslo_config/cfg.py:3253}}
Jun 16 13:39:25.855744 np0000002948 devstack@g-api.service[98911]: DEBUG glance.common.config [None req-aadf891f-2c5f-48e4-b8e4-9be2d4d58ffb None None] healthcheck.ignore_proxied_requests = False {{(pid=98911) log_opt_values /opt/stack/data/venv/lib/python3.12/site-packages/oslo_config/cfg.py:3253}}
Jun 16 13:39:25.855773 np0000002948 devstack@g-api.service[98910]: DEBUG glance.common.config [None req-64e46dad-433e-46c5-bde3-b36ad442d5fa None None] database.connection_debug = 0 {{(pid=98910) log_opt_values /opt/stack/data/venv/lib/python3.12/site-packages/oslo_config/cfg.py:3253}}
Jun 16 13:39:25.855826 np0000002948 devstack@g-api.service[98911]: DEBUG glance.common.config [None req-aadf891f-2c5f-48e4-b8e4-9be2d4d58ffb None None] ******************************************************************************** {{(pid=98911) log_opt_values /opt/stack/data/venv/lib/python3.12/site-packages/oslo_config/cfg.py:3260}}
Jun 16 13:39:25.855875 np0000002948 devstack@g-api.service[98910]: DEBUG glance.common.config [None req-64e46dad-433e-46c5-bde3-b36ad442d5fa None None] database.connection_parameters = {{(pid=98910) log_opt_values /opt/stack/data/venv/lib/python3.12/site-packages/oslo_config/cfg.py:3253}}
Jun 16 13:39:25.855908 np0000002948 devstack@g-api.service[98911]: WSGI app 0 (mountpoint='') ready in 2 seconds on interpreter 0x74c1f1ea3668 pid: 98911 (default app)
Jun 16 13:39:25.855963 np0000002948 devstack@g-api.service[98910]: DEBUG glance.common.config [None req-64e46dad-433e-46c5-bde3-b36ad442d5fa None None] database.connection_recycle_time = 3600 {{(pid=98910) log_opt_values /opt/stack/data/venv/lib/python3.12/site-packages/oslo_config/cfg.py:3253}}
Jun 16 13:39:25.856050 np0000002948 devstack@g-api.service[98910]: DEBUG glance.common.config [None req-64e46dad-433e-46c5-bde3-b36ad442d5fa None None] database.connection_trace = False {{(pid=98910) log_opt_values /opt/stack/data/venv/lib/python3.12/site-packages/oslo_config/cfg.py:3253}}
Jun 16 13:39:25.856135 np0000002948 devstack@g-api.service[98910]: DEBUG glance.common.config [None req-64e46dad-433e-46c5-bde3-b36ad442d5fa None None] database.db_inc_retry_interval = True {{(pid=98910) log_opt_values /opt/stack/data/venv/lib/python3.12/site-packages/oslo_config/cfg.py:3253}}
Jun 16 13:39:25.856253 np0000002948 devstack@g-api.service[98910]: DEBUG glance.common.config [None req-64e46dad-433e-46c5-bde3-b36ad442d5fa None None] database.db_max_retries = 20 {{(pid=98910) log_opt_values /opt/stack/data/venv/lib/python3.12/site-packages/oslo_config/cfg.py:3253}}
Jun 16 13:39:25.856339 np0000002948 devstack@g-api.service[98910]: DEBUG glance.common.config [None req-64e46dad-433e-46c5-bde3-b36ad442d5fa None None] database.db_max_retry_interval = 10 {{(pid=98910) log_opt_values /opt/stack/data/venv/lib/python3.12/site-packages/oslo_config/cfg.py:3253}}
Jun 16 13:39:25.856402 np0000002948 devstack@g-api.service[98911]: DEBUG glance.api.middleware.version_negotiation [None req-aadf891f-2c5f-48e4-b8e4-9be2d4d58ffb None None] Determining version of request: GET / Accept: */* {{(pid=98911) process_request /opt/stack/glance/glance/api/middleware/version_negotiation.py:44}}
Jun 16 13:39:25.856430 np0000002948 devstack@g-api.service[98910]: DEBUG glance.common.config [None req-64e46dad-433e-46c5-bde3-b36ad442d5fa None None] database.db_retry_interval = 1 {{(pid=98910) log_opt_values /opt/stack/data/venv/lib/python3.12/site-packages/oslo_config/cfg.py:3253}}
Jun 16 13:39:25.856509 np0000002948 devstack@g-api.service[98911]: DEBUG glance.api.middleware.version_negotiation [None req-aadf891f-2c5f-48e4-b8e4-9be2d4d58ffb None None] Using url versioning {{(pid=98911) process_request /opt/stack/glance/glance/api/middleware/version_negotiation.py:57}}
Jun 16 13:39:25.856560 np0000002948 devstack@g-api.service[98910]: DEBUG glance.common.config [None req-64e46dad-433e-46c5-bde3-b36ad442d5fa None None] database.max_overflow = 50 {{(pid=98910) log_opt_values /opt/stack/data/venv/lib/python3.12/site-packages/oslo_config/cfg.py:3253}}
Jun 16 13:39:25.856622 np0000002948 devstack@g-api.service[98910]: DEBUG glance.common.config [None req-64e46dad-433e-46c5-bde3-b36ad442d5fa None None] database.max_pool_size = 5 {{(pid=98910) log_opt_values /opt/stack/data/venv/lib/python3.12/site-packages/oslo_config/cfg.py:3253}}
Jun 16 13:39:25.856692 np0000002948 devstack@g-api.service[98911]: DEBUG glance.api.middleware.version_negotiation [None req-aadf891f-2c5f-48e4-b8e4-9be2d4d58ffb None None] Unknown version. Returning version choices. {{(pid=98911) process_request /opt/stack/glance/glance/api/middleware/version_negotiation.py:64}}
Jun 16 13:39:25.856733 np0000002948 devstack@g-api.service[98910]: DEBUG glance.common.config [None req-64e46dad-433e-46c5-bde3-b36ad442d5fa None None] database.max_retries = 10 {{(pid=98910) log_opt_values /opt/stack/data/venv/lib/python3.12/site-packages/oslo_config/cfg.py:3253}}
Jun 16 13:39:25.856809 np0000002948 devstack@g-api.service[98910]: DEBUG glance.common.config [None req-64e46dad-433e-46c5-bde3-b36ad442d5fa None None] database.mysql_sql_mode = TRADITIONAL {{(pid=98910) log_opt_values /opt/stack/data/venv/lib/python3.12/site-packages/oslo_config/cfg.py:3253}}
Jun 16 13:39:25.856897 np0000002948 devstack@g-api.service[98910]: DEBUG glance.common.config [None req-64e46dad-433e-46c5-bde3-b36ad442d5fa None None] database.mysql_wsrep_sync_wait = None {{(pid=98910) log_opt_values /opt/stack/data/venv/lib/python3.12/site-packages/oslo_config/cfg.py:3253}}
Jun 16 13:39:25.856981 np0000002948 devstack@g-api.service[98910]: DEBUG glance.common.config [None req-64e46dad-433e-46c5-bde3-b36ad442d5fa None None] database.pool_timeout = None {{(pid=98910) log_opt_values /opt/stack/data/venv/lib/python3.12/site-packages/oslo_config/cfg.py:3253}}
Jun 16 13:39:25.857068 np0000002948 devstack@g-api.service[98910]: DEBUG glance.common.config [None req-64e46dad-433e-46c5-bde3-b36ad442d5fa None None] database.retry_interval = 10 {{(pid=98910) log_opt_values /opt/stack/data/venv/lib/python3.12/site-packages/oslo_config/cfg.py:3253}}
Jun 16 13:39:25.857166 np0000002948 devstack@g-api.service[98910]: DEBUG glance.common.config [None req-64e46dad-433e-46c5-bde3-b36ad442d5fa None None] database.slave_connection = **** {{(pid=98910) log_opt_values /opt/stack/data/venv/lib/python3.12/site-packages/oslo_config/cfg.py:3253}}
Jun 16 13:39:25.857269 np0000002948 devstack@g-api.service[98910]: DEBUG glance.common.config [None req-64e46dad-433e-46c5-bde3-b36ad442d5fa None None] database.sqlite_synchronous = True {{(pid=98910) log_opt_values /opt/stack/data/venv/lib/python3.12/site-packages/oslo_config/cfg.py:3253}}
Jun 16 13:39:25.857396 np0000002948 devstack@g-api.service[98910]: DEBUG glance.common.config [None req-64e46dad-433e-46c5-bde3-b36ad442d5fa None None] database.synchronous_reader = True {{(pid=98910) log_opt_values /opt/stack/data/venv/lib/python3.12/site-packages/oslo_config/cfg.py:3253}}
Jun 16 13:39:25.857497 np0000002948 devstack@g-api.service[98910]: DEBUG glance.common.config [None req-64e46dad-433e-46c5-bde3-b36ad442d5fa None None] database.use_db_reconnect = False {{(pid=98910) log_opt_values /opt/stack/data/venv/lib/python3.12/site-packages/oslo_config/cfg.py:3253}}
Jun 16 13:39:25.857541 np0000002948 devstack@g-api.service[98911]: [pid: 98911|app: 0|req: 1/1] 127.0.0.1 () {34 vars in 451 bytes} [Tue Jun 16 13:39:25 2026] GET / => generated 1394 bytes in 1 msecs (HTTP/1.1 300) 3 headers in 106 bytes (1 switches on core 0)
Jun 16 13:39:25.857638 np0000002948 devstack@g-api.service[98910]: DEBUG glance.common.config [None req-64e46dad-433e-46c5-bde3-b36ad442d5fa None None] healthcheck.allowed_source_ranges = [] {{(pid=98910) log_opt_values /opt/stack/data/venv/lib/python3.12/site-packages/oslo_config/cfg.py:3253}}
Jun 16 13:39:25.857752 np0000002948 devstack@g-api.service[98910]: DEBUG glance.common.config [None req-64e46dad-433e-46c5-bde3-b36ad442d5fa None None] healthcheck.backends = ['disable_by_file'] {{(pid=98910) log_opt_values /opt/stack/data/venv/lib/python3.12/site-packages/oslo_config/cfg.py:3253}}
Jun 16 13:39:25.857848 np0000002948 devstack@g-api.service[98910]: DEBUG glance.common.config [None req-64e46dad-433e-46c5-bde3-b36ad442d5fa None None] healthcheck.detailed = False {{(pid=98910) log_opt_values /opt/stack/data/venv/lib/python3.12/site-packages/oslo_config/cfg.py:3253}}
Jun 16 13:39:25.857935 np0000002948 devstack@g-api.service[98910]: DEBUG glance.common.config [None req-64e46dad-433e-46c5-bde3-b36ad442d5fa None None] healthcheck.disable_by_file_path = None {{(pid=98910) log_opt_values /opt/stack/data/venv/lib/python3.12/site-packages/oslo_config/cfg.py:3253}}
Jun 16 13:39:25.858020 np0000002948 devstack@g-api.service[98910]: DEBUG glance.common.config [None req-64e46dad-433e-46c5-bde3-b36ad442d5fa None None] healthcheck.ignore_proxied_requests = False {{(pid=98910) log_opt_values /opt/stack/data/venv/lib/python3.12/site-packages/oslo_config/cfg.py:3253}}
Jun 16 13:39:25.858088 np0000002948 devstack@g-api.service[98910]: DEBUG glance.common.config [None req-64e46dad-433e-46c5-bde3-b36ad442d5fa None None] ******************************************************************************** {{(pid=98910) log_opt_values /opt/stack/data/venv/lib/python3.12/site-packages/oslo_config/cfg.py:3260}}
Jun 16 13:39:25.858209 np0000002948 devstack@g-api.service[98910]: WSGI app 0 (mountpoint='') ready in 2 seconds on interpreter 0x74c1f1ea3668 pid: 98910 (default app)
Jun 16 13:39:27.705825 np0000002948 devstack@g-api.service[98911]: DEBUG glance.api.middleware.version_negotiation [None req-aadf891f-2c5f-48e4-b8e4-9be2d4d58ffb None None] Determining version of request: GET / Accept: application/json {{(pid=98911) process_request /opt/stack/glance/glance/api/middleware/version_negotiation.py:44}}
Jun 16 13:39:27.706193 np0000002948 devstack@g-api.service[98911]: DEBUG glance.api.middleware.version_negotiation [None req-aadf891f-2c5f-48e4-b8e4-9be2d4d58ffb None None] Using url versioning {{(pid=98911) process_request /opt/stack/glance/glance/api/middleware/version_negotiation.py:57}}
Jun 16 13:39:27.706193 np0000002948 devstack@g-api.service[98911]: DEBUG glance.api.middleware.version_negotiation [None req-aadf891f-2c5f-48e4-b8e4-9be2d4d58ffb None None] Unknown version. Returning version choices. {{(pid=98911) process_request /opt/stack/glance/glance/api/middleware/version_negotiation.py:64}}
Jun 16 13:39:27.706677 np0000002948 devstack@g-api.service[98911]: [pid: 98911|app: 0|req: 2/2] 127.0.0.1 () {36 vars in 569 bytes} [Tue Jun 16 13:39:27 2026] GET / => generated 1394 bytes in 1 msecs (HTTP/1.1 300) 3 headers in 106 bytes (1 switches on core 0)
Jun 16 13:39:27.716094 np0000002948 devstack@g-api.service[98910]: DEBUG glance.api.middleware.version_negotiation [None req-64e46dad-433e-46c5-bde3-b36ad442d5fa None None] Determining version of request: POST /v2/images Accept: */* {{(pid=98910) process_request /opt/stack/glance/glance/api/middleware/version_negotiation.py:44}}
Jun 16 13:39:27.716511 np0000002948 devstack@g-api.service[98910]: DEBUG glance.api.middleware.version_negotiation [None req-64e46dad-433e-46c5-bde3-b36ad442d5fa None None] Using url versioning {{(pid=98910) process_request /opt/stack/glance/glance/api/middleware/version_negotiation.py:57}}
Jun 16 13:39:27.716682 np0000002948 devstack@g-api.service[98910]: DEBUG glance.api.middleware.version_negotiation [None req-64e46dad-433e-46c5-bde3-b36ad442d5fa None None] Matched version: v2 {{(pid=98910) process_request /opt/stack/glance/glance/api/middleware/version_negotiation.py:69}}
Jun 16 13:39:27.716786 np0000002948 devstack@g-api.service[98910]: DEBUG glance.api.middleware.version_negotiation [None req-64e46dad-433e-46c5-bde3-b36ad442d5fa None None] new path /v2/images {{(pid=98910) process_request /opt/stack/glance/glance/api/middleware/version_negotiation.py:70}}
Jun 16 13:39:28.722711 np0000002948 devstack@g-api.service[98910]: [pid: 98910|app: 0|req: 1/3] 127.0.0.1 () {42 vars in 832 bytes} [Tue Jun 16 13:39:27 2026] POST /v2/images => generated 807 bytes in 1007 msecs (HTTP/1.1 201) 6 headers in 315 bytes (1 switches on core 0)
Jun 16 13:39:28.732649 np0000002948 devstack@g-api.service[98911]: DEBUG glance.api.middleware.version_negotiation [None req-aadf891f-2c5f-48e4-b8e4-9be2d4d58ffb None None] Determining version of request: PUT /v2/images/a9b945db-b811-4f05-ab1f-689f1cfc4f7e/stage Accept: {{(pid=98911) process_request /opt/stack/glance/glance/api/middleware/version_negotiation.py:44}}
Jun 16 13:39:28.732649 np0000002948 devstack@g-api.service[98911]: DEBUG glance.api.middleware.version_negotiation [None req-aadf891f-2c5f-48e4-b8e4-9be2d4d58ffb None None] Using url versioning {{(pid=98911) process_request /opt/stack/glance/glance/api/middleware/version_negotiation.py:57}}
Jun 16 13:39:28.732649 np0000002948 devstack@g-api.service[98911]: DEBUG glance.api.middleware.version_negotiation [None req-aadf891f-2c5f-48e4-b8e4-9be2d4d58ffb None None] Matched version: v2 {{(pid=98911) process_request /opt/stack/glance/glance/api/middleware/version_negotiation.py:69}}
Jun 16 13:39:28.732649 np0000002948 devstack@g-api.service[98911]: DEBUG glance.api.middleware.version_negotiation [None req-aadf891f-2c5f-48e4-b8e4-9be2d4d58ffb None None] new path /v2/images/a9b945db-b811-4f05-ab1f-689f1cfc4f7e/stage {{(pid=98911) process_request /opt/stack/glance/glance/api/middleware/version_negotiation.py:70}}
Jun 16 13:39:29.381426 np0000002948 devstack@g-api.service[98911]: DEBUG glance_store.backend [None req-a6f0d8f1-cefc-421e-96bc-2c4b1b412d81 admin admin] Attempting to import store cinder {{(pid=98911) _load_store /opt/stack/data/venv/lib/python3.12/site-packages/glance_store/backend.py:215}}
Jun 16 13:39:29.381702 np0000002948 devstack@g-api.service[98911]: DEBUG glance_store.backend [None req-a6f0d8f1-cefc-421e-96bc-2c4b1b412d81 admin admin] Attempting to import store file {{(pid=98911) _load_store /opt/stack/data/venv/lib/python3.12/site-packages/glance_store/backend.py:215}}
Jun 16 13:39:29.381788 np0000002948 devstack@g-api.service[98911]: DEBUG glance_store.backend [None req-a6f0d8f1-cefc-421e-96bc-2c4b1b412d81 admin admin] Attempting to import store glance.store.cinder.Store {{(pid=98911) _load_store /opt/stack/data/venv/lib/python3.12/site-packages/glance_store/backend.py:215}}
Jun 16 13:39:29.381921 np0000002948 devstack@g-api.service[98911]: DEBUG glance_store.backend [None req-a6f0d8f1-cefc-421e-96bc-2c4b1b412d81 admin admin] Attempting to import store glance.store.filesystem.Store {{(pid=98911) _load_store /opt/stack/data/venv/lib/python3.12/site-packages/glance_store/backend.py:215}}
Jun 16 13:39:29.382001 np0000002948 devstack@g-api.service[98911]: DEBUG glance_store.backend [None req-a6f0d8f1-cefc-421e-96bc-2c4b1b412d81 admin admin] Attempting to import store glance.store.http.Store {{(pid=98911) _load_store /opt/stack/data/venv/lib/python3.12/site-packages/glance_store/backend.py:215}}
Jun 16 13:39:29.382079 np0000002948 devstack@g-api.service[98911]: DEBUG glance_store.backend [None req-a6f0d8f1-cefc-421e-96bc-2c4b1b412d81 admin admin] Attempting to import store glance.store.rbd.Store {{(pid=98911) _load_store /opt/stack/data/venv/lib/python3.12/site-packages/glance_store/backend.py:215}}
Jun 16 13:39:29.382150 np0000002948 devstack@g-api.service[98911]: DEBUG glance_store.backend [None req-a6f0d8f1-cefc-421e-96bc-2c4b1b412d81 admin admin] Attempting to import store glance.store.s3.Store {{(pid=98911) _load_store /opt/stack/data/venv/lib/python3.12/site-packages/glance_store/backend.py:215}}
Jun 16 13:39:29.382238 np0000002948 devstack@g-api.service[98911]: DEBUG glance_store.backend [None req-a6f0d8f1-cefc-421e-96bc-2c4b1b412d81 admin admin] Attempting to import store glance.store.swift.Store {{(pid=98911) _load_store /opt/stack/data/venv/lib/python3.12/site-packages/glance_store/backend.py:215}}
Jun 16 13:39:29.382333 np0000002948 devstack@g-api.service[98911]: DEBUG glance_store.backend [None req-a6f0d8f1-cefc-421e-96bc-2c4b1b412d81 admin admin] Attempting to import store glance.store.vmware_datastore.Store {{(pid=98911) _load_store /opt/stack/data/venv/lib/python3.12/site-packages/glance_store/backend.py:215}}
Jun 16 13:39:29.382421 np0000002948 devstack@g-api.service[98911]: DEBUG glance_store.backend [None req-a6f0d8f1-cefc-421e-96bc-2c4b1b412d81 admin admin] Attempting to import store http {{(pid=98911) _load_store /opt/stack/data/venv/lib/python3.12/site-packages/glance_store/backend.py:215}}
Jun 16 13:39:29.382564 np0000002948 devstack@g-api.service[98911]: DEBUG glance_store.backend [None req-a6f0d8f1-cefc-421e-96bc-2c4b1b412d81 admin admin] Attempting to import store no_conf {{(pid=98911) _load_store /opt/stack/data/venv/lib/python3.12/site-packages/glance_store/backend.py:215}}
Jun 16 13:39:29.382675 np0000002948 devstack@g-api.service[98911]: DEBUG glance_store.backend [None req-a6f0d8f1-cefc-421e-96bc-2c4b1b412d81 admin admin] Attempting to import store rbd {{(pid=98911) _load_store /opt/stack/data/venv/lib/python3.12/site-packages/glance_store/backend.py:215}}
Jun 16 13:39:29.382782 np0000002948 devstack@g-api.service[98911]: DEBUG glance_store.backend [None req-a6f0d8f1-cefc-421e-96bc-2c4b1b412d81 admin admin] Attempting to import store s3 {{(pid=98911) _load_store /opt/stack/data/venv/lib/python3.12/site-packages/glance_store/backend.py:215}}
Jun 16 13:39:29.382873 np0000002948 devstack@g-api.service[98911]: DEBUG glance_store.backend [None req-a6f0d8f1-cefc-421e-96bc-2c4b1b412d81 admin admin] Attempting to import store swift {{(pid=98911) _load_store /opt/stack/data/venv/lib/python3.12/site-packages/glance_store/backend.py:215}}
Jun 16 13:39:29.383008 np0000002948 devstack@g-api.service[98911]: DEBUG glance_store.backend [None req-a6f0d8f1-cefc-421e-96bc-2c4b1b412d81 admin admin] Attempting to import store vmware {{(pid=98911) _load_store /opt/stack/data/venv/lib/python3.12/site-packages/glance_store/backend.py:215}}
Jun 16 13:39:29.383008 np0000002948 devstack@g-api.service[98911]: DEBUG glance_store.backend [None req-a6f0d8f1-cefc-421e-96bc-2c4b1b412d81 admin admin] Registering options for group glance_store {{(pid=98911) register_opts /opt/stack/data/venv/lib/python3.12/site-packages/glance_store/backend.py:144}}
Jun 16 13:39:29.383129 np0000002948 devstack@g-api.service[98911]: DEBUG glance_store.backend [None req-a6f0d8f1-cefc-421e-96bc-2c4b1b412d81 admin admin] Registering options for group glance_store {{(pid=98911) register_opts /opt/stack/data/venv/lib/python3.12/site-packages/glance_store/backend.py:144}}
Jun 16 13:39:29.383475 np0000002948 devstack@g-api.service[98911]: DEBUG glance_store.backend [None req-a6f0d8f1-cefc-421e-96bc-2c4b1b412d81 admin admin] Attempting to import store file {{(pid=98911) _load_store /opt/stack/data/venv/lib/python3.12/site-packages/glance_store/backend.py:215}}
Jun 16 13:39:29.383889 np0000002948 devstack@g-api.service[98911]: INFO glance_store._drivers.filesystem [None req-a6f0d8f1-cefc-421e-96bc-2c4b1b412d81 admin admin] Directory to write image files does not exist (/tmp/staging/). Creating.
Jun 16 13:39:29.384097 np0000002948 devstack@g-api.service[98911]: DEBUG glance_store.capabilities [None req-a6f0d8f1-cefc-421e-96bc-2c4b1b412d81 admin admin] Store glance_store._drivers.filesystem.Store doesn't support updating dynamic storage capabilities. Please overwrite 'update_capabilities' method of the store to implement updating logics if needed. {{(pid=98911) update_capabilities /opt/stack/data/venv/lib/python3.12/site-packages/glance_store/capabilities.py:91}}
Jun 16 13:39:29.995727 np0000002948 devstack@g-api.service[98911]: DEBUG glance_store._drivers.filesystem [None req-a6f0d8f1-cefc-421e-96bc-2c4b1b412d81 admin admin] Wrote 21430272 bytes to /tmp/staging/a9b945db-b811-4f05-ab1f-689f1cfc4f7e with checksum c8fc807773e5354afe61636071771906 and multihash c8fc807773e5354afe61636071771906 {{(pid=98911) add /opt/stack/data/venv/lib/python3.12/site-packages/glance_store/_drivers/filesystem.py:899}}
Jun 16 13:39:30.013680 np0000002948 devstack@g-api.service[98911]: [pid: 98911|app: 0|req: 3/4] 127.0.0.1 () {42 vars in 927 bytes} [Tue Jun 16 13:39:28 2026] PUT /v2/images/a9b945db-b811-4f05-ab1f-689f1cfc4f7e/stage => generated 0 bytes in 1282 msecs (HTTP/1.1 204) 4 headers in 171 bytes (1 switches on core 0)
Jun 16 13:39:30.025113 np0000002948 devstack@g-api.service[98910]: DEBUG glance.api.middleware.version_negotiation [None req-c837118f-c70a-4299-86d1-694dd28c34f3 admin admin] Determining version of request: POST /v2/images/a9b945db-b811-4f05-ab1f-689f1cfc4f7e/import Accept: */* {{(pid=98910) process_request /opt/stack/glance/glance/api/middleware/version_negotiation.py:44}}
Jun 16 13:39:30.025461 np0000002948 devstack@g-api.service[98910]: DEBUG glance.api.middleware.version_negotiation [None req-c837118f-c70a-4299-86d1-694dd28c34f3 admin admin] Using url versioning {{(pid=98910) process_request /opt/stack/glance/glance/api/middleware/version_negotiation.py:57}}
Jun 16 13:39:30.025461 np0000002948 devstack@g-api.service[98910]: DEBUG glance.api.middleware.version_negotiation [None req-c837118f-c70a-4299-86d1-694dd28c34f3 admin admin] Matched version: v2 {{(pid=98910) process_request /opt/stack/glance/glance/api/middleware/version_negotiation.py:69}}
Jun 16 13:39:30.025461 np0000002948 devstack@g-api.service[98910]: DEBUG glance.api.middleware.version_negotiation [None req-c837118f-c70a-4299-86d1-694dd28c34f3 admin admin] new path /v2/images/a9b945db-b811-4f05-ab1f-689f1cfc4f7e/import {{(pid=98910) process_request /opt/stack/glance/glance/api/middleware/version_negotiation.py:70}}
Jun 16 13:39:30.501098 np0000002948 devstack@g-api.service[98910]: DEBUG glance.domain [None req-3d597601-2ea1-43c9-bf46-d07bde635c09 admin admin] Loading taskflow executor {{(pid=98910) new_task_executor /opt/stack/glance/glance/domain/__init__.py:530}}
Jun 16 13:39:30.677964 np0000002948 devstack@g-api.service[98910]: DEBUG oslo_concurrency.lockutils [None req-3d597601-2ea1-43c9-bf46-d07bde635c09 admin admin] Acquiring lock "tasks_pool" by "glance.api.common.memoize..memoizer_wrapper..memoizer" {{(pid=98910) inner /opt/stack/data/venv/lib/python3.12/site-packages/oslo_concurrency/lockutils.py:511}}
Jun 16 13:39:30.678112 np0000002948 devstack@g-api.service[98910]: DEBUG oslo_concurrency.lockutils [None req-3d597601-2ea1-43c9-bf46-d07bde635c09 admin admin] Lock "tasks_pool" acquired by "glance.api.common.memoize..memoizer_wrapper..memoizer" :: waited 0.000s {{(pid=98910) inner /opt/stack/data/venv/lib/python3.12/site-packages/oslo_concurrency/lockutils.py:524}}
Jun 16 13:39:30.678499 np0000002948 devstack@g-api.service[98910]: DEBUG glance.api.common [None req-3d597601-2ea1-43c9-bf46-d07bde635c09 admin admin] Initializing named threadpool 'tasks_pool' {{(pid=98910) _get_thread_pool /opt/stack/glance/glance/api/common.py:242}}
Jun 16 13:39:30.678652 np0000002948 devstack@g-api.service[98910]: DEBUG glance.async_ [None req-3d597601-2ea1-43c9-bf46-d07bde635c09 admin admin] Creating threadpool model 'ThreadPoolExecutor' with size 16 {{(pid=98910) __init__ /opt/stack/glance/glance/async_/__init__.py:100}}
Jun 16 13:39:30.678830 np0000002948 devstack@g-api.service[98910]: DEBUG oslo_concurrency.lockutils [None req-3d597601-2ea1-43c9-bf46-d07bde635c09 admin admin] Lock "tasks_pool" "released" by "glance.api.common.memoize..memoizer_wrapper..memoizer" :: held 0.001s {{(pid=98910) inner /opt/stack/data/venv/lib/python3.12/site-packages/oslo_concurrency/lockutils.py:543}}
Jun 16 13:39:30.678962 np0000002948 devstack@g-api.service[98910]: DEBUG glance.async_ [None req-3d597601-2ea1-43c9-bf46-d07bde635c09 admin admin] Spawning with ThreadPoolExecutor: >((,), {}) {{(pid=98910) spawn /opt/stack/glance/glance/async_/__init__.py:106}}
Jun 16 13:39:30.680679 np0000002948 devstack@g-api.service[98910]: [pid: 98910|app: 0|req: 2/5] 127.0.0.1 () {42 vars in 919 bytes} [Tue Jun 16 13:39:30 2026] POST /v2/images/a9b945db-b811-4f05-ab1f-689f1cfc4f7e/import => generated 0 bytes in 656 msecs (HTTP/1.1 202) 4 headers in 169 bytes (1 switches on core 0)
Jun 16 13:39:30.683485 np0000002948 devstack@g-api.service[98910]: INFO glance.domain [-] Task [8020380e-bf45-44ad-adff-6e3d98cdff46] status changing from pending to processing
Jun 16 13:39:30.688853 np0000002948 devstack@g-api.service[98911]: DEBUG glance.api.middleware.version_negotiation [None req-a6f0d8f1-cefc-421e-96bc-2c4b1b412d81 admin admin] Determining version of request: GET /v2/images/a9b945db-b811-4f05-ab1f-689f1cfc4f7e Accept: */* {{(pid=98911) process_request /opt/stack/glance/glance/api/middleware/version_negotiation.py:44}}
Jun 16 13:39:30.689075 np0000002948 devstack@g-api.service[98911]: DEBUG glance.api.middleware.version_negotiation [None req-a6f0d8f1-cefc-421e-96bc-2c4b1b412d81 admin admin] Using url versioning {{(pid=98911) process_request /opt/stack/glance/glance/api/middleware/version_negotiation.py:57}}
Jun 16 13:39:30.689155 np0000002948 devstack@g-api.service[98911]: DEBUG glance.api.middleware.version_negotiation [None req-a6f0d8f1-cefc-421e-96bc-2c4b1b412d81 admin admin] Matched version: v2 {{(pid=98911) process_request /opt/stack/glance/glance/api/middleware/version_negotiation.py:69}}
Jun 16 13:39:30.689364 np0000002948 devstack@g-api.service[98911]: DEBUG glance.api.middleware.version_negotiation [None req-a6f0d8f1-cefc-421e-96bc-2c4b1b412d81 admin admin] new path /v2/images/a9b945db-b811-4f05-ab1f-689f1cfc4f7e {{(pid=98911) process_request /opt/stack/glance/glance/api/middleware/version_negotiation.py:70}}
Jun 16 13:39:30.696630 np0000002948 devstack@g-api.service[98910]: DEBUG glance.async_.taskflow_executor [-] Taskflow executor picked up the execution of task ID 8020380e-bf45-44ad-adff-6e3d98cdff46 of task type api_image_import {{(pid=98910) _run /opt/stack/glance/glance/async_/taskflow_executor.py:163}}
Jun 16 13:39:30.698715 np0000002948 devstack@g-api.service[98911]: [pid: 98911|app: 0|req: 4/6] 127.0.0.1 () {38 vars in 852 bytes} [Tue Jun 16 13:39:30 2026] GET /v2/images/a9b945db-b811-4f05-ab1f-689f1cfc4f7e => generated 879 bytes in 10 msecs (HTTP/1.1 200) 4 headers in 157 bytes (1 switches on core 0)
Jun 16 13:39:30.715750 np0000002948 devstack@g-api.service[98910]: DEBUG glance_store.backend [-] Attempting to import store cinder {{(pid=98910) _load_store /opt/stack/data/venv/lib/python3.12/site-packages/glance_store/backend.py:215}}
Jun 16 13:39:30.715895 np0000002948 devstack@g-api.service[98910]: DEBUG glance_store.backend [-] Attempting to import store file {{(pid=98910) _load_store /opt/stack/data/venv/lib/python3.12/site-packages/glance_store/backend.py:215}}
Jun 16 13:39:30.715931 np0000002948 devstack@g-api.service[98910]: DEBUG glance_store.backend [-] Attempting to import store glance.store.cinder.Store {{(pid=98910) _load_store /opt/stack/data/venv/lib/python3.12/site-packages/glance_store/backend.py:215}}
Jun 16 13:39:30.716038 np0000002948 devstack@g-api.service[98910]: DEBUG glance_store.backend [-] Attempting to import store glance.store.filesystem.Store {{(pid=98910) _load_store /opt/stack/data/venv/lib/python3.12/site-packages/glance_store/backend.py:215}}
Jun 16 13:39:30.716076 np0000002948 devstack@g-api.service[98910]: DEBUG glance_store.backend [-] Attempting to import store glance.store.http.Store {{(pid=98910) _load_store /opt/stack/data/venv/lib/python3.12/site-packages/glance_store/backend.py:215}}
Jun 16 13:39:30.716195 np0000002948 devstack@g-api.service[98910]: DEBUG glance_store.backend [-] Attempting to import store glance.store.rbd.Store {{(pid=98910) _load_store /opt/stack/data/venv/lib/python3.12/site-packages/glance_store/backend.py:215}}
Jun 16 13:39:30.716284 np0000002948 devstack@g-api.service[98910]: DEBUG glance_store.backend [-] Attempting to import store glance.store.s3.Store {{(pid=98910) _load_store /opt/stack/data/venv/lib/python3.12/site-packages/glance_store/backend.py:215}}
Jun 16 13:39:30.716414 np0000002948 devstack@g-api.service[98910]: DEBUG glance_store.backend [-] Attempting to import store glance.store.swift.Store {{(pid=98910) _load_store /opt/stack/data/venv/lib/python3.12/site-packages/glance_store/backend.py:215}}
Jun 16 13:39:30.716499 np0000002948 devstack@g-api.service[98910]: DEBUG glance_store.backend [-] Attempting to import store glance.store.vmware_datastore.Store {{(pid=98910) _load_store /opt/stack/data/venv/lib/python3.12/site-packages/glance_store/backend.py:215}}
Jun 16 13:39:30.716578 np0000002948 devstack@g-api.service[98910]: DEBUG glance_store.backend [-] Attempting to import store http {{(pid=98910) _load_store /opt/stack/data/venv/lib/python3.12/site-packages/glance_store/backend.py:215}}
Jun 16 13:39:30.716678 np0000002948 devstack@g-api.service[98910]: DEBUG glance_store.backend [-] Attempting to import store no_conf {{(pid=98910) _load_store /opt/stack/data/venv/lib/python3.12/site-packages/glance_store/backend.py:215}}
Jun 16 13:39:30.716769 np0000002948 devstack@g-api.service[98910]: DEBUG glance_store.backend [-] Attempting to import store rbd {{(pid=98910) _load_store /opt/stack/data/venv/lib/python3.12/site-packages/glance_store/backend.py:215}}
Jun 16 13:39:30.716893 np0000002948 devstack@g-api.service[98910]: DEBUG glance_store.backend [-] Attempting to import store s3 {{(pid=98910) _load_store /opt/stack/data/venv/lib/python3.12/site-packages/glance_store/backend.py:215}}
Jun 16 13:39:30.717002 np0000002948 devstack@g-api.service[98910]: DEBUG glance_store.backend [-] Attempting to import store swift {{(pid=98910) _load_store /opt/stack/data/venv/lib/python3.12/site-packages/glance_store/backend.py:215}}
Jun 16 13:39:30.717096 np0000002948 devstack@g-api.service[98910]: DEBUG glance_store.backend [-] Attempting to import store vmware {{(pid=98910) _load_store /opt/stack/data/venv/lib/python3.12/site-packages/glance_store/backend.py:215}}
Jun 16 13:39:30.717177 np0000002948 devstack@g-api.service[98910]: DEBUG glance_store.backend [-] Registering options for group glance_store {{(pid=98910) register_opts /opt/stack/data/venv/lib/python3.12/site-packages/glance_store/backend.py:144}}
Jun 16 13:39:30.717252 np0000002948 devstack@g-api.service[98910]: DEBUG glance_store.backend [-] Registering options for group glance_store {{(pid=98910) register_opts /opt/stack/data/venv/lib/python3.12/site-packages/glance_store/backend.py:144}}
Jun 16 13:39:30.717564 np0000002948 devstack@g-api.service[98910]: DEBUG glance_store.backend [-] Attempting to import store file {{(pid=98910) _load_store /opt/stack/data/venv/lib/python3.12/site-packages/glance_store/backend.py:215}}
Jun 16 13:39:30.717986 np0000002948 devstack@g-api.service[98910]: DEBUG glance_store.capabilities [-] Store glance_store._drivers.filesystem.Store doesn't support updating dynamic storage capabilities. Please overwrite 'update_capabilities' method of the store to implement updating logics if needed. {{(pid=98910) update_capabilities /opt/stack/data/venv/lib/python3.12/site-packages/glance_store/capabilities.py:91}}
Jun 16 13:39:30.726154 np0000002948 devstack@g-api.service[98910]: DEBUG glance.async_.flows.api_image_import [-] Image a9b945db-b811-4f05-ab1f-689f1cfc4f7e os_glance_importing_to_stores= {{(pid=98910) merge_store_list /opt/stack/glance/glance/async_/flows/api_image_import.py:277}}
Jun 16 13:39:30.726279 np0000002948 devstack@g-api.service[98910]: DEBUG glance.async_.flows.api_image_import [-] Image a9b945db-b811-4f05-ab1f-689f1cfc4f7e os_glance_failed_import= {{(pid=98910) merge_store_list /opt/stack/glance/glance/async_/flows/api_image_import.py:277}}
Jun 16 13:39:30.730906 np0000002948 devstack@g-api.service[98910]: DEBUG glance.async_.flows.api_image_import [-] Image a9b945db-b811-4f05-ab1f-689f1cfc4f7e status changing from uploading to importing {{(pid=98910) __exit__ /opt/stack/glance/glance/async_/flows/api_image_import.py:166}}
Jun 16 13:39:31.221562 np0000002948 devstack@g-api.service[98910]: DEBUG glance.async_ [-] Creating threadpool model 'ThreadPoolExecutor' with size 10 {{(pid=98910) __init__ /opt/stack/glance/glance/async_/__init__.py:100}}
Jun 16 13:39:31.241009 np0000002948 devstack@g-api.service[98910]: DEBUG glance.async_.taskflow_executor [-] Flow 'api_image_import' (f12ef41a-6710-4581-9235-22d2883d7448) transitioned into state 'RUNNING' from state 'PENDING' {{(pid=98910) _flow_receiver /opt/stack/data/venv/lib/python3.12/site-packages/taskflow/listeners/logging.py:160}}
Jun 16 13:39:31.242868 np0000002948 devstack@g-api.service[98910]: DEBUG glance.async_.taskflow_executor [-] Task 'api_image_import-ImageLock-8020380e-bf45-44ad-adff-6e3d98cdff46' (2b7072cd-5a8e-4259-ad8e-d05b488bef5c) transitioned into state 'RUNNING' from state 'PENDING' {{(pid=98910) _task_receiver /opt/stack/data/venv/lib/python3.12/site-packages/taskflow/listeners/logging.py:242}}
Jun 16 13:39:31.250172 np0000002948 devstack@g-api.service[98910]: DEBUG glance.async_.flows.api_image_import [-] Image a9b945db-b811-4f05-ab1f-689f1cfc4f7e import task 8020380e-bf45-44ad-adff-6e3d98cdff46 lock confirmed {{(pid=98910) execute /opt/stack/glance/glance/async_/flows/api_image_import.py:477}}
Jun 16 13:39:31.250916 np0000002948 devstack@g-api.service[98910]: DEBUG glance.async_.taskflow_executor [-] Task 'api_image_import-ImageLock-8020380e-bf45-44ad-adff-6e3d98cdff46' (2b7072cd-5a8e-4259-ad8e-d05b488bef5c) transitioned into state 'SUCCESS' from state 'RUNNING' with result 'None' {{(pid=98910) _task_receiver /opt/stack/data/venv/lib/python3.12/site-packages/taskflow/listeners/logging.py:218}}
Jun 16 13:39:31.251569 np0000002948 devstack@g-api.service[98910]: DEBUG glance.async_.taskflow_executor [-] Task 'api_image_import-ConfigureStaging-8020380e-bf45-44ad-adff-6e3d98cdff46' (4406a8a8-05a4-46fe-9b9d-8a4cf54d2eb9) transitioned into state 'RUNNING' from state 'PENDING' {{(pid=98910) _task_receiver /opt/stack/data/venv/lib/python3.12/site-packages/taskflow/listeners/logging.py:242}}
Jun 16 13:39:31.252702 np0000002948 devstack@g-api.service[98910]: DEBUG glance.async_.taskflow_executor [-] Task 'api_image_import-ConfigureStaging-8020380e-bf45-44ad-adff-6e3d98cdff46' (4406a8a8-05a4-46fe-9b9d-8a4cf54d2eb9) transitioned into state 'SUCCESS' from state 'RUNNING' with result 'file:///tmp/staging/a9b945db-b811-4f05-ab1f-689f1cfc4f7e' {{(pid=98910) _task_receiver /opt/stack/data/venv/lib/python3.12/site-packages/taskflow/listeners/logging.py:218}}
Jun 16 13:39:31.253303 np0000002948 devstack@g-api.service[98910]: DEBUG glance.async_.taskflow_executor [-] Task 'api_image_import--ImportToStore-8020380e-bf45-44ad-adff-6e3d98cdff46' (cde14191-e9e8-4ba0-8431-8effcaa4e560) transitioned into state 'RUNNING' from state 'PENDING' {{(pid=98910) _task_receiver /opt/stack/data/venv/lib/python3.12/site-packages/taskflow/listeners/logging.py:242}}
Jun 16 13:39:31.260372 np0000002948 devstack@g-api.service[98910]: INFO glance.common.scripts.image_import.main [-] Task 8020380e-bf45-44ad-adff-6e3d98cdff46: Got image data uri file:///tmp/staging/a9b945db-b811-4f05-ab1f-689f1cfc4f7e to be imported
Jun 16 13:39:31.261694 np0000002948 devstack@g-api.service[98910]: DEBUG glance.location [-] Enabling in-flight format inspection for qcow2 {{(pid=98910) set_data /opt/stack/glance/glance/location.py:616}}
Jun 16 13:39:31.262041 np0000002948 devstack@g-api.service[98910]: DEBUG glance_store.backend [-] Attempting to import store swift {{(pid=98910) _load_store /opt/stack/data/venv/lib/python3.12/site-packages/glance_store/backend.py:215}}
Jun 16 13:39:31.263232 np0000002948 devstack@g-api.service[98910]: DEBUG glance_store.capabilities [-] Store glance_store._drivers.swift.store.SingleTenantStore doesn't support updating dynamic storage capabilities. Please overwrite 'update_capabilities' method of the store to implement updating logics if needed. {{(pid=98910) update_capabilities /opt/stack/data/venv/lib/python3.12/site-packages/glance_store/capabilities.py:91}}
Jun 16 13:39:31.263307 np0000002948 devstack@g-api.service[98910]: DEBUG glance_store.driver [-] Late loading location class glance_store._drivers.swift.store.StoreLocation {{(pid=98910) get_store_location_class /opt/stack/data/venv/lib/python3.12/site-packages/glance_store/driver.py:134}}
Jun 16 13:39:31.263369 np0000002948 devstack@g-api.service[98910]: DEBUG glance_store.location [-] Registering scheme swift+https with {'store': , 'location_class': , 'store_entry': 'swift'} {{(pid=98910) register_scheme_map /opt/stack/data/venv/lib/python3.12/site-packages/glance_store/location.py:146}}
Jun 16 13:39:31.263427 np0000002948 devstack@g-api.service[98910]: DEBUG glance_store.location [-] Registering scheme swift+https with {'store': , 'location_class': , 'store_entry': 'swift'} {{(pid=98910) register_scheme_map /opt/stack/data/venv/lib/python3.12/site-packages/glance_store/location.py:146}}
Jun 16 13:39:31.263470 np0000002948 devstack@g-api.service[98910]: DEBUG glance_store.location [-] Registering scheme swift with {'store': , 'location_class': , 'store_entry': 'swift'} {{(pid=98910) register_scheme_map /opt/stack/data/venv/lib/python3.12/site-packages/glance_store/location.py:146}}
Jun 16 13:39:31.263532 np0000002948 devstack@g-api.service[98910]: DEBUG glance_store.location [-] Registering scheme swift+https with {'store': , 'location_class': , 'store_entry': 'swift'} {{(pid=98910) register_scheme_map /opt/stack/data/venv/lib/python3.12/site-packages/glance_store/location.py:146}}
Jun 16 13:39:31.263577 np0000002948 devstack@g-api.service[98910]: DEBUG glance_store.location [-] Registering scheme swift with {'store': , 'location_class': , 'store_entry': 'swift'} {{(pid=98910) register_scheme_map /opt/stack/data/venv/lib/python3.12/site-packages/glance_store/location.py:146}}
Jun 16 13:39:31.263658 np0000002948 devstack@g-api.service[98910]: DEBUG glance_store.location [-] Registering scheme swift+http with {'store': , 'location_class': , 'store_entry': 'swift'} {{(pid=98910) register_scheme_map /opt/stack/data/venv/lib/python3.12/site-packages/glance_store/location.py:146}}
Jun 16 13:39:31.263727 np0000002948 devstack@g-api.service[98910]: DEBUG glance_store.location [-] Registering scheme swift+https with {'store': , 'location_class': , 'store_entry': 'swift'} {{(pid=98910) register_scheme_map /opt/stack/data/venv/lib/python3.12/site-packages/glance_store/location.py:146}}
Jun 16 13:39:31.263778 np0000002948 devstack@g-api.service[98910]: DEBUG glance_store.location [-] Registering scheme swift with {'store': , 'location_class': , 'store_entry': 'swift'} {{(pid=98910) register_scheme_map /opt/stack/data/venv/lib/python3.12/site-packages/glance_store/location.py:146}}
Jun 16 13:39:31.263821 np0000002948 devstack@g-api.service[98910]: DEBUG glance_store.location [-] Registering scheme swift+http with {'store': , 'location_class': , 'store_entry': 'swift'} {{(pid=98910) register_scheme_map /opt/stack/data/venv/lib/python3.12/site-packages/glance_store/location.py:146}}
Jun 16 13:39:31.263869 np0000002948 devstack@g-api.service[98910]: DEBUG glance_store.location [-] Registering scheme swift+config with {'store': , 'location_class': , 'store_entry': 'swift'} {{(pid=98910) register_scheme_map /opt/stack/data/venv/lib/python3.12/site-packages/glance_store/location.py:146}}
Jun 16 13:39:31.660362 np0000002948 devstack@g-api.service[98910]: INFO swiftclient [-] REQ: curl -i https://10.4.3.44:8080/v1/AUTH_54adc09eafd449599c8a7b185362527e/glance -I -H "X-Auth-Token: gAAAAABqMVITJPSz..."
Jun 16 13:39:31.660500 np0000002948 devstack@g-api.service[98910]: INFO swiftclient [-] RESP STATUS: 404 Not Found
Jun 16 13:39:31.660572 np0000002948 devstack@g-api.service[98910]: INFO swiftclient [-] RESP HEADERS: {'Date': 'Tue, 16 Jun 2026 13:39:31 GMT', 'Server': 'Apache/2.4.58 (Ubuntu)', 'Content-Type': 'text/html; charset=UTF-8', 'X-Trans-Id': 'tx4e244ff4541a4166aff06-006a315213', 'X-Openstack-Request-Id': 'tx4e244ff4541a4166aff06-006a315213', 'Connection': 'close'}
Jun 16 13:39:31.660790 np0000002948 devstack@g-api.service[98910]: INFO glance_store._drivers.swift.store [-] Creating swift container glance
Jun 16 13:39:31.721198 np0000002948 devstack@g-api.service[98910]: DEBUG swiftclient [-] REQ: curl -i https://10.4.3.44:8080/v1/AUTH_54adc09eafd449599c8a7b185362527e/glance -X PUT -H "X-Auth-Token: gAAAAABqMVITJPSz..." -H "Content-Length: 0" {{(pid=98910) http_log /opt/stack/data/venv/lib/python3.12/site-packages/swiftclient/client.py:160}}
Jun 16 13:39:31.721308 np0000002948 devstack@g-api.service[98910]: DEBUG swiftclient [-] RESP STATUS: 201 Created {{(pid=98910) http_log /opt/stack/data/venv/lib/python3.12/site-packages/swiftclient/client.py:161}}
Jun 16 13:39:31.721469 np0000002948 devstack@g-api.service[98910]: DEBUG swiftclient [-] RESP HEADERS: {'Date': 'Tue, 16 Jun 2026 13:39:31 GMT', 'Server': 'Apache/2.4.58 (Ubuntu)', 'Content-Type': 'text/html; charset=UTF-8', 'Content-Length': '0', 'X-Trans-Id': 'tx65b92c38a1214da791c73-006a315213', 'X-Openstack-Request-Id': 'tx65b92c38a1214da791c73-006a315213', 'Connection': 'close'} {{(pid=98910) http_log /opt/stack/data/venv/lib/python3.12/site-packages/swiftclient/client.py:162}}
Jun 16 13:39:31.721615 np0000002948 devstack@g-api.service[98910]: DEBUG glance_store._drivers.swift.store [-] Adding image object 'a9b945db-b811-4f05-ab1f-689f1cfc4f7e' to Swift {{(pid=98910) add /opt/stack/data/venv/lib/python3.12/site-packages/glance_store/_drivers/swift/store.py:970}}
Jun 16 13:39:31.728073 np0000002948 devstack@g-api.service[98910]: DEBUG oslo_utils.imageutils.format_inspector [-] Format inspector for vmdk does not match, excluding from consideration (Signature KDMV not found: b'QFI\xfb') {{(pid=98910) _process_chunk /opt/stack/data/venv/lib/python3.12/site-packages/oslo_utils/imageutils/format_inspector.py:1758}}
Jun 16 13:39:31.732375 np0000002948 devstack@g-api.service[98910]: DEBUG oslo_utils.imageutils.format_inspector [-] Format inspector for vhdx does not match, excluding from consideration (Region signature not found at 30000) {{(pid=98910) _process_chunk /opt/stack/data/venv/lib/python3.12/site-packages/oslo_utils/imageutils/format_inspector.py:1758}}
Jun 16 13:39:32.043259 np0000002948 devstack@g-api.service[98910]: DEBUG swiftclient [-] REQ: curl -i https://10.4.3.44:8080/v1/AUTH_54adc09eafd449599c8a7b185362527e/glance/a9b945db-b811-4f05-ab1f-689f1cfc4f7e -X PUT -H "X-Auth-Token: gAAAAABqMVITJPSz..." -H "Content-Length: 21430272" {{(pid=98910) http_log /opt/stack/data/venv/lib/python3.12/site-packages/swiftclient/client.py:160}}
Jun 16 13:39:32.043338 np0000002948 devstack@g-api.service[98910]: DEBUG swiftclient [-] RESP STATUS: 201 Created {{(pid=98910) http_log /opt/stack/data/venv/lib/python3.12/site-packages/swiftclient/client.py:161}}
Jun 16 13:39:32.043445 np0000002948 devstack@g-api.service[98910]: DEBUG swiftclient [-] RESP HEADERS: {'Date': 'Tue, 16 Jun 2026 13:39:32 GMT', 'Server': 'Apache/2.4.58 (Ubuntu)', 'Content-Type': 'text/html; charset=UTF-8', 'Content-Length': '0', 'Etag': 'c8fc807773e5354afe61636071771906', 'Last-Modified': 'Tue, 16 Jun 2026 13:39:32 GMT', 'X-Trans-Id': 'tx47081c44fa8e4377abe31-006a315213', 'X-Openstack-Request-Id': 'tx47081c44fa8e4377abe31-006a315213', 'Connection': 'close'} {{(pid=98910) http_log /opt/stack/data/venv/lib/python3.12/site-packages/swiftclient/client.py:162}}
Jun 16 13:39:32.056564 np0000002948 devstack@g-api.service[98910]: INFO glance.location [-] Image format matched and virtual size computed: 117440512
Jun 16 13:39:32.065925 np0000002948 devstack@g-api.service[98910]: DEBUG glance.async_.flows.api_image_import [-] Image a9b945db-b811-4f05-ab1f-689f1cfc4f7e status changing from importing to active {{(pid=98910) __exit__ /opt/stack/glance/glance/async_/flows/api_image_import.py:166}}
Jun 16 13:39:32.086552 np0000002948 devstack@g-api.service[98910]: DEBUG glance_store.backend [-] Attempting to import store swift {{(pid=98910) _load_store /opt/stack/data/venv/lib/python3.12/site-packages/glance_store/backend.py:215}}
Jun 16 13:39:32.087810 np0000002948 devstack@g-api.service[98910]: DEBUG glance_store.capabilities [-] Store glance_store._drivers.swift.store.SingleTenantStore doesn't support updating dynamic storage capabilities. Please overwrite 'update_capabilities' method of the store to implement updating logics if needed. {{(pid=98910) update_capabilities /opt/stack/data/venv/lib/python3.12/site-packages/glance_store/capabilities.py:91}}
Jun 16 13:39:32.087923 np0000002948 devstack@g-api.service[98910]: DEBUG glance_store.driver [-] Late loading location class glance_store._drivers.swift.store.StoreLocation {{(pid=98910) get_store_location_class /opt/stack/data/venv/lib/python3.12/site-packages/glance_store/driver.py:134}}
Jun 16 13:39:32.087923 np0000002948 devstack@g-api.service[98910]: DEBUG glance_store.location [-] Registering scheme swift+https with {'store': , 'location_class': , 'store_entry': 'swift'} {{(pid=98910) register_scheme_map /opt/stack/data/venv/lib/python3.12/site-packages/glance_store/location.py:146}}
Jun 16 13:39:32.087984 np0000002948 devstack@g-api.service[98910]: DEBUG glance_store.location [-] Registering scheme swift+https with {'store': , 'location_class': , 'store_entry': 'swift'} {{(pid=98910) register_scheme_map /opt/stack/data/venv/lib/python3.12/site-packages/glance_store/location.py:146}}
Jun 16 13:39:32.088031 np0000002948 devstack@g-api.service[98910]: DEBUG glance_store.location [-] Registering scheme swift with {'store': , 'location_class': , 'store_entry': 'swift'} {{(pid=98910) register_scheme_map /opt/stack/data/venv/lib/python3.12/site-packages/glance_store/location.py:146}}
Jun 16 13:39:32.088073 np0000002948 devstack@g-api.service[98910]: DEBUG glance_store.location [-] Registering scheme swift+https with {'store': , 'location_class': , 'store_entry': 'swift'} {{(pid=98910) register_scheme_map /opt/stack/data/venv/lib/python3.12/site-packages/glance_store/location.py:146}}
Jun 16 13:39:32.088162 np0000002948 devstack@g-api.service[98910]: DEBUG glance_store.location [-] Registering scheme swift with {'store': , 'location_class': , 'store_entry': 'swift'} {{(pid=98910) register_scheme_map /opt/stack/data/venv/lib/python3.12/site-packages/glance_store/location.py:146}}
Jun 16 13:39:32.088228 np0000002948 devstack@g-api.service[98910]: DEBUG glance_store.location [-] Registering scheme swift+http with {'store': , 'location_class': , 'store_entry': 'swift'} {{(pid=98910) register_scheme_map /opt/stack/data/venv/lib/python3.12/site-packages/glance_store/location.py:146}}
Jun 16 13:39:32.088278 np0000002948 devstack@g-api.service[98910]: DEBUG glance_store.location [-] Registering scheme swift+https with {'store': , 'location_class': , 'store_entry': 'swift'} {{(pid=98910) register_scheme_map /opt/stack/data/venv/lib/python3.12/site-packages/glance_store/location.py:146}}
Jun 16 13:39:32.088332 np0000002948 devstack@g-api.service[98910]: DEBUG glance_store.location [-] Registering scheme swift with {'store': , 'location_class': , 'store_entry': 'swift'} {{(pid=98910) register_scheme_map /opt/stack/data/venv/lib/python3.12/site-packages/glance_store/location.py:146}}
Jun 16 13:39:32.088385 np0000002948 devstack@g-api.service[98910]: DEBUG glance_store.location [-] Registering scheme swift+http with {'store': , 'location_class': , 'store_entry': 'swift'} {{(pid=98910) register_scheme_map /opt/stack/data/venv/lib/python3.12/site-packages/glance_store/location.py:146}}
Jun 16 13:39:32.088434 np0000002948 devstack@g-api.service[98910]: DEBUG glance_store.location [-] Registering scheme swift+config with {'store': , 'location_class': , 'store_entry': 'swift'} {{(pid=98910) register_scheme_map /opt/stack/data/venv/lib/python3.12/site-packages/glance_store/location.py:146}}
