Aug 06 06:01:35.716736 np0000006626 devstack@neutron-api.service[87715]: DEBUG neutron_lib.callbacks.manager [None req-ca9e0a9a-7b2f-439f-9b72-ea90d97bd5f9 None None] Subscribe: > security_group after_create 55550000, False {{(pid=87715) subscribe /opt/stack/data/venv/lib/python3.12/site-packages/neutron_lib/callbacks/manager.py:52}}
Aug 06 06:01:35.716886 np0000006626 devstack@neutron-api.service[87715]: DEBUG neutron_lib.callbacks.manager [None req-ca9e0a9a-7b2f-439f-9b72-ea90d97bd5f9 None None] Subscribe: > security_group precommit_delete 55550000, False {{(pid=87715) subscribe /opt/stack/data/venv/lib/python3.12/site-packages/neutron_lib/callbacks/manager.py:52}}
Aug 06 06:01:35.716969 np0000006626 devstack@neutron-api.service[87715]: DEBUG neutron_lib.callbacks.manager [None req-ca9e0a9a-7b2f-439f-9b72-ea90d97bd5f9 None None] Subscribe: > security_group after_delete 55550000, False {{(pid=87715) subscribe /opt/stack/data/venv/lib/python3.12/site-packages/neutron_lib/callbacks/manager.py:52}}
Aug 06 06:01:35.717096 np0000006626 devstack@neutron-api.service[87715]: DEBUG neutron_lib.callbacks.manager [None req-ca9e0a9a-7b2f-439f-9b72-ea90d97bd5f9 None None] Subscribe: > security_group_rule precommit_create 55550000, False {{(pid=87715) subscribe /opt/stack/data/venv/lib/python3.12/site-packages/neutron_lib/callbacks/manager.py:52}}
Aug 06 06:01:35.717155 np0000006626 devstack@neutron-api.service[87715]: DEBUG neutron_lib.callbacks.manager [None req-ca9e0a9a-7b2f-439f-9b72-ea90d97bd5f9 None None] Subscribe: > security_group_rule after_create 55550000, False {{(pid=87715) subscribe /opt/stack/data/venv/lib/python3.12/site-packages/neutron_lib/callbacks/manager.py:52}}
Aug 06 06:01:35.717243 np0000006626 devstack@neutron-api.service[87715]: DEBUG neutron_lib.callbacks.manager [None req-ca9e0a9a-7b2f-439f-9b72-ea90d97bd5f9 None None] Subscribe: > security_group_rule before_delete 55550000, False {{(pid=87715) subscribe /opt/stack/data/venv/lib/python3.12/site-packages/neutron_lib/callbacks/manager.py:52}}
Aug 06 06:01:35.717332 np0000006626 devstack@neutron-api.service[87715]: DEBUG neutron_lib.callbacks.manager [None req-ca9e0a9a-7b2f-439f-9b72-ea90d97bd5f9 None None] Subscribe: > address_group after_create 55550000, False {{(pid=87715) subscribe /opt/stack/data/venv/lib/python3.12/site-packages/neutron_lib/callbacks/manager.py:52}}
Aug 06 06:01:35.717456 np0000006626 devstack@neutron-api.service[87715]: DEBUG neutron_lib.callbacks.manager [None req-ca9e0a9a-7b2f-439f-9b72-ea90d97bd5f9 None None] Subscribe: > address_group after_update 55550000, False {{(pid=87715) subscribe /opt/stack/data/venv/lib/python3.12/site-packages/neutron_lib/callbacks/manager.py:52}}
Aug 06 06:01:35.717598 np0000006626 devstack@neutron-api.service[87715]: DEBUG neutron_lib.callbacks.manager [None req-ca9e0a9a-7b2f-439f-9b72-ea90d97bd5f9 None None] Subscribe: > address_group after_delete 55550000, False {{(pid=87715) subscribe /opt/stack/data/venv/lib/python3.12/site-packages/neutron_lib/callbacks/manager.py:52}}
Aug 06 06:01:35.717874 np0000006626 devstack@neutron-api.service[87715]: DEBUG neutron_lib.callbacks.manager [None req-ca9e0a9a-7b2f-439f-9b72-ea90d97bd5f9 None None] Subscribe: > qos_plugin after_init 55550000, False {{(pid=87715) subscribe /opt/stack/data/venv/lib/python3.12/site-packages/neutron_lib/callbacks/manager.py:52}}
Aug 06 06:01:35.718119 np0000006626 devstack@neutron-api.service[87715]: DEBUG neutron_lib.callbacks.manager [None req-ca9e0a9a-7b2f-439f-9b72-ea90d97bd5f9 None None] Subscribe: > trunk_plugin after_init 55550000, False {{(pid=87715) subscribe /opt/stack/data/venv/lib/python3.12/site-packages/neutron_lib/callbacks/manager.py:52}}
Aug 06 06:01:35.718401 np0000006626 devstack@neutron-api.service[87715]: DEBUG neutron_lib.callbacks.manager [None req-ca9e0a9a-7b2f-439f-9b72-ea90d97bd5f9 None None] Subscribe: > logging-plugin after_init 55550000, False {{(pid=87715) subscribe /opt/stack/data/venv/lib/python3.12/site-packages/neutron_lib/callbacks/manager.py:52}}
Aug 06 06:01:35.718941 np0000006626 devstack@neutron-api.service[87715]: INFO neutron.services.logapi.drivers.ovn.driver [None req-ca9e0a9a-7b2f-439f-9b72-ea90d97bd5f9 None None] OVN logging driver registered
Aug 06 06:01:35.719041 np0000006626 devstack@neutron-api.service[87715]: DEBUG neutron_lib.callbacks.manager [None req-ca9e0a9a-7b2f-439f-9b72-ea90d97bd5f9 None None] Subscribe: ._register_pvlan_driver at 0x741633b4ff60> pvlan_plugin before_spawn 55550000, False {{(pid=87715) subscribe /opt/stack/data/venv/lib/python3.12/site-packages/neutron_lib/callbacks/manager.py:52}}
Aug 06 06:01:35.719138 np0000006626 devstack@neutron-api.service[87715]: DEBUG neutron_lib.callbacks.manager [None req-ca9e0a9a-7b2f-439f-9b72-ea90d97bd5f9 None None] Subscribe: process after_init 55550000, False {{(pid=87715) subscribe /opt/stack/data/venv/lib/python3.12/site-packages/neutron_lib/callbacks/manager.py:52}}
Aug 06 06:01:35.720962 np0000006626 devstack@neutron-api.service[87715]: DEBUG neutron.plugins.ml2.plugin [None req-ca9e0a9a-7b2f-439f-9b72-ea90d97bd5f9 None None] neutron.plugins.ml2.plugin.Ml2Plugin method _start_rpc_notifiers called with arguments () {} {{(pid=87715) wrapper /opt/stack/data/venv/lib/python3.12/site-packages/oslo_log/helpers.py:77}}
Aug 06 06:01:35.721202 np0000006626 devstack@neutron-api.service[87715]: DEBUG neutron_lib.callbacks.manager [None req-ca9e0a9a-7b2f-439f-9b72-ea90d97bd5f9 None None] Subscribe: > port after_create 55550000, False {{(pid=87715) subscribe /opt/stack/data/venv/lib/python3.12/site-packages/neutron_lib/callbacks/manager.py:52}}
Aug 06 06:01:35.721354 np0000006626 devstack@neutron-api.service[87715]: DEBUG neutron_lib.callbacks.manager [None req-ca9e0a9a-7b2f-439f-9b72-ea90d97bd5f9 None None] Subscribe: > port after_update 55550000, False {{(pid=87715) subscribe /opt/stack/data/venv/lib/python3.12/site-packages/neutron_lib/callbacks/manager.py:52}}
Aug 06 06:01:35.721493 np0000006626 devstack@neutron-api.service[87715]: DEBUG neutron_lib.callbacks.manager [None req-ca9e0a9a-7b2f-439f-9b72-ea90d97bd5f9 None None] Subscribe: > port after_delete 55550000, False {{(pid=87715) subscribe /opt/stack/data/venv/lib/python3.12/site-packages/neutron_lib/callbacks/manager.py:52}}
Aug 06 06:01:35.721668 np0000006626 devstack@neutron-api.service[87715]: DEBUG neutron_lib.callbacks.manager [None req-ca9e0a9a-7b2f-439f-9b72-ea90d97bd5f9 None None] Subscribe: > subnet after_create 55550000, False {{(pid=87715) subscribe /opt/stack/data/venv/lib/python3.12/site-packages/neutron_lib/callbacks/manager.py:52}}
Aug 06 06:01:35.721836 np0000006626 devstack@neutron-api.service[87715]: DEBUG neutron_lib.callbacks.manager [None req-ca9e0a9a-7b2f-439f-9b72-ea90d97bd5f9 None None] Subscribe: > subnet after_update 55550000, False {{(pid=87715) subscribe /opt/stack/data/venv/lib/python3.12/site-packages/neutron_lib/callbacks/manager.py:52}}
Aug 06 06:01:35.721944 np0000006626 devstack@neutron-api.service[87715]: DEBUG neutron_lib.callbacks.manager [None req-ca9e0a9a-7b2f-439f-9b72-ea90d97bd5f9 None None] Subscribe: > subnet after_delete 55550000, False {{(pid=87715) subscribe /opt/stack/data/venv/lib/python3.12/site-packages/neutron_lib/callbacks/manager.py:52}}
Aug 06 06:01:35.722061 np0000006626 devstack@neutron-api.service[87715]: DEBUG neutron_lib.callbacks.manager [None req-ca9e0a9a-7b2f-439f-9b72-ea90d97bd5f9 None None] Subscribe: > network after_create 55550000, False {{(pid=87715) subscribe /opt/stack/data/venv/lib/python3.12/site-packages/neutron_lib/callbacks/manager.py:52}}
Aug 06 06:01:35.722191 np0000006626 devstack@neutron-api.service[87715]: DEBUG neutron_lib.callbacks.manager [None req-ca9e0a9a-7b2f-439f-9b72-ea90d97bd5f9 None None] Subscribe: > network after_update 55550000, False {{(pid=87715) subscribe /opt/stack/data/venv/lib/python3.12/site-packages/neutron_lib/callbacks/manager.py:52}}
Aug 06 06:01:35.722307 np0000006626 devstack@neutron-api.service[87715]: DEBUG neutron_lib.callbacks.manager [None req-ca9e0a9a-7b2f-439f-9b72-ea90d97bd5f9 None None] Subscribe: > network after_delete 55550000, False {{(pid=87715) subscribe /opt/stack/data/venv/lib/python3.12/site-packages/neutron_lib/callbacks/manager.py:52}}
Aug 06 06:01:35.722372 np0000006626 devstack@neutron-api.service[87715]: DEBUG neutron_lib.callbacks.manager [None req-ca9e0a9a-7b2f-439f-9b72-ea90d97bd5f9 None None] Subscribe: > security_group after_create 55550000, False {{(pid=87715) subscribe /opt/stack/data/venv/lib/python3.12/site-packages/neutron_lib/callbacks/manager.py:52}}
Aug 06 06:01:35.722493 np0000006626 devstack@neutron-api.service[87715]: DEBUG neutron_lib.callbacks.manager [None req-ca9e0a9a-7b2f-439f-9b72-ea90d97bd5f9 None None] Subscribe: > security_group after_update 55550000, False {{(pid=87715) subscribe /opt/stack/data/venv/lib/python3.12/site-packages/neutron_lib/callbacks/manager.py:52}}
Aug 06 06:01:35.722542 np0000006626 devstack@neutron-api.service[87715]: DEBUG neutron_lib.callbacks.manager [None req-ca9e0a9a-7b2f-439f-9b72-ea90d97bd5f9 None None] Subscribe: > security_group after_delete 55550000, False {{(pid=87715) subscribe /opt/stack/data/venv/lib/python3.12/site-packages/neutron_lib/callbacks/manager.py:52}}
Aug 06 06:01:35.722659 np0000006626 devstack@neutron-api.service[87715]: DEBUG neutron_lib.callbacks.manager [None req-ca9e0a9a-7b2f-439f-9b72-ea90d97bd5f9 None None] Subscribe: > security_group_rule after_create 55550000, False {{(pid=87715) subscribe /opt/stack/data/venv/lib/python3.12/site-packages/neutron_lib/callbacks/manager.py:52}}
Aug 06 06:01:35.722764 np0000006626 devstack@neutron-api.service[87715]: DEBUG neutron_lib.callbacks.manager [None req-ca9e0a9a-7b2f-439f-9b72-ea90d97bd5f9 None None] Subscribe: > security_group_rule after_update 55550000, False {{(pid=87715) subscribe /opt/stack/data/venv/lib/python3.12/site-packages/neutron_lib/callbacks/manager.py:52}}
Aug 06 06:01:35.722853 np0000006626 devstack@neutron-api.service[87715]: DEBUG neutron_lib.callbacks.manager [None req-ca9e0a9a-7b2f-439f-9b72-ea90d97bd5f9 None None] Subscribe: > security_group_rule after_delete 55550000, False {{(pid=87715) subscribe /opt/stack/data/venv/lib/python3.12/site-packages/neutron_lib/callbacks/manager.py:52}}
Aug 06 06:01:35.722962 np0000006626 devstack@neutron-api.service[87715]: DEBUG neutron_lib.callbacks.manager [None req-ca9e0a9a-7b2f-439f-9b72-ea90d97bd5f9 None None] Subscribe: > address_group after_create 55550000, False {{(pid=87715) subscribe /opt/stack/data/venv/lib/python3.12/site-packages/neutron_lib/callbacks/manager.py:52}}
Aug 06 06:01:35.723087 np0000006626 devstack@neutron-api.service[87715]: DEBUG neutron_lib.callbacks.manager [None req-ca9e0a9a-7b2f-439f-9b72-ea90d97bd5f9 None None] Subscribe: > address_group after_update 55550000, False {{(pid=87715) subscribe /opt/stack/data/venv/lib/python3.12/site-packages/neutron_lib/callbacks/manager.py:52}}
Aug 06 06:01:35.723175 np0000006626 devstack@neutron-api.service[87715]: DEBUG neutron_lib.callbacks.manager [None req-ca9e0a9a-7b2f-439f-9b72-ea90d97bd5f9 None None] Subscribe: > address_group after_delete 55550000, False {{(pid=87715) subscribe /opt/stack/data/venv/lib/python3.12/site-packages/neutron_lib/callbacks/manager.py:52}}
Aug 06 06:01:35.723269 np0000006626 devstack@neutron-api.service[87715]: DEBUG neutron.plugins.ml2.ovo_rpc [None req-ca9e0a9a-7b2f-439f-9b72-ea90d97bd5f9 None None] ML2 OVO RPC backend initialized. {{(pid=87715) __init__ /opt/stack/neutron/neutron/plugins/ml2/ovo_rpc.py:117}}
Aug 06 06:01:35.724092 np0000006626 devstack@neutron-api.service[87715]: INFO neutron.quota [None req-ca9e0a9a-7b2f-439f-9b72-ea90d97bd5f9 None None] Loaded quota_driver: .
Aug 06 06:01:35.724212 np0000006626 devstack@neutron-api.service[87715]: INFO neutron.plugins.ml2.plugin [None req-ca9e0a9a-7b2f-439f-9b72-ea90d97bd5f9 None None] Modular L2 Plugin initialization complete
Aug 06 06:01:35.724352 np0000006626 devstack@neutron-api.service[87715]: DEBUG neutron.manager [None req-ca9e0a9a-7b2f-439f-9b72-ea90d97bd5f9 None None] Loading services supported by the core plugin {{(pid=87715) _load_services_from_core_plugin /opt/stack/neutron/neutron/manager.py:167}}
Aug 06 06:01:35.724491 np0000006626 devstack@neutron-api.service[87715]: INFO neutron.plugins.ml2.managers [None req-ca9e0a9a-7b2f-439f-9b72-ea90d97bd5f9 None None] Got port-security extension from driver 'port_security'
Aug 06 06:01:35.724908 np0000006626 devstack@neutron-api.service[87715]: DEBUG neutron.manager [None req-ca9e0a9a-7b2f-439f-9b72-ea90d97bd5f9 None None] Loading service plugins: ['ovn-router', 'auto_allocate', 'tag', 'timestamp', 'network_ip_availability', 'flavors', 'revisions'] {{(pid=87715) _load_service_plugins /opt/stack/neutron/neutron/manager.py:192}}
Aug 06 06:01:35.724996 np0000006626 devstack@neutron-api.service[87715]: INFO neutron.manager [None req-ca9e0a9a-7b2f-439f-9b72-ea90d97bd5f9 None None] Loading Plugin: ovn-router
Aug 06 06:01:35.735763 np0000006626 devstack@neutron-api.service[87715]: DEBUG neutron_lib.callbacks.manager [None req-ca9e0a9a-7b2f-439f-9b72-ea90d97bd5f9 None None] Subscribe: > router before_delete 55550000, False {{(pid=87715) subscribe /opt/stack/data/venv/lib/python3.12/site-packages/neutron_lib/callbacks/manager.py:52}}
Aug 06 06:01:35.735885 np0000006626 devstack@neutron-api.service[87715]: DEBUG neutron_lib.callbacks.manager [None req-ca9e0a9a-7b2f-439f-9b72-ea90d97bd5f9 None None] Subscribe: port before_update 55550000, False {{(pid=87715) subscribe /opt/stack/data/venv/lib/python3.12/site-packages/neutron_lib/callbacks/manager.py:52}}
Aug 06 06:01:35.736001 np0000006626 devstack@neutron-api.service[87715]: DEBUG neutron_lib.callbacks.manager [None req-ca9e0a9a-7b2f-439f-9b72-ea90d97bd5f9 None None] Subscribe: port after_update 55550000, False {{(pid=87715) subscribe /opt/stack/data/venv/lib/python3.12/site-packages/neutron_lib/callbacks/manager.py:52}}
Aug 06 06:01:35.736089 np0000006626 devstack@neutron-api.service[87715]: DEBUG neutron_lib.callbacks.manager [None req-ca9e0a9a-7b2f-439f-9b72-ea90d97bd5f9 None None] Subscribe: > port precommit_delete 55550000, False {{(pid=87715) subscribe /opt/stack/data/venv/lib/python3.12/site-packages/neutron_lib/callbacks/manager.py:52}}
Aug 06 06:01:35.736207 np0000006626 devstack@neutron-api.service[87715]: DEBUG neutron_lib.callbacks.manager [None req-ca9e0a9a-7b2f-439f-9b72-ea90d97bd5f9 None None] Subscribe: port before_update 55550000, False {{(pid=87715) subscribe /opt/stack/data/venv/lib/python3.12/site-packages/neutron_lib/callbacks/manager.py:52}}
Aug 06 06:01:35.736271 np0000006626 devstack@neutron-api.service[87715]: DEBUG neutron_lib.callbacks.manager [None req-ca9e0a9a-7b2f-439f-9b72-ea90d97bd5f9 None None] Subscribe: port before_delete 55550000, False {{(pid=87715) subscribe /opt/stack/data/venv/lib/python3.12/site-packages/neutron_lib/callbacks/manager.py:52}}
Aug 06 06:01:35.736389 np0000006626 devstack@neutron-api.service[87715]: DEBUG neutron_lib.callbacks.manager [None req-ca9e0a9a-7b2f-439f-9b72-ea90d97bd5f9 None None] Subscribe: > router precommit_create 55550000, False {{(pid=87715) subscribe /opt/stack/data/venv/lib/python3.12/site-packages/neutron_lib/callbacks/manager.py:52}}
Aug 06 06:01:35.736450 np0000006626 devstack@neutron-api.service[87715]: DEBUG neutron_lib.callbacks.manager [None req-ca9e0a9a-7b2f-439f-9b72-ea90d97bd5f9 None None] Subscribe: > router precommit_create 55550000, False {{(pid=87715) subscribe /opt/stack/data/venv/lib/python3.12/site-packages/neutron_lib/callbacks/manager.py:52}}
Aug 06 06:01:35.736588 np0000006626 devstack@neutron-api.service[87715]: DEBUG neutron_lib.callbacks.manager [None req-ca9e0a9a-7b2f-439f-9b72-ea90d97bd5f9 None None] Subscribe: > router precommit_update 55550000, False {{(pid=87715) subscribe /opt/stack/data/venv/lib/python3.12/site-packages/neutron_lib/callbacks/manager.py:52}}
Aug 06 06:01:35.736743 np0000006626 devstack@neutron-api.service[87715]: DEBUG neutron_lib.callbacks.manager [None req-ca9e0a9a-7b2f-439f-9b72-ea90d97bd5f9 None None] Subscribe: subnet after_update 55550000, False {{(pid=87715) subscribe /opt/stack/data/venv/lib/python3.12/site-packages/neutron_lib/callbacks/manager.py:52}}
Aug 06 06:01:35.737026 np0000006626 devstack@neutron-api.service[87715]: DEBUG neutron.quota.resource_registry [None req-ca9e0a9a-7b2f-439f-9b72-ea90d97bd5f9 None None] Tracking information for resource: router configured {{(pid=87715) set_tracked_resource /opt/stack/neutron/neutron/quota/resource_registry.py:203}}
Aug 06 06:01:35.737129 np0000006626 devstack@neutron-api.service[87715]: DEBUG neutron.quota.resource_registry [None req-ca9e0a9a-7b2f-439f-9b72-ea90d97bd5f9 None None] Tracking information for resource: floatingip configured {{(pid=87715) set_tracked_resource /opt/stack/neutron/neutron/quota/resource_registry.py:203}}
Aug 06 06:01:35.737274 np0000006626 devstack@neutron-api.service[87715]: INFO neutron.services.ovn_l3.plugin [None req-ca9e0a9a-7b2f-439f-9b72-ea90d97bd5f9 None None] Starting OVNL3RouterPlugin
Aug 06 06:01:35.737494 np0000006626 devstack@neutron-api.service[87715]: DEBUG neutron_lib.callbacks.manager [None req-ca9e0a9a-7b2f-439f-9b72-ea90d97bd5f9 None None] Subscribe: > port_forwarding_plugin after_init 55550000, False {{(pid=87715) subscribe /opt/stack/data/venv/lib/python3.12/site-packages/neutron_lib/callbacks/manager.py:52}}
Aug 06 06:01:35.737735 np0000006626 devstack@neutron-api.service[87715]: DEBUG neutron_lib.callbacks.manager [None req-ca9e0a9a-7b2f-439f-9b72-ea90d97bd5f9 None None] Subscribe: > router before_create 55550100, False {{(pid=87715) subscribe /opt/stack/data/venv/lib/python3.12/site-packages/neutron_lib/callbacks/manager.py:52}}
Aug 06 06:01:35.737856 np0000006626 devstack@neutron-api.service[87715]: DEBUG neutron_lib.callbacks.manager [None req-ca9e0a9a-7b2f-439f-9b72-ea90d97bd5f9 None None] Subscribe: > router precommit_delete 55550100, False {{(pid=87715) subscribe /opt/stack/data/venv/lib/python3.12/site-packages/neutron_lib/callbacks/manager.py:52}}
Aug 06 06:01:35.737927 np0000006626 devstack@neutron-api.service[87715]: DEBUG neutron_lib.callbacks.manager [None req-ca9e0a9a-7b2f-439f-9b72-ea90d97bd5f9 None None] Subscribe: > router precommit_create 55550100, False {{(pid=87715) subscribe /opt/stack/data/venv/lib/python3.12/site-packages/neutron_lib/callbacks/manager.py:52}}
Aug 06 06:01:35.738019 np0000006626 devstack@neutron-api.service[87715]: DEBUG neutron_lib.callbacks.manager [None req-ca9e0a9a-7b2f-439f-9b72-ea90d97bd5f9 None None] Subscribe: > router precommit_update 55550100, False {{(pid=87715) subscribe /opt/stack/data/venv/lib/python3.12/site-packages/neutron_lib/callbacks/manager.py:52}}
Aug 06 06:01:35.742681 np0000006626 devstack@neutron-api.service[87715]: DEBUG neutron.services.provider_configuration [None req-ca9e0a9a-7b2f-439f-9b72-ea90d97bd5f9 None None] Service providers = [] {{(pid=87715) parse_service_provider_opt /opt/stack/neutron/neutron/services/provider_configuration.py:170}}
Aug 06 06:01:35.742835 np0000006626 devstack@neutron-api.service[87715]: DEBUG neutron.db.servicetype_db [None req-ca9e0a9a-7b2f-439f-9b72-ea90d97bd5f9 None None] Adding provider configuration for service L3_ROUTER_NAT {{(pid=87715) add_provider_configuration /opt/stack/neutron/neutron/db/servicetype_db.py:45}}
Aug 06 06:01:35.744470 np0000006626 devstack@neutron-api.service[87715]: DEBUG neutron_lib.callbacks.manager [None req-ca9e0a9a-7b2f-439f-9b72-ea90d97bd5f9 None None] Subscribe: > router precommit_create 55549900, False {{(pid=87715) subscribe /opt/stack/data/venv/lib/python3.12/site-packages/neutron_lib/callbacks/manager.py:52}}
Aug 06 06:01:35.744531 np0000006626 devstack@neutron-api.service[87715]: DEBUG neutron_lib.callbacks.manager [None req-ca9e0a9a-7b2f-439f-9b72-ea90d97bd5f9 None None] Subscribe: > router_interface after_create 55550000, False {{(pid=87715) subscribe /opt/stack/data/venv/lib/python3.12/site-packages/neutron_lib/callbacks/manager.py:52}}
Aug 06 06:01:35.744787 np0000006626 devstack@neutron-api.service[87715]: DEBUG neutron_lib.callbacks.manager [None req-ca9e0a9a-7b2f-439f-9b72-ea90d97bd5f9 None None] Subscribe: > floatingip after_create 55550000, False {{(pid=87715) subscribe /opt/stack/data/venv/lib/python3.12/site-packages/neutron_lib/callbacks/manager.py:52}}
Aug 06 06:01:35.744787 np0000006626 devstack@neutron-api.service[87715]: DEBUG neutron_lib.callbacks.manager [None req-ca9e0a9a-7b2f-439f-9b72-ea90d97bd5f9 None None] Subscribe: > floatingip precommit_create 55550000, False {{(pid=87715) subscribe /opt/stack/data/venv/lib/python3.12/site-packages/neutron_lib/callbacks/manager.py:52}}
Aug 06 06:01:35.745077 np0000006626 devstack@neutron-api.service[87715]: DEBUG neutron_lib.callbacks.manager [None req-ca9e0a9a-7b2f-439f-9b72-ea90d97bd5f9 None None] Subscribe: > floatingip precommit_update 55550000, False {{(pid=87715) subscribe /opt/stack/data/venv/lib/python3.12/site-packages/neutron_lib/callbacks/manager.py:52}}
Aug 06 06:01:35.745077 np0000006626 devstack@neutron-api.service[87715]: DEBUG neutron_lib.callbacks.manager [None req-ca9e0a9a-7b2f-439f-9b72-ea90d97bd5f9 None None] Subscribe: > floatingip after_delete 55550000, False {{(pid=87715) subscribe /opt/stack/data/venv/lib/python3.12/site-packages/neutron_lib/callbacks/manager.py:52}}
Aug 06 06:01:35.745077 np0000006626 devstack@neutron-api.service[87715]: DEBUG neutron_lib.callbacks.manager [None req-ca9e0a9a-7b2f-439f-9b72-ea90d97bd5f9 None None] Subscribe: > floatingip after_status_update 55550000, False {{(pid=87715) subscribe /opt/stack/data/venv/lib/python3.12/site-packages/neutron_lib/callbacks/manager.py:52}}
Aug 06 06:01:35.745359 np0000006626 devstack@neutron-api.service[87715]: DEBUG neutron_lib.callbacks.manager [None req-ca9e0a9a-7b2f-439f-9b72-ea90d97bd5f9 None None] Subscribe: > floatingip after_update 55550000, False {{(pid=87715) subscribe /opt/stack/data/venv/lib/python3.12/site-packages/neutron_lib/callbacks/manager.py:52}}
Aug 06 06:01:35.745359 np0000006626 devstack@neutron-api.service[87715]: DEBUG neutron_lib.callbacks.manager [None req-ca9e0a9a-7b2f-439f-9b72-ea90d97bd5f9 None None] Subscribe: > port_forwarding after_create 55550000, False {{(pid=87715) subscribe /opt/stack/data/venv/lib/python3.12/site-packages/neutron_lib/callbacks/manager.py:52}}
Aug 06 06:01:35.745359 np0000006626 devstack@neutron-api.service[87715]: DEBUG neutron_lib.callbacks.manager [None req-ca9e0a9a-7b2f-439f-9b72-ea90d97bd5f9 None None] Subscribe: > router_interface after_delete 55550000, False {{(pid=87715) subscribe /opt/stack/data/venv/lib/python3.12/site-packages/neutron_lib/callbacks/manager.py:52}}
Aug 06 06:01:35.745573 np0000006626 devstack@neutron-api.service[87715]: DEBUG neutron_lib.callbacks.manager [None req-ca9e0a9a-7b2f-439f-9b72-ea90d97bd5f9 None None] Subscribe: > router after_create 55550000, False {{(pid=87715) subscribe /opt/stack/data/venv/lib/python3.12/site-packages/neutron_lib/callbacks/manager.py:52}}
Aug 06 06:01:35.745573 np0000006626 devstack@neutron-api.service[87715]: DEBUG neutron_lib.callbacks.manager [None req-ca9e0a9a-7b2f-439f-9b72-ea90d97bd5f9 None None] Subscribe: > router precommit_create 55550000, False {{(pid=87715) subscribe /opt/stack/data/venv/lib/python3.12/site-packages/neutron_lib/callbacks/manager.py:52}}
Aug 06 06:01:35.745809 np0000006626 devstack@neutron-api.service[87715]: DEBUG neutron_lib.callbacks.manager [None req-ca9e0a9a-7b2f-439f-9b72-ea90d97bd5f9 None None] Subscribe: > router after_delete 55550000, False {{(pid=87715) subscribe /opt/stack/data/venv/lib/python3.12/site-packages/neutron_lib/callbacks/manager.py:52}}
Aug 06 06:01:35.745809 np0000006626 devstack@neutron-api.service[87715]: DEBUG neutron_lib.callbacks.manager [None req-ca9e0a9a-7b2f-439f-9b72-ea90d97bd5f9 None None] Subscribe: > router after_update 55550000, False {{(pid=87715) subscribe /opt/stack/data/venv/lib/python3.12/site-packages/neutron_lib/callbacks/manager.py:52}}
Aug 06 06:01:35.745809 np0000006626 devstack@neutron-api.service[87715]: DEBUG neutron.services.service_base [None req-ca9e0a9a-7b2f-439f-9b72-ea90d97bd5f9 None None] Loaded 'neutron.services.ovn_l3.service_providers.ovn.OvnDriver' provider for service L3_ROUTER_NAT {{(pid=87715) load_drivers /opt/stack/neutron/neutron/services/service_base.py:49}}
Aug 06 06:01:35.746082 np0000006626 devstack@neutron-api.service[87715]: DEBUG neutron_lib.callbacks.manager [None req-ca9e0a9a-7b2f-439f-9b72-ea90d97bd5f9 None None] Subscribe: > process after_init 55550001, True {{(pid=87715) subscribe /opt/stack/data/venv/lib/python3.12/site-packages/neutron_lib/callbacks/manager.py:52}}
Aug 06 06:01:35.746082 np0000006626 devstack@neutron-api.service[87715]: DEBUG neutron.manager [None req-ca9e0a9a-7b2f-439f-9b72-ea90d97bd5f9 None None] Successfully loaded L3_ROUTER_NAT plugin. Description: L3 Router Service Plugin for basic L3 forwarding using OVN {{(pid=87715) _create_and_add_service_plugin /opt/stack/neutron/neutron/manager.py:236}}
Aug 06 06:01:35.746221 np0000006626 devstack@neutron-api.service[87715]: INFO neutron.manager [None req-ca9e0a9a-7b2f-439f-9b72-ea90d97bd5f9 None None] Loading Plugin: auto_allocate
Aug 06 06:01:35.747112 np0000006626 devstack@neutron-api.service[87715]: DEBUG neutron_lib.callbacks.manager [None req-ca9e0a9a-7b2f-439f-9b72-ea90d97bd5f9 None None] Subscribe: network precommit_update 55550000, False {{(pid=87715) subscribe /opt/stack/data/venv/lib/python3.12/site-packages/neutron_lib/callbacks/manager.py:52}}
Aug 06 06:01:35.747422 np0000006626 devstack@neutron-api.service[87715]: DEBUG neutron_lib.callbacks.manager [None req-ca9e0a9a-7b2f-439f-9b72-ea90d97bd5f9 None None] Subscribe: network precommit_create 55550000, False {{(pid=87715) subscribe /opt/stack/data/venv/lib/python3.12/site-packages/neutron_lib/callbacks/manager.py:52}}
Aug 06 06:01:35.747691 np0000006626 devstack@neutron-api.service[87715]: DEBUG neutron.manager [None req-ca9e0a9a-7b2f-439f-9b72-ea90d97bd5f9 None None] Successfully loaded auto-allocated-topology plugin. Description: Auto Allocated Topology - aka get me a network. {{(pid=87715) _create_and_add_service_plugin /opt/stack/neutron/neutron/manager.py:236}}
Aug 06 06:01:35.747691 np0000006626 devstack@neutron-api.service[87715]: INFO neutron.manager [None req-ca9e0a9a-7b2f-439f-9b72-ea90d97bd5f9 None None] Loading Plugin: tag
Aug 06 06:01:35.750343 np0000006626 devstack@neutron-api.service[87715]: DEBUG neutron.manager [None req-ca9e0a9a-7b2f-439f-9b72-ea90d97bd5f9 None None] Successfully loaded TAG plugin. Description: Tag support {{(pid=87715) _create_and_add_service_plugin /opt/stack/neutron/neutron/manager.py:236}}
Aug 06 06:01:35.750542 np0000006626 devstack@neutron-api.service[87715]: INFO neutron.manager [None req-ca9e0a9a-7b2f-439f-9b72-ea90d97bd5f9 None None] Loading Plugin: timestamp
Aug 06 06:01:35.751799 np0000006626 devstack@neutron-api.service[87715]: DEBUG neutron.manager [None req-ca9e0a9a-7b2f-439f-9b72-ea90d97bd5f9 None None] Successfully loaded timestamp plugin. Description: Adds timestamps to Neutron resources with standard attributes {{(pid=87715) _create_and_add_service_plugin /opt/stack/neutron/neutron/manager.py:236}}
Aug 06 06:01:35.751936 np0000006626 devstack@neutron-api.service[87715]: INFO neutron.manager [None req-ca9e0a9a-7b2f-439f-9b72-ea90d97bd5f9 None None] Loading Plugin: network_ip_availability
Aug 06 06:01:35.753628 np0000006626 devstack@neutron-api.service[87715]: DEBUG neutron.manager [None req-ca9e0a9a-7b2f-439f-9b72-ea90d97bd5f9 None None] Successfully loaded network-ip-availability plugin. Description: Provides IP availability data for each network and subnet. {{(pid=87715) _create_and_add_service_plugin /opt/stack/neutron/neutron/manager.py:236}}
Aug 06 06:01:35.753742 np0000006626 devstack@neutron-api.service[87715]: INFO neutron.manager [None req-ca9e0a9a-7b2f-439f-9b72-ea90d97bd5f9 None None] Loading Plugin: flavors
Aug 06 06:01:35.754588 np0000006626 devstack@neutron-api.service[87715]: DEBUG neutron.manager [None req-ca9e0a9a-7b2f-439f-9b72-ea90d97bd5f9 None None] Successfully loaded FLAVORS plugin. Description: Neutron Flavors and Service Profiles manager plugin {{(pid=87715) _create_and_add_service_plugin /opt/stack/neutron/neutron/manager.py:236}}
Aug 06 06:01:35.754754 np0000006626 devstack@neutron-api.service[87715]: INFO neutron.manager [None req-ca9e0a9a-7b2f-439f-9b72-ea90d97bd5f9 None None] Loading Plugin: revisions
Aug 06 06:01:35.756319 np0000006626 devstack@neutron-api.service[87715]: DEBUG neutron.manager [None req-ca9e0a9a-7b2f-439f-9b72-ea90d97bd5f9 None None] Successfully loaded revision_plugin plugin. Description: Adds revision numbers to resources. {{(pid=87715) _create_and_add_service_plugin /opt/stack/neutron/neutron/manager.py:236}}
Aug 06 06:01:35.756539 np0000006626 devstack@neutron-api.service[87715]: DEBUG oslo_concurrency.lockutils [None req-ca9e0a9a-7b2f-439f-9b72-ea90d97bd5f9 None None] Lock "manager" "released" by "neutron.manager.NeutronManager._create_instance" :: held 3.735s {{(pid=87715) inner /opt/stack/data/venv/lib/python3.12/site-packages/oslo_concurrency/lockutils.py:544}}
Aug 06 06:01:35.756839 np0000006626 devstack@neutron-api.service[87715]: DEBUG neutron.api.extensions [None req-ca9e0a9a-7b2f-439f-9b72-ea90d97bd5f9 None None] get_extension_paths = OrderedDict({'/opt/stack/neutron/neutron/extensions': 1}) {{(pid=87715) get_extensions_path /opt/stack/neutron/neutron/api/extensions.py:640}}
Aug 06 06:01:35.756968 np0000006626 devstack@neutron-api.service[87715]: INFO neutron.api.extensions [None req-ca9e0a9a-7b2f-439f-9b72-ea90d97bd5f9 None None] Initializing extension manager.
Aug 06 06:01:35.757277 np0000006626 devstack@neutron-api.service[87715]: DEBUG neutron.api.extensions [None req-ca9e0a9a-7b2f-439f-9b72-ea90d97bd5f9 None None] Loading extension file: __init__.py {{(pid=87715) _load_all_extensions_from_path /opt/stack/neutron/neutron/api/extensions.py:449}}
Aug 06 06:01:35.757406 np0000006626 devstack@neutron-api.service[87715]: DEBUG neutron.api.extensions [None req-ca9e0a9a-7b2f-439f-9b72-ea90d97bd5f9 None None] Loading extension file: __pycache__ {{(pid=87715) _load_all_extensions_from_path /opt/stack/neutron/neutron/api/extensions.py:449}}
Aug 06 06:01:35.757528 np0000006626 devstack@neutron-api.service[87715]: DEBUG neutron.api.extensions [None req-ca9e0a9a-7b2f-439f-9b72-ea90d97bd5f9 None None] Loading extension file: aap_reject_multicast.py {{(pid=87715) _load_all_extensions_from_path /opt/stack/neutron/neutron/api/extensions.py:449}}
Aug 06 06:01:35.757909 np0000006626 devstack@neutron-api.service[87715]: DEBUG neutron.api.extensions [None req-ca9e0a9a-7b2f-439f-9b72-ea90d97bd5f9 None None] Ext name="Allowed address pairs reject multicast extension" alias="aap-reject-multicast" description="Reject multicast addresses in Allowed Address Pairs" updated="2026-04-01T00:00:00-00:00" {{(pid=87715) _check_extension /opt/stack/neutron/neutron/api/extensions.py:415}}
Aug 06 06:01:35.758245 np0000006626 devstack@neutron-api.service[87715]: INFO neutron.api.extensions [None req-ca9e0a9a-7b2f-439f-9b72-ea90d97bd5f9 None None] Extension aap-reject-multicast not supported by any of loaded plugins
Aug 06 06:01:35.758388 np0000006626 devstack@neutron-api.service[87715]: DEBUG neutron.api.extensions [None req-ca9e0a9a-7b2f-439f-9b72-ea90d97bd5f9 None None] Loading extension file: address_group.py {{(pid=87715) _load_all_extensions_from_path /opt/stack/neutron/neutron/api/extensions.py:449}}
Aug 06 06:01:35.758874 np0000006626 devstack@neutron-api.service[87715]: DEBUG neutron.api.extensions [None req-ca9e0a9a-7b2f-439f-9b72-ea90d97bd5f9 None None] Ext name="Address group" alias="address-group" description="Support address group" updated="2020-07-15T10:00:00-00:00" {{(pid=87715) _check_extension /opt/stack/neutron/neutron/api/extensions.py:415}}
Aug 06 06:01:35.759038 np0000006626 devstack@neutron-api.service[87716]: INFO neutron.plugins.ml2.drivers.type_vlan [None req-4e9a634f-9cda-44b9-a12e-164aef9f2cf9 None None] VlanTypeDriver initialization complete
Aug 06 06:01:35.759078 np0000006626 devstack@neutron-api.service[87715]: INFO neutron.api.extensions [None req-ca9e0a9a-7b2f-439f-9b72-ea90d97bd5f9 None None] Loaded extension: address-group
Aug 06 06:01:35.759219 np0000006626 devstack@neutron-api.service[87715]: DEBUG neutron.api.extensions [None req-ca9e0a9a-7b2f-439f-9b72-ea90d97bd5f9 None None] Loading extension file: address_scope.py {{(pid=87715) _load_all_extensions_from_path /opt/stack/neutron/neutron/api/extensions.py:449}}
Aug 06 06:01:35.759282 np0000006626 devstack@neutron-api.service[87716]: INFO neutron.plugins.ml2.managers [None req-4e9a634f-9cda-44b9-a12e-164aef9f2cf9 None None] Initializing extension driver 'port_security'
Aug 06 06:01:35.759282 np0000006626 devstack@neutron-api.service[87716]: INFO neutron.plugins.ml2.extensions.port_security [None req-4e9a634f-9cda-44b9-a12e-164aef9f2cf9 None None] PortSecurityExtensionDriver initialization complete
Aug 06 06:01:35.759408 np0000006626 devstack@neutron-api.service[87716]: INFO neutron.plugins.ml2.managers [None req-4e9a634f-9cda-44b9-a12e-164aef9f2cf9 None None] Initializing extension driver 'qos'
Aug 06 06:01:35.759490 np0000006626 devstack@neutron-api.service[87716]: DEBUG neutron.plugins.ml2.extensions.qos [None req-4e9a634f-9cda-44b9-a12e-164aef9f2cf9 None None] QosExtensionDriver initialization complete {{(pid=87716) initialize /opt/stack/neutron/neutron/plugins/ml2/extensions/qos.py:31}}
Aug 06 06:01:35.759577 np0000006626 devstack@neutron-api.service[87715]: DEBUG neutron.api.extensions [None req-ca9e0a9a-7b2f-439f-9b72-ea90d97bd5f9 None None] Ext name="Address scope" alias="address-scope" description="Address scopes extension." updated="2015-07-26T10:00:00-00:00" {{(pid=87715) _check_extension /opt/stack/neutron/neutron/api/extensions.py:415}}
Aug 06 06:01:35.759607 np0000006626 devstack@neutron-api.service[87716]: INFO neutron.plugins.ml2.managers [None req-4e9a634f-9cda-44b9-a12e-164aef9f2cf9 None None] Initializing mechanism driver 'ovn'
Aug 06 06:01:35.759688 np0000006626 devstack@neutron-api.service[87716]: INFO neutron.plugins.ml2.drivers.ovn.mech_driver.mech_driver [None req-4e9a634f-9cda-44b9-a12e-164aef9f2cf9 None None] Starting OVNMechanismDriver
Aug 06 06:01:35.759784 np0000006626 devstack@neutron-api.service[87715]: INFO neutron.api.extensions [None req-ca9e0a9a-7b2f-439f-9b72-ea90d97bd5f9 None None] Loaded extension: address-scope
Aug 06 06:01:35.759909 np0000006626 devstack@neutron-api.service[87715]: DEBUG neutron.api.extensions [None req-ca9e0a9a-7b2f-439f-9b72-ea90d97bd5f9 None None] Loading extension file: admin_state_down_before_update.py {{(pid=87715) _load_all_extensions_from_path /opt/stack/neutron/neutron/api/extensions.py:449}}
Aug 06 06:01:35.760171 np0000006626 devstack@neutron-api.service[87715]: DEBUG neutron.api.extensions [None req-ca9e0a9a-7b2f-439f-9b72-ea90d97bd5f9 None None] Ext name="Enforce Router's Admin State Down Before Update Extension" alias="router-admin-state-down-before-update" description="Ensure that the admin state of a router is DOWN (admin_state_up=False) before updating the distributed attribute" updated="2019-07-02T15:56:00" {{(pid=87715) _check_extension /opt/stack/neutron/neutron/api/extensions.py:415}}
Aug 06 06:01:35.760386 np0000006626 devstack@neutron-api.service[87715]: INFO neutron.api.extensions [None req-ca9e0a9a-7b2f-439f-9b72-ea90d97bd5f9 None None] Extension router-admin-state-down-before-update not supported by any of loaded plugins
Aug 06 06:01:35.760501 np0000006626 devstack@neutron-api.service[87715]: DEBUG neutron.api.extensions [None req-ca9e0a9a-7b2f-439f-9b72-ea90d97bd5f9 None None] Loading extension file: agent.py {{(pid=87715) _load_all_extensions_from_path /opt/stack/neutron/neutron/api/extensions.py:449}}
Aug 06 06:01:35.760906 np0000006626 devstack@neutron-api.service[87715]: DEBUG neutron.api.extensions [None req-ca9e0a9a-7b2f-439f-9b72-ea90d97bd5f9 None None] Ext name="agent" alias="agent" description="The agent management extension." updated="2013-02-03T10:00:00-00:00" {{(pid=87715) _check_extension /opt/stack/neutron/neutron/api/extensions.py:415}}
Aug 06 06:01:35.761104 np0000006626 devstack@neutron-api.service[87715]: INFO neutron.api.extensions [None req-ca9e0a9a-7b2f-439f-9b72-ea90d97bd5f9 None None] Loaded extension: agent
Aug 06 06:01:35.761234 np0000006626 devstack@neutron-api.service[87715]: DEBUG neutron.api.extensions [None req-ca9e0a9a-7b2f-439f-9b72-ea90d97bd5f9 None None] Loading extension file: agent_resources_synced.py {{(pid=87715) _load_all_extensions_from_path /opt/stack/neutron/neutron/api/extensions.py:449}}
Aug 06 06:01:35.761302 np0000006626 devstack@neutron-api.service[87716]: DEBUG neutron_lib.callbacks.manager [None req-4e9a634f-9cda-44b9-a12e-164aef9f2cf9 None None] Subscribe: > process before_spawn 55550000, False {{(pid=87716) subscribe /opt/stack/data/venv/lib/python3.12/site-packages/neutron_lib/callbacks/manager.py:52}}
Aug 06 06:01:35.761431 np0000006626 devstack@neutron-api.service[87716]: DEBUG neutron_lib.callbacks.manager [None req-4e9a634f-9cda-44b9-a12e-164aef9f2cf9 None None] Subscribe: > process after_init 55550000, True {{(pid=87716) subscribe /opt/stack/data/venv/lib/python3.12/site-packages/neutron_lib/callbacks/manager.py:52}}
Aug 06 06:01:35.761485 np0000006626 devstack@neutron-api.service[87715]: DEBUG neutron.api.extensions [None req-ca9e0a9a-7b2f-439f-9b72-ea90d97bd5f9 None None] Ext name="Agent's Resource View Synced to Placement" alias="agent-resources-synced" description="Stores success/failure of last sync to Placement" updated="2018-12-19T00:00:00-00:00" {{(pid=87715) _check_extension /opt/stack/neutron/neutron/api/extensions.py:415}}
Aug 06 06:01:35.761570 np0000006626 devstack@neutron-api.service[87716]: DEBUG neutron_lib.callbacks.manager [None req-4e9a634f-9cda-44b9-a12e-164aef9f2cf9 None None] Subscribe: > segment after_create 55550000, False {{(pid=87716) subscribe /opt/stack/data/venv/lib/python3.12/site-packages/neutron_lib/callbacks/manager.py:52}}
Aug 06 06:01:35.761665 np0000006626 devstack@neutron-api.service[87715]: INFO neutron.api.extensions [None req-ca9e0a9a-7b2f-439f-9b72-ea90d97bd5f9 None None] Extension agent-resources-synced not supported by any of loaded plugins
Aug 06 06:01:35.761707 np0000006626 devstack@neutron-api.service[87716]: DEBUG neutron_lib.callbacks.manager [None req-4e9a634f-9cda-44b9-a12e-164aef9f2cf9 None None] Subscribe: > segment after_create 55550000, False {{(pid=87716) subscribe /opt/stack/data/venv/lib/python3.12/site-packages/neutron_lib/callbacks/manager.py:52}}
Aug 06 06:01:35.761793 np0000006626 devstack@neutron-api.service[87715]: DEBUG neutron.api.extensions [None req-ca9e0a9a-7b2f-439f-9b72-ea90d97bd5f9 None None] Loading extension file: agent_sort_key.py {{(pid=87715) _load_all_extensions_from_path /opt/stack/neutron/neutron/api/extensions.py:449}}
Aug 06 06:01:35.761820 np0000006626 devstack@neutron-api.service[87716]: DEBUG neutron_lib.callbacks.manager [None req-4e9a634f-9cda-44b9-a12e-164aef9f2cf9 None None] Subscribe: > segment after_delete 55550000, False {{(pid=87716) subscribe /opt/stack/data/venv/lib/python3.12/site-packages/neutron_lib/callbacks/manager.py:52}}
Aug 06 06:01:35.761896 np0000006626 devstack@neutron-api.service[87716]: DEBUG neutron_lib.callbacks.manager [None req-4e9a634f-9cda-44b9-a12e-164aef9f2cf9 None None] Subscribe: > allowed_address_pair before_create 55550000, False {{(pid=87716) subscribe /opt/stack/data/venv/lib/python3.12/site-packages/neutron_lib/callbacks/manager.py:52}}
Aug 06 06:01:35.761992 np0000006626 devstack@neutron-api.service[87715]: DEBUG neutron.api.extensions [None req-ca9e0a9a-7b2f-439f-9b72-ea90d97bd5f9 None None] Ext name="Agents Sort Key" alias="agent_sort_key" description="Enabling the keyword sort_key for sorting in agents." updated="2013-02-03T10:00:00-00:00" {{(pid=87715) _check_extension /opt/stack/neutron/neutron/api/extensions.py:415}}
Aug 06 06:01:35.762020 np0000006626 devstack@neutron-api.service[87716]: DEBUG neutron_lib.callbacks.manager [None req-4e9a634f-9cda-44b9-a12e-164aef9f2cf9 None None] Subscribe: > security_group precommit_create 55550000, False {{(pid=87716) subscribe /opt/stack/data/venv/lib/python3.12/site-packages/neutron_lib/callbacks/manager.py:52}}
Aug 06 06:01:35.762083 np0000006626 devstack@neutron-api.service[87716]: DEBUG neutron_lib.callbacks.manager [None req-4e9a634f-9cda-44b9-a12e-164aef9f2cf9 None None] Subscribe: > security_group after_update 55550000, False {{(pid=87716) subscribe /opt/stack/data/venv/lib/python3.12/site-packages/neutron_lib/callbacks/manager.py:52}}
Aug 06 06:01:35.762140 np0000006626 devstack@neutron-api.service[87715]: INFO neutron.api.extensions [None req-ca9e0a9a-7b2f-439f-9b72-ea90d97bd5f9 None None] Extension agent_sort_key not supported by any of loaded plugins
Aug 06 06:01:35.762188 np0000006626 devstack@neutron-api.service[87715]: DEBUG neutron.api.extensions [None req-ca9e0a9a-7b2f-439f-9b72-ea90d97bd5f9 None None] Loading extension file: allowedaddresspairs.py {{(pid=87715) _load_all_extensions_from_path /opt/stack/neutron/neutron/api/extensions.py:449}}
Aug 06 06:01:35.762213 np0000006626 devstack@neutron-api.service[87716]: DEBUG neutron_lib.callbacks.manager [None req-4e9a634f-9cda-44b9-a12e-164aef9f2cf9 None None] Subscribe: > security_group after_create 55550000, False {{(pid=87716) subscribe /opt/stack/data/venv/lib/python3.12/site-packages/neutron_lib/callbacks/manager.py:52}}
Aug 06 06:01:35.762424 np0000006626 devstack@neutron-api.service[87716]: DEBUG neutron_lib.callbacks.manager [None req-4e9a634f-9cda-44b9-a12e-164aef9f2cf9 None None] Subscribe: > security_group precommit_delete 55550000, False {{(pid=87716) subscribe /opt/stack/data/venv/lib/python3.12/site-packages/neutron_lib/callbacks/manager.py:52}}
Aug 06 06:01:35.763009 np0000006626 devstack@neutron-api.service[87716]: DEBUG neutron_lib.callbacks.manager [None req-4e9a634f-9cda-44b9-a12e-164aef9f2cf9 None None] Subscribe: > security_group after_delete 55550000, False {{(pid=87716) subscribe /opt/stack/data/venv/lib/python3.12/site-packages/neutron_lib/callbacks/manager.py:52}}
Aug 06 06:01:35.763009 np0000006626 devstack@neutron-api.service[87716]: DEBUG neutron_lib.callbacks.manager [None req-4e9a634f-9cda-44b9-a12e-164aef9f2cf9 None None] Subscribe: > security_group_rule precommit_create 55550000, False {{(pid=87716) subscribe /opt/stack/data/venv/lib/python3.12/site-packages/neutron_lib/callbacks/manager.py:52}}
Aug 06 06:01:35.763009 np0000006626 devstack@neutron-api.service[87716]: DEBUG neutron_lib.callbacks.manager [None req-4e9a634f-9cda-44b9-a12e-164aef9f2cf9 None None] Subscribe: > security_group_rule after_create 55550000, False {{(pid=87716) subscribe /opt/stack/data/venv/lib/python3.12/site-packages/neutron_lib/callbacks/manager.py:52}}
Aug 06 06:01:35.763009 np0000006626 devstack@neutron-api.service[87716]: DEBUG neutron_lib.callbacks.manager [None req-4e9a634f-9cda-44b9-a12e-164aef9f2cf9 None None] Subscribe: > security_group_rule before_delete 55550000, False {{(pid=87716) subscribe /opt/stack/data/venv/lib/python3.12/site-packages/neutron_lib/callbacks/manager.py:52}}
Aug 06 06:01:35.763597 np0000006626 devstack@neutron-api.service[87716]: DEBUG neutron_lib.callbacks.manager [None req-4e9a634f-9cda-44b9-a12e-164aef9f2cf9 None None] Subscribe: > address_group after_create 55550000, False {{(pid=87716) subscribe /opt/stack/data/venv/lib/python3.12/site-packages/neutron_lib/callbacks/manager.py:52}}
Aug 06 06:01:35.763852 np0000006626 devstack@neutron-api.service[87715]: DEBUG neutron.api.extensions [None req-ca9e0a9a-7b2f-439f-9b72-ea90d97bd5f9 None None] Ext name="Allowed Address Pairs" alias="allowed-address-pairs" description="Provides allowed address pairs" updated="2013-07-23T10:00:00-00:00" {{(pid=87715) _check_extension /opt/stack/neutron/neutron/api/extensions.py:415}}
Aug 06 06:01:35.763968 np0000006626 devstack@neutron-api.service[87716]: DEBUG neutron_lib.callbacks.manager [None req-4e9a634f-9cda-44b9-a12e-164aef9f2cf9 None None] Subscribe: > address_group after_update 55550000, False {{(pid=87716) subscribe /opt/stack/data/venv/lib/python3.12/site-packages/neutron_lib/callbacks/manager.py:52}}
Aug 06 06:01:35.764096 np0000006626 devstack@neutron-api.service[87715]: INFO neutron.api.extensions [None req-ca9e0a9a-7b2f-439f-9b72-ea90d97bd5f9 None None] Loaded extension: allowed-address-pairs
Aug 06 06:01:35.764177 np0000006626 devstack@neutron-api.service[87716]: DEBUG neutron_lib.callbacks.manager [None req-4e9a634f-9cda-44b9-a12e-164aef9f2cf9 None None] Subscribe: > address_group after_delete 55550000, False {{(pid=87716) subscribe /opt/stack/data/venv/lib/python3.12/site-packages/neutron_lib/callbacks/manager.py:52}}
Aug 06 06:01:35.764266 np0000006626 devstack@neutron-api.service[87715]: DEBUG neutron.api.extensions [None req-ca9e0a9a-7b2f-439f-9b72-ea90d97bd5f9 None None] Loading extension file: auto_allocated_topology.py {{(pid=87715) _load_all_extensions_from_path /opt/stack/neutron/neutron/api/extensions.py:449}}
Aug 06 06:01:35.764359 np0000006626 devstack@neutron-api.service[87716]: DEBUG neutron_lib.callbacks.manager [None req-4e9a634f-9cda-44b9-a12e-164aef9f2cf9 None None] Subscribe: > qos_plugin after_init 55550000, False {{(pid=87716) subscribe /opt/stack/data/venv/lib/python3.12/site-packages/neutron_lib/callbacks/manager.py:52}}
Aug 06 06:01:35.764455 np0000006626 devstack@neutron-api.service[87715]: DEBUG neutron.api.extensions [None req-ca9e0a9a-7b2f-439f-9b72-ea90d97bd5f9 None None] Ext name="Auto Allocated Topology Services" alias="auto-allocated-topology" description="Auto Allocated Topology Services." updated="2016-01-01T00:00:00-00:00" {{(pid=87715) _check_extension /opt/stack/neutron/neutron/api/extensions.py:415}}
Aug 06 06:01:35.764548 np0000006626 devstack@neutron-api.service[87716]: DEBUG neutron_lib.callbacks.manager [None req-4e9a634f-9cda-44b9-a12e-164aef9f2cf9 None None] Subscribe: > trunk_plugin after_init 55550000, False {{(pid=87716) subscribe /opt/stack/data/venv/lib/python3.12/site-packages/neutron_lib/callbacks/manager.py:52}}
Aug 06 06:01:35.764662 np0000006626 devstack@neutron-api.service[87715]: INFO neutron.api.extensions [None req-ca9e0a9a-7b2f-439f-9b72-ea90d97bd5f9 None None] Loaded extension: auto-allocated-topology
Aug 06 06:01:35.764662 np0000006626 devstack@neutron-api.service[87715]: DEBUG neutron.api.extensions [None req-ca9e0a9a-7b2f-439f-9b72-ea90d97bd5f9 None None] Loading extension file: availability_zone.py {{(pid=87715) _load_all_extensions_from_path /opt/stack/neutron/neutron/api/extensions.py:449}}
Aug 06 06:01:35.764773 np0000006626 devstack@neutron-api.service[87716]: DEBUG neutron_lib.callbacks.manager [None req-4e9a634f-9cda-44b9-a12e-164aef9f2cf9 None None] Subscribe: > logging-plugin after_init 55550000, False {{(pid=87716) subscribe /opt/stack/data/venv/lib/python3.12/site-packages/neutron_lib/callbacks/manager.py:52}}
Aug 06 06:01:35.764831 np0000006626 devstack@neutron-api.service[87715]: DEBUG neutron.api.extensions [None req-ca9e0a9a-7b2f-439f-9b72-ea90d97bd5f9 None None] Ext name="Availability Zone" alias="availability_zone" description="The availability zone extension." updated="2015-01-01T10:00:00-00:00" {{(pid=87715) _check_extension /opt/stack/neutron/neutron/api/extensions.py:415}}
Aug 06 06:01:35.764857 np0000006626 devstack@neutron-api.service[87716]: INFO neutron.services.logapi.drivers.ovn.driver [None req-4e9a634f-9cda-44b9-a12e-164aef9f2cf9 None None] OVN logging driver registered
Aug 06 06:01:35.764882 np0000006626 devstack@neutron-api.service[87715]: INFO neutron.api.extensions [None req-ca9e0a9a-7b2f-439f-9b72-ea90d97bd5f9 None None] Loaded extension: availability_zone
Aug 06 06:01:35.764882 np0000006626 devstack@neutron-api.service[87715]: DEBUG neutron.api.extensions [None req-ca9e0a9a-7b2f-439f-9b72-ea90d97bd5f9 None None] Loading extension file: availability_zone_filter.py {{(pid=87715) _load_all_extensions_from_path /opt/stack/neutron/neutron/api/extensions.py:449}}
Aug 06 06:01:35.765018 np0000006626 devstack@neutron-api.service[87716]: DEBUG neutron_lib.callbacks.manager [None req-4e9a634f-9cda-44b9-a12e-164aef9f2cf9 None None] Subscribe: ._register_pvlan_driver at 0x741633b4ff60> pvlan_plugin before_spawn 55550000, False {{(pid=87716) subscribe /opt/stack/data/venv/lib/python3.12/site-packages/neutron_lib/callbacks/manager.py:52}}
Aug 06 06:01:35.765018 np0000006626 devstack@neutron-api.service[87716]: DEBUG neutron_lib.callbacks.manager [None req-4e9a634f-9cda-44b9-a12e-164aef9f2cf9 None None] Subscribe: process after_init 55550000, False {{(pid=87716) subscribe /opt/stack/data/venv/lib/python3.12/site-packages/neutron_lib/callbacks/manager.py:52}}
Aug 06 06:01:35.765115 np0000006626 devstack@neutron-api.service[87715]: DEBUG neutron.api.extensions [None req-ca9e0a9a-7b2f-439f-9b72-ea90d97bd5f9 None None] Ext name="Availability Zone Filter Extension" alias="availability_zone_filter" description="Add filter parameters to AvailabilityZone resource" updated="2018-06-22T10:00:00-00:00" {{(pid=87715) _check_extension /opt/stack/neutron/neutron/api/extensions.py:415}}
Aug 06 06:01:35.765115 np0000006626 devstack@neutron-api.service[87715]: INFO neutron.api.extensions [None req-ca9e0a9a-7b2f-439f-9b72-ea90d97bd5f9 None None] Extension availability_zone_filter not supported by any of loaded plugins
Aug 06 06:01:35.765115 np0000006626 devstack@neutron-api.service[87715]: DEBUG neutron.api.extensions [None req-ca9e0a9a-7b2f-439f-9b72-ea90d97bd5f9 None None] Loading extension file: data_plane_status.py {{(pid=87715) _load_all_extensions_from_path /opt/stack/neutron/neutron/api/extensions.py:449}}
