Aug 16 16:51:04.133682 np0000007379 devstack@c-api.service[100372]: DEBUG cinder.api.openstack.wsgi [req-523e3689-4d6b-48d1-a477-c5c529f10c21 req-cc60de53-71e5-4d0e-8ea0-e3199819eb22 tempest-AttachSCSIVolumeTestJSON-676857181 tempest-AttachSCSIVolumeTestJSON-676857181-project-member] Action: 'action', calling method: _begin_detaching, body: {"os-begin_detaching": null} {{(pid=100372) _process_stack /opt/stack/cinder/cinder/api/openstack/wsgi.py:876}}
Aug 16 16:51:04.150372 np0000007379 devstack@c-api.service[100372]: /opt/stack/data/venv/lib/python3.12/site-packages/oslo_context/context.py:102: DeprecationWarning: Policy enforcement is depending on the value of is_admin. This key is deprecated. Please update your policy file to use the standard policy values.
Aug 16 16:51:04.150372 np0000007379 devstack@c-api.service[100372]: warnings.warn(
Aug 16 16:51:04.152515 np0000007379 devstack@c-api.service[100372]: INFO cinder.volume.api [req-523e3689-4d6b-48d1-a477-c5c529f10c21 req-cc60de53-71e5-4d0e-8ea0-e3199819eb22 tempest-AttachSCSIVolumeTestJSON-676857181 tempest-AttachSCSIVolumeTestJSON-676857181-project-member] Volume info retrieved successfully.
Aug 16 16:51:04.166541 np0000007379 devstack@c-api.service[100372]: INFO cinder.volume.api [req-523e3689-4d6b-48d1-a477-c5c529f10c21 req-cc60de53-71e5-4d0e-8ea0-e3199819eb22 tempest-AttachSCSIVolumeTestJSON-676857181 tempest-AttachSCSIVolumeTestJSON-676857181-project-member] Begin detaching volume completed successfully.
Aug 16 16:51:04.166882 np0000007379 devstack@c-api.service[100372]: INFO cinder.api.openstack.wsgi [req-523e3689-4d6b-48d1-a477-c5c529f10c21 req-cc60de53-71e5-4d0e-8ea0-e3199819eb22 tempest-AttachSCSIVolumeTestJSON-676857181 tempest-AttachSCSIVolumeTestJSON-676857181-project-member] https://10.4.3.60/volume/v3/volumes/02fae6de-5868-41ec-ba03-b11501e0d6c7/action returned with HTTP 202
Aug 16 16:51:04.167497 np0000007379 devstack@c-api.service[100372]: [pid: 100372|app: 0|req: 35/140] 10.4.3.60 () {72 vars in 1665 bytes} [Sun Aug 16 16:51:04 2026] POST /volume/v3/volumes/02fae6de-5868-41ec-ba03-b11501e0d6c7/action => generated 0 bytes in 38 msecs (HTTP/1.1 202) 7 headers in 289 bytes (1 switches on core 0)
Aug 16 16:51:04.211394 np0000007379 devstack@c-api.service[100373]: DEBUG cinder.api.middleware.request_id [None req-a4aa5325-e592-4f04-a89b-a0219abfa7bf None None] RequestId filter calling following filter/app {{(pid=100373) _context_setter /opt/stack/cinder/cinder/api/middleware/request_id.py:62}}
Aug 16 16:51:04.218228 np0000007379 devstack@c-api.service[100373]: INFO cinder.api.openstack.wsgi [None req-a4aa5325-e592-4f04-a89b-a0219abfa7bf tempest-AttachSCSIVolumeTestJSON-676857181 tempest-AttachSCSIVolumeTestJSON-676857181-project-reader] GET https://10.4.3.60/volume/v3/volumes/02fae6de-5868-41ec-ba03-b11501e0d6c7
Aug 16 16:51:04.218228 np0000007379 devstack@c-api.service[100373]: DEBUG cinder.api.openstack.wsgi [None req-a4aa5325-e592-4f04-a89b-a0219abfa7bf tempest-AttachSCSIVolumeTestJSON-676857181 tempest-AttachSCSIVolumeTestJSON-676857181-project-reader] Empty body provided in request {{(pid=100373) get_body /opt/stack/cinder/cinder/api/openstack/wsgi.py:725}}
Aug 16 16:51:04.218749 np0000007379 devstack@c-api.service[100373]: DEBUG cinder.api.openstack.wsgi [None req-a4aa5325-e592-4f04-a89b-a0219abfa7bf tempest-AttachSCSIVolumeTestJSON-676857181 tempest-AttachSCSIVolumeTestJSON-676857181-project-reader] Calling method 'show' {{(pid=100373) _process_stack /opt/stack/cinder/cinder/api/openstack/wsgi.py:878}}
Aug 16 16:51:04.242174 np0000007379 devstack@c-api.service[100373]: /opt/stack/data/venv/lib/python3.12/site-packages/oslo_context/context.py:102: DeprecationWarning: Policy enforcement is depending on the value of is_admin. This key is deprecated. Please update your policy file to use the standard policy values.
Aug 16 16:51:04.242174 np0000007379 devstack@c-api.service[100373]: warnings.warn(
Aug 16 16:51:04.254587 np0000007379 devstack@c-api.service[100373]: INFO cinder.volume.api [None req-a4aa5325-e592-4f04-a89b-a0219abfa7bf tempest-AttachSCSIVolumeTestJSON-676857181 tempest-AttachSCSIVolumeTestJSON-676857181-project-reader] Volume info retrieved successfully.
Aug 16 16:51:04.264050 np0000007379 devstack@c-api.service[100371]: DEBUG cinder.api.middleware.request_id [None req-8082b491-f6b5-4fea-89c2-24859a1403ff None None] RequestId filter calling following filter/app {{(pid=100371) _context_setter /opt/stack/cinder/cinder/api/middleware/request_id.py:62}}
Aug 16 16:51:04.265142 np0000007379 devstack@c-api.service[100371]: INFO cinder.api.openstack.wsgi [None req-8082b491-f6b5-4fea-89c2-24859a1403ff None None] GET https://10.4.3.60/volume//
Aug 16 16:51:04.265142 np0000007379 devstack@c-api.service[100371]: DEBUG cinder.api.openstack.wsgi [None req-8082b491-f6b5-4fea-89c2-24859a1403ff None None] Empty body provided in request {{(pid=100371) get_body /opt/stack/cinder/cinder/api/openstack/wsgi.py:725}}
Aug 16 16:51:04.265142 np0000007379 devstack@c-api.service[100371]: DEBUG cinder.api.openstack.wsgi [None req-8082b491-f6b5-4fea-89c2-24859a1403ff None None] Calling method 'all' {{(pid=100371) _process_stack /opt/stack/cinder/cinder/api/openstack/wsgi.py:878}}
Aug 16 16:51:04.265379 np0000007379 devstack@c-api.service[100373]: INFO cinder.api.openstack.wsgi [None req-a4aa5325-e592-4f04-a89b-a0219abfa7bf tempest-AttachSCSIVolumeTestJSON-676857181 tempest-AttachSCSIVolumeTestJSON-676857181-project-reader] https://10.4.3.60/volume/v3/volumes/02fae6de-5868-41ec-ba03-b11501e0d6c7 returned with HTTP 200
Aug 16 16:51:04.265539 np0000007379 devstack@c-api.service[100371]: INFO cinder.api.openstack.wsgi [None req-8082b491-f6b5-4fea-89c2-24859a1403ff None None] https://10.4.3.60/volume// returned with HTTP 300
Aug 16 16:51:04.265589 np0000007379 devstack@c-api.service[100371]: [pid: 100371|app: 0|req: 36/141] 10.4.3.60 () {66 vars in 1419 bytes} [Sun Aug 16 16:51:04 2026] GET /volume/ => generated 385 bytes in 2 msecs (HTTP/1.1 300) 7 headers in 299 bytes (1 switches on core 0)
Aug 16 16:51:04.266159 np0000007379 devstack@c-api.service[100373]: [pid: 100373|app: 0|req: 36/142] 10.4.3.60 () {66 vars in 1341 bytes} [Sun Aug 16 16:51:04 2026] GET /volume/v3/volumes/02fae6de-5868-41ec-ba03-b11501e0d6c7 => generated 1141 bytes in 55 msecs (HTTP/1.1 200) 7 headers in 286 bytes (1 switches on core 0)
Aug 16 16:51:04.283424 np0000007379 devstack@c-api.service[100370]: DEBUG cinder.api.middleware.request_id [req-523e3689-4d6b-48d1-a477-c5c529f10c21 req-e3a652cf-18d2-4f06-9668-5131c89f632f None None] RequestId filter calling following filter/app {{(pid=100370) _context_setter /opt/stack/cinder/cinder/api/middleware/request_id.py:62}}
Aug 16 16:51:04.292022 np0000007379 devstack@c-api.service[100370]: INFO cinder.api.openstack.wsgi [req-523e3689-4d6b-48d1-a477-c5c529f10c21 req-e3a652cf-18d2-4f06-9668-5131c89f632f tempest-AttachSCSIVolumeTestJSON-676857181 tempest-AttachSCSIVolumeTestJSON-676857181-project-member] GET https://10.4.3.60/volume/v3/volumes/02fae6de-5868-41ec-ba03-b11501e0d6c7
Aug 16 16:51:04.292022 np0000007379 devstack@c-api.service[100370]: DEBUG cinder.api.openstack.wsgi [req-523e3689-4d6b-48d1-a477-c5c529f10c21 req-e3a652cf-18d2-4f06-9668-5131c89f632f tempest-AttachSCSIVolumeTestJSON-676857181 tempest-AttachSCSIVolumeTestJSON-676857181-project-member] Empty body provided in request {{(pid=100370) get_body /opt/stack/cinder/cinder/api/openstack/wsgi.py:725}}
Aug 16 16:51:04.292271 np0000007379 devstack@c-api.service[100370]: DEBUG cinder.api.openstack.wsgi [req-523e3689-4d6b-48d1-a477-c5c529f10c21 req-e3a652cf-18d2-4f06-9668-5131c89f632f tempest-AttachSCSIVolumeTestJSON-676857181 tempest-AttachSCSIVolumeTestJSON-676857181-project-member] Calling method 'show' {{(pid=100370) _process_stack /opt/stack/cinder/cinder/api/openstack/wsgi.py:878}}
Aug 16 16:51:04.314782 np0000007379 devstack@c-api.service[100370]: /opt/stack/data/venv/lib/python3.12/site-packages/oslo_context/context.py:102: DeprecationWarning: Policy enforcement is depending on the value of is_admin. This key is deprecated. Please update your policy file to use the standard policy values.
Aug 16 16:51:04.314782 np0000007379 devstack@c-api.service[100370]: warnings.warn(
Aug 16 16:51:04.327316 np0000007379 devstack@c-api.service[100370]: INFO cinder.volume.api [req-523e3689-4d6b-48d1-a477-c5c529f10c21 req-e3a652cf-18d2-4f06-9668-5131c89f632f tempest-AttachSCSIVolumeTestJSON-676857181 tempest-AttachSCSIVolumeTestJSON-676857181-project-member] Volume info retrieved successfully.
Aug 16 16:51:04.334018 np0000007379 devstack@c-api.service[100370]: INFO cinder.api.openstack.wsgi [req-523e3689-4d6b-48d1-a477-c5c529f10c21 req-e3a652cf-18d2-4f06-9668-5131c89f632f tempest-AttachSCSIVolumeTestJSON-676857181 tempest-AttachSCSIVolumeTestJSON-676857181-project-member] https://10.4.3.60/volume/v3/volumes/02fae6de-5868-41ec-ba03-b11501e0d6c7 returned with HTTP 200
Aug 16 16:51:04.334472 np0000007379 devstack@c-api.service[100370]: [pid: 100370|app: 0|req: 36/143] 10.4.3.60 () {70 vars in 1632 bytes} [Sun Aug 16 16:51:04 2026] GET /volume/v3/volumes/02fae6de-5868-41ec-ba03-b11501e0d6c7 => generated 1321 bytes in 52 msecs (HTTP/1.1 200) 7 headers in 287 bytes (2 switches on core 0)
Aug 16 16:51:04.486452 np0000007379 devstack@c-api.service[100372]: DEBUG cinder.api.middleware.request_id [req-411443d7-7014-4a8d-9bd1-e7997c38540f req-25fe4779-9a81-4f16-95ad-2aaf950a1c2f None None] RequestId filter calling following filter/app {{(pid=100372) _context_setter /opt/stack/cinder/cinder/api/middleware/request_id.py:62}}
Aug 16 16:51:04.489427 np0000007379 devstack@c-api.service[100372]: INFO cinder.api.openstack.wsgi [req-411443d7-7014-4a8d-9bd1-e7997c38540f req-25fe4779-9a81-4f16-95ad-2aaf950a1c2f tempest-VolumesAssistedSnapshotsTest-699753681 tempest-VolumesAssistedSnapshotsTest-699753681-project-admin] GET https://10.4.3.60/volume/v3/volumes/5666786e-4cc6-49c7-ab49-a5532ebe5212
Aug 16 16:51:04.489573 np0000007379 devstack@c-api.service[100372]: DEBUG cinder.api.openstack.wsgi [req-411443d7-7014-4a8d-9bd1-e7997c38540f req-25fe4779-9a81-4f16-95ad-2aaf950a1c2f tempest-VolumesAssistedSnapshotsTest-699753681 tempest-VolumesAssistedSnapshotsTest-699753681-project-admin] Empty body provided in request {{(pid=100372) get_body /opt/stack/cinder/cinder/api/openstack/wsgi.py:725}}
Aug 16 16:51:04.489834 np0000007379 devstack@c-api.service[100372]: DEBUG cinder.api.openstack.wsgi [req-411443d7-7014-4a8d-9bd1-e7997c38540f req-25fe4779-9a81-4f16-95ad-2aaf950a1c2f tempest-VolumesAssistedSnapshotsTest-699753681 tempest-VolumesAssistedSnapshotsTest-699753681-project-admin] Calling method 'show' {{(pid=100372) _process_stack /opt/stack/cinder/cinder/api/openstack/wsgi.py:878}}
Aug 16 16:51:04.647821 np0000007379 devstack@c-api.service[100372]: /opt/stack/data/venv/lib/python3.12/site-packages/oslo_context/context.py:102: DeprecationWarning: Policy enforcement is depending on the value of is_admin. This key is deprecated. Please update your policy file to use the standard policy values.
Aug 16 16:51:04.647821 np0000007379 devstack@c-api.service[100372]: warnings.warn(
Aug 16 16:51:04.652188 np0000007379 devstack@c-api.service[100372]: INFO cinder.volume.api [req-411443d7-7014-4a8d-9bd1-e7997c38540f req-25fe4779-9a81-4f16-95ad-2aaf950a1c2f tempest-VolumesAssistedSnapshotsTest-699753681 tempest-VolumesAssistedSnapshotsTest-699753681-project-admin] Volume info retrieved successfully.
Aug 16 16:51:04.657870 np0000007379 devstack@c-api.service[100372]: INFO cinder.api.openstack.wsgi [req-411443d7-7014-4a8d-9bd1-e7997c38540f req-25fe4779-9a81-4f16-95ad-2aaf950a1c2f tempest-VolumesAssistedSnapshotsTest-699753681 tempest-VolumesAssistedSnapshotsTest-699753681-project-admin] https://10.4.3.60/volume/v3/volumes/5666786e-4cc6-49c7-ab49-a5532ebe5212 returned with HTTP 200
Aug 16 16:51:04.658375 np0000007379 devstack@c-api.service[100372]: [pid: 100372|app: 0|req: 36/144] 10.4.3.60 () {68 vars in 1591 bytes} [Sun Aug 16 16:51:04 2026] GET /volume/v3/volumes/5666786e-4cc6-49c7-ab49-a5532ebe5212 => generated 1014 bytes in 172 msecs (HTTP/1.1 200) 7 headers in 286 bytes (1 switches on core 0)
Aug 16 16:51:05.050491 np0000007379 devstack@c-api.service[100371]: DEBUG cinder.api.middleware.request_id [None req-e4017d01-d9b5-4838-a069-5add3fb931d0 None None] RequestId filter calling following filter/app {{(pid=100371) _context_setter /opt/stack/cinder/cinder/api/middleware/request_id.py:62}}
Aug 16 16:51:05.050956 np0000007379 devstack@c-api.service[100371]: INFO cinder.api.openstack.wsgi [None req-e4017d01-d9b5-4838-a069-5add3fb931d0 None None] GET https://10.4.3.60/volume//
Aug 16 16:51:05.051191 np0000007379 devstack@c-api.service[100371]: DEBUG cinder.api.openstack.wsgi [None req-e4017d01-d9b5-4838-a069-5add3fb931d0 None None] Empty body provided in request {{(pid=100371) get_body /opt/stack/cinder/cinder/api/openstack/wsgi.py:725}}
Aug 16 16:51:05.051474 np0000007379 devstack@c-api.service[100371]: DEBUG cinder.api.openstack.wsgi [None req-e4017d01-d9b5-4838-a069-5add3fb931d0 None None] Calling method 'all' {{(pid=100371) _process_stack /opt/stack/cinder/cinder/api/openstack/wsgi.py:878}}
Aug 16 16:51:05.052345 np0000007379 devstack@c-api.service[100371]: INFO cinder.api.openstack.wsgi [None req-e4017d01-d9b5-4838-a069-5add3fb931d0 None None] https://10.4.3.60/volume// returned with HTTP 300
Aug 16 16:51:05.052759 np0000007379 devstack@c-api.service[100371]: [pid: 100371|app: 0|req: 37/145] 10.4.3.60 () {66 vars in 1421 bytes} [Sun Aug 16 16:51:05 2026] GET /volume/ => generated 385 bytes in 3 msecs (HTTP/1.1 300) 7 headers in 299 bytes (1 switches on core 0)
Aug 16 16:51:05.082642 np0000007379 devstack@c-api.service[100373]: DEBUG cinder.api.middleware.request_id [req-411443d7-7014-4a8d-9bd1-e7997c38540f req-fe265332-1831-4ec5-9038-6ec7073a0d5c None None] RequestId filter calling following filter/app {{(pid=100373) _context_setter /opt/stack/cinder/cinder/api/middleware/request_id.py:62}}
Aug 16 16:51:05.295360 np0000007379 devstack@c-api.service[100370]: DEBUG cinder.api.middleware.request_id [None req-e0f813bb-de34-4039-886c-6c6ba7c2f708 None None] RequestId filter calling following filter/app {{(pid=100370) _context_setter /opt/stack/cinder/cinder/api/middleware/request_id.py:62}}
Aug 16 16:51:05.297158 np0000007379 devstack@c-api.service[100370]: INFO cinder.api.openstack.wsgi [None req-e0f813bb-de34-4039-886c-6c6ba7c2f708 tempest-AttachSCSIVolumeTestJSON-676857181 tempest-AttachSCSIVolumeTestJSON-676857181-project-reader] GET https://10.4.3.60/volume/v3/volumes/02fae6de-5868-41ec-ba03-b11501e0d6c7
Aug 16 16:51:05.297286 np0000007379 devstack@c-api.service[100370]: DEBUG cinder.api.openstack.wsgi [None req-e0f813bb-de34-4039-886c-6c6ba7c2f708 tempest-AttachSCSIVolumeTestJSON-676857181 tempest-AttachSCSIVolumeTestJSON-676857181-project-reader] Empty body provided in request {{(pid=100370) get_body /opt/stack/cinder/cinder/api/openstack/wsgi.py:725}}
Aug 16 16:51:05.297494 np0000007379 devstack@c-api.service[100370]: DEBUG cinder.api.openstack.wsgi [None req-e0f813bb-de34-4039-886c-6c6ba7c2f708 tempest-AttachSCSIVolumeTestJSON-676857181 tempest-AttachSCSIVolumeTestJSON-676857181-project-reader] Calling method 'show' {{(pid=100370) _process_stack /opt/stack/cinder/cinder/api/openstack/wsgi.py:878}}
Aug 16 16:51:05.394620 np0000007379 devstack@c-api.service[100373]: INFO cinder.api.openstack.wsgi [req-411443d7-7014-4a8d-9bd1-e7997c38540f req-fe265332-1831-4ec5-9038-6ec7073a0d5c tempest-VolumesAssistedSnapshotsTest-699753681 tempest-VolumesAssistedSnapshotsTest-699753681-project-admin] POST https://10.4.3.60/volume/v3/attachments
Aug 16 16:51:05.394988 np0000007379 devstack@c-api.service[100373]: DEBUG cinder.api.openstack.wsgi [req-411443d7-7014-4a8d-9bd1-e7997c38540f req-fe265332-1831-4ec5-9038-6ec7073a0d5c tempest-VolumesAssistedSnapshotsTest-699753681 tempest-VolumesAssistedSnapshotsTest-699753681-project-admin] Action: 'create', calling method: version_select, body: {"attachment": {"volume_uuid": "5666786e-4cc6-49c7-ab49-a5532ebe5212", "connector": null, "instance_uuid": "22a5276d-d1e8-45a3-a411-14bc2959f8e7"}} {{(pid=100373) _process_stack /opt/stack/cinder/cinder/api/openstack/wsgi.py:876}}
Aug 16 16:51:05.441987 np0000007379 devstack@c-api.service[100373]: /opt/stack/data/venv/lib/python3.12/site-packages/oslo_context/context.py:102: DeprecationWarning: Policy enforcement is depending on the value of is_admin. This key is deprecated. Please update your policy file to use the standard policy values.
Aug 16 16:51:05.441987 np0000007379 devstack@c-api.service[100373]: warnings.warn(
Aug 16 16:51:05.446240 np0000007379 devstack@c-api.service[100370]: /opt/stack/data/venv/lib/python3.12/site-packages/oslo_context/context.py:102: DeprecationWarning: Policy enforcement is depending on the value of is_admin. This key is deprecated. Please update your policy file to use the standard policy values.
Aug 16 16:51:05.446240 np0000007379 devstack@c-api.service[100370]: warnings.warn(
Aug 16 16:51:05.450698 np0000007379 devstack@c-api.service[100370]: INFO cinder.volume.api [None req-e0f813bb-de34-4039-886c-6c6ba7c2f708 tempest-AttachSCSIVolumeTestJSON-676857181 tempest-AttachSCSIVolumeTestJSON-676857181-project-reader] Volume info retrieved successfully.
Aug 16 16:51:05.457457 np0000007379 devstack@c-api.service[100370]: INFO cinder.api.openstack.wsgi [None req-e0f813bb-de34-4039-886c-6c6ba7c2f708 tempest-AttachSCSIVolumeTestJSON-676857181 tempest-AttachSCSIVolumeTestJSON-676857181-project-reader] https://10.4.3.60/volume/v3/volumes/02fae6de-5868-41ec-ba03-b11501e0d6c7 returned with HTTP 200
Aug 16 16:51:05.457906 np0000007379 devstack@c-api.service[100370]: [pid: 100370|app: 0|req: 37/146] 10.4.3.60 () {66 vars in 1341 bytes} [Sun Aug 16 16:51:05 2026] GET /volume/v3/volumes/02fae6de-5868-41ec-ba03-b11501e0d6c7 => generated 1141 bytes in 164 msecs (HTTP/1.1 200) 7 headers in 286 bytes (1 switches on core 0)
Aug 16 16:51:05.487864 np0000007379 devstack@c-api.service[100373]: INFO cinder.api.openstack.wsgi [req-411443d7-7014-4a8d-9bd1-e7997c38540f req-fe265332-1831-4ec5-9038-6ec7073a0d5c tempest-VolumesAssistedSnapshotsTest-699753681 tempest-VolumesAssistedSnapshotsTest-699753681-project-admin] https://10.4.3.60/volume/v3/attachments returned with HTTP 200
Aug 16 16:51:05.488512 np0000007379 devstack@c-api.service[100373]: [pid: 100373|app: 0|req: 37/147] 10.4.3.60 () {74 vars in 1587 bytes} [Sun Aug 16 16:51:05 2026] POST /volume/v3/attachments => generated 273 bytes in 406 msecs (HTTP/1.1 200) 7 headers in 286 bytes (1 switches on core 0)
Aug 16 16:51:05.534546 np0000007379 devstack@c-api.service[100372]: DEBUG cinder.api.middleware.request_id [req-318eaba9-57fb-4a3c-8683-4c7bec706e21 req-2633d98e-b6a0-4f98-b5da-fc50753be523 None None] RequestId filter calling following filter/app {{(pid=100372) _context_setter /opt/stack/cinder/cinder/api/middleware/request_id.py:62}}
Aug 16 16:51:05.534911 np0000007379 devstack@c-api.service[100372]: INFO cinder.api.openstack.wsgi [req-318eaba9-57fb-4a3c-8683-4c7bec706e21 req-2633d98e-b6a0-4f98-b5da-fc50753be523 tempest-ServerBootFromVolumeStableRescueTest-600516235 tempest-ServerBootFromVolumeStableRescueTest-600516235-project-member] POST https://10.4.3.60/volume/v3/volumes
Aug 16 16:51:05.536416 np0000007379 devstack@c-api.service[100372]: DEBUG cinder.api.openstack.wsgi [req-318eaba9-57fb-4a3c-8683-4c7bec706e21 req-2633d98e-b6a0-4f98-b5da-fc50753be523 tempest-ServerBootFromVolumeStableRescueTest-600516235 tempest-ServerBootFromVolumeStableRescueTest-600516235-project-member] Action: 'create', calling method: create, body: {"volume": {"size": 1, "consistencygroup_id": null, "snapshot_id": null, "name": "", "description": "", "volume_type": null, "availability_zone": null, "metadata": {}, "imageRef": "cbda0342-15db-4dc0-9542-0aa2dd7ebad6", "source_volid": null, "backup_id": null}} {{(pid=100372) _process_stack /opt/stack/cinder/cinder/api/openstack/wsgi.py:876}}
Aug 16 16:51:05.536529 np0000007379 devstack@c-api.service[100371]: DEBUG cinder.api.middleware.request_id [None req-820a8530-923a-4658-8007-97a81cc77936 None None] RequestId filter calling following filter/app {{(pid=100371) _context_setter /opt/stack/cinder/cinder/api/middleware/request_id.py:62}}
Aug 16 16:51:05.537578 np0000007379 devstack@c-api.service[100372]: DEBUG cinder.api.v3.volumes [req-318eaba9-57fb-4a3c-8683-4c7bec706e21 req-2633d98e-b6a0-4f98-b5da-fc50753be523 tempest-ServerBootFromVolumeStableRescueTest-600516235 tempest-ServerBootFromVolumeStableRescueTest-600516235-project-member] Create volume request body: {'volume': {'size': 1, 'consistencygroup_id': None, 'snapshot_id': None, 'name': '', 'description': '', 'volume_type': None, 'availability_zone': None, 'metadata': {}, 'imageRef': 'cbda0342-15db-4dc0-9542-0aa2dd7ebad6', 'source_volid': None, 'backup_id': None}} {{(pid=100372) create /opt/stack/cinder/cinder/api/v3/volumes.py:368}}
Aug 16 16:51:05.541258 np0000007379 devstack@c-api.service[100371]: INFO cinder.api.openstack.wsgi [None req-820a8530-923a-4658-8007-97a81cc77936 tempest-VolumesAssistedSnapshotsTest-699753681 tempest-VolumesAssistedSnapshotsTest-699753681-project-admin] GET https://10.4.3.60/volume/v3/volumes/5666786e-4cc6-49c7-ab49-a5532ebe5212
Aug 16 16:51:05.544054 np0000007379 devstack@c-api.service[100371]: DEBUG cinder.api.openstack.wsgi [None req-820a8530-923a-4658-8007-97a81cc77936 tempest-VolumesAssistedSnapshotsTest-699753681 tempest-VolumesAssistedSnapshotsTest-699753681-project-admin] Empty body provided in request {{(pid=100371) get_body /opt/stack/cinder/cinder/api/openstack/wsgi.py:725}}
Aug 16 16:51:05.544054 np0000007379 devstack@c-api.service[100371]: DEBUG cinder.api.openstack.wsgi [None req-820a8530-923a-4658-8007-97a81cc77936 tempest-VolumesAssistedSnapshotsTest-699753681 tempest-VolumesAssistedSnapshotsTest-699753681-project-admin] Calling method 'show' {{(pid=100371) _process_stack /opt/stack/cinder/cinder/api/openstack/wsgi.py:878}}
Aug 16 16:51:05.568699 np0000007379 devstack@c-api.service[100370]: DEBUG cinder.api.middleware.request_id [None req-a581a194-111a-4f21-916a-c5cb5ed3c572 None None] RequestId filter calling following filter/app {{(pid=100370) _context_setter /opt/stack/cinder/cinder/api/middleware/request_id.py:62}}
Aug 16 16:51:05.569584 np0000007379 devstack@c-api.service[100370]: INFO cinder.api.openstack.wsgi [None req-a581a194-111a-4f21-916a-c5cb5ed3c572 None None] GET https://10.4.3.60/volume//
Aug 16 16:51:05.569584 np0000007379 devstack@c-api.service[100370]: DEBUG cinder.api.openstack.wsgi [None req-a581a194-111a-4f21-916a-c5cb5ed3c572 None None] Empty body provided in request {{(pid=100370) get_body /opt/stack/cinder/cinder/api/openstack/wsgi.py:725}}
Aug 16 16:51:05.569584 np0000007379 devstack@c-api.service[100370]: DEBUG cinder.api.openstack.wsgi [None req-a581a194-111a-4f21-916a-c5cb5ed3c572 None None] Calling method 'all' {{(pid=100370) _process_stack /opt/stack/cinder/cinder/api/openstack/wsgi.py:878}}
Aug 16 16:51:05.569905 np0000007379 devstack@c-api.service[100370]: INFO cinder.api.openstack.wsgi [None req-a581a194-111a-4f21-916a-c5cb5ed3c572 None None] https://10.4.3.60/volume// returned with HTTP 300
Aug 16 16:51:05.570333 np0000007379 devstack@c-api.service[100370]: [pid: 100370|app: 0|req: 38/148] 10.4.3.60 () {66 vars in 1419 bytes} [Sun Aug 16 16:51:05 2026] GET /volume/ => generated 385 bytes in 2 msecs (HTTP/1.1 300) 7 headers in 299 bytes (1 switches on core 0)
Aug 16 16:51:05.583964 np0000007379 devstack@c-api.service[100373]: DEBUG cinder.api.middleware.request_id [req-411443d7-7014-4a8d-9bd1-e7997c38540f req-ab852572-241d-46d1-b39f-c19220cf3f2c None None] RequestId filter calling following filter/app {{(pid=100373) _context_setter /opt/stack/cinder/cinder/api/middleware/request_id.py:62}}
Aug 16 16:51:05.587160 np0000007379 devstack@c-api.service[100373]: INFO cinder.api.openstack.wsgi [req-411443d7-7014-4a8d-9bd1-e7997c38540f req-ab852572-241d-46d1-b39f-c19220cf3f2c tempest-VolumesAssistedSnapshotsTest-699753681 tempest-VolumesAssistedSnapshotsTest-699753681-project-admin] GET https://10.4.3.60/volume/v3/volumes/5666786e-4cc6-49c7-ab49-a5532ebe5212
Aug 16 16:51:05.587593 np0000007379 devstack@c-api.service[100371]: /opt/stack/data/venv/lib/python3.12/site-packages/oslo_context/context.py:102: DeprecationWarning: Policy enforcement is depending on the value of is_admin. This key is deprecated. Please update your policy file to use the standard policy values.
Aug 16 16:51:05.587593 np0000007379 devstack@c-api.service[100371]: warnings.warn(
Aug 16 16:51:05.587911 np0000007379 devstack@c-api.service[100373]: DEBUG cinder.api.openstack.wsgi [req-411443d7-7014-4a8d-9bd1-e7997c38540f req-ab852572-241d-46d1-b39f-c19220cf3f2c tempest-VolumesAssistedSnapshotsTest-699753681 tempest-VolumesAssistedSnapshotsTest-699753681-project-admin] Empty body provided in request {{(pid=100373) get_body /opt/stack/cinder/cinder/api/openstack/wsgi.py:725}}
Aug 16 16:51:05.588180 np0000007379 devstack@c-api.service[100373]: DEBUG cinder.api.openstack.wsgi [req-411443d7-7014-4a8d-9bd1-e7997c38540f req-ab852572-241d-46d1-b39f-c19220cf3f2c tempest-VolumesAssistedSnapshotsTest-699753681 tempest-VolumesAssistedSnapshotsTest-699753681-project-admin] Calling method 'show' {{(pid=100373) _process_stack /opt/stack/cinder/cinder/api/openstack/wsgi.py:878}}
Aug 16 16:51:05.593746 np0000007379 devstack@c-api.service[100371]: INFO cinder.volume.api [None req-820a8530-923a-4658-8007-97a81cc77936 tempest-VolumesAssistedSnapshotsTest-699753681 tempest-VolumesAssistedSnapshotsTest-699753681-project-admin] Volume info retrieved successfully.
Aug 16 16:51:05.600421 np0000007379 devstack@c-api.service[100373]: /opt/stack/data/venv/lib/python3.12/site-packages/oslo_context/context.py:102: DeprecationWarning: Policy enforcement is depending on the value of is_admin. This key is deprecated. Please update your policy file to use the standard policy values.
Aug 16 16:51:05.600421 np0000007379 devstack@c-api.service[100373]: warnings.warn(
Aug 16 16:51:05.605220 np0000007379 devstack@c-api.service[100371]: INFO cinder.api.openstack.wsgi [None req-820a8530-923a-4658-8007-97a81cc77936 tempest-VolumesAssistedSnapshotsTest-699753681 tempest-VolumesAssistedSnapshotsTest-699753681-project-admin] https://10.4.3.60/volume/v3/volumes/5666786e-4cc6-49c7-ab49-a5532ebe5212 returned with HTTP 200
Aug 16 16:51:05.605540 np0000007379 devstack@c-api.service[100373]: INFO cinder.volume.api [req-411443d7-7014-4a8d-9bd1-e7997c38540f req-ab852572-241d-46d1-b39f-c19220cf3f2c tempest-VolumesAssistedSnapshotsTest-699753681 tempest-VolumesAssistedSnapshotsTest-699753681-project-admin] Volume info retrieved successfully.
Aug 16 16:51:05.605747 np0000007379 devstack@c-api.service[100371]: [pid: 100371|app: 0|req: 38/149] 10.4.3.60 () {66 vars in 1341 bytes} [Sun Aug 16 16:51:05 2026] GET /volume/v3/volumes/5666786e-4cc6-49c7-ab49-a5532ebe5212 => generated 1013 bytes in 70 msecs (HTTP/1.1 200) 7 headers in 286 bytes (1 switches on core 0)
Aug 16 16:51:05.610214 np0000007379 devstack@c-api.service[100373]: INFO cinder.api.openstack.wsgi [req-411443d7-7014-4a8d-9bd1-e7997c38540f req-ab852572-241d-46d1-b39f-c19220cf3f2c tempest-VolumesAssistedSnapshotsTest-699753681 tempest-VolumesAssistedSnapshotsTest-699753681-project-admin] https://10.4.3.60/volume/v3/volumes/5666786e-4cc6-49c7-ab49-a5532ebe5212 returned with HTTP 200
Aug 16 16:51:05.610763 np0000007379 devstack@c-api.service[100373]: [pid: 100373|app: 0|req: 38/150] 10.4.3.60 () {70 vars in 1632 bytes} [Sun Aug 16 16:51:05 2026] GET /volume/v3/volumes/5666786e-4cc6-49c7-ab49-a5532ebe5212 => generated 1236 bytes in 27 msecs (HTTP/1.1 200) 7 headers in 287 bytes (1 switches on core 0)
Aug 16 16:51:05.698982 np0000007379 devstack@c-api.service[100370]: DEBUG cinder.api.middleware.request_id [req-411443d7-7014-4a8d-9bd1-e7997c38540f req-cd24e64e-c34a-49a5-8d47-8b79c6676e89 None None] RequestId filter calling following filter/app {{(pid=100370) _context_setter /opt/stack/cinder/cinder/api/middleware/request_id.py:62}}
Aug 16 16:51:05.703283 np0000007379 devstack@c-api.service[100370]: INFO cinder.api.openstack.wsgi [req-411443d7-7014-4a8d-9bd1-e7997c38540f req-cd24e64e-c34a-49a5-8d47-8b79c6676e89 tempest-VolumesAssistedSnapshotsTest-699753681 tempest-VolumesAssistedSnapshotsTest-699753681-project-admin] PUT https://10.4.3.60/volume/v3/attachments/0ed91db4-bd8f-4e94-a6cb-04dbaa4920eb
Aug 16 16:51:05.703283 np0000007379 devstack@c-api.service[100370]: DEBUG cinder.api.openstack.wsgi [req-411443d7-7014-4a8d-9bd1-e7997c38540f req-cd24e64e-c34a-49a5-8d47-8b79c6676e89 tempest-VolumesAssistedSnapshotsTest-699753681 tempest-VolumesAssistedSnapshotsTest-699753681-project-admin] Action: 'update', calling method: version_select, body: {"attachment": {"connector": {"platform": "x86_64", "os_type": "linux", "ip": "10.4.3.60", "host": "np0000007379", "multipath": true, "enforce_multipath": true, "initiator": "iqn.2016-04.com.open-iscsi:d533d160ed", "do_local_attach": false, "uuid": "8515de1c-ba7e-467b-adde-6d9f8a8dbc1f", "system uuid": "0fd79b63-b630-4a6f-942e-c40fd0e6084d", "nvme_native_multipath": false, "mountpoint": "/dev/vdb"}}} {{(pid=100370) _process_stack /opt/stack/cinder/cinder/api/openstack/wsgi.py:876}}
Aug 16 16:51:05.716979 np0000007379 devstack@c-api.service[100370]: DEBUG cinder.coordination [req-411443d7-7014-4a8d-9bd1-e7997c38540f req-cd24e64e-c34a-49a5-8d47-8b79c6676e89 tempest-VolumesAssistedSnapshotsTest-699753681 tempest-VolumesAssistedSnapshotsTest-699753681-project-admin] Acquiring lock "cinder-attachment_update-5666786e-4cc6-49c7-ab49-a5532ebe5212-np0000007379" by "attachment_update" {{(pid=100370) __acquire /opt/stack/cinder/cinder/coordination.py:138}}
Aug 16 16:51:05.724082 np0000007379 devstack@c-api.service[100370]: DEBUG cinder.coordination [req-411443d7-7014-4a8d-9bd1-e7997c38540f req-cd24e64e-c34a-49a5-8d47-8b79c6676e89 tempest-VolumesAssistedSnapshotsTest-699753681 tempest-VolumesAssistedSnapshotsTest-699753681-project-admin] Lock "cinder-attachment_update-5666786e-4cc6-49c7-ab49-a5532ebe5212-np0000007379" acquired by "attachment_update" :: waited 0.006s {{(pid=100370) __acquire /opt/stack/cinder/cinder/coordination.py:141}}
Aug 16 16:51:05.724508 np0000007379 devstack@c-api.service[100370]: /opt/stack/data/venv/lib/python3.12/site-packages/oslo_context/context.py:102: DeprecationWarning: Policy enforcement is depending on the value of is_admin. This key is deprecated. Please update your policy file to use the standard policy values.
Aug 16 16:51:05.724508 np0000007379 devstack@c-api.service[100370]: warnings.warn(
Aug 16 16:51:05.839454 np0000007379 devstack@c-api.service[100370]: DEBUG cinder.coordination [req-411443d7-7014-4a8d-9bd1-e7997c38540f req-cd24e64e-c34a-49a5-8d47-8b79c6676e89 tempest-VolumesAssistedSnapshotsTest-699753681 tempest-VolumesAssistedSnapshotsTest-699753681-project-admin] Lock "cinder-attachment_update-5666786e-4cc6-49c7-ab49-a5532ebe5212-np0000007379" released by "attachment_update" :: held 0.116s {{(pid=100370) __release /opt/stack/cinder/cinder/coordination.py:152}}
Aug 16 16:51:05.840430 np0000007379 devstack@c-api.service[100370]: INFO cinder.api.openstack.wsgi [req-411443d7-7014-4a8d-9bd1-e7997c38540f req-cd24e64e-c34a-49a5-8d47-8b79c6676e89 tempest-VolumesAssistedSnapshotsTest-699753681 tempest-VolumesAssistedSnapshotsTest-699753681-project-admin] https://10.4.3.60/volume/v3/attachments/0ed91db4-bd8f-4e94-a6cb-04dbaa4920eb returned with HTTP 200
Aug 16 16:51:05.840430 np0000007379 devstack@c-api.service[100370]: [pid: 100370|app: 0|req: 39/151] 10.4.3.60 () {74 vars in 1697 bytes} [Sun Aug 16 16:51:05 2026] PUT /volume/v3/attachments/0ed91db4-bd8f-4e94-a6cb-04dbaa4920eb => generated 969 bytes in 142 msecs (HTTP/1.1 200) 7 headers in 286 bytes (1 switches on core 0)
Aug 16 16:51:06.138372 np0000007379 devstack@c-api.service[100372]: INFO cinder.api.v3.volumes [req-318eaba9-57fb-4a3c-8683-4c7bec706e21 req-2633d98e-b6a0-4f98-b5da-fc50753be523 tempest-ServerBootFromVolumeStableRescueTest-600516235 tempest-ServerBootFromVolumeStableRescueTest-600516235-project-member] Create volume of 1 GB
Aug 16 16:51:06.148063 np0000007379 devstack@c-api.service[100372]: INFO cinder.volume.api [req-318eaba9-57fb-4a3c-8683-4c7bec706e21 req-2633d98e-b6a0-4f98-b5da-fc50753be523 tempest-ServerBootFromVolumeStableRescueTest-600516235 tempest-ServerBootFromVolumeStableRescueTest-600516235-project-member] Availability Zones retrieved successfully.
Aug 16 16:51:06.153279 np0000007379 devstack@c-api.service[100372]: DEBUG cinder.volume.api [req-318eaba9-57fb-4a3c-8683-4c7bec706e21 req-2633d98e-b6a0-4f98-b5da-fc50753be523 tempest-ServerBootFromVolumeStableRescueTest-600516235 tempest-ServerBootFromVolumeStableRescueTest-600516235-project-member] Flow 'volume_create_api' (d9f674e4-c4e3-44e5-b546-a7e8aff23424) transitioned into state 'RUNNING' from state 'PENDING' {{(pid=100372) _flow_receiver /opt/stack/data/venv/lib/python3.12/site-packages/taskflow/listeners/logging.py:160}}
Aug 16 16:51:06.155597 np0000007379 devstack@c-api.service[100372]: DEBUG cinder.volume.api [req-318eaba9-57fb-4a3c-8683-4c7bec706e21 req-2633d98e-b6a0-4f98-b5da-fc50753be523 tempest-ServerBootFromVolumeStableRescueTest-600516235 tempest-ServerBootFromVolumeStableRescueTest-600516235-project-member] Task 'cinder.volume.flows.api.create_volume.ExtractVolumeRequestTask;volume:create' (8e123809-50b1-451e-8e65-2495460bbb6d) transitioned into state 'RUNNING' from state 'PENDING' {{(pid=100372) _task_receiver /opt/stack/data/venv/lib/python3.12/site-packages/taskflow/listeners/logging.py:242}}
Aug 16 16:51:06.156951 np0000007379 devstack@c-api.service[100372]: DEBUG cinder.volume.flows.api.create_volume [req-318eaba9-57fb-4a3c-8683-4c7bec706e21 req-2633d98e-b6a0-4f98-b5da-fc50753be523 tempest-ServerBootFromVolumeStableRescueTest-600516235 tempest-ServerBootFromVolumeStableRescueTest-600516235-project-member] Validating volume size '1' using validate_int {{(pid=100372) _extract_size /opt/stack/cinder/cinder/volume/flows/api/create_volume.py:226}}
Aug 16 16:51:06.320687 np0000007379 devstack@c-api.service[100372]: DEBUG cinder.volume.api [req-318eaba9-57fb-4a3c-8683-4c7bec706e21 req-2633d98e-b6a0-4f98-b5da-fc50753be523 tempest-ServerBootFromVolumeStableRescueTest-600516235 tempest-ServerBootFromVolumeStableRescueTest-600516235-project-member] Task 'cinder.volume.flows.api.create_volume.ExtractVolumeRequestTask;volume:create' (8e123809-50b1-451e-8e65-2495460bbb6d) transitioned into state 'SUCCESS' from state 'RUNNING' with result '{'size': 1, 'snapshot_id': None, 'source_volid': None, 'volume_type': VolumeType(created_at=2026-08-16T16:47:48Z,deleted=False,deleted_at=None,description=None,extra_specs={volume_backend_name='storpool'},id=8b451660-0bd8-4084-b034-f842f0922c5f,is_public=True,name='storpool',projects=[],qos_specs=,qos_specs_id=None,updated_at=None), 'volume_type_id': '8b451660-0bd8-4084-b034-f842f0922c5f', 'encryption_key_id': None, 'qos_specs': None, 'consistencygroup_id': None, 'cgsnapshot_id': None, 'group_id': None, 'replication_status': 'disabled', 'refresh_az': False, 'backup_id': None, 'multiattach': False, 'availability_zones': ['nova']}' {{(pid=100372) _task_receiver /opt/stack/data/venv/lib/python3.12/site-packages/taskflow/listeners/logging.py:218}}
Aug 16 16:51:06.321910 np0000007379 devstack@c-api.service[100372]: DEBUG cinder.volume.api [req-318eaba9-57fb-4a3c-8683-4c7bec706e21 req-2633d98e-b6a0-4f98-b5da-fc50753be523 tempest-ServerBootFromVolumeStableRescueTest-600516235 tempest-ServerBootFromVolumeStableRescueTest-600516235-project-member] Task 'cinder.volume.flows.api.create_volume.QuotaReserveTask;volume:create' (0328cdb3-6d8e-48ce-bc6f-bfd5832e62ac) transitioned into state 'RUNNING' from state 'PENDING' {{(pid=100372) _task_receiver /opt/stack/data/venv/lib/python3.12/site-packages/taskflow/listeners/logging.py:242}}
Aug 16 16:51:06.409361 np0000007379 devstack@c-api.service[100372]: DEBUG cinder.quota [req-318eaba9-57fb-4a3c-8683-4c7bec706e21 req-2633d98e-b6a0-4f98-b5da-fc50753be523 tempest-ServerBootFromVolumeStableRescueTest-600516235 tempest-ServerBootFromVolumeStableRescueTest-600516235-project-member] Created reservations ['5aa39383-5bd6-45b8-b889-48f6d87d6079', 'ecf362f7-dda4-437d-8c86-e03672ada32c', '13f3c839-ece8-4ff9-a30a-35e0af9c436e', '8f9d22d5-407d-4d57-a4f1-029bf6a99b72'] {{(pid=100372) reserve /opt/stack/cinder/cinder/quota.py:752}}
Aug 16 16:51:06.410486 np0000007379 devstack@c-api.service[100372]: DEBUG cinder.volume.api [req-318eaba9-57fb-4a3c-8683-4c7bec706e21 req-2633d98e-b6a0-4f98-b5da-fc50753be523 tempest-ServerBootFromVolumeStableRescueTest-600516235 tempest-ServerBootFromVolumeStableRescueTest-600516235-project-member] Task 'cinder.volume.flows.api.create_volume.QuotaReserveTask;volume:create' (0328cdb3-6d8e-48ce-bc6f-bfd5832e62ac) transitioned into state 'SUCCESS' from state 'RUNNING' with result '{'reservations': ['5aa39383-5bd6-45b8-b889-48f6d87d6079', 'ecf362f7-dda4-437d-8c86-e03672ada32c', '13f3c839-ece8-4ff9-a30a-35e0af9c436e', '8f9d22d5-407d-4d57-a4f1-029bf6a99b72']}' {{(pid=100372) _task_receiver /opt/stack/data/venv/lib/python3.12/site-packages/taskflow/listeners/logging.py:218}}
Aug 16 16:51:06.411715 np0000007379 devstack@c-api.service[100372]: DEBUG cinder.volume.api [req-318eaba9-57fb-4a3c-8683-4c7bec706e21 req-2633d98e-b6a0-4f98-b5da-fc50753be523 tempest-ServerBootFromVolumeStableRescueTest-600516235 tempest-ServerBootFromVolumeStableRescueTest-600516235-project-member] Task 'cinder.volume.flows.api.create_volume.EntryCreateTask;volume:create' (7ed23890-6879-469d-b33f-827eec71b2fb) transitioned into state 'RUNNING' from state 'PENDING' {{(pid=100372) _task_receiver /opt/stack/data/venv/lib/python3.12/site-packages/taskflow/listeners/logging.py:242}}
Aug 16 16:51:06.443588 np0000007379 devstack@c-api.service[100371]: DEBUG cinder.api.middleware.request_id [req-523e3689-4d6b-48d1-a477-c5c529f10c21 req-128f8ebc-d235-41a6-8baf-291cbd48da0e None None] RequestId filter calling following filter/app {{(pid=100371) _context_setter /opt/stack/cinder/cinder/api/middleware/request_id.py:62}}
Aug 16 16:51:06.450314 np0000007379 devstack@c-api.service[100371]: INFO cinder.api.openstack.wsgi [req-523e3689-4d6b-48d1-a477-c5c529f10c21 req-128f8ebc-d235-41a6-8baf-291cbd48da0e tempest-AttachSCSIVolumeTestJSON-676857181 tempest-AttachSCSIVolumeTestJSON-676857181-project-member] DELETE https://10.4.3.60/volume/v3/attachments/09126c38-09c8-4a42-afbd-ad0e817f0cda
Aug 16 16:51:06.450314 np0000007379 devstack@c-api.service[100371]: DEBUG cinder.api.openstack.wsgi [req-523e3689-4d6b-48d1-a477-c5c529f10c21 req-128f8ebc-d235-41a6-8baf-291cbd48da0e tempest-AttachSCSIVolumeTestJSON-676857181 tempest-AttachSCSIVolumeTestJSON-676857181-project-member] Empty body provided in request {{(pid=100371) get_body /opt/stack/cinder/cinder/api/openstack/wsgi.py:725}}
Aug 16 16:51:06.450475 np0000007379 devstack@c-api.service[100371]: DEBUG cinder.api.openstack.wsgi [req-523e3689-4d6b-48d1-a477-c5c529f10c21 req-128f8ebc-d235-41a6-8baf-291cbd48da0e tempest-AttachSCSIVolumeTestJSON-676857181 tempest-AttachSCSIVolumeTestJSON-676857181-project-member] Calling method 'version_select' {{(pid=100371) _process_stack /opt/stack/cinder/cinder/api/openstack/wsgi.py:878}}
Aug 16 16:51:06.452944 np0000007379 devstack@c-api.service[100372]: DEBUG cinder.volume.api [req-318eaba9-57fb-4a3c-8683-4c7bec706e21 req-2633d98e-b6a0-4f98-b5da-fc50753be523 tempest-ServerBootFromVolumeStableRescueTest-600516235 tempest-ServerBootFromVolumeStableRescueTest-600516235-project-member] Task 'cinder.volume.flows.api.create_volume.EntryCreateTask;volume:create' (7ed23890-6879-469d-b33f-827eec71b2fb) transitioned into state 'SUCCESS' from state 'RUNNING' with result '{'volume_id': 'abb5403d-8e14-4baf-86f8-79b11325cee4', 'volume_properties': VolumeProperties(attach_status='detached',availability_zone='nova',cgsnapshot_id=None,consistencygroup_id=None,display_description='',display_name='',encryption_key_id=None,group_id=None,group_type_id=,metadata={},multiattach=False,project_id='6d1c5583d2dd4a4da664e329c84fe1ae',qos_specs=None,replication_status=,reservations=['5aa39383-5bd6-45b8-b889-48f6d87d6079','ecf362f7-dda4-437d-8c86-e03672ada32c','13f3c839-ece8-4ff9-a30a-35e0af9c436e','8f9d22d5-407d-4d57-a4f1-029bf6a99b72'],size=1,snapshot_id=None,source_replicaid=,source_volid=None,status='creating',user_id='2d4a1cf4665741e38ac042863b416bdf',volume_type_id=8b451660-0bd8-4084-b034-f842f0922c5f), 'volume': Volume(_name_id=None,admin_metadata=,attach_status='detached',availability_zone='nova',bootable=False,cluster=,cluster_name=None,consistencygroup=,consistencygroup_id=None,created_at=2026-08-16T16:51:06Z,deleted=False,deleted_at=None,display_description='',display_name='',ec2_id=None,encryption_key_id=None,glance_metadata=,group=,group_id=None,host=None,id=abb5403d-8e14-4baf-86f8-79b11325cee4,launched_at=None,metadata={},migration_status=None,multiattach=False,previous_status=None,project_id='6d1c5583d2dd4a4da664e329c84fe1ae',provider_auth=None,provider_geometry=None,provider_id=None,provider_location=None,replication_driver_data=None,replication_extended_status=None,replication_status=None,scheduled_at=None,service_uuid=None,shared_targets=True,size=1,snapshot_id=None,snapshots=,source_volid=None,status='creating',terminated_at=None,updated_at=None,use_quota=True,user_id='2d4a1cf4665741e38ac042863b416bdf',volume_attachment=VolumeAttachmentList,volume_type=VolumeType(8b451660-0bd8-4084-b034-f842f0922c5f),volume_type_id=8b451660-0bd8-4084-b034-f842f0922c5f)}' {{(pid=100372) _task_receiver /opt/stack/data/venv/lib/python3.12/site-packages/taskflow/listeners/logging.py:218}}
Aug 16 16:51:06.453880 np0000007379 devstack@c-api.service[100372]: DEBUG cinder.volume.api [req-318eaba9-57fb-4a3c-8683-4c7bec706e21 req-2633d98e-b6a0-4f98-b5da-fc50753be523 tempest-ServerBootFromVolumeStableRescueTest-600516235 tempest-ServerBootFromVolumeStableRescueTest-600516235-project-member] Task 'cinder.volume.flows.api.create_volume.QuotaCommitTask;volume:create' (121a7137-05fa-4795-9592-05e822642e96) transitioned into state 'RUNNING' from state 'PENDING' {{(pid=100372) _task_receiver /opt/stack/data/venv/lib/python3.12/site-packages/taskflow/listeners/logging.py:242}}
Aug 16 16:51:06.466502 np0000007379 devstack@c-api.service[100371]: /opt/stack/cinder/cinder/db/api.py:2468: SAWarning: SELECT statement has a cartesian product between FROM element(s) "volumes" and FROM element "volume_attachment". Apply join condition(s) between each element to resolve.
Aug 16 16:51:06.466502 np0000007379 devstack@c-api.service[100371]: .first()
Aug 16 16:51:06.481016 np0000007379 devstack@c-api.service[100373]: DEBUG cinder.api.middleware.request_id [None req-418cd75d-d2a0-4143-a539-8b348f3eb308 None None] RequestId filter calling following filter/app {{(pid=100373) _context_setter /opt/stack/cinder/cinder/api/middleware/request_id.py:62}}
Aug 16 16:51:06.481575 np0000007379 devstack@c-api.service[100371]: /opt/stack/data/venv/lib/python3.12/site-packages/oslo_context/context.py:102: DeprecationWarning: Policy enforcement is depending on the value of is_admin. This key is deprecated. Please update your policy file to use the standard policy values.
Aug 16 16:51:06.481575 np0000007379 devstack@c-api.service[100371]: warnings.warn(
Aug 16 16:51:06.483173 np0000007379 devstack@c-api.service[100373]: INFO cinder.api.openstack.wsgi [None req-418cd75d-d2a0-4143-a539-8b348f3eb308 tempest-AttachSCSIVolumeTestJSON-676857181 tempest-AttachSCSIVolumeTestJSON-676857181-project-reader] GET https://10.4.3.60/volume/v3/volumes/02fae6de-5868-41ec-ba03-b11501e0d6c7
Aug 16 16:51:06.483400 np0000007379 devstack@c-api.service[100373]: DEBUG cinder.api.openstack.wsgi [None req-418cd75d-d2a0-4143-a539-8b348f3eb308 tempest-AttachSCSIVolumeTestJSON-676857181 tempest-AttachSCSIVolumeTestJSON-676857181-project-reader] Empty body provided in request {{(pid=100373) get_body /opt/stack/cinder/cinder/api/openstack/wsgi.py:725}}
Aug 16 16:51:06.483630 np0000007379 devstack@c-api.service[100373]: DEBUG cinder.api.openstack.wsgi [None req-418cd75d-d2a0-4143-a539-8b348f3eb308 tempest-AttachSCSIVolumeTestJSON-676857181 tempest-AttachSCSIVolumeTestJSON-676857181-project-reader] Calling method 'show' {{(pid=100373) _process_stack /opt/stack/cinder/cinder/api/openstack/wsgi.py:878}}
Aug 16 16:51:06.496298 np0000007379 devstack@c-api.service[100372]: DEBUG cinder.volume.api [req-318eaba9-57fb-4a3c-8683-4c7bec706e21 req-2633d98e-b6a0-4f98-b5da-fc50753be523 tempest-ServerBootFromVolumeStableRescueTest-600516235 tempest-ServerBootFromVolumeStableRescueTest-600516235-project-member] Task 'cinder.volume.flows.api.create_volume.QuotaCommitTask;volume:create' (121a7137-05fa-4795-9592-05e822642e96) transitioned into state 'SUCCESS' from state 'RUNNING' with result '{'volume_properties': VolumeProperties(attach_status='detached',availability_zone='nova',cgsnapshot_id=None,consistencygroup_id=None,display_description='',display_name='',encryption_key_id=None,group_id=None,group_type_id=,metadata={},multiattach=False,project_id='6d1c5583d2dd4a4da664e329c84fe1ae',qos_specs=None,replication_status=,reservations=['5aa39383-5bd6-45b8-b889-48f6d87d6079','ecf362f7-dda4-437d-8c86-e03672ada32c','13f3c839-ece8-4ff9-a30a-35e0af9c436e','8f9d22d5-407d-4d57-a4f1-029bf6a99b72'],size=1,snapshot_id=None,source_replicaid=,source_volid=None,status='creating',user_id='2d4a1cf4665741e38ac042863b416bdf',volume_type_id=8b451660-0bd8-4084-b034-f842f0922c5f)}' {{(pid=100372) _task_receiver /opt/stack/data/venv/lib/python3.12/site-packages/taskflow/listeners/logging.py:218}}
Aug 16 16:51:06.507722 np0000007379 devstack@c-api.service[100372]: DEBUG cinder.volume.api [req-318eaba9-57fb-4a3c-8683-4c7bec706e21 req-2633d98e-b6a0-4f98-b5da-fc50753be523 tempest-ServerBootFromVolumeStableRescueTest-600516235 tempest-ServerBootFromVolumeStableRescueTest-600516235-project-member] Task 'cinder.volume.flows.api.create_volume.VolumeCastTask;volume:create' (99761f48-7d57-4d76-8289-64c5693b4804) transitioned into state 'RUNNING' from state 'PENDING' {{(pid=100372) _task_receiver /opt/stack/data/venv/lib/python3.12/site-packages/taskflow/listeners/logging.py:242}}
Aug 16 16:51:06.514387 np0000007379 devstack@c-api.service[100373]: /opt/stack/data/venv/lib/python3.12/site-packages/oslo_context/context.py:102: DeprecationWarning: Policy enforcement is depending on the value of is_admin. This key is deprecated. Please update your policy file to use the standard policy values.
Aug 16 16:51:06.514387 np0000007379 devstack@c-api.service[100373]: warnings.warn(
Aug 16 16:51:06.531102 np0000007379 devstack@c-api.service[100373]: INFO cinder.volume.api [None req-418cd75d-d2a0-4143-a539-8b348f3eb308 tempest-AttachSCSIVolumeTestJSON-676857181 tempest-AttachSCSIVolumeTestJSON-676857181-project-reader] Volume info retrieved successfully.
Aug 16 16:51:06.538395 np0000007379 devstack@c-api.service[100372]: DEBUG cinder.volume.api [req-318eaba9-57fb-4a3c-8683-4c7bec706e21 req-2633d98e-b6a0-4f98-b5da-fc50753be523 tempest-ServerBootFromVolumeStableRescueTest-600516235 tempest-ServerBootFromVolumeStableRescueTest-600516235-project-member] Task 'cinder.volume.flows.api.create_volume.VolumeCastTask;volume:create' (99761f48-7d57-4d76-8289-64c5693b4804) transitioned into state 'SUCCESS' from state 'RUNNING' with result 'None' {{(pid=100372) _task_receiver /opt/stack/data/venv/lib/python3.12/site-packages/taskflow/listeners/logging.py:218}}
Aug 16 16:51:06.541165 np0000007379 devstack@c-api.service[100372]: DEBUG cinder.volume.api [req-318eaba9-57fb-4a3c-8683-4c7bec706e21 req-2633d98e-b6a0-4f98-b5da-fc50753be523 tempest-ServerBootFromVolumeStableRescueTest-600516235 tempest-ServerBootFromVolumeStableRescueTest-600516235-project-member] Flow 'volume_create_api' (d9f674e4-c4e3-44e5-b546-a7e8aff23424) transitioned into state 'SUCCESS' from state 'RUNNING' {{(pid=100372) _flow_receiver /opt/stack/data/venv/lib/python3.12/site-packages/taskflow/listeners/logging.py:160}}
Aug 16 16:51:06.543537 np0000007379 devstack@c-api.service[100372]: INFO cinder.volume.api [req-318eaba9-57fb-4a3c-8683-4c7bec706e21 req-2633d98e-b6a0-4f98-b5da-fc50753be523 tempest-ServerBootFromVolumeStableRescueTest-600516235 tempest-ServerBootFromVolumeStableRescueTest-600516235-project-member] Create volume request issued successfully.
Aug 16 16:51:06.544075 np0000007379 devstack@c-api.service[100373]: INFO cinder.api.openstack.wsgi [None req-418cd75d-d2a0-4143-a539-8b348f3eb308 tempest-AttachSCSIVolumeTestJSON-676857181 tempest-AttachSCSIVolumeTestJSON-676857181-project-reader] https://10.4.3.60/volume/v3/volumes/02fae6de-5868-41ec-ba03-b11501e0d6c7 returned with HTTP 200
Aug 16 16:51:06.544496 np0000007379 devstack@c-api.service[100372]: INFO cinder.api.openstack.wsgi [req-318eaba9-57fb-4a3c-8683-4c7bec706e21 req-2633d98e-b6a0-4f98-b5da-fc50753be523 tempest-ServerBootFromVolumeStableRescueTest-600516235 tempest-ServerBootFromVolumeStableRescueTest-600516235-project-member] https://10.4.3.60/volume/v3/volumes returned with HTTP 202
Aug 16 16:51:06.545186 np0000007379 devstack@c-api.service[100373]: [pid: 100373|app: 0|req: 39/152] 10.4.3.60 () {66 vars in 1341 bytes} [Sun Aug 16 16:51:06 2026] GET /volume/v3/volumes/02fae6de-5868-41ec-ba03-b11501e0d6c7 => generated 1141 bytes in 66 msecs (HTTP/1.1 200) 7 headers in 286 bytes (1 switches on core 0)
Aug 16 16:51:06.545272 np0000007379 devstack@c-api.service[100372]: [pid: 100372|app: 0|req: 37/153] 10.4.3.60 () {72 vars in 1534 bytes} [Sun Aug 16 16:51:05 2026] POST /volume/v3/volumes => generated 701 bytes in 1013 msecs (HTTP/1.1 202) 7 headers in 291 bytes (1 switches on core 0)
