Aug 16 16:52:34.418545 np0000007379 devstack@c-api.service[100373]: DEBUG cinder.api.middleware.request_id [None req-f970f875-c072-4cf8-9251-797331818a9f None None] RequestId filter calling following filter/app {{(pid=100373) _context_setter /opt/stack/cinder/cinder/api/middleware/request_id.py:62}}
Aug 16 16:52:34.422301 np0000007379 devstack@c-api.service[100373]: INFO cinder.api.openstack.wsgi [None req-f970f875-c072-4cf8-9251-797331818a9f tempest-GroupsV314Test-928670103 tempest-GroupsV314Test-928670103-project-member] GET https://10.4.3.60/volume/v3/volumes/detail
Aug 16 16:52:34.423288 np0000007379 devstack@c-api.service[100373]: DEBUG cinder.api.openstack.wsgi [None req-f970f875-c072-4cf8-9251-797331818a9f tempest-GroupsV314Test-928670103 tempest-GroupsV314Test-928670103-project-member] Empty body provided in request {{(pid=100373) get_body /opt/stack/cinder/cinder/api/openstack/wsgi.py:725}}
Aug 16 16:52:34.423288 np0000007379 devstack@c-api.service[100373]: DEBUG cinder.api.openstack.wsgi [None req-f970f875-c072-4cf8-9251-797331818a9f tempest-GroupsV314Test-928670103 tempest-GroupsV314Test-928670103-project-member] Calling method 'detail' {{(pid=100373) _process_stack /opt/stack/cinder/cinder/api/openstack/wsgi.py:878}}
Aug 16 16:52:34.423430 np0000007379 devstack@c-api.service[100373]: DEBUG cinder.api.api_utils [None req-f970f875-c072-4cf8-9251-797331818a9f tempest-GroupsV314Test-928670103 tempest-GroupsV314Test-928670103-project-member] Removing options '' from query. {{(pid=100373) remove_invalid_filter_options /opt/stack/cinder/cinder/api/api_utils.py:82}}
Aug 16 16:52:34.424345 np0000007379 devstack@c-api.service[100373]: DEBUG cinder.volume.api [None req-f970f875-c072-4cf8-9251-797331818a9f tempest-GroupsV314Test-928670103 tempest-GroupsV314Test-928670103-project-member] Searching by: MultiDict([('no_migration_targets', True)]). {{(pid=100373) get_all /opt/stack/cinder/cinder/volume/api.py:664}}
Aug 16 16:52:34.464434 np0000007379 devstack@c-api.service[100373]: INFO cinder.volume.api [None req-f970f875-c072-4cf8-9251-797331818a9f tempest-GroupsV314Test-928670103 tempest-GroupsV314Test-928670103-project-member] Get all volumes completed successfully.
Aug 16 16:52:34.465475 np0000007379 devstack@c-api.service[100373]: WARNING stevedore.named [None req-f970f875-c072-4cf8-9251-797331818a9f tempest-GroupsV314Test-928670103 tempest-GroupsV314Test-928670103-project-member] Could not load cinder.keymgr.conf_key_mgr.ConfKeyManager
Aug 16 16:52:34.465682 np0000007379 devstack@c-api.service[100373]: WARNING castellan.key_manager [None req-f970f875-c072-4cf8-9251-797331818a9f tempest-GroupsV314Test-928670103 tempest-GroupsV314Test-928670103-project-member] Deprecation Warning : cinder.keymgr.conf_key_mgr.ConfKeyManager is not a stevedore based driver, trying to load it as a class: stevedore.exception.NoMatches: No 'castellan.drivers' driver found, looking for 'cinder.keymgr.conf_key_mgr.ConfKeyManager'
Aug 16 16:52:34.475473 np0000007379 devstack@c-api.service[100371]: DEBUG cinder.api.middleware.request_id [None req-b2a156ab-fa62-4583-beb2-8ebcb0ae6850 None None] RequestId filter calling following filter/app {{(pid=100371) _context_setter /opt/stack/cinder/cinder/api/middleware/request_id.py:62}}
Aug 16 16:52:34.477363 np0000007379 devstack@c-api.service[100371]: INFO cinder.api.openstack.wsgi [None req-b2a156ab-fa62-4583-beb2-8ebcb0ae6850 tempest-ServerActionsTestOtherA-1791740976 tempest-ServerActionsTestOtherA-1791740976-project-member] GET https://10.4.3.60/volume/v3/volumes/b7a43be6-7f93-40dc-b083-1ee41ce0f442
Aug 16 16:52:34.477503 np0000007379 devstack@c-api.service[100371]: DEBUG cinder.api.openstack.wsgi [None req-b2a156ab-fa62-4583-beb2-8ebcb0ae6850 tempest-ServerActionsTestOtherA-1791740976 tempest-ServerActionsTestOtherA-1791740976-project-member] Empty body provided in request {{(pid=100371) get_body /opt/stack/cinder/cinder/api/openstack/wsgi.py:725}}
Aug 16 16:52:34.477670 np0000007379 devstack@c-api.service[100371]: DEBUG cinder.api.openstack.wsgi [None req-b2a156ab-fa62-4583-beb2-8ebcb0ae6850 tempest-ServerActionsTestOtherA-1791740976 tempest-ServerActionsTestOtherA-1791740976-project-member] Calling method 'show' {{(pid=100371) _process_stack /opt/stack/cinder/cinder/api/openstack/wsgi.py:878}}
Aug 16 16:52:34.500180 np0000007379 devstack@c-api.service[100371]: /opt/stack/data/venv/lib/python3.12/site-packages/oslo_context/context.py:102: DeprecationWarning: Policy enforcement is depending on the value of is_admin. This key is deprecated. Please update your policy file to use the standard policy values.
Aug 16 16:52:34.500180 np0000007379 devstack@c-api.service[100371]: warnings.warn(
Aug 16 16:52:34.510940 np0000007379 devstack@c-api.service[100371]: INFO cinder.volume.api [None req-b2a156ab-fa62-4583-beb2-8ebcb0ae6850 tempest-ServerActionsTestOtherA-1791740976 tempest-ServerActionsTestOtherA-1791740976-project-member] Volume info retrieved successfully.
Aug 16 16:52:34.519520 np0000007379 devstack@c-api.service[100371]: INFO cinder.api.openstack.wsgi [None req-b2a156ab-fa62-4583-beb2-8ebcb0ae6850 tempest-ServerActionsTestOtherA-1791740976 tempest-ServerActionsTestOtherA-1791740976-project-member] https://10.4.3.60/volume/v3/volumes/b7a43be6-7f93-40dc-b083-1ee41ce0f442 returned with HTTP 200
Aug 16 16:52:34.520918 np0000007379 devstack@c-api.service[100371]: [pid: 100371|app: 0|req: 94/372] 10.4.3.60 () {66 vars in 1341 bytes} [Sun Aug 16 16:52:34 2026] GET /volume/v3/volumes/b7a43be6-7f93-40dc-b083-1ee41ce0f442 => generated 1137 bytes in 49 msecs (HTTP/1.1 200) 7 headers in 286 bytes (1 switches on core 0)
Aug 16 16:52:34.521486 np0000007379 devstack@c-api.service[100373]: DEBUG oslo_db.sqlalchemy.engines [None req-f970f875-c072-4cf8-9251-797331818a9f tempest-GroupsV314Test-928670103 tempest-GroupsV314Test-928670103-project-member] MySQL server mode set to STRICT_TRANS_TABLES,STRICT_ALL_TABLES,NO_ZERO_IN_DATE,NO_ZERO_DATE,ERROR_FOR_DIVISION_BY_ZERO,TRADITIONAL,NO_ENGINE_SUBSTITUTION {{(pid=100373) _check_effective_sql_mode /opt/stack/data/venv/lib/python3.12/site-packages/oslo_db/sqlalchemy/engines.py:325}}
Aug 16 16:52:34.528185 np0000007379 devstack@c-api.service[100373]: /opt/stack/data/venv/lib/python3.12/site-packages/oslo_context/context.py:102: DeprecationWarning: Policy enforcement is depending on the value of is_admin. This key is deprecated. Please update your policy file to use the standard policy values.
Aug 16 16:52:34.528185 np0000007379 devstack@c-api.service[100373]: warnings.warn(
Aug 16 16:52:34.540921 np0000007379 devstack@c-api.service[100373]: WARNING stevedore.named [None req-f970f875-c072-4cf8-9251-797331818a9f tempest-GroupsV314Test-928670103 tempest-GroupsV314Test-928670103-project-member] Could not load cinder.keymgr.conf_key_mgr.ConfKeyManager
Aug 16 16:52:34.543456 np0000007379 devstack@c-api.service[100373]: WARNING castellan.key_manager [None req-f970f875-c072-4cf8-9251-797331818a9f tempest-GroupsV314Test-928670103 tempest-GroupsV314Test-928670103-project-member] Deprecation Warning : cinder.keymgr.conf_key_mgr.ConfKeyManager is not a stevedore based driver, trying to load it as a class: stevedore.exception.NoMatches: No 'castellan.drivers' driver found, looking for 'cinder.keymgr.conf_key_mgr.ConfKeyManager'
Aug 16 16:52:34.608598 np0000007379 devstack@c-api.service[100373]: DEBUG oslo_db.sqlalchemy.engines [None req-f970f875-c072-4cf8-9251-797331818a9f tempest-GroupsV314Test-928670103 tempest-GroupsV314Test-928670103-project-member] MySQL server mode set to STRICT_TRANS_TABLES,STRICT_ALL_TABLES,NO_ZERO_IN_DATE,NO_ZERO_DATE,ERROR_FOR_DIVISION_BY_ZERO,TRADITIONAL,NO_ENGINE_SUBSTITUTION {{(pid=100373) _check_effective_sql_mode /opt/stack/data/venv/lib/python3.12/site-packages/oslo_db/sqlalchemy/engines.py:325}}
Aug 16 16:52:34.618819 np0000007379 devstack@c-api.service[100373]: /opt/stack/data/venv/lib/python3.12/site-packages/oslo_context/context.py:102: DeprecationWarning: Policy enforcement is depending on the value of is_admin. This key is deprecated. Please update your policy file to use the standard policy values.
Aug 16 16:52:34.618819 np0000007379 devstack@c-api.service[100373]: warnings.warn(
Aug 16 16:52:34.632113 np0000007379 devstack@c-api.service[100373]: INFO cinder.api.openstack.wsgi [None req-f970f875-c072-4cf8-9251-797331818a9f tempest-GroupsV314Test-928670103 tempest-GroupsV314Test-928670103-project-member] https://10.4.3.60/volume/v3/volumes/detail returned with HTTP 200
Aug 16 16:52:34.632644 np0000007379 devstack@c-api.service[100373]: [pid: 100373|app: 0|req: 94/373] 10.4.3.60 () {68 vars in 1292 bytes} [Sun Aug 16 16:52:34 2026] GET /volume/v3/volumes/detail => generated 1820 bytes in 215 msecs (HTTP/1.1 200) 7 headers in 287 bytes (1 switches on core 0)
Aug 16 16:52:34.647676 np0000007379 devstack@c-api.service[100370]: DEBUG cinder.api.middleware.request_id [None req-a140a81a-0797-40ee-9ba3-7df162c992a7 None None] RequestId filter calling following filter/app {{(pid=100370) _context_setter /opt/stack/cinder/cinder/api/middleware/request_id.py:62}}
Aug 16 16:52:34.649933 np0000007379 devstack@c-api.service[100370]: INFO cinder.api.openstack.wsgi [None req-a140a81a-0797-40ee-9ba3-7df162c992a7 tempest-GroupsV314Test-928670103 tempest-GroupsV314Test-928670103-project-member] GET https://10.4.3.60/volume/v3/volumes/019f16e5-2dba-420b-ba59-5db811016c0f
Aug 16 16:52:34.650691 np0000007379 devstack@c-api.service[100370]: DEBUG cinder.api.openstack.wsgi [None req-a140a81a-0797-40ee-9ba3-7df162c992a7 tempest-GroupsV314Test-928670103 tempest-GroupsV314Test-928670103-project-member] Empty body provided in request {{(pid=100370) get_body /opt/stack/cinder/cinder/api/openstack/wsgi.py:725}}
Aug 16 16:52:34.650691 np0000007379 devstack@c-api.service[100370]: DEBUG cinder.api.openstack.wsgi [None req-a140a81a-0797-40ee-9ba3-7df162c992a7 tempest-GroupsV314Test-928670103 tempest-GroupsV314Test-928670103-project-member] Calling method 'show' {{(pid=100370) _process_stack /opt/stack/cinder/cinder/api/openstack/wsgi.py:878}}
Aug 16 16:52:34.651487 np0000007379 devstack@c-api.service[100372]: DEBUG cinder.api.middleware.request_id [req-09c9fb6b-7d32-41f3-99bb-e6e8babd0e14 req-de33fd62-85d4-4b0c-a113-5bb91b92643c None None] RequestId filter calling following filter/app {{(pid=100372) _context_setter /opt/stack/cinder/cinder/api/middleware/request_id.py:62}}
Aug 16 16:52:34.655824 np0000007379 devstack@c-api.service[100372]: INFO cinder.api.openstack.wsgi [req-09c9fb6b-7d32-41f3-99bb-e6e8babd0e14 req-de33fd62-85d4-4b0c-a113-5bb91b92643c tempest-ServerActionsTestOtherA-1791740976 tempest-ServerActionsTestOtherA-1791740976-project-member] GET https://10.4.3.60/volume/v3/volumes/b7a43be6-7f93-40dc-b083-1ee41ce0f442
Aug 16 16:52:34.656104 np0000007379 devstack@c-api.service[100372]: DEBUG cinder.api.openstack.wsgi [req-09c9fb6b-7d32-41f3-99bb-e6e8babd0e14 req-de33fd62-85d4-4b0c-a113-5bb91b92643c tempest-ServerActionsTestOtherA-1791740976 tempest-ServerActionsTestOtherA-1791740976-project-member] Empty body provided in request {{(pid=100372) get_body /opt/stack/cinder/cinder/api/openstack/wsgi.py:725}}
Aug 16 16:52:34.656541 np0000007379 devstack@c-api.service[100372]: DEBUG cinder.api.openstack.wsgi [req-09c9fb6b-7d32-41f3-99bb-e6e8babd0e14 req-de33fd62-85d4-4b0c-a113-5bb91b92643c tempest-ServerActionsTestOtherA-1791740976 tempest-ServerActionsTestOtherA-1791740976-project-member] Calling method 'show' {{(pid=100372) _process_stack /opt/stack/cinder/cinder/api/openstack/wsgi.py:878}}
Aug 16 16:52:34.663805 np0000007379 devstack@c-api.service[100370]: /opt/stack/data/venv/lib/python3.12/site-packages/oslo_context/context.py:102: DeprecationWarning: Policy enforcement is depending on the value of is_admin. This key is deprecated. Please update your policy file to use the standard policy values.
Aug 16 16:52:34.663805 np0000007379 devstack@c-api.service[100370]: warnings.warn(
Aug 16 16:52:34.669581 np0000007379 devstack@c-api.service[100372]: /opt/stack/data/venv/lib/python3.12/site-packages/oslo_context/context.py:102: DeprecationWarning: Policy enforcement is depending on the value of is_admin. This key is deprecated. Please update your policy file to use the standard policy values.
Aug 16 16:52:34.669581 np0000007379 devstack@c-api.service[100372]: warnings.warn(
Aug 16 16:52:34.670762 np0000007379 devstack@c-api.service[100370]: INFO cinder.volume.api [None req-a140a81a-0797-40ee-9ba3-7df162c992a7 tempest-GroupsV314Test-928670103 tempest-GroupsV314Test-928670103-project-member] Volume info retrieved successfully.
Aug 16 16:52:34.672736 np0000007379 devstack@c-api.service[100370]: WARNING stevedore.named [None req-a140a81a-0797-40ee-9ba3-7df162c992a7 tempest-GroupsV314Test-928670103 tempest-GroupsV314Test-928670103-project-member] Could not load cinder.keymgr.conf_key_mgr.ConfKeyManager
Aug 16 16:52:34.672973 np0000007379 devstack@c-api.service[100370]: WARNING castellan.key_manager [None req-a140a81a-0797-40ee-9ba3-7df162c992a7 tempest-GroupsV314Test-928670103 tempest-GroupsV314Test-928670103-project-member] Deprecation Warning : cinder.keymgr.conf_key_mgr.ConfKeyManager is not a stevedore based driver, trying to load it as a class: stevedore.exception.NoMatches: No 'castellan.drivers' driver found, looking for 'cinder.keymgr.conf_key_mgr.ConfKeyManager'
Aug 16 16:52:34.675641 np0000007379 devstack@c-api.service[100372]: INFO cinder.volume.api [req-09c9fb6b-7d32-41f3-99bb-e6e8babd0e14 req-de33fd62-85d4-4b0c-a113-5bb91b92643c tempest-ServerActionsTestOtherA-1791740976 tempest-ServerActionsTestOtherA-1791740976-project-member] Volume info retrieved successfully.
Aug 16 16:52:34.687632 np0000007379 devstack@c-api.service[100372]: INFO cinder.api.openstack.wsgi [req-09c9fb6b-7d32-41f3-99bb-e6e8babd0e14 req-de33fd62-85d4-4b0c-a113-5bb91b92643c tempest-ServerActionsTestOtherA-1791740976 tempest-ServerActionsTestOtherA-1791740976-project-member] https://10.4.3.60/volume/v3/volumes/b7a43be6-7f93-40dc-b083-1ee41ce0f442 returned with HTTP 200
Aug 16 16:52:34.688730 np0000007379 devstack@c-api.service[100372]: [pid: 100372|app: 0|req: 93/374] 10.4.3.60 () {68 vars in 1591 bytes} [Sun Aug 16 16:52:34 2026] GET /volume/v3/volumes/b7a43be6-7f93-40dc-b083-1ee41ce0f442 => generated 1137 bytes in 38 msecs (HTTP/1.1 200) 7 headers in 286 bytes (1 switches on core 0)
Aug 16 16:52:34.751097 np0000007379 devstack@c-api.service[100370]: DEBUG oslo_db.sqlalchemy.engines [None req-a140a81a-0797-40ee-9ba3-7df162c992a7 tempest-GroupsV314Test-928670103 tempest-GroupsV314Test-928670103-project-member] MySQL server mode set to STRICT_TRANS_TABLES,STRICT_ALL_TABLES,NO_ZERO_IN_DATE,NO_ZERO_DATE,ERROR_FOR_DIVISION_BY_ZERO,TRADITIONAL,NO_ENGINE_SUBSTITUTION {{(pid=100370) _check_effective_sql_mode /opt/stack/data/venv/lib/python3.12/site-packages/oslo_db/sqlalchemy/engines.py:325}}
Aug 16 16:52:34.756073 np0000007379 devstack@c-api.service[100370]: /opt/stack/data/venv/lib/python3.12/site-packages/oslo_context/context.py:102: DeprecationWarning: Policy enforcement is depending on the value of is_admin. This key is deprecated. Please update your policy file to use the standard policy values.
Aug 16 16:52:34.756073 np0000007379 devstack@c-api.service[100370]: warnings.warn(
Aug 16 16:52:34.769080 np0000007379 devstack@c-api.service[100370]: INFO cinder.api.openstack.wsgi [None req-a140a81a-0797-40ee-9ba3-7df162c992a7 tempest-GroupsV314Test-928670103 tempest-GroupsV314Test-928670103-project-member] https://10.4.3.60/volume/v3/volumes/019f16e5-2dba-420b-ba59-5db811016c0f returned with HTTP 200
Aug 16 16:52:34.769963 np0000007379 devstack@c-api.service[100370]: [pid: 100370|app: 0|req: 94/375] 10.4.3.60 () {68 vars in 1382 bytes} [Sun Aug 16 16:52:34 2026] GET /volume/v3/volumes/019f16e5-2dba-420b-ba59-5db811016c0f => generated 920 bytes in 123 msecs (HTTP/1.1 200) 7 headers in 286 bytes (1 switches on core 0)
Aug 16 16:52:34.792576 np0000007379 devstack@c-api.service[100371]: DEBUG cinder.api.middleware.request_id [None req-b14083a7-fbba-4602-b7ac-cc86d24b62e4 None None] RequestId filter calling following filter/app {{(pid=100371) _context_setter /opt/stack/cinder/cinder/api/middleware/request_id.py:62}}
Aug 16 16:52:34.795221 np0000007379 devstack@c-api.service[100371]: INFO cinder.api.openstack.wsgi [None req-b14083a7-fbba-4602-b7ac-cc86d24b62e4 tempest-GroupsV314Test-928670103 tempest-GroupsV314Test-928670103-project-member] GET https://10.4.3.60/volume/v3/groups/44162ff9-ea43-4c75-ba32-6936fac8c0e4
Aug 16 16:52:34.795221 np0000007379 devstack@c-api.service[100371]: DEBUG cinder.api.openstack.wsgi [None req-b14083a7-fbba-4602-b7ac-cc86d24b62e4 tempest-GroupsV314Test-928670103 tempest-GroupsV314Test-928670103-project-member] Empty body provided in request {{(pid=100371) get_body /opt/stack/cinder/cinder/api/openstack/wsgi.py:725}}
Aug 16 16:52:34.795370 np0000007379 devstack@c-api.service[100371]: DEBUG cinder.api.openstack.wsgi [None req-b14083a7-fbba-4602-b7ac-cc86d24b62e4 tempest-GroupsV314Test-928670103 tempest-GroupsV314Test-928670103-project-member] Calling method 'version_select' {{(pid=100371) _process_stack /opt/stack/cinder/cinder/api/openstack/wsgi.py:878}}
Aug 16 16:52:34.795506 np0000007379 devstack@c-api.service[100371]: DEBUG cinder.api.v3.groups [None req-b14083a7-fbba-4602-b7ac-cc86d24b62e4 tempest-GroupsV314Test-928670103 tempest-GroupsV314Test-928670103-project-member] show called for member 44162ff9-ea43-4c75-ba32-6936fac8c0e4 {{(pid=100371) show /opt/stack/cinder/cinder/api/v3/groups.py:58}}
Aug 16 16:52:34.799537 np0000007379 devstack@c-api.service[100371]: /opt/stack/data/venv/lib/python3.12/site-packages/oslo_context/context.py:102: DeprecationWarning: Policy enforcement is depending on the value of is_admin. This key is deprecated. Please update your policy file to use the standard policy values.
Aug 16 16:52:34.799537 np0000007379 devstack@c-api.service[100371]: warnings.warn(
Aug 16 16:52:34.808375 np0000007379 devstack@c-api.service[100371]: INFO cinder.api.openstack.wsgi [None req-b14083a7-fbba-4602-b7ac-cc86d24b62e4 tempest-GroupsV314Test-928670103 tempest-GroupsV314Test-928670103-project-member] https://10.4.3.60/volume/v3/groups/44162ff9-ea43-4c75-ba32-6936fac8c0e4 returned with HTTP 200
Aug 16 16:52:34.808768 np0000007379 devstack@c-api.service[100371]: [pid: 100371|app: 0|req: 95/376] 10.4.3.60 () {68 vars in 1379 bytes} [Sun Aug 16 16:52:34 2026] GET /volume/v3/groups/44162ff9-ea43-4c75-ba32-6936fac8c0e4 => generated 417 bytes in 16 msecs (HTTP/1.1 200) 7 headers in 286 bytes (1 switches on core 0)
Aug 16 16:52:34.822258 np0000007379 devstack@c-api.service[100373]: DEBUG cinder.api.middleware.request_id [None req-5f3a9126-7e49-4453-9de9-e6d75d882c57 None None] RequestId filter calling following filter/app {{(pid=100373) _context_setter /opt/stack/cinder/cinder/api/middleware/request_id.py:62}}
Aug 16 16:52:34.826874 np0000007379 devstack@c-api.service[100373]: INFO cinder.api.openstack.wsgi [None req-5f3a9126-7e49-4453-9de9-e6d75d882c57 tempest-GroupsV314Test-928670103 tempest-GroupsV314Test-928670103-project-member] GET https://10.4.3.60/volume/v3/volumes/detail
Aug 16 16:52:34.827458 np0000007379 devstack@c-api.service[100373]: DEBUG cinder.api.openstack.wsgi [None req-5f3a9126-7e49-4453-9de9-e6d75d882c57 tempest-GroupsV314Test-928670103 tempest-GroupsV314Test-928670103-project-member] Empty body provided in request {{(pid=100373) get_body /opt/stack/cinder/cinder/api/openstack/wsgi.py:725}}
Aug 16 16:52:34.827546 np0000007379 devstack@c-api.service[100373]: DEBUG cinder.api.openstack.wsgi [None req-5f3a9126-7e49-4453-9de9-e6d75d882c57 tempest-GroupsV314Test-928670103 tempest-GroupsV314Test-928670103-project-member] Calling method 'detail' {{(pid=100373) _process_stack /opt/stack/cinder/cinder/api/openstack/wsgi.py:878}}
Aug 16 16:52:34.828217 np0000007379 devstack@c-api.service[100373]: DEBUG cinder.api.api_utils [None req-5f3a9126-7e49-4453-9de9-e6d75d882c57 tempest-GroupsV314Test-928670103 tempest-GroupsV314Test-928670103-project-member] Removing options '' from query. {{(pid=100373) remove_invalid_filter_options /opt/stack/cinder/cinder/api/api_utils.py:82}}
Aug 16 16:52:34.829079 np0000007379 devstack@c-api.service[100373]: DEBUG cinder.volume.api [None req-5f3a9126-7e49-4453-9de9-e6d75d882c57 tempest-GroupsV314Test-928670103 tempest-GroupsV314Test-928670103-project-member] Searching by: MultiDict([('no_migration_targets', True)]). {{(pid=100373) get_all /opt/stack/cinder/cinder/volume/api.py:664}}
Aug 16 16:52:34.841935 np0000007379 devstack@c-api.service[100373]: INFO cinder.volume.api [None req-5f3a9126-7e49-4453-9de9-e6d75d882c57 tempest-GroupsV314Test-928670103 tempest-GroupsV314Test-928670103-project-member] Get all volumes completed successfully.
Aug 16 16:52:34.843048 np0000007379 devstack@c-api.service[100373]: WARNING stevedore.named [None req-5f3a9126-7e49-4453-9de9-e6d75d882c57 tempest-GroupsV314Test-928670103 tempest-GroupsV314Test-928670103-project-member] Could not load cinder.keymgr.conf_key_mgr.ConfKeyManager
Aug 16 16:52:34.843334 np0000007379 devstack@c-api.service[100373]: WARNING castellan.key_manager [None req-5f3a9126-7e49-4453-9de9-e6d75d882c57 tempest-GroupsV314Test-928670103 tempest-GroupsV314Test-928670103-project-member] Deprecation Warning : cinder.keymgr.conf_key_mgr.ConfKeyManager is not a stevedore based driver, trying to load it as a class: stevedore.exception.NoMatches: No 'castellan.drivers' driver found, looking for 'cinder.keymgr.conf_key_mgr.ConfKeyManager'
Aug 16 16:52:34.903378 np0000007379 devstack@c-api.service[100373]: DEBUG oslo_db.sqlalchemy.engines [None req-5f3a9126-7e49-4453-9de9-e6d75d882c57 tempest-GroupsV314Test-928670103 tempest-GroupsV314Test-928670103-project-member] MySQL server mode set to STRICT_TRANS_TABLES,STRICT_ALL_TABLES,NO_ZERO_IN_DATE,NO_ZERO_DATE,ERROR_FOR_DIVISION_BY_ZERO,TRADITIONAL,NO_ENGINE_SUBSTITUTION {{(pid=100373) _check_effective_sql_mode /opt/stack/data/venv/lib/python3.12/site-packages/oslo_db/sqlalchemy/engines.py:325}}
Aug 16 16:52:34.907421 np0000007379 devstack@c-api.service[100373]: /opt/stack/data/venv/lib/python3.12/site-packages/oslo_context/context.py:102: DeprecationWarning: Policy enforcement is depending on the value of is_admin. This key is deprecated. Please update your policy file to use the standard policy values.
Aug 16 16:52:34.907421 np0000007379 devstack@c-api.service[100373]: warnings.warn(
Aug 16 16:52:34.912942 np0000007379 devstack@c-api.service[100373]: WARNING stevedore.named [None req-5f3a9126-7e49-4453-9de9-e6d75d882c57 tempest-GroupsV314Test-928670103 tempest-GroupsV314Test-928670103-project-member] Could not load cinder.keymgr.conf_key_mgr.ConfKeyManager
Aug 16 16:52:34.913255 np0000007379 devstack@c-api.service[100373]: WARNING castellan.key_manager [None req-5f3a9126-7e49-4453-9de9-e6d75d882c57 tempest-GroupsV314Test-928670103 tempest-GroupsV314Test-928670103-project-member] Deprecation Warning : cinder.keymgr.conf_key_mgr.ConfKeyManager is not a stevedore based driver, trying to load it as a class: stevedore.exception.NoMatches: No 'castellan.drivers' driver found, looking for 'cinder.keymgr.conf_key_mgr.ConfKeyManager'
Aug 16 16:52:34.960686 np0000007379 devstack@c-api.service[100373]: DEBUG oslo_db.sqlalchemy.engines [None req-5f3a9126-7e49-4453-9de9-e6d75d882c57 tempest-GroupsV314Test-928670103 tempest-GroupsV314Test-928670103-project-member] MySQL server mode set to STRICT_TRANS_TABLES,STRICT_ALL_TABLES,NO_ZERO_IN_DATE,NO_ZERO_DATE,ERROR_FOR_DIVISION_BY_ZERO,TRADITIONAL,NO_ENGINE_SUBSTITUTION {{(pid=100373) _check_effective_sql_mode /opt/stack/data/venv/lib/python3.12/site-packages/oslo_db/sqlalchemy/engines.py:325}}
Aug 16 16:52:34.964863 np0000007379 devstack@c-api.service[100372]: DEBUG cinder.api.middleware.request_id [req-09c9fb6b-7d32-41f3-99bb-e6e8babd0e14 req-4c5f11bd-acc6-46df-b047-f19802aa9182 None None] RequestId filter calling following filter/app {{(pid=100372) _context_setter /opt/stack/cinder/cinder/api/middleware/request_id.py:62}}
Aug 16 16:52:34.964974 np0000007379 devstack@c-api.service[100373]: /opt/stack/data/venv/lib/python3.12/site-packages/oslo_context/context.py:102: DeprecationWarning: Policy enforcement is depending on the value of is_admin. This key is deprecated. Please update your policy file to use the standard policy values.
Aug 16 16:52:34.964974 np0000007379 devstack@c-api.service[100373]: warnings.warn(
Aug 16 16:52:34.969288 np0000007379 devstack@c-api.service[100372]: INFO cinder.api.openstack.wsgi [req-09c9fb6b-7d32-41f3-99bb-e6e8babd0e14 req-4c5f11bd-acc6-46df-b047-f19802aa9182 tempest-ServerActionsTestOtherA-1791740976 tempest-ServerActionsTestOtherA-1791740976-project-member] POST https://10.4.3.60/volume/v3/volumes/b7a43be6-7f93-40dc-b083-1ee41ce0f442/action
Aug 16 16:52:34.969288 np0000007379 devstack@c-api.service[100372]: DEBUG cinder.api.openstack.wsgi [req-09c9fb6b-7d32-41f3-99bb-e6e8babd0e14 req-4c5f11bd-acc6-46df-b047-f19802aa9182 tempest-ServerActionsTestOtherA-1791740976 tempest-ServerActionsTestOtherA-1791740976-project-member] Action body: b'{"os-begin_detaching": null}' {{(pid=100372) get_method /opt/stack/cinder/cinder/api/openstack/wsgi.py:993}}
Aug 16 16:52:34.969288 np0000007379 devstack@c-api.service[100372]: DEBUG cinder.api.openstack.wsgi [req-09c9fb6b-7d32-41f3-99bb-e6e8babd0e14 req-4c5f11bd-acc6-46df-b047-f19802aa9182 tempest-ServerActionsTestOtherA-1791740976 tempest-ServerActionsTestOtherA-1791740976-project-member] Action: 'action', calling method: _begin_detaching, body: {"os-begin_detaching": null} {{(pid=100372) _process_stack /opt/stack/cinder/cinder/api/openstack/wsgi.py:876}}
Aug 16 16:52:34.974340 np0000007379 devstack@c-api.service[100373]: INFO cinder.api.openstack.wsgi [None req-5f3a9126-7e49-4453-9de9-e6d75d882c57 tempest-GroupsV314Test-928670103 tempest-GroupsV314Test-928670103-project-member] https://10.4.3.60/volume/v3/volumes/detail returned with HTTP 200
Aug 16 16:52:34.974881 np0000007379 devstack@c-api.service[100373]: [pid: 100373|app: 0|req: 95/377] 10.4.3.60 () {68 vars in 1292 bytes} [Sun Aug 16 16:52:34 2026] GET /volume/v3/volumes/detail => generated 1821 bytes in 153 msecs (HTTP/1.1 200) 7 headers in 287 bytes (1 switches on core 0)
Aug 16 16:52:34.982653 np0000007379 devstack@c-api.service[100372]: /opt/stack/data/venv/lib/python3.12/site-packages/oslo_context/context.py:102: DeprecationWarning: Policy enforcement is depending on the value of is_admin. This key is deprecated. Please update your policy file to use the standard policy values.
Aug 16 16:52:34.982653 np0000007379 devstack@c-api.service[100372]: warnings.warn(
Aug 16 16:52:34.983399 np0000007379 devstack@c-api.service[100372]: INFO cinder.volume.api [req-09c9fb6b-7d32-41f3-99bb-e6e8babd0e14 req-4c5f11bd-acc6-46df-b047-f19802aa9182 tempest-ServerActionsTestOtherA-1791740976 tempest-ServerActionsTestOtherA-1791740976-project-member] Volume info retrieved successfully.
Aug 16 16:52:34.990326 np0000007379 devstack@c-api.service[100370]: DEBUG cinder.api.middleware.request_id [None req-3ca49b5e-9044-4c5d-b429-6ffffd5155f3 None None] RequestId filter calling following filter/app {{(pid=100370) _context_setter /opt/stack/cinder/cinder/api/middleware/request_id.py:62}}
Aug 16 16:52:34.993081 np0000007379 devstack@c-api.service[100370]: INFO cinder.api.openstack.wsgi [None req-3ca49b5e-9044-4c5d-b429-6ffffd5155f3 tempest-GroupsV314Test-928670103 tempest-GroupsV314Test-928670103-project-member] POST https://10.4.3.60/volume/v3/groups/44162ff9-ea43-4c75-ba32-6936fac8c0e4/action
Aug 16 16:52:34.993600 np0000007379 devstack@c-api.service[100370]: DEBUG cinder.api.openstack.wsgi [None req-3ca49b5e-9044-4c5d-b429-6ffffd5155f3 tempest-GroupsV314Test-928670103 tempest-GroupsV314Test-928670103-project-member] Action body: b'{"delete": {"delete-volumes": true}}' {{(pid=100370) get_method /opt/stack/cinder/cinder/api/openstack/wsgi.py:993}}
Aug 16 16:52:34.993806 np0000007379 devstack@c-api.service[100370]: DEBUG cinder.api.openstack.wsgi [None req-3ca49b5e-9044-4c5d-b429-6ffffd5155f3 tempest-GroupsV314Test-928670103 tempest-GroupsV314Test-928670103-project-member] Action: 'action', calling method: version_select, body: {"delete": {"delete-volumes": true}} {{(pid=100370) _process_stack /opt/stack/cinder/cinder/api/openstack/wsgi.py:876}}
Aug 16 16:52:34.995579 np0000007379 devstack@c-api.service[100370]: DEBUG cinder.api.v3.groups [None req-3ca49b5e-9044-4c5d-b429-6ffffd5155f3 tempest-GroupsV314Test-928670103 tempest-GroupsV314Test-928670103-project-member] delete called for group 44162ff9-ea43-4c75-ba32-6936fac8c0e4 {{(pid=100370) _delete /opt/stack/cinder/cinder/api/v3/groups.py:117}}
Aug 16 16:52:34.995922 np0000007379 devstack@c-api.service[100370]: INFO cinder.api.v3.groups [None req-3ca49b5e-9044-4c5d-b429-6ffffd5155f3 tempest-GroupsV314Test-928670103 tempest-GroupsV314Test-928670103-project-member] Delete group with id: 44162ff9-ea43-4c75-ba32-6936fac8c0e4
Aug 16 16:52:34.996809 np0000007379 devstack@c-api.service[100372]: INFO cinder.volume.api [req-09c9fb6b-7d32-41f3-99bb-e6e8babd0e14 req-4c5f11bd-acc6-46df-b047-f19802aa9182 tempest-ServerActionsTestOtherA-1791740976 tempest-ServerActionsTestOtherA-1791740976-project-member] Begin detaching volume completed successfully.
Aug 16 16:52:34.998096 np0000007379 devstack@c-api.service[100372]: INFO cinder.api.openstack.wsgi [req-09c9fb6b-7d32-41f3-99bb-e6e8babd0e14 req-4c5f11bd-acc6-46df-b047-f19802aa9182 tempest-ServerActionsTestOtherA-1791740976 tempest-ServerActionsTestOtherA-1791740976-project-member] https://10.4.3.60/volume/v3/volumes/b7a43be6-7f93-40dc-b083-1ee41ce0f442/action returned with HTTP 202
Aug 16 16:52:34.998096 np0000007379 devstack@c-api.service[100372]: [pid: 100372|app: 0|req: 94/378] 10.4.3.60 () {72 vars in 1665 bytes} [Sun Aug 16 16:52:34 2026] POST /volume/v3/volumes/b7a43be6-7f93-40dc-b083-1ee41ce0f442/action => generated 0 bytes in 34 msecs (HTTP/1.1 202) 7 headers in 289 bytes (1 switches on core 0)
Aug 16 16:52:35.000843 np0000007379 devstack@c-api.service[100370]: /opt/stack/data/venv/lib/python3.12/site-packages/oslo_context/context.py:102: DeprecationWarning: Policy enforcement is depending on the value of is_admin. This key is deprecated. Please update your policy file to use the standard policy values.
Aug 16 16:52:35.000843 np0000007379 devstack@c-api.service[100370]: warnings.warn(
Aug 16 16:52:35.070160 np0000007379 devstack@c-api.service[100371]: DEBUG cinder.api.middleware.request_id [None req-ddb50bb9-1f30-4a8b-8407-348249887016 None None] RequestId filter calling following filter/app {{(pid=100371) _context_setter /opt/stack/cinder/cinder/api/middleware/request_id.py:62}}
Aug 16 16:52:35.070678 np0000007379 devstack@c-api.service[100371]: INFO cinder.api.openstack.wsgi [None req-ddb50bb9-1f30-4a8b-8407-348249887016 None None] GET https://10.4.3.60/volume//
Aug 16 16:52:35.070954 np0000007379 devstack@c-api.service[100371]: DEBUG cinder.api.openstack.wsgi [None req-ddb50bb9-1f30-4a8b-8407-348249887016 None None] Empty body provided in request {{(pid=100371) get_body /opt/stack/cinder/cinder/api/openstack/wsgi.py:725}}
Aug 16 16:52:35.071165 np0000007379 devstack@c-api.service[100371]: DEBUG cinder.api.openstack.wsgi [None req-ddb50bb9-1f30-4a8b-8407-348249887016 None None] Calling method 'all' {{(pid=100371) _process_stack /opt/stack/cinder/cinder/api/openstack/wsgi.py:878}}
Aug 16 16:52:35.071705 np0000007379 devstack@c-api.service[100371]: INFO cinder.api.openstack.wsgi [None req-ddb50bb9-1f30-4a8b-8407-348249887016 None None] https://10.4.3.60/volume// returned with HTTP 300
Aug 16 16:52:35.072156 np0000007379 devstack@c-api.service[100371]: [pid: 100371|app: 0|req: 96/379] 10.4.3.60 () {66 vars in 1419 bytes} [Sun Aug 16 16:52:35 2026] GET /volume/ => generated 385 bytes in 3 msecs (HTTP/1.1 300) 7 headers in 299 bytes (1 switches on core 0)
Aug 16 16:52:35.083051 np0000007379 devstack@c-api.service[100373]: DEBUG cinder.api.middleware.request_id [req-09c9fb6b-7d32-41f3-99bb-e6e8babd0e14 req-114ef839-bfd9-432f-babe-4044460a8100 None None] RequestId filter calling following filter/app {{(pid=100373) _context_setter /opt/stack/cinder/cinder/api/middleware/request_id.py:62}}
Aug 16 16:52:35.090039 np0000007379 devstack@c-api.service[100373]: INFO cinder.api.openstack.wsgi [req-09c9fb6b-7d32-41f3-99bb-e6e8babd0e14 req-114ef839-bfd9-432f-babe-4044460a8100 tempest-ServerActionsTestOtherA-1791740976 tempest-ServerActionsTestOtherA-1791740976-project-member] GET https://10.4.3.60/volume/v3/volumes/b7a43be6-7f93-40dc-b083-1ee41ce0f442
Aug 16 16:52:35.090320 np0000007379 devstack@c-api.service[100373]: DEBUG cinder.api.openstack.wsgi [req-09c9fb6b-7d32-41f3-99bb-e6e8babd0e14 req-114ef839-bfd9-432f-babe-4044460a8100 tempest-ServerActionsTestOtherA-1791740976 tempest-ServerActionsTestOtherA-1791740976-project-member] Empty body provided in request {{(pid=100373) get_body /opt/stack/cinder/cinder/api/openstack/wsgi.py:725}}
Aug 16 16:52:35.090664 np0000007379 devstack@c-api.service[100373]: DEBUG cinder.api.openstack.wsgi [req-09c9fb6b-7d32-41f3-99bb-e6e8babd0e14 req-114ef839-bfd9-432f-babe-4044460a8100 tempest-ServerActionsTestOtherA-1791740976 tempest-ServerActionsTestOtherA-1791740976-project-member] Calling method 'show' {{(pid=100373) _process_stack /opt/stack/cinder/cinder/api/openstack/wsgi.py:878}}
Aug 16 16:52:35.106249 np0000007379 devstack@c-api.service[100370]: INFO cinder.api.openstack.wsgi [None req-3ca49b5e-9044-4c5d-b429-6ffffd5155f3 tempest-GroupsV314Test-928670103 tempest-GroupsV314Test-928670103-project-member] https://10.4.3.60/volume/v3/groups/44162ff9-ea43-4c75-ba32-6936fac8c0e4/action returned with HTTP 202
Aug 16 16:52:35.106685 np0000007379 devstack@c-api.service[100373]: /opt/stack/data/venv/lib/python3.12/site-packages/oslo_context/context.py:102: DeprecationWarning: Policy enforcement is depending on the value of is_admin. This key is deprecated. Please update your policy file to use the standard policy values.
Aug 16 16:52:35.106685 np0000007379 devstack@c-api.service[100373]: warnings.warn(
Aug 16 16:52:35.106775 np0000007379 devstack@c-api.service[100370]: [pid: 100370|app: 0|req: 95/380] 10.4.3.60 () {70 vars in 1421 bytes} [Sun Aug 16 16:52:34 2026] POST /volume/v3/groups/44162ff9-ea43-4c75-ba32-6936fac8c0e4/action => generated 0 bytes in 116 msecs (HTTP/1.1 202) 6 headers in 234 bytes (1 switches on core 0)
Aug 16 16:52:35.113488 np0000007379 devstack@c-api.service[100373]: INFO cinder.volume.api [req-09c9fb6b-7d32-41f3-99bb-e6e8babd0e14 req-114ef839-bfd9-432f-babe-4044460a8100 tempest-ServerActionsTestOtherA-1791740976 tempest-ServerActionsTestOtherA-1791740976-project-member] Volume info retrieved successfully.
Aug 16 16:52:35.115851 np0000007379 devstack@c-api.service[100372]: DEBUG cinder.api.middleware.request_id [None req-f8da46c0-b508-4423-9ec2-c991b8eba2f3 None None] RequestId filter calling following filter/app {{(pid=100372) _context_setter /opt/stack/cinder/cinder/api/middleware/request_id.py:62}}
Aug 16 16:52:35.118153 np0000007379 devstack@c-api.service[100373]: INFO cinder.api.openstack.wsgi [req-09c9fb6b-7d32-41f3-99bb-e6e8babd0e14 req-114ef839-bfd9-432f-babe-4044460a8100 tempest-ServerActionsTestOtherA-1791740976 tempest-ServerActionsTestOtherA-1791740976-project-member] https://10.4.3.60/volume/v3/volumes/b7a43be6-7f93-40dc-b083-1ee41ce0f442 returned with HTTP 200
Aug 16 16:52:35.118681 np0000007379 devstack@c-api.service[100373]: [pid: 100373|app: 0|req: 96/381] 10.4.3.60 () {70 vars in 1632 bytes} [Sun Aug 16 16:52:35 2026] GET /volume/v3/volumes/b7a43be6-7f93-40dc-b083-1ee41ce0f442 => generated 1320 bytes in 36 msecs (HTTP/1.1 200) 7 headers in 287 bytes (1 switches on core 0)
Aug 16 16:52:35.120432 np0000007379 devstack@c-api.service[100372]: INFO cinder.api.openstack.wsgi [None req-f8da46c0-b508-4423-9ec2-c991b8eba2f3 tempest-GroupsV314Test-928670103 tempest-GroupsV314Test-928670103-project-member] GET https://10.4.3.60/volume/v3/volumes/019f16e5-2dba-420b-ba59-5db811016c0f
Aug 16 16:52:35.122726 np0000007379 devstack@c-api.service[100372]: DEBUG cinder.api.openstack.wsgi [None req-f8da46c0-b508-4423-9ec2-c991b8eba2f3 tempest-GroupsV314Test-928670103 tempest-GroupsV314Test-928670103-project-member] Empty body provided in request {{(pid=100372) get_body /opt/stack/cinder/cinder/api/openstack/wsgi.py:725}}
Aug 16 16:52:35.123173 np0000007379 devstack@c-api.service[100372]: DEBUG cinder.api.openstack.wsgi [None req-f8da46c0-b508-4423-9ec2-c991b8eba2f3 tempest-GroupsV314Test-928670103 tempest-GroupsV314Test-928670103-project-member] Calling method 'show' {{(pid=100372) _process_stack /opt/stack/cinder/cinder/api/openstack/wsgi.py:878}}
Aug 16 16:52:35.138080 np0000007379 devstack@c-api.service[100372]: /opt/stack/data/venv/lib/python3.12/site-packages/oslo_context/context.py:102: DeprecationWarning: Policy enforcement is depending on the value of is_admin. This key is deprecated. Please update your policy file to use the standard policy values.
Aug 16 16:52:35.138080 np0000007379 devstack@c-api.service[100372]: warnings.warn(
Aug 16 16:52:35.154113 np0000007379 devstack@c-api.service[100372]: INFO cinder.volume.api [None req-f8da46c0-b508-4423-9ec2-c991b8eba2f3 tempest-GroupsV314Test-928670103 tempest-GroupsV314Test-928670103-project-member] Volume info retrieved successfully.
Aug 16 16:52:35.156423 np0000007379 devstack@c-api.service[100372]: WARNING stevedore.named [None req-f8da46c0-b508-4423-9ec2-c991b8eba2f3 tempest-GroupsV314Test-928670103 tempest-GroupsV314Test-928670103-project-member] Could not load cinder.keymgr.conf_key_mgr.ConfKeyManager
Aug 16 16:52:35.156423 np0000007379 devstack@c-api.service[100372]: WARNING castellan.key_manager [None req-f8da46c0-b508-4423-9ec2-c991b8eba2f3 tempest-GroupsV314Test-928670103 tempest-GroupsV314Test-928670103-project-member] Deprecation Warning : cinder.keymgr.conf_key_mgr.ConfKeyManager is not a stevedore based driver, trying to load it as a class: stevedore.exception.NoMatches: No 'castellan.drivers' driver found, looking for 'cinder.keymgr.conf_key_mgr.ConfKeyManager'
Aug 16 16:52:35.219616 np0000007379 devstack@c-api.service[100372]: DEBUG oslo_db.sqlalchemy.engines [None req-f8da46c0-b508-4423-9ec2-c991b8eba2f3 tempest-GroupsV314Test-928670103 tempest-GroupsV314Test-928670103-project-member] MySQL server mode set to STRICT_TRANS_TABLES,STRICT_ALL_TABLES,NO_ZERO_IN_DATE,NO_ZERO_DATE,ERROR_FOR_DIVISION_BY_ZERO,TRADITIONAL,NO_ENGINE_SUBSTITUTION {{(pid=100372) _check_effective_sql_mode /opt/stack/data/venv/lib/python3.12/site-packages/oslo_db/sqlalchemy/engines.py:325}}
Aug 16 16:52:35.223670 np0000007379 devstack@c-api.service[100372]: /opt/stack/data/venv/lib/python3.12/site-packages/oslo_context/context.py:102: DeprecationWarning: Policy enforcement is depending on the value of is_admin. This key is deprecated. Please update your policy file to use the standard policy values.
Aug 16 16:52:35.223670 np0000007379 devstack@c-api.service[100372]: warnings.warn(
Aug 16 16:52:35.235734 np0000007379 devstack@c-api.service[100372]: INFO cinder.api.openstack.wsgi [None req-f8da46c0-b508-4423-9ec2-c991b8eba2f3 tempest-GroupsV314Test-928670103 tempest-GroupsV314Test-928670103-project-member] https://10.4.3.60/volume/v3/volumes/019f16e5-2dba-420b-ba59-5db811016c0f returned with HTTP 200
Aug 16 16:52:35.235734 np0000007379 devstack@c-api.service[100372]: [pid: 100372|app: 0|req: 95/382] 10.4.3.60 () {68 vars in 1382 bytes} [Sun Aug 16 16:52:35 2026] GET /volume/v3/volumes/019f16e5-2dba-420b-ba59-5db811016c0f => generated 919 bytes in 120 msecs (HTTP/1.1 200) 7 headers in 286 bytes (1 switches on core 0)
Aug 16 16:52:35.724290 np0000007379 devstack@c-api.service[100371]: DEBUG cinder.api.middleware.request_id [None req-47c3e2be-b280-499b-97ab-57954859c63e None None] RequestId filter calling following filter/app {{(pid=100371) _context_setter /opt/stack/cinder/cinder/api/middleware/request_id.py:62}}
Aug 16 16:52:35.879945 np0000007379 devstack@c-api.service[100371]: INFO cinder.api.openstack.wsgi [None req-47c3e2be-b280-499b-97ab-57954859c63e tempest-ServerStableDeviceRescueTest-717319882 tempest-ServerStableDeviceRescueTest-717319882-project-member] POST https://10.4.3.60/volume/v3/volumes
Aug 16 16:52:35.880320 np0000007379 devstack@c-api.service[100371]: DEBUG cinder.api.openstack.wsgi [None req-47c3e2be-b280-499b-97ab-57954859c63e tempest-ServerStableDeviceRescueTest-717319882 tempest-ServerStableDeviceRescueTest-717319882-project-member] Action: 'create', calling method: create, body: {"volume": {"size": 1, "display_name": "tempest-ServerStableDeviceRescueTest-volume-1113894101"}} {{(pid=100371) _process_stack /opt/stack/cinder/cinder/api/openstack/wsgi.py:876}}
Aug 16 16:52:35.881657 np0000007379 devstack@c-api.service[100371]: DEBUG cinder.api.v3.volumes [None req-47c3e2be-b280-499b-97ab-57954859c63e tempest-ServerStableDeviceRescueTest-717319882 tempest-ServerStableDeviceRescueTest-717319882-project-member] Create volume request body: {'volume': {'size': 1, 'display_name': 'tempest-ServerStableDeviceRescueTest-volume-1113894101'}} {{(pid=100371) create /opt/stack/cinder/cinder/api/v3/volumes.py:368}}
Aug 16 16:52:35.881780 np0000007379 devstack@c-api.service[100371]: INFO cinder.api.v3.volumes [None req-47c3e2be-b280-499b-97ab-57954859c63e tempest-ServerStableDeviceRescueTest-717319882 tempest-ServerStableDeviceRescueTest-717319882-project-member] Create volume of 1 GB
Aug 16 16:52:35.882094 np0000007379 devstack@c-api.service[100371]: /opt/stack/data/venv/lib/python3.12/site-packages/oslo_context/context.py:102: DeprecationWarning: Policy enforcement is depending on the value of is_admin. This key is deprecated. Please update your policy file to use the standard policy values.
Aug 16 16:52:35.882094 np0000007379 devstack@c-api.service[100371]: warnings.warn(
Aug 16 16:52:35.888690 np0000007379 devstack@c-api.service[100371]: INFO cinder.volume.api [None req-47c3e2be-b280-499b-97ab-57954859c63e tempest-ServerStableDeviceRescueTest-717319882 tempest-ServerStableDeviceRescueTest-717319882-project-member] Availability Zones retrieved successfully.
Aug 16 16:52:35.895214 np0000007379 devstack@c-api.service[100371]: DEBUG cinder.volume.api [None req-47c3e2be-b280-499b-97ab-57954859c63e tempest-ServerStableDeviceRescueTest-717319882 tempest-ServerStableDeviceRescueTest-717319882-project-member] Flow 'volume_create_api' (fbd15a52-71b7-47b4-a674-7234b0351f0a) transitioned into state 'RUNNING' from state 'PENDING' {{(pid=100371) _flow_receiver /opt/stack/data/venv/lib/python3.12/site-packages/taskflow/listeners/logging.py:160}}
Aug 16 16:52:35.896327 np0000007379 devstack@c-api.service[100371]: DEBUG cinder.volume.api [None req-47c3e2be-b280-499b-97ab-57954859c63e tempest-ServerStableDeviceRescueTest-717319882 tempest-ServerStableDeviceRescueTest-717319882-project-member] Task 'cinder.volume.flows.api.create_volume.ExtractVolumeRequestTask;volume:create' (12e090ed-08ba-4426-8169-397702f039f1) transitioned into state 'RUNNING' from state 'PENDING' {{(pid=100371) _task_receiver /opt/stack/data/venv/lib/python3.12/site-packages/taskflow/listeners/logging.py:242}}
Aug 16 16:52:35.897375 np0000007379 devstack@c-api.service[100371]: DEBUG cinder.volume.flows.api.create_volume [None req-47c3e2be-b280-499b-97ab-57954859c63e tempest-ServerStableDeviceRescueTest-717319882 tempest-ServerStableDeviceRescueTest-717319882-project-member] Validating volume size '1' using validate_int {{(pid=100371) _extract_size /opt/stack/cinder/cinder/volume/flows/api/create_volume.py:226}}
Aug 16 16:52:35.934811 np0000007379 devstack@c-api.service[100371]: DEBUG cinder.volume.api [None req-47c3e2be-b280-499b-97ab-57954859c63e tempest-ServerStableDeviceRescueTest-717319882 tempest-ServerStableDeviceRescueTest-717319882-project-member] Task 'cinder.volume.flows.api.create_volume.ExtractVolumeRequestTask;volume:create' (12e090ed-08ba-4426-8169-397702f039f1) transitioned into state 'SUCCESS' from state 'RUNNING' with result '{'size': 1, 'snapshot_id': None, 'source_volid': None, 'volume_type': VolumeType(created_at=2026-08-16T16:47:48Z,deleted=False,deleted_at=None,description=None,extra_specs={volume_backend_name='storpool'},id=8b451660-0bd8-4084-b034-f842f0922c5f,is_public=True,name='storpool',projects=[],qos_specs=,qos_specs_id=None,updated_at=None), 'volume_type_id': '8b451660-0bd8-4084-b034-f842f0922c5f', 'encryption_key_id': None, 'qos_specs': None, 'consistencygroup_id': None, 'cgsnapshot_id': None, 'group_id': None, 'replication_status': 'disabled', 'refresh_az': False, 'backup_id': None, 'multiattach': False, 'availability_zones': ['nova']}' {{(pid=100371) _task_receiver /opt/stack/data/venv/lib/python3.12/site-packages/taskflow/listeners/logging.py:218}}
Aug 16 16:52:35.935558 np0000007379 devstack@c-api.service[100371]: DEBUG cinder.volume.api [None req-47c3e2be-b280-499b-97ab-57954859c63e tempest-ServerStableDeviceRescueTest-717319882 tempest-ServerStableDeviceRescueTest-717319882-project-member] Task 'cinder.volume.flows.api.create_volume.QuotaReserveTask;volume:create' (24c121f2-1b11-4a9a-b41b-86c1f7f22b85) transitioned into state 'RUNNING' from state 'PENDING' {{(pid=100371) _task_receiver /opt/stack/data/venv/lib/python3.12/site-packages/taskflow/listeners/logging.py:242}}
Aug 16 16:52:36.009426 np0000007379 devstack@c-api.service[100371]: DEBUG cinder.quota [None req-47c3e2be-b280-499b-97ab-57954859c63e tempest-ServerStableDeviceRescueTest-717319882 tempest-ServerStableDeviceRescueTest-717319882-project-member] Created reservations ['bc151ba8-059c-4b29-a4f5-de9b1729fcc9', '650ee79d-a0ec-479a-bf63-4d0cc17f572b', '6b45634a-fc9e-4516-9e17-84abdd714da2', '66a95775-263b-4a1a-9e17-60b6f7fd7492'] {{(pid=100371) reserve /opt/stack/cinder/cinder/quota.py:752}}
Aug 16 16:52:36.010177 np0000007379 devstack@c-api.service[100371]: DEBUG cinder.volume.api [None req-47c3e2be-b280-499b-97ab-57954859c63e tempest-ServerStableDeviceRescueTest-717319882 tempest-ServerStableDeviceRescueTest-717319882-project-member] Task 'cinder.volume.flows.api.create_volume.QuotaReserveTask;volume:create' (24c121f2-1b11-4a9a-b41b-86c1f7f22b85) transitioned into state 'SUCCESS' from state 'RUNNING' with result '{'reservations': ['bc151ba8-059c-4b29-a4f5-de9b1729fcc9', '650ee79d-a0ec-479a-bf63-4d0cc17f572b', '6b45634a-fc9e-4516-9e17-84abdd714da2', '66a95775-263b-4a1a-9e17-60b6f7fd7492']}' {{(pid=100371) _task_receiver /opt/stack/data/venv/lib/python3.12/site-packages/taskflow/listeners/logging.py:218}}
Aug 16 16:52:36.011176 np0000007379 devstack@c-api.service[100371]: DEBUG cinder.volume.api [None req-47c3e2be-b280-499b-97ab-57954859c63e tempest-ServerStableDeviceRescueTest-717319882 tempest-ServerStableDeviceRescueTest-717319882-project-member] Task 'cinder.volume.flows.api.create_volume.EntryCreateTask;volume:create' (ebdd27d3-46ef-4b12-8c09-e496396a34c1) transitioned into state 'RUNNING' from state 'PENDING' {{(pid=100371) _task_receiver /opt/stack/data/venv/lib/python3.12/site-packages/taskflow/listeners/logging.py:242}}
Aug 16 16:52:36.043628 np0000007379 devstack@c-api.service[100371]: DEBUG cinder.volume.api [None req-47c3e2be-b280-499b-97ab-57954859c63e tempest-ServerStableDeviceRescueTest-717319882 tempest-ServerStableDeviceRescueTest-717319882-project-member] Task 'cinder.volume.flows.api.create_volume.EntryCreateTask;volume:create' (ebdd27d3-46ef-4b12-8c09-e496396a34c1) transitioned into state 'SUCCESS' from state 'RUNNING' with result '{'volume_id': 'a7e58e3d-8363-465b-a22b-3f2e206a82d6', 'volume_properties': VolumeProperties(attach_status='detached',availability_zone='nova',cgsnapshot_id=None,consistencygroup_id=None,display_description=None,display_name='tempest-ServerStableDeviceRescueTest-volume-1113894101',encryption_key_id=None,group_id=None,group_type_id=,metadata={},multiattach=False,project_id='8595ac84a034486db5496f6353d325f5',qos_specs=None,replication_status=,reservations=['bc151ba8-059c-4b29-a4f5-de9b1729fcc9','650ee79d-a0ec-479a-bf63-4d0cc17f572b','6b45634a-fc9e-4516-9e17-84abdd714da2','66a95775-263b-4a1a-9e17-60b6f7fd7492'],size=1,snapshot_id=None,source_replicaid=,source_volid=None,status='creating',user_id='f3c1c548bcb94d22a06637cd780d6fe5',volume_type_id=8b451660-0bd8-4084-b034-f842f0922c5f), 'volume': Volume(_name_id=None,admin_metadata=,attach_status='detached',availability_zone='nova',bootable=False,cluster=,cluster_name=None,consistencygroup=,consistencygroup_id=None,created_at=2026-08-16T16:52:36Z,deleted=False,deleted_at=None,display_description=None,display_name='tempest-ServerStableDeviceRescueTest-volume-1113894101',ec2_id=None,encryption_key_id=None,glance_metadata=,group=,group_id=None,host=None,id=a7e58e3d-8363-465b-a22b-3f2e206a82d6,launched_at=None,metadata={},migration_status=None,multiattach=False,previous_status=None,project_id='8595ac84a034486db5496f6353d325f5',provider_auth=None,provider_geometry=None,provider_id=None,provider_location=None,replication_driver_data=None,replication_extended_status=None,replication_status=None,scheduled_at=None,service_uuid=None,shared_targets=True,size=1,snapshot_id=None,snapshots=,source_volid=None,status='creating',terminated_at=None,updated_at=None,use_quota=True,user_id='f3c1c548bcb94d22a06637cd780d6fe5',volume_attachment=VolumeAttachmentList,volume_type=VolumeType(8b451660-0bd8-4084-b034-f842f0922c5f),volume_type_id=8b451660-0bd8-4084-b034-f842f0922c5f)}' {{(pid=100371) _task_receiver /opt/stack/data/venv/lib/python3.12/site-packages/taskflow/listeners/logging.py:218}}
