Aug 16 16:52:46.965332 np0000007379 devstack@c-api.service[100373]: DEBUG cinder.api.middleware.request_id [None req-c1ef81da-7134-4425-a2e5-eceae60075d3 None None] RequestId filter calling following filter/app {{(pid=100373) _context_setter /opt/stack/cinder/cinder/api/middleware/request_id.py:62}}
Aug 16 16:52:46.967588 np0000007379 devstack@c-api.service[100373]: INFO cinder.api.openstack.wsgi [None req-c1ef81da-7134-4425-a2e5-eceae60075d3 tempest-TaggedAttachmentsTest-1440225725 tempest-TaggedAttachmentsTest-1440225725-project-member] GET https://10.4.3.60/volume/v3/volumes/4f6bbe21-f4f0-4cec-a243-342e1893af43
Aug 16 16:52:46.967870 np0000007379 devstack@c-api.service[100373]: DEBUG cinder.api.openstack.wsgi [None req-c1ef81da-7134-4425-a2e5-eceae60075d3 tempest-TaggedAttachmentsTest-1440225725 tempest-TaggedAttachmentsTest-1440225725-project-member] Empty body provided in request {{(pid=100373) get_body /opt/stack/cinder/cinder/api/openstack/wsgi.py:725}}
Aug 16 16:52:46.968096 np0000007379 devstack@c-api.service[100373]: DEBUG cinder.api.openstack.wsgi [None req-c1ef81da-7134-4425-a2e5-eceae60075d3 tempest-TaggedAttachmentsTest-1440225725 tempest-TaggedAttachmentsTest-1440225725-project-member] Calling method 'show' {{(pid=100373) _process_stack /opt/stack/cinder/cinder/api/openstack/wsgi.py:878}}
Aug 16 16:52:46.987484 np0000007379 devstack@c-api.service[100373]: /opt/stack/data/venv/lib/python3.12/site-packages/oslo_context/context.py:102: DeprecationWarning: Policy enforcement is depending on the value of is_admin. This key is deprecated. Please update your policy file to use the standard policy values.
Aug 16 16:52:46.987484 np0000007379 devstack@c-api.service[100373]: warnings.warn(
Aug 16 16:52:46.993595 np0000007379 devstack@c-api.service[100373]: INFO cinder.volume.api [None req-c1ef81da-7134-4425-a2e5-eceae60075d3 tempest-TaggedAttachmentsTest-1440225725 tempest-TaggedAttachmentsTest-1440225725-project-member] Volume info retrieved successfully.
Aug 16 16:52:46.999609 np0000007379 devstack@c-api.service[100373]: INFO cinder.api.openstack.wsgi [None req-c1ef81da-7134-4425-a2e5-eceae60075d3 tempest-TaggedAttachmentsTest-1440225725 tempest-TaggedAttachmentsTest-1440225725-project-member] https://10.4.3.60/volume/v3/volumes/4f6bbe21-f4f0-4cec-a243-342e1893af43 returned with HTTP 200
Aug 16 16:52:47.000160 np0000007379 devstack@c-api.service[100373]: [pid: 100373|app: 0|req: 110/436] 10.4.3.60 () {66 vars in 1341 bytes} [Sun Aug 16 16:52:46 2026] GET /volume/v3/volumes/4f6bbe21-f4f0-4cec-a243-342e1893af43 => generated 843 bytes in 35 msecs (HTTP/1.1 200) 7 headers in 285 bytes (1 switches on core 0)
Aug 16 16:52:47.573105 np0000007379 devstack@c-api.service[100370]: DEBUG cinder.api.middleware.request_id [req-50dd1c8a-1990-4a39-84ba-a7b7bf516fb7 req-eba95cd2-cb49-4454-898e-e501cceb616b None None] RequestId filter calling following filter/app {{(pid=100370) _context_setter /opt/stack/cinder/cinder/api/middleware/request_id.py:62}}
Aug 16 16:52:47.577228 np0000007379 devstack@c-api.service[100370]: INFO cinder.api.openstack.wsgi [req-50dd1c8a-1990-4a39-84ba-a7b7bf516fb7 req-eba95cd2-cb49-4454-898e-e501cceb616b tempest-TaggedAttachmentsTest-1440225725 tempest-TaggedAttachmentsTest-1440225725-project-member] POST https://10.4.3.60/volume/v3/attachments/6f3661ae-2879-435d-8d7e-08183432f6a6/action
Aug 16 16:52:47.577762 np0000007379 devstack@c-api.service[100370]: DEBUG cinder.api.openstack.wsgi [req-50dd1c8a-1990-4a39-84ba-a7b7bf516fb7 req-eba95cd2-cb49-4454-898e-e501cceb616b tempest-TaggedAttachmentsTest-1440225725 tempest-TaggedAttachmentsTest-1440225725-project-member] Action body: b'{"os-complete": null}' {{(pid=100370) get_method /opt/stack/cinder/cinder/api/openstack/wsgi.py:993}}
Aug 16 16:52:47.577902 np0000007379 devstack@c-api.service[100370]: DEBUG cinder.api.openstack.wsgi [req-50dd1c8a-1990-4a39-84ba-a7b7bf516fb7 req-eba95cd2-cb49-4454-898e-e501cceb616b tempest-TaggedAttachmentsTest-1440225725 tempest-TaggedAttachmentsTest-1440225725-project-member] Action: 'action', calling method: complete, body: {"os-complete": null} {{(pid=100370) _process_stack /opt/stack/cinder/cinder/api/openstack/wsgi.py:876}}
Aug 16 16:52:47.603226 np0000007379 devstack@c-api.service[100370]: /opt/stack/data/venv/lib/python3.12/site-packages/oslo_context/context.py:102: DeprecationWarning: Policy enforcement is depending on the value of is_admin. This key is deprecated. Please update your policy file to use the standard policy values.
Aug 16 16:52:47.603226 np0000007379 devstack@c-api.service[100370]: warnings.warn(
Aug 16 16:52:47.617578 np0000007379 devstack@c-api.service[100370]: INFO cinder.api.openstack.wsgi [req-50dd1c8a-1990-4a39-84ba-a7b7bf516fb7 req-eba95cd2-cb49-4454-898e-e501cceb616b tempest-TaggedAttachmentsTest-1440225725 tempest-TaggedAttachmentsTest-1440225725-project-member] https://10.4.3.60/volume/v3/attachments/6f3661ae-2879-435d-8d7e-08183432f6a6/action returned with HTTP 204
Aug 16 16:52:47.620321 np0000007379 devstack@c-api.service[100370]: [pid: 100370|app: 0|req: 109/437] 10.4.3.60 () {74 vars in 1718 bytes} [Sun Aug 16 16:52:47 2026] POST /volume/v3/attachments/6f3661ae-2879-435d-8d7e-08183432f6a6/action => generated 0 bytes in 46 msecs (HTTP/1.1 204) 7 headers in 292 bytes (1 switches on core 0)
Aug 16 16:52:47.667744 np0000007379 devstack@c-api.service[100372]: DEBUG cinder.api.middleware.request_id [None req-b5d572a9-8610-4386-96ac-d4e79d27f50d None None] RequestId filter calling following filter/app {{(pid=100372) _context_setter /opt/stack/cinder/cinder/api/middleware/request_id.py:62}}
Aug 16 16:52:47.831271 np0000007379 devstack@c-api.service[100372]: INFO cinder.api.openstack.wsgi [None req-b5d572a9-8610-4386-96ac-d4e79d27f50d tempest-VolumeTypesAccessTest-414910995 tempest-VolumeTypesAccessTest-414910995-project-admin] POST https://10.4.3.60/volume/v3/types
Aug 16 16:52:47.832172 np0000007379 devstack@c-api.service[100372]: DEBUG cinder.api.openstack.wsgi [None req-b5d572a9-8610-4386-96ac-d4e79d27f50d tempest-VolumeTypesAccessTest-414910995 tempest-VolumeTypesAccessTest-414910995-project-admin] Action: 'create', calling method: _create, body: {"volume_type": {"name": "tempest-VolumeTypesAccessTest-volume-type-1659992952", "os-volume-type-access:is_public": false}} {{(pid=100372) _process_stack /opt/stack/cinder/cinder/api/openstack/wsgi.py:876}}
Aug 16 16:52:47.834629 np0000007379 devstack@c-api.service[100372]: /opt/stack/data/venv/lib/python3.12/site-packages/oslo_context/context.py:102: DeprecationWarning: Policy enforcement is depending on the value of is_admin. This key is deprecated. Please update your policy file to use the standard policy values.
Aug 16 16:52:47.834629 np0000007379 devstack@c-api.service[100372]: warnings.warn(
Aug 16 16:52:47.862989 np0000007379 devstack@c-api.service[100372]: INFO cinder.api.openstack.wsgi [None req-b5d572a9-8610-4386-96ac-d4e79d27f50d tempest-VolumeTypesAccessTest-414910995 tempest-VolumeTypesAccessTest-414910995-project-admin] https://10.4.3.60/volume/v3/types returned with HTTP 200
Aug 16 16:52:47.863455 np0000007379 devstack@c-api.service[100372]: [pid: 100372|app: 0|req: 109/438] 10.4.3.60 () {68 vars in 1246 bytes} [Sun Aug 16 16:52:47 2026] POST /volume/v3/types => generated 229 bytes in 197 msecs (HTTP/1.1 200) 7 headers in 285 bytes (1 switches on core 0)
Aug 16 16:52:47.878234 np0000007379 devstack@c-api.service[100371]: DEBUG cinder.api.middleware.request_id [None req-7fa26712-c9b6-4753-bf70-d576aebd0183 None None] RequestId filter calling following filter/app {{(pid=100371) _context_setter /opt/stack/cinder/cinder/api/middleware/request_id.py:62}}
Aug 16 16:52:47.992588 np0000007379 devstack@c-api.service[100371]: INFO cinder.api.openstack.wsgi [None req-7fa26712-c9b6-4753-bf70-d576aebd0183 tempest-VolumeTypesAccessTest-1298194210 tempest-VolumeTypesAccessTest-1298194210-project-member] POST https://10.4.3.60/volume/v3/volumes
Aug 16 16:52:47.993689 np0000007379 devstack@c-api.service[100371]: DEBUG cinder.api.openstack.wsgi [None req-7fa26712-c9b6-4753-bf70-d576aebd0183 tempest-VolumeTypesAccessTest-1298194210 tempest-VolumeTypesAccessTest-1298194210-project-member] Action: 'create', calling method: create, body: {"volume": {"volume_type": "61af1705-6a45-4625-88a6-9c1fdc637755", "size": 1}} {{(pid=100371) _process_stack /opt/stack/cinder/cinder/api/openstack/wsgi.py:876}}
Aug 16 16:52:47.995548 np0000007379 devstack@c-api.service[100371]: DEBUG cinder.api.v3.volumes [None req-7fa26712-c9b6-4753-bf70-d576aebd0183 tempest-VolumeTypesAccessTest-1298194210 tempest-VolumeTypesAccessTest-1298194210-project-member] Create volume request body: {'volume': {'volume_type': '61af1705-6a45-4625-88a6-9c1fdc637755', 'size': 1}} {{(pid=100371) create /opt/stack/cinder/cinder/api/v3/volumes.py:368}}
Aug 16 16:52:48.006852 np0000007379 devstack@c-api.service[100371]: INFO cinder.api.openstack.wsgi [None req-7fa26712-c9b6-4753-bf70-d576aebd0183 tempest-VolumeTypesAccessTest-1298194210 tempest-VolumeTypesAccessTest-1298194210-project-member] https://10.4.3.60/volume/v3/volumes returned with HTTP 404
Aug 16 16:52:48.007675 np0000007379 devstack@c-api.service[100371]: [pid: 100371|app: 0|req: 111/439] 10.4.3.60 () {68 vars in 1251 bytes} [Sun Aug 16 16:52:47 2026] POST /volume/v3/volumes => generated 114 bytes in 130 msecs (HTTP/1.1 404) 7 headers in 292 bytes (1 switches on core 0)
Aug 16 16:52:48.020354 np0000007379 devstack@c-api.service[100373]: DEBUG cinder.api.middleware.request_id [None req-04dfdb8c-273b-4deb-81a3-afb090229871 None None] RequestId filter calling following filter/app {{(pid=100373) _context_setter /opt/stack/cinder/cinder/api/middleware/request_id.py:62}}
Aug 16 16:52:48.021151 np0000007379 devstack@c-api.service[100370]: DEBUG cinder.api.middleware.request_id [None req-9cae063b-247a-4388-b283-70d5bebff481 None None] RequestId filter calling following filter/app {{(pid=100370) _context_setter /opt/stack/cinder/cinder/api/middleware/request_id.py:62}}
Aug 16 16:52:48.023482 np0000007379 devstack@c-api.service[100370]: INFO cinder.api.openstack.wsgi [None req-9cae063b-247a-4388-b283-70d5bebff481 tempest-TaggedAttachmentsTest-1440225725 tempest-TaggedAttachmentsTest-1440225725-project-member] GET https://10.4.3.60/volume/v3/volumes/4f6bbe21-f4f0-4cec-a243-342e1893af43
Aug 16 16:52:48.023617 np0000007379 devstack@c-api.service[100373]: INFO cinder.api.openstack.wsgi [None req-04dfdb8c-273b-4deb-81a3-afb090229871 tempest-VolumeTypesAccessTest-414910995 tempest-VolumeTypesAccessTest-414910995-project-admin] POST https://10.4.3.60/volume/v3/types/61af1705-6a45-4625-88a6-9c1fdc637755/action
Aug 16 16:52:48.023787 np0000007379 devstack@c-api.service[100370]: DEBUG cinder.api.openstack.wsgi [None req-9cae063b-247a-4388-b283-70d5bebff481 tempest-TaggedAttachmentsTest-1440225725 tempest-TaggedAttachmentsTest-1440225725-project-member] Empty body provided in request {{(pid=100370) get_body /opt/stack/cinder/cinder/api/openstack/wsgi.py:725}}
Aug 16 16:52:48.024217 np0000007379 devstack@c-api.service[100373]: DEBUG cinder.api.openstack.wsgi [None req-04dfdb8c-273b-4deb-81a3-afb090229871 tempest-VolumeTypesAccessTest-414910995 tempest-VolumeTypesAccessTest-414910995-project-admin] Action body: b'{"addProjectAccess": {"project": "3d2988ec13dd4220a1f8a5f769883a25"}}' {{(pid=100373) get_method /opt/stack/cinder/cinder/api/openstack/wsgi.py:993}}
Aug 16 16:52:48.024425 np0000007379 devstack@c-api.service[100373]: DEBUG cinder.api.openstack.wsgi [None req-04dfdb8c-273b-4deb-81a3-afb090229871 tempest-VolumeTypesAccessTest-414910995 tempest-VolumeTypesAccessTest-414910995-project-admin] Action: 'action', calling method: _addProjectAccess, body: {"addProjectAccess": {"project": "3d2988ec13dd4220a1f8a5f769883a25"}} {{(pid=100373) _process_stack /opt/stack/cinder/cinder/api/openstack/wsgi.py:876}}
Aug 16 16:52:48.025671 np0000007379 devstack@c-api.service[100370]: DEBUG cinder.api.openstack.wsgi [None req-9cae063b-247a-4388-b283-70d5bebff481 tempest-TaggedAttachmentsTest-1440225725 tempest-TaggedAttachmentsTest-1440225725-project-member] Calling method 'show' {{(pid=100370) _process_stack /opt/stack/cinder/cinder/api/openstack/wsgi.py:878}}
Aug 16 16:52:48.037079 np0000007379 devstack@c-api.service[100370]: /opt/stack/data/venv/lib/python3.12/site-packages/oslo_context/context.py:102: DeprecationWarning: Policy enforcement is depending on the value of is_admin. This key is deprecated. Please update your policy file to use the standard policy values.
Aug 16 16:52:48.037079 np0000007379 devstack@c-api.service[100370]: warnings.warn(
Aug 16 16:52:48.043096 np0000007379 devstack@c-api.service[100370]: INFO cinder.volume.api [None req-9cae063b-247a-4388-b283-70d5bebff481 tempest-TaggedAttachmentsTest-1440225725 tempest-TaggedAttachmentsTest-1440225725-project-member] Volume info retrieved successfully.
Aug 16 16:52:48.048228 np0000007379 devstack@c-api.service[100370]: INFO cinder.api.openstack.wsgi [None req-9cae063b-247a-4388-b283-70d5bebff481 tempest-TaggedAttachmentsTest-1440225725 tempest-TaggedAttachmentsTest-1440225725-project-member] https://10.4.3.60/volume/v3/volumes/4f6bbe21-f4f0-4cec-a243-342e1893af43 returned with HTTP 200
Aug 16 16:52:48.048228 np0000007379 devstack@c-api.service[100370]: [pid: 100370|app: 0|req: 110/440] 10.4.3.60 () {66 vars in 1341 bytes} [Sun Aug 16 16:52:48 2026] GET /volume/v3/volumes/4f6bbe21-f4f0-4cec-a243-342e1893af43 => generated 1135 bytes in 27 msecs (HTTP/1.1 200) 7 headers in 286 bytes (1 switches on core 0)
Aug 16 16:52:48.050287 np0000007379 devstack@c-api.service[100373]: INFO cinder.api.openstack.wsgi [None req-04dfdb8c-273b-4deb-81a3-afb090229871 tempest-VolumeTypesAccessTest-414910995 tempest-VolumeTypesAccessTest-414910995-project-admin] https://10.4.3.60/volume/v3/types/61af1705-6a45-4625-88a6-9c1fdc637755/action returned with HTTP 202
Aug 16 16:52:48.050810 np0000007379 devstack@c-api.service[100373]: [pid: 100373|app: 0|req: 111/441] 10.4.3.60 () {68 vars in 1377 bytes} [Sun Aug 16 16:52:48 2026] POST /volume/v3/types/61af1705-6a45-4625-88a6-9c1fdc637755/action => generated 0 bytes in 31 msecs (HTTP/1.1 202) 6 headers in 233 bytes (1 switches on core 0)
Aug 16 16:52:48.063365 np0000007379 devstack@c-api.service[100372]: DEBUG cinder.api.middleware.request_id [None req-533e83ed-af7f-40d4-8293-6d36418f689c None None] RequestId filter calling following filter/app {{(pid=100372) _context_setter /opt/stack/cinder/cinder/api/middleware/request_id.py:62}}
Aug 16 16:52:48.069618 np0000007379 devstack@c-api.service[100372]: INFO cinder.api.openstack.wsgi [None req-533e83ed-af7f-40d4-8293-6d36418f689c tempest-VolumeTypesAccessTest-1298194210 tempest-VolumeTypesAccessTest-1298194210-project-member] POST https://10.4.3.60/volume/v3/volumes
Aug 16 16:52:48.070077 np0000007379 devstack@c-api.service[100372]: DEBUG cinder.api.openstack.wsgi [None req-533e83ed-af7f-40d4-8293-6d36418f689c tempest-VolumeTypesAccessTest-1298194210 tempest-VolumeTypesAccessTest-1298194210-project-member] Action: 'create', calling method: create, body: {"volume": {"volume_type": "61af1705-6a45-4625-88a6-9c1fdc637755", "size": 1, "name": "tempest-VolumeTypesAccessTest-Volume-92576749"}} {{(pid=100372) _process_stack /opt/stack/cinder/cinder/api/openstack/wsgi.py:876}}
Aug 16 16:52:48.071591 np0000007379 devstack@c-api.service[100371]: DEBUG cinder.api.middleware.request_id [None req-a45ae355-78e6-4a5a-bcbe-024e0aee1cab None None] RequestId filter calling following filter/app {{(pid=100371) _context_setter /opt/stack/cinder/cinder/api/middleware/request_id.py:62}}
Aug 16 16:52:48.072113 np0000007379 devstack@c-api.service[100372]: DEBUG cinder.api.v3.volumes [None req-533e83ed-af7f-40d4-8293-6d36418f689c tempest-VolumeTypesAccessTest-1298194210 tempest-VolumeTypesAccessTest-1298194210-project-member] Create volume request body: {'volume': {'volume_type': '61af1705-6a45-4625-88a6-9c1fdc637755', 'size': 1, 'name': 'tempest-VolumeTypesAccessTest-Volume-92576749'}} {{(pid=100372) create /opt/stack/cinder/cinder/api/v3/volumes.py:368}}
Aug 16 16:52:48.074052 np0000007379 devstack@c-api.service[100371]: INFO cinder.api.openstack.wsgi [None req-a45ae355-78e6-4a5a-bcbe-024e0aee1cab tempest-TaggedAttachmentsTest-1440225725 tempest-TaggedAttachmentsTest-1440225725-project-member] GET https://10.4.3.60/volume/v3/volumes/4f6bbe21-f4f0-4cec-a243-342e1893af43
Aug 16 16:52:48.075010 np0000007379 devstack@c-api.service[100371]: DEBUG cinder.api.openstack.wsgi [None req-a45ae355-78e6-4a5a-bcbe-024e0aee1cab tempest-TaggedAttachmentsTest-1440225725 tempest-TaggedAttachmentsTest-1440225725-project-member] Empty body provided in request {{(pid=100371) get_body /opt/stack/cinder/cinder/api/openstack/wsgi.py:725}}
Aug 16 16:52:48.075389 np0000007379 devstack@c-api.service[100371]: DEBUG cinder.api.openstack.wsgi [None req-a45ae355-78e6-4a5a-bcbe-024e0aee1cab tempest-TaggedAttachmentsTest-1440225725 tempest-TaggedAttachmentsTest-1440225725-project-member] Calling method 'show' {{(pid=100371) _process_stack /opt/stack/cinder/cinder/api/openstack/wsgi.py:878}}
Aug 16 16:52:48.078313 np0000007379 devstack@c-api.service[100372]: INFO cinder.api.v3.volumes [None req-533e83ed-af7f-40d4-8293-6d36418f689c tempest-VolumeTypesAccessTest-1298194210 tempest-VolumeTypesAccessTest-1298194210-project-member] Create volume of 1 GB
Aug 16 16:52:48.078666 np0000007379 devstack@c-api.service[100372]: /opt/stack/data/venv/lib/python3.12/site-packages/oslo_context/context.py:102: DeprecationWarning: Policy enforcement is depending on the value of is_admin. This key is deprecated. Please update your policy file to use the standard policy values.
Aug 16 16:52:48.078666 np0000007379 devstack@c-api.service[100372]: warnings.warn(
Aug 16 16:52:48.080440 np0000007379 devstack@c-api.service[100372]: INFO cinder.volume.api [None req-533e83ed-af7f-40d4-8293-6d36418f689c tempest-VolumeTypesAccessTest-1298194210 tempest-VolumeTypesAccessTest-1298194210-project-member] Availability Zones retrieved successfully.
Aug 16 16:52:48.086625 np0000007379 devstack@c-api.service[100372]: DEBUG cinder.volume.api [None req-533e83ed-af7f-40d4-8293-6d36418f689c tempest-VolumeTypesAccessTest-1298194210 tempest-VolumeTypesAccessTest-1298194210-project-member] Flow 'volume_create_api' (ed0e5b4b-c070-446a-9c15-ddfef395fb82) transitioned into state 'RUNNING' from state 'PENDING' {{(pid=100372) _flow_receiver /opt/stack/data/venv/lib/python3.12/site-packages/taskflow/listeners/logging.py:160}}
Aug 16 16:52:48.088011 np0000007379 devstack@c-api.service[100372]: DEBUG cinder.volume.api [None req-533e83ed-af7f-40d4-8293-6d36418f689c tempest-VolumeTypesAccessTest-1298194210 tempest-VolumeTypesAccessTest-1298194210-project-member] Task 'cinder.volume.flows.api.create_volume.ExtractVolumeRequestTask;volume:create' (cba98f3e-4ec4-43cf-85fb-6bad7b06a719) transitioned into state 'RUNNING' from state 'PENDING' {{(pid=100372) _task_receiver /opt/stack/data/venv/lib/python3.12/site-packages/taskflow/listeners/logging.py:242}}
Aug 16 16:52:48.089758 np0000007379 devstack@c-api.service[100372]: DEBUG cinder.volume.flows.api.create_volume [None req-533e83ed-af7f-40d4-8293-6d36418f689c tempest-VolumeTypesAccessTest-1298194210 tempest-VolumeTypesAccessTest-1298194210-project-member] Validating volume size '1' using validate_int {{(pid=100372) _extract_size /opt/stack/cinder/cinder/volume/flows/api/create_volume.py:226}}
Aug 16 16:52:48.090635 np0000007379 devstack@c-api.service[100371]: /opt/stack/data/venv/lib/python3.12/site-packages/oslo_context/context.py:102: DeprecationWarning: Policy enforcement is depending on the value of is_admin. This key is deprecated. Please update your policy file to use the standard policy values.
Aug 16 16:52:48.090635 np0000007379 devstack@c-api.service[100371]: warnings.warn(
Aug 16 16:52:48.096891 np0000007379 devstack@c-api.service[100371]: INFO cinder.volume.api [None req-a45ae355-78e6-4a5a-bcbe-024e0aee1cab tempest-TaggedAttachmentsTest-1440225725 tempest-TaggedAttachmentsTest-1440225725-project-member] Volume info retrieved successfully.
Aug 16 16:52:48.104312 np0000007379 devstack@c-api.service[100371]: INFO cinder.api.openstack.wsgi [None req-a45ae355-78e6-4a5a-bcbe-024e0aee1cab tempest-TaggedAttachmentsTest-1440225725 tempest-TaggedAttachmentsTest-1440225725-project-member] https://10.4.3.60/volume/v3/volumes/4f6bbe21-f4f0-4cec-a243-342e1893af43 returned with HTTP 200
Aug 16 16:52:48.104468 np0000007379 devstack@c-api.service[100371]: [pid: 100371|app: 0|req: 112/442] 10.4.3.60 () {66 vars in 1341 bytes} [Sun Aug 16 16:52:48 2026] GET /volume/v3/volumes/4f6bbe21-f4f0-4cec-a243-342e1893af43 => generated 1135 bytes in 35 msecs (HTTP/1.1 200) 7 headers in 286 bytes (1 switches on core 0)
Aug 16 16:52:48.123235 np0000007379 devstack@c-api.service[100372]: DEBUG cinder.volume.api [None req-533e83ed-af7f-40d4-8293-6d36418f689c tempest-VolumeTypesAccessTest-1298194210 tempest-VolumeTypesAccessTest-1298194210-project-member] Task 'cinder.volume.flows.api.create_volume.ExtractVolumeRequestTask;volume:create' (cba98f3e-4ec4-43cf-85fb-6bad7b06a719) transitioned into state 'SUCCESS' from state 'RUNNING' with result '{'size': 1, 'snapshot_id': None, 'source_volid': None, 'volume_type': VolumeType(created_at=2026-08-16T16:52:48Z,deleted=False,deleted_at=None,description=None,extra_specs={},id=61af1705-6a45-4625-88a6-9c1fdc637755,is_public=False,name='tempest-VolumeTypesAccessTest-volume-type-1659992952',projects=[],qos_specs=,qos_specs_id=None,updated_at=None), 'volume_type_id': '61af1705-6a45-4625-88a6-9c1fdc637755', 'encryption_key_id': None, 'qos_specs': None, 'consistencygroup_id': None, 'cgsnapshot_id': None, 'group_id': None, 'replication_status': 'disabled', 'refresh_az': False, 'backup_id': None, 'multiattach': False, 'availability_zones': ['nova']}' {{(pid=100372) _task_receiver /opt/stack/data/venv/lib/python3.12/site-packages/taskflow/listeners/logging.py:218}}
Aug 16 16:52:48.123942 np0000007379 devstack@c-api.service[100372]: DEBUG cinder.volume.api [None req-533e83ed-af7f-40d4-8293-6d36418f689c tempest-VolumeTypesAccessTest-1298194210 tempest-VolumeTypesAccessTest-1298194210-project-member] Task 'cinder.volume.flows.api.create_volume.QuotaReserveTask;volume:create' (8dbe35d8-1676-45b1-9677-6233d533551e) transitioned into state 'RUNNING' from state 'PENDING' {{(pid=100372) _task_receiver /opt/stack/data/venv/lib/python3.12/site-packages/taskflow/listeners/logging.py:242}}
Aug 16 16:52:48.163610 np0000007379 devstack@c-api.service[100372]: WARNING cinder.quota [None req-533e83ed-af7f-40d4-8293-6d36418f689c tempest-VolumeTypesAccessTest-1298194210 tempest-VolumeTypesAccessTest-1298194210-project-member] Deprecated: Default quota for resource: volumes_tempest-VolumeTypesAccessTest-volume-type-1659992952 is set by the default quota flag: quota_volumes_tempest-VolumeTypesAccessTest-volume-type-1659992952, it is now deprecated. Please use the default quota class for default quota.
Aug 16 16:52:48.163959 np0000007379 devstack@c-api.service[100372]: WARNING cinder.quota [None req-533e83ed-af7f-40d4-8293-6d36418f689c tempest-VolumeTypesAccessTest-1298194210 tempest-VolumeTypesAccessTest-1298194210-project-member] Deprecated: Default quota for resource: gigabytes_tempest-VolumeTypesAccessTest-volume-type-1659992952 is set by the default quota flag: quota_gigabytes_tempest-VolumeTypesAccessTest-volume-type-1659992952, it is now deprecated. Please use the default quota class for default quota.
Aug 16 16:52:48.207505 np0000007379 devstack@c-api.service[100372]: DEBUG cinder.quota [None req-533e83ed-af7f-40d4-8293-6d36418f689c tempest-VolumeTypesAccessTest-1298194210 tempest-VolumeTypesAccessTest-1298194210-project-member] Created reservations ['c76ca59e-ce0a-4b6f-9494-e1beea70c5e2', 'a89b58b4-b73d-47be-826b-7b9930415c0b', '6431cf30-a655-4c98-a2aa-7563a4399201', '007aaf31-deea-43e2-ac40-47a28d677e86'] {{(pid=100372) reserve /opt/stack/cinder/cinder/quota.py:752}}
Aug 16 16:52:48.208411 np0000007379 devstack@c-api.service[100372]: DEBUG cinder.volume.api [None req-533e83ed-af7f-40d4-8293-6d36418f689c tempest-VolumeTypesAccessTest-1298194210 tempest-VolumeTypesAccessTest-1298194210-project-member] Task 'cinder.volume.flows.api.create_volume.QuotaReserveTask;volume:create' (8dbe35d8-1676-45b1-9677-6233d533551e) transitioned into state 'SUCCESS' from state 'RUNNING' with result '{'reservations': ['c76ca59e-ce0a-4b6f-9494-e1beea70c5e2', 'a89b58b4-b73d-47be-826b-7b9930415c0b', '6431cf30-a655-4c98-a2aa-7563a4399201', '007aaf31-deea-43e2-ac40-47a28d677e86']}' {{(pid=100372) _task_receiver /opt/stack/data/venv/lib/python3.12/site-packages/taskflow/listeners/logging.py:218}}
Aug 16 16:52:48.209371 np0000007379 devstack@c-api.service[100372]: DEBUG cinder.volume.api [None req-533e83ed-af7f-40d4-8293-6d36418f689c tempest-VolumeTypesAccessTest-1298194210 tempest-VolumeTypesAccessTest-1298194210-project-member] Task 'cinder.volume.flows.api.create_volume.EntryCreateTask;volume:create' (4f7325ca-2858-4bc0-85fd-9cc009a7908e) transitioned into state 'RUNNING' from state 'PENDING' {{(pid=100372) _task_receiver /opt/stack/data/venv/lib/python3.12/site-packages/taskflow/listeners/logging.py:242}}
Aug 16 16:52:48.233617 np0000007379 devstack@c-api.service[100372]: DEBUG cinder.volume.api [None req-533e83ed-af7f-40d4-8293-6d36418f689c tempest-VolumeTypesAccessTest-1298194210 tempest-VolumeTypesAccessTest-1298194210-project-member] Task 'cinder.volume.flows.api.create_volume.EntryCreateTask;volume:create' (4f7325ca-2858-4bc0-85fd-9cc009a7908e) transitioned into state 'SUCCESS' from state 'RUNNING' with result '{'volume_id': '3339454c-e23e-4eeb-af80-497eaf94d8e0', 'volume_properties': VolumeProperties(attach_status='detached',availability_zone='nova',cgsnapshot_id=None,consistencygroup_id=None,display_description=None,display_name='tempest-VolumeTypesAccessTest-Volume-92576749',encryption_key_id=None,group_id=None,group_type_id=,metadata={},multiattach=False,project_id='3d2988ec13dd4220a1f8a5f769883a25',qos_specs=None,replication_status=,reservations=['c76ca59e-ce0a-4b6f-9494-e1beea70c5e2','a89b58b4-b73d-47be-826b-7b9930415c0b','6431cf30-a655-4c98-a2aa-7563a4399201','007aaf31-deea-43e2-ac40-47a28d677e86'],size=1,snapshot_id=None,source_replicaid=,source_volid=None,status='creating',user_id='a0b52367c23d43c5b891d8176a460e5b',volume_type_id=61af1705-6a45-4625-88a6-9c1fdc637755), 'volume': Volume(_name_id=None,admin_metadata=,attach_status='detached',availability_zone='nova',bootable=False,cluster=,cluster_name=None,consistencygroup=,consistencygroup_id=None,created_at=2026-08-16T16:52:48Z,deleted=False,deleted_at=None,display_description=None,display_name='tempest-VolumeTypesAccessTest-Volume-92576749',ec2_id=None,encryption_key_id=None,glance_metadata=,group=,group_id=None,host=None,id=3339454c-e23e-4eeb-af80-497eaf94d8e0,launched_at=None,metadata={},migration_status=None,multiattach=False,previous_status=None,project_id='3d2988ec13dd4220a1f8a5f769883a25',provider_auth=None,provider_geometry=None,provider_id=None,provider_location=None,replication_driver_data=None,replication_extended_status=None,replication_status=None,scheduled_at=None,service_uuid=None,shared_targets=True,size=1,snapshot_id=None,snapshots=,source_volid=None,status='creating',terminated_at=None,updated_at=None,use_quota=True,user_id='a0b52367c23d43c5b891d8176a460e5b',volume_attachment=VolumeAttachmentList,volume_type=VolumeType(61af1705-6a45-4625-88a6-9c1fdc637755),volume_type_id=61af1705-6a45-4625-88a6-9c1fdc637755)}' {{(pid=100372) _task_receiver /opt/stack/data/venv/lib/python3.12/site-packages/taskflow/listeners/logging.py:218}}
Aug 16 16:52:48.234464 np0000007379 devstack@c-api.service[100372]: DEBUG cinder.volume.api [None req-533e83ed-af7f-40d4-8293-6d36418f689c tempest-VolumeTypesAccessTest-1298194210 tempest-VolumeTypesAccessTest-1298194210-project-member] Task 'cinder.volume.flows.api.create_volume.QuotaCommitTask;volume:create' (21737e94-7a3c-4db2-974b-fdd9fe501338) transitioned into state 'RUNNING' from state 'PENDING' {{(pid=100372) _task_receiver /opt/stack/data/venv/lib/python3.12/site-packages/taskflow/listeners/logging.py:242}}
Aug 16 16:52:48.252516 np0000007379 devstack@c-api.service[100372]: DEBUG cinder.volume.api [None req-533e83ed-af7f-40d4-8293-6d36418f689c tempest-VolumeTypesAccessTest-1298194210 tempest-VolumeTypesAccessTest-1298194210-project-member] Task 'cinder.volume.flows.api.create_volume.QuotaCommitTask;volume:create' (21737e94-7a3c-4db2-974b-fdd9fe501338) transitioned into state 'SUCCESS' from state 'RUNNING' with result '{'volume_properties': VolumeProperties(attach_status='detached',availability_zone='nova',cgsnapshot_id=None,consistencygroup_id=None,display_description=None,display_name='tempest-VolumeTypesAccessTest-Volume-92576749',encryption_key_id=None,group_id=None,group_type_id=,metadata={},multiattach=False,project_id='3d2988ec13dd4220a1f8a5f769883a25',qos_specs=None,replication_status=,reservations=['c76ca59e-ce0a-4b6f-9494-e1beea70c5e2','a89b58b4-b73d-47be-826b-7b9930415c0b','6431cf30-a655-4c98-a2aa-7563a4399201','007aaf31-deea-43e2-ac40-47a28d677e86'],size=1,snapshot_id=None,source_replicaid=,source_volid=None,status='creating',user_id='a0b52367c23d43c5b891d8176a460e5b',volume_type_id=61af1705-6a45-4625-88a6-9c1fdc637755)}' {{(pid=100372) _task_receiver /opt/stack/data/venv/lib/python3.12/site-packages/taskflow/listeners/logging.py:218}}
Aug 16 16:52:48.253232 np0000007379 devstack@c-api.service[100372]: DEBUG cinder.volume.api [None req-533e83ed-af7f-40d4-8293-6d36418f689c tempest-VolumeTypesAccessTest-1298194210 tempest-VolumeTypesAccessTest-1298194210-project-member] Task 'cinder.volume.flows.api.create_volume.VolumeCastTask;volume:create' (91ac45ad-a119-445c-84f0-2d99fcc0b506) transitioned into state 'RUNNING' from state 'PENDING' {{(pid=100372) _task_receiver /opt/stack/data/venv/lib/python3.12/site-packages/taskflow/listeners/logging.py:242}}
Aug 16 16:52:48.261241 np0000007379 devstack@c-api.service[100372]: DEBUG cinder.volume.api [None req-533e83ed-af7f-40d4-8293-6d36418f689c tempest-VolumeTypesAccessTest-1298194210 tempest-VolumeTypesAccessTest-1298194210-project-member] Task 'cinder.volume.flows.api.create_volume.VolumeCastTask;volume:create' (91ac45ad-a119-445c-84f0-2d99fcc0b506) transitioned into state 'SUCCESS' from state 'RUNNING' with result 'None' {{(pid=100372) _task_receiver /opt/stack/data/venv/lib/python3.12/site-packages/taskflow/listeners/logging.py:218}}
Aug 16 16:52:48.262497 np0000007379 devstack@c-api.service[100372]: DEBUG cinder.volume.api [None req-533e83ed-af7f-40d4-8293-6d36418f689c tempest-VolumeTypesAccessTest-1298194210 tempest-VolumeTypesAccessTest-1298194210-project-member] Flow 'volume_create_api' (ed0e5b4b-c070-446a-9c15-ddfef395fb82) transitioned into state 'SUCCESS' from state 'RUNNING' {{(pid=100372) _flow_receiver /opt/stack/data/venv/lib/python3.12/site-packages/taskflow/listeners/logging.py:160}}
Aug 16 16:52:48.262996 np0000007379 devstack@c-api.service[100372]: INFO cinder.volume.api [None req-533e83ed-af7f-40d4-8293-6d36418f689c tempest-VolumeTypesAccessTest-1298194210 tempest-VolumeTypesAccessTest-1298194210-project-member] Create volume request issued successfully.
Aug 16 16:52:48.263558 np0000007379 devstack@c-api.service[100372]: INFO cinder.api.openstack.wsgi [None req-533e83ed-af7f-40d4-8293-6d36418f689c tempest-VolumeTypesAccessTest-1298194210 tempest-VolumeTypesAccessTest-1298194210-project-member] https://10.4.3.60/volume/v3/volumes returned with HTTP 202
Aug 16 16:52:48.264009 np0000007379 devstack@c-api.service[100372]: [pid: 100372|app: 0|req: 110/443] 10.4.3.60 () {68 vars in 1252 bytes} [Sun Aug 16 16:52:48 2026] POST /volume/v3/volumes => generated 792 bytes in 201 msecs (HTTP/1.1 202) 7 headers in 291 bytes (1 switches on core 0)
Aug 16 16:52:48.278463 np0000007379 devstack@c-api.service[100370]: DEBUG cinder.api.middleware.request_id [None req-887eef5a-7bc6-4482-b1cd-da7dee557a10 None None] RequestId filter calling following filter/app {{(pid=100370) _context_setter /opt/stack/cinder/cinder/api/middleware/request_id.py:62}}
Aug 16 16:52:48.280964 np0000007379 devstack@c-api.service[100370]: INFO cinder.api.openstack.wsgi [None req-887eef5a-7bc6-4482-b1cd-da7dee557a10 tempest-VolumeTypesAccessTest-1298194210 tempest-VolumeTypesAccessTest-1298194210-project-member] GET https://10.4.3.60/volume/v3/volumes/3339454c-e23e-4eeb-af80-497eaf94d8e0
Aug 16 16:52:48.281314 np0000007379 devstack@c-api.service[100370]: DEBUG cinder.api.openstack.wsgi [None req-887eef5a-7bc6-4482-b1cd-da7dee557a10 tempest-VolumeTypesAccessTest-1298194210 tempest-VolumeTypesAccessTest-1298194210-project-member] Empty body provided in request {{(pid=100370) get_body /opt/stack/cinder/cinder/api/openstack/wsgi.py:725}}
Aug 16 16:52:48.281569 np0000007379 devstack@c-api.service[100370]: DEBUG cinder.api.openstack.wsgi [None req-887eef5a-7bc6-4482-b1cd-da7dee557a10 tempest-VolumeTypesAccessTest-1298194210 tempest-VolumeTypesAccessTest-1298194210-project-member] Calling method 'show' {{(pid=100370) _process_stack /opt/stack/cinder/cinder/api/openstack/wsgi.py:878}}
Aug 16 16:52:48.292109 np0000007379 devstack@c-api.service[100370]: /opt/stack/data/venv/lib/python3.12/site-packages/oslo_context/context.py:102: DeprecationWarning: Policy enforcement is depending on the value of is_admin. This key is deprecated. Please update your policy file to use the standard policy values.
Aug 16 16:52:48.292109 np0000007379 devstack@c-api.service[100370]: warnings.warn(
Aug 16 16:52:48.301046 np0000007379 devstack@c-api.service[100370]: INFO cinder.volume.api [None req-887eef5a-7bc6-4482-b1cd-da7dee557a10 tempest-VolumeTypesAccessTest-1298194210 tempest-VolumeTypesAccessTest-1298194210-project-member] Volume info retrieved successfully.
Aug 16 16:52:48.306640 np0000007379 devstack@c-api.service[100370]: INFO cinder.api.openstack.wsgi [None req-887eef5a-7bc6-4482-b1cd-da7dee557a10 tempest-VolumeTypesAccessTest-1298194210 tempest-VolumeTypesAccessTest-1298194210-project-member] https://10.4.3.60/volume/v3/volumes/3339454c-e23e-4eeb-af80-497eaf94d8e0 returned with HTTP 200
Aug 16 16:52:48.307241 np0000007379 devstack@c-api.service[100370]: [pid: 100370|app: 0|req: 111/444] 10.4.3.60 () {66 vars in 1341 bytes} [Sun Aug 16 16:52:48 2026] GET /volume/v3/volumes/3339454c-e23e-4eeb-af80-497eaf94d8e0 => generated 860 bytes in 29 msecs (HTTP/1.1 200) 7 headers in 285 bytes (1 switches on core 0)
Aug 16 16:52:49.325629 np0000007379 devstack@c-api.service[100373]: DEBUG cinder.api.middleware.request_id [None req-a05abcdb-d537-49f3-91c2-156a3cd69217 None None] RequestId filter calling following filter/app {{(pid=100373) _context_setter /opt/stack/cinder/cinder/api/middleware/request_id.py:62}}
Aug 16 16:52:49.327632 np0000007379 devstack@c-api.service[100373]: INFO cinder.api.openstack.wsgi [None req-a05abcdb-d537-49f3-91c2-156a3cd69217 tempest-VolumeTypesAccessTest-1298194210 tempest-VolumeTypesAccessTest-1298194210-project-member] GET https://10.4.3.60/volume/v3/volumes/3339454c-e23e-4eeb-af80-497eaf94d8e0
Aug 16 16:52:49.331012 np0000007379 devstack@c-api.service[100373]: DEBUG cinder.api.openstack.wsgi [None req-a05abcdb-d537-49f3-91c2-156a3cd69217 tempest-VolumeTypesAccessTest-1298194210 tempest-VolumeTypesAccessTest-1298194210-project-member] Empty body provided in request {{(pid=100373) get_body /opt/stack/cinder/cinder/api/openstack/wsgi.py:725}}
Aug 16 16:52:49.331284 np0000007379 devstack@c-api.service[100373]: DEBUG cinder.api.openstack.wsgi [None req-a05abcdb-d537-49f3-91c2-156a3cd69217 tempest-VolumeTypesAccessTest-1298194210 tempest-VolumeTypesAccessTest-1298194210-project-member] Calling method 'show' {{(pid=100373) _process_stack /opt/stack/cinder/cinder/api/openstack/wsgi.py:878}}
Aug 16 16:52:49.340927 np0000007379 devstack@c-api.service[100373]: /opt/stack/data/venv/lib/python3.12/site-packages/oslo_context/context.py:102: DeprecationWarning: Policy enforcement is depending on the value of is_admin. This key is deprecated. Please update your policy file to use the standard policy values.
Aug 16 16:52:49.340927 np0000007379 devstack@c-api.service[100373]: warnings.warn(
Aug 16 16:52:49.345242 np0000007379 devstack@c-api.service[100373]: INFO cinder.volume.api [None req-a05abcdb-d537-49f3-91c2-156a3cd69217 tempest-VolumeTypesAccessTest-1298194210 tempest-VolumeTypesAccessTest-1298194210-project-member] Volume info retrieved successfully.
Aug 16 16:52:49.351264 np0000007379 devstack@c-api.service[100373]: INFO cinder.api.openstack.wsgi [None req-a05abcdb-d537-49f3-91c2-156a3cd69217 tempest-VolumeTypesAccessTest-1298194210 tempest-VolumeTypesAccessTest-1298194210-project-member] https://10.4.3.60/volume/v3/volumes/3339454c-e23e-4eeb-af80-497eaf94d8e0 returned with HTTP 200
Aug 16 16:52:49.351735 np0000007379 devstack@c-api.service[100373]: [pid: 100373|app: 0|req: 112/445] 10.4.3.60 () {66 vars in 1341 bytes} [Sun Aug 16 16:52:49 2026] GET /volume/v3/volumes/3339454c-e23e-4eeb-af80-497eaf94d8e0 => generated 885 bytes in 27 msecs (HTTP/1.1 200) 7 headers in 285 bytes (1 switches on core 0)
Aug 16 16:52:49.365384 np0000007379 devstack@c-api.service[100371]: DEBUG cinder.api.middleware.request_id [None req-f25a7054-dfb8-4c50-99aa-5347a345db9d None None] RequestId filter calling following filter/app {{(pid=100371) _context_setter /opt/stack/cinder/cinder/api/middleware/request_id.py:62}}
Aug 16 16:52:49.367803 np0000007379 devstack@c-api.service[100371]: INFO cinder.api.openstack.wsgi [None req-f25a7054-dfb8-4c50-99aa-5347a345db9d tempest-VolumeTypesAccessTest-1298194210 tempest-VolumeTypesAccessTest-1298194210-project-member] GET https://10.4.3.60/volume/v3/volumes/3339454c-e23e-4eeb-af80-497eaf94d8e0
Aug 16 16:52:49.368005 np0000007379 devstack@c-api.service[100371]: DEBUG cinder.api.openstack.wsgi [None req-f25a7054-dfb8-4c50-99aa-5347a345db9d tempest-VolumeTypesAccessTest-1298194210 tempest-VolumeTypesAccessTest-1298194210-project-member] Empty body provided in request {{(pid=100371) get_body /opt/stack/cinder/cinder/api/openstack/wsgi.py:725}}
Aug 16 16:52:49.368279 np0000007379 devstack@c-api.service[100371]: DEBUG cinder.api.openstack.wsgi [None req-f25a7054-dfb8-4c50-99aa-5347a345db9d tempest-VolumeTypesAccessTest-1298194210 tempest-VolumeTypesAccessTest-1298194210-project-member] Calling method 'show' {{(pid=100371) _process_stack /opt/stack/cinder/cinder/api/openstack/wsgi.py:878}}
Aug 16 16:52:49.377656 np0000007379 devstack@c-api.service[100371]: /opt/stack/data/venv/lib/python3.12/site-packages/oslo_context/context.py:102: DeprecationWarning: Policy enforcement is depending on the value of is_admin. This key is deprecated. Please update your policy file to use the standard policy values.
Aug 16 16:52:49.377656 np0000007379 devstack@c-api.service[100371]: warnings.warn(
Aug 16 16:52:49.382468 np0000007379 devstack@c-api.service[100371]: INFO cinder.volume.api [None req-f25a7054-dfb8-4c50-99aa-5347a345db9d tempest-VolumeTypesAccessTest-1298194210 tempest-VolumeTypesAccessTest-1298194210-project-member] Volume info retrieved successfully.
Aug 16 16:52:49.388400 np0000007379 devstack@c-api.service[100371]: INFO cinder.api.openstack.wsgi [None req-f25a7054-dfb8-4c50-99aa-5347a345db9d tempest-VolumeTypesAccessTest-1298194210 tempest-VolumeTypesAccessTest-1298194210-project-member] https://10.4.3.60/volume/v3/volumes/3339454c-e23e-4eeb-af80-497eaf94d8e0 returned with HTTP 200
Aug 16 16:52:49.388802 np0000007379 devstack@c-api.service[100371]: [pid: 100371|app: 0|req: 113/446] 10.4.3.60 () {66 vars in 1341 bytes} [Sun Aug 16 16:52:49 2026] GET /volume/v3/volumes/3339454c-e23e-4eeb-af80-497eaf94d8e0 => generated 885 bytes in 24 msecs (HTTP/1.1 200) 7 headers in 285 bytes (1 switches on core 0)
Aug 16 16:52:49.409275 np0000007379 devstack@c-api.service[100372]: DEBUG cinder.api.middleware.request_id [None req-54225f83-e26b-4e20-8f77-608618847f47 None None] RequestId filter calling following filter/app {{(pid=100372) _context_setter /opt/stack/cinder/cinder/api/middleware/request_id.py:62}}
Aug 16 16:52:49.412059 np0000007379 devstack@c-api.service[100372]: INFO cinder.api.openstack.wsgi [None req-54225f83-e26b-4e20-8f77-608618847f47 tempest-VolumeTypesAccessTest-1298194210 tempest-VolumeTypesAccessTest-1298194210-project-member] DELETE https://10.4.3.60/volume/v3/volumes/3339454c-e23e-4eeb-af80-497eaf94d8e0
Aug 16 16:52:49.412394 np0000007379 devstack@c-api.service[100372]: DEBUG cinder.api.openstack.wsgi [None req-54225f83-e26b-4e20-8f77-608618847f47 tempest-VolumeTypesAccessTest-1298194210 tempest-VolumeTypesAccessTest-1298194210-project-member] Empty body provided in request {{(pid=100372) get_body /opt/stack/cinder/cinder/api/openstack/wsgi.py:725}}
Aug 16 16:52:49.412655 np0000007379 devstack@c-api.service[100372]: DEBUG cinder.api.openstack.wsgi [None req-54225f83-e26b-4e20-8f77-608618847f47 tempest-VolumeTypesAccessTest-1298194210 tempest-VolumeTypesAccessTest-1298194210-project-member] Calling method 'delete' {{(pid=100372) _process_stack /opt/stack/cinder/cinder/api/openstack/wsgi.py:878}}
Aug 16 16:52:49.412925 np0000007379 devstack@c-api.service[100372]: INFO cinder.api.v3.volumes [None req-54225f83-e26b-4e20-8f77-608618847f47 tempest-VolumeTypesAccessTest-1298194210 tempest-VolumeTypesAccessTest-1298194210-project-member] Delete volume with id: 3339454c-e23e-4eeb-af80-497eaf94d8e0
Aug 16 16:52:49.422770 np0000007379 devstack@c-api.service[100372]: /opt/stack/data/venv/lib/python3.12/site-packages/oslo_context/context.py:102: DeprecationWarning: Policy enforcement is depending on the value of is_admin. This key is deprecated. Please update your policy file to use the standard policy values.
Aug 16 16:52:49.422770 np0000007379 devstack@c-api.service[100372]: warnings.warn(
Aug 16 16:52:49.423323 np0000007379 devstack@c-api.service[100372]: INFO cinder.volume.api [None req-54225f83-e26b-4e20-8f77-608618847f47 tempest-VolumeTypesAccessTest-1298194210 tempest-VolumeTypesAccessTest-1298194210-project-member] Volume info retrieved successfully.
Aug 16 16:52:49.452372 np0000007379 devstack@c-api.service[100372]: INFO cinder.volume.api [None req-54225f83-e26b-4e20-8f77-608618847f47 tempest-VolumeTypesAccessTest-1298194210 tempest-VolumeTypesAccessTest-1298194210-project-member] Delete volume request issued successfully.
Aug 16 16:52:49.452650 np0000007379 devstack@c-api.service[100372]: INFO cinder.api.openstack.wsgi [None req-54225f83-e26b-4e20-8f77-608618847f47 tempest-VolumeTypesAccessTest-1298194210 tempest-VolumeTypesAccessTest-1298194210-project-member] https://10.4.3.60/volume/v3/volumes/3339454c-e23e-4eeb-af80-497eaf94d8e0 returned with HTTP 202
Aug 16 16:52:49.453165 np0000007379 devstack@c-api.service[100372]: [pid: 100372|app: 0|req: 111/447] 10.4.3.60 () {66 vars in 1344 bytes} [Sun Aug 16 16:52:49 2026] DELETE /volume/v3/volumes/3339454c-e23e-4eeb-af80-497eaf94d8e0 => generated 0 bytes in 45 msecs (HTTP/1.1 202) 6 headers in 233 bytes (1 switches on core 0)
Aug 16 16:52:49.465423 np0000007379 devstack@c-api.service[100370]: DEBUG cinder.api.middleware.request_id [None req-eb003ead-3f98-4d56-b9f7-6d418e1ea09d None None] RequestId filter calling following filter/app {{(pid=100370) _context_setter /opt/stack/cinder/cinder/api/middleware/request_id.py:62}}
Aug 16 16:52:49.468125 np0000007379 devstack@c-api.service[100370]: INFO cinder.api.openstack.wsgi [None req-eb003ead-3f98-4d56-b9f7-6d418e1ea09d tempest-VolumeTypesAccessTest-1298194210 tempest-VolumeTypesAccessTest-1298194210-project-member] GET https://10.4.3.60/volume/v3/volumes/3339454c-e23e-4eeb-af80-497eaf94d8e0
Aug 16 16:52:49.468579 np0000007379 devstack@c-api.service[100370]: DEBUG cinder.api.openstack.wsgi [None req-eb003ead-3f98-4d56-b9f7-6d418e1ea09d tempest-VolumeTypesAccessTest-1298194210 tempest-VolumeTypesAccessTest-1298194210-project-member] Empty body provided in request {{(pid=100370) get_body /opt/stack/cinder/cinder/api/openstack/wsgi.py:725}}
Aug 16 16:52:49.468881 np0000007379 devstack@c-api.service[100370]: DEBUG cinder.api.openstack.wsgi [None req-eb003ead-3f98-4d56-b9f7-6d418e1ea09d tempest-VolumeTypesAccessTest-1298194210 tempest-VolumeTypesAccessTest-1298194210-project-member] Calling method 'show' {{(pid=100370) _process_stack /opt/stack/cinder/cinder/api/openstack/wsgi.py:878}}
Aug 16 16:52:49.478007 np0000007379 devstack@c-api.service[100370]: /opt/stack/data/venv/lib/python3.12/site-packages/oslo_context/context.py:102: DeprecationWarning: Policy enforcement is depending on the value of is_admin. This key is deprecated. Please update your policy file to use the standard policy values.
Aug 16 16:52:49.478007 np0000007379 devstack@c-api.service[100370]: warnings.warn(
Aug 16 16:52:49.486176 np0000007379 devstack@c-api.service[100370]: INFO cinder.volume.api [None req-eb003ead-3f98-4d56-b9f7-6d418e1ea09d tempest-VolumeTypesAccessTest-1298194210 tempest-VolumeTypesAccessTest-1298194210-project-member] Volume info retrieved successfully.
Aug 16 16:52:49.494244 np0000007379 devstack@c-api.service[100370]: INFO cinder.api.openstack.wsgi [None req-eb003ead-3f98-4d56-b9f7-6d418e1ea09d tempest-VolumeTypesAccessTest-1298194210 tempest-VolumeTypesAccessTest-1298194210-project-member] https://10.4.3.60/volume/v3/volumes/3339454c-e23e-4eeb-af80-497eaf94d8e0 returned with HTTP 200
Aug 16 16:52:49.494899 np0000007379 devstack@c-api.service[100370]: [pid: 100370|app: 0|req: 112/448] 10.4.3.60 () {66 vars in 1341 bytes} [Sun Aug 16 16:52:49 2026] GET /volume/v3/volumes/3339454c-e23e-4eeb-af80-497eaf94d8e0 => generated 884 bytes in 30 msecs (HTTP/1.1 200) 7 headers in 285 bytes (1 switches on core 0)
Aug 16 16:52:49.630181 np0000007379 devstack@c-api.service[100373]: DEBUG cinder.api.middleware.request_id [req-4a96b30f-74a5-43cd-ae2f-b88675ac2246 req-f4c54c9b-2975-4fdb-b2f3-2d9c60a2f93c None None] RequestId filter calling following filter/app {{(pid=100373) _context_setter /opt/stack/cinder/cinder/api/middleware/request_id.py:62}}
Aug 16 16:52:49.633119 np0000007379 devstack@c-api.service[100373]: INFO cinder.api.openstack.wsgi [req-4a96b30f-74a5-43cd-ae2f-b88675ac2246 req-f4c54c9b-2975-4fdb-b2f3-2d9c60a2f93c tempest-TaggedAttachmentsTest-1440225725 tempest-TaggedAttachmentsTest-1440225725-project-member] GET https://10.4.3.60/volume/v3/volumes/4f6bbe21-f4f0-4cec-a243-342e1893af43
Aug 16 16:52:49.633332 np0000007379 devstack@c-api.service[100373]: DEBUG cinder.api.openstack.wsgi [req-4a96b30f-74a5-43cd-ae2f-b88675ac2246 req-f4c54c9b-2975-4fdb-b2f3-2d9c60a2f93c tempest-TaggedAttachmentsTest-1440225725 tempest-TaggedAttachmentsTest-1440225725-project-member] Empty body provided in request {{(pid=100373) get_body /opt/stack/cinder/cinder/api/openstack/wsgi.py:725}}
Aug 16 16:52:49.634050 np0000007379 devstack@c-api.service[100373]: DEBUG cinder.api.openstack.wsgi [req-4a96b30f-74a5-43cd-ae2f-b88675ac2246 req-f4c54c9b-2975-4fdb-b2f3-2d9c60a2f93c tempest-TaggedAttachmentsTest-1440225725 tempest-TaggedAttachmentsTest-1440225725-project-member] Calling method 'show' {{(pid=100373) _process_stack /opt/stack/cinder/cinder/api/openstack/wsgi.py:878}}
Aug 16 16:52:49.648618 np0000007379 devstack@c-api.service[100373]: /opt/stack/data/venv/lib/python3.12/site-packages/oslo_context/context.py:102: DeprecationWarning: Policy enforcement is depending on the value of is_admin. This key is deprecated. Please update your policy file to use the standard policy values.
Aug 16 16:52:49.648618 np0000007379 devstack@c-api.service[100373]: warnings.warn(
Aug 16 16:52:49.654368 np0000007379 devstack@c-api.service[100373]: INFO cinder.volume.api [req-4a96b30f-74a5-43cd-ae2f-b88675ac2246 req-f4c54c9b-2975-4fdb-b2f3-2d9c60a2f93c tempest-TaggedAttachmentsTest-1440225725 tempest-TaggedAttachmentsTest-1440225725-project-member] Volume info retrieved successfully.
Aug 16 16:52:49.661713 np0000007379 devstack@c-api.service[100373]: INFO cinder.api.openstack.wsgi [req-4a96b30f-74a5-43cd-ae2f-b88675ac2246 req-f4c54c9b-2975-4fdb-b2f3-2d9c60a2f93c tempest-TaggedAttachmentsTest-1440225725 tempest-TaggedAttachmentsTest-1440225725-project-member] https://10.4.3.60/volume/v3/volumes/4f6bbe21-f4f0-4cec-a243-342e1893af43 returned with HTTP 200
Aug 16 16:52:49.661983 np0000007379 devstack@c-api.service[100373]: [pid: 100373|app: 0|req: 113/449] 10.4.3.60 () {68 vars in 1591 bytes} [Sun Aug 16 16:52:49 2026] GET /volume/v3/volumes/4f6bbe21-f4f0-4cec-a243-342e1893af43 => generated 1135 bytes in 32 msecs (HTTP/1.1 200) 7 headers in 286 bytes (1 switches on core 0)
Aug 16 16:52:49.685016 np0000007379 devstack@c-api.service[100371]: DEBUG cinder.api.middleware.request_id [req-4a96b30f-74a5-43cd-ae2f-b88675ac2246 req-02e910e9-3af0-4673-8b52-4c7aec3d7c87 None None] RequestId filter calling following filter/app {{(pid=100371) _context_setter /opt/stack/cinder/cinder/api/middleware/request_id.py:62}}
Aug 16 16:52:49.687964 np0000007379 devstack@c-api.service[100371]: INFO cinder.api.openstack.wsgi [req-4a96b30f-74a5-43cd-ae2f-b88675ac2246 req-02e910e9-3af0-4673-8b52-4c7aec3d7c87 tempest-TaggedAttachmentsTest-1440225725 tempest-TaggedAttachmentsTest-1440225725-project-member] POST https://10.4.3.60/volume/v3/volumes/4f6bbe21-f4f0-4cec-a243-342e1893af43/action
Aug 16 16:52:49.688497 np0000007379 devstack@c-api.service[100371]: DEBUG cinder.api.openstack.wsgi [req-4a96b30f-74a5-43cd-ae2f-b88675ac2246 req-02e910e9-3af0-4673-8b52-4c7aec3d7c87 tempest-TaggedAttachmentsTest-1440225725 tempest-TaggedAttachmentsTest-1440225725-project-member] Action body: b'{"os-begin_detaching": null}' {{(pid=100371) get_method /opt/stack/cinder/cinder/api/openstack/wsgi.py:993}}
