Aug 16 16:47:27.373663 np0000007379 nova-scheduler[96705]: DEBUG cotyledon.oslo_config_glue [-] workarounds.qemu_monitor_announce_self_interval = 1 {{(pid=96705) log_opt_values /opt/stack/data/venv/lib/python3.12/site-packages/oslo_config/cfg.py:3560}}
Aug 16 16:47:27.373769 np0000007379 nova-scheduler[96701]: INFO dbcounter [None req-f782ba18-6813-40d0-a96c-622d75bf320b None None] Registered counter for database nova_cell0
Aug 16 16:47:27.373797 np0000007379 nova-scheduler[96705]: DEBUG cotyledon.oslo_config_glue [-] workarounds.reserve_disk_resource_for_image_cache = False {{(pid=96705) log_opt_values /opt/stack/data/venv/lib/python3.12/site-packages/oslo_config/cfg.py:3560}}
Aug 16 16:47:27.373797 np0000007379 nova-scheduler[96705]: DEBUG cotyledon.oslo_config_glue [-] workarounds.skip_cpu_compare_at_startup = False {{(pid=96705) log_opt_values /opt/stack/data/venv/lib/python3.12/site-packages/oslo_config/cfg.py:3560}}
Aug 16 16:47:27.373797 np0000007379 nova-scheduler[96705]: DEBUG cotyledon.oslo_config_glue [-] workarounds.skip_cpu_compare_on_dest = False {{(pid=96705) log_opt_values /opt/stack/data/venv/lib/python3.12/site-packages/oslo_config/cfg.py:3560}}
Aug 16 16:47:27.373797 np0000007379 nova-scheduler[96705]: DEBUG cotyledon.oslo_config_glue [-] workarounds.skip_hypervisor_version_check_on_lm = False {{(pid=96705) log_opt_values /opt/stack/data/venv/lib/python3.12/site-packages/oslo_config/cfg.py:3560}}
Aug 16 16:47:27.373797 np0000007379 nova-scheduler[96705]: DEBUG cotyledon.oslo_config_glue [-] workarounds.skip_reserve_in_use_ironic_nodes = False {{(pid=96705) log_opt_values /opt/stack/data/venv/lib/python3.12/site-packages/oslo_config/cfg.py:3560}}
Aug 16 16:47:27.373797 np0000007379 nova-scheduler[96705]: DEBUG cotyledon.oslo_config_glue [-] workarounds.unified_limits_count_pcpu_as_vcpu = False {{(pid=96705) log_opt_values /opt/stack/data/venv/lib/python3.12/site-packages/oslo_config/cfg.py:3560}}
Aug 16 16:47:27.373797 np0000007379 nova-scheduler[96705]: DEBUG cotyledon.oslo_config_glue [-] workarounds.wait_for_vif_plugged_event_during_hard_reboot = [] {{(pid=96705) log_opt_values /opt/stack/data/venv/lib/python3.12/site-packages/oslo_config/cfg.py:3560}}
Aug 16 16:47:27.373797 np0000007379 nova-scheduler[96705]: DEBUG cotyledon.oslo_config_glue [-] wsgi.api_paste_config = /etc/nova/api-paste.ini {{(pid=96705) log_opt_values /opt/stack/data/venv/lib/python3.12/site-packages/oslo_config/cfg.py:3560}}
Aug 16 16:47:27.373940 np0000007379 nova-scheduler[96705]: DEBUG cotyledon.oslo_config_glue [-] wsgi.secure_proxy_ssl_header = None {{(pid=96705) log_opt_values /opt/stack/data/venv/lib/python3.12/site-packages/oslo_config/cfg.py:3560}}
Aug 16 16:47:27.373940 np0000007379 nova-scheduler[96705]: DEBUG cotyledon.oslo_config_glue [-] zvm.ca_file = None {{(pid=96705) log_opt_values /opt/stack/data/venv/lib/python3.12/site-packages/oslo_config/cfg.py:3560}}
Aug 16 16:47:27.373940 np0000007379 nova-scheduler[96705]: DEBUG cotyledon.oslo_config_glue [-] zvm.cloud_connector_url = None {{(pid=96705) log_opt_values /opt/stack/data/venv/lib/python3.12/site-packages/oslo_config/cfg.py:3560}}
Aug 16 16:47:27.373940 np0000007379 nova-scheduler[96705]: DEBUG cotyledon.oslo_config_glue [-] zvm.image_tmp_path = /opt/stack/data/nova/images {{(pid=96705) log_opt_values /opt/stack/data/venv/lib/python3.12/site-packages/oslo_config/cfg.py:3560}}
Aug 16 16:47:27.373940 np0000007379 nova-scheduler[96705]: DEBUG cotyledon.oslo_config_glue [-] zvm.reachable_timeout = 300 {{(pid=96705) log_opt_values /opt/stack/data/venv/lib/python3.12/site-packages/oslo_config/cfg.py:3560}}
Aug 16 16:47:27.373940 np0000007379 nova-scheduler[96705]: DEBUG cotyledon.oslo_config_glue [-] oslo_versionedobjects.fatal_exception_format_errors = False {{(pid=96705) log_opt_values /opt/stack/data/venv/lib/python3.12/site-packages/oslo_config/cfg.py:3560}}
Aug 16 16:47:27.373940 np0000007379 nova-scheduler[96705]: DEBUG cotyledon.oslo_config_glue [-] oslo_middleware.http_basic_auth_user_file = /etc/htpasswd {{(pid=96705) log_opt_values /opt/stack/data/venv/lib/python3.12/site-packages/oslo_config/cfg.py:3560}}
Aug 16 16:47:27.373940 np0000007379 nova-scheduler[96705]: DEBUG cotyledon.oslo_config_glue [-] oslo_messaging_metrics.metrics_buffer_size = 1000 {{(pid=96705) log_opt_values /opt/stack/data/venv/lib/python3.12/site-packages/oslo_config/cfg.py:3560}}
Aug 16 16:47:27.373940 np0000007379 nova-scheduler[96705]: DEBUG cotyledon.oslo_config_glue [-] oslo_messaging_metrics.metrics_enabled = False {{(pid=96705) log_opt_values /opt/stack/data/venv/lib/python3.12/site-packages/oslo_config/cfg.py:3560}}
Aug 16 16:47:27.374097 np0000007379 nova-scheduler[96705]: DEBUG cotyledon.oslo_config_glue [-] oslo_messaging_metrics.metrics_process_name = {{(pid=96705) log_opt_values /opt/stack/data/venv/lib/python3.12/site-packages/oslo_config/cfg.py:3560}}
Aug 16 16:47:27.374097 np0000007379 nova-scheduler[96705]: DEBUG cotyledon.oslo_config_glue [-] oslo_messaging_metrics.metrics_socket_file = /var/tmp/metrics_collector.sock {{(pid=96705) log_opt_values /opt/stack/data/venv/lib/python3.12/site-packages/oslo_config/cfg.py:3560}}
Aug 16 16:47:27.374097 np0000007379 nova-scheduler[96705]: DEBUG cotyledon.oslo_config_glue [-] oslo_messaging_metrics.metrics_thread_stop_timeout = 10 {{(pid=96705) log_opt_values /opt/stack/data/venv/lib/python3.12/site-packages/oslo_config/cfg.py:3560}}
Aug 16 16:47:27.374097 np0000007379 nova-scheduler[96705]: DEBUG cotyledon.oslo_config_glue [-] profiler.connection_string = messaging:// {{(pid=96705) log_opt_values /opt/stack/data/venv/lib/python3.12/site-packages/oslo_config/cfg.py:3560}}
Aug 16 16:47:27.374097 np0000007379 nova-scheduler[96705]: DEBUG cotyledon.oslo_config_glue [-] profiler.enabled = False {{(pid=96705) log_opt_values /opt/stack/data/venv/lib/python3.12/site-packages/oslo_config/cfg.py:3560}}
Aug 16 16:47:27.374097 np0000007379 nova-scheduler[96705]: DEBUG cotyledon.oslo_config_glue [-] profiler.es_doc_type = notification {{(pid=96705) log_opt_values /opt/stack/data/venv/lib/python3.12/site-packages/oslo_config/cfg.py:3560}}
Aug 16 16:47:27.374097 np0000007379 nova-scheduler[96705]: DEBUG cotyledon.oslo_config_glue [-] profiler.es_scroll_size = 10000 {{(pid=96705) log_opt_values /opt/stack/data/venv/lib/python3.12/site-packages/oslo_config/cfg.py:3560}}
Aug 16 16:47:27.374097 np0000007379 nova-scheduler[96705]: DEBUG cotyledon.oslo_config_glue [-] profiler.es_scroll_time = 2m {{(pid=96705) log_opt_values /opt/stack/data/venv/lib/python3.12/site-packages/oslo_config/cfg.py:3560}}
Aug 16 16:47:27.374097 np0000007379 nova-scheduler[96705]: DEBUG cotyledon.oslo_config_glue [-] profiler.filter_error_trace = False {{(pid=96705) log_opt_values /opt/stack/data/venv/lib/python3.12/site-packages/oslo_config/cfg.py:3560}}
Aug 16 16:47:27.374337 np0000007379 nova-scheduler[96705]: DEBUG cotyledon.oslo_config_glue [-] profiler.hmac_keys = **** {{(pid=96705) log_opt_values /opt/stack/data/venv/lib/python3.12/site-packages/oslo_config/cfg.py:3560}}
Aug 16 16:47:27.374337 np0000007379 nova-scheduler[96705]: DEBUG cotyledon.oslo_config_glue [-] profiler.sentinel_service_name = mymaster {{(pid=96705) log_opt_values /opt/stack/data/venv/lib/python3.12/site-packages/oslo_config/cfg.py:3560}}
Aug 16 16:47:27.374337 np0000007379 nova-scheduler[96705]: DEBUG cotyledon.oslo_config_glue [-] profiler.socket_timeout = 0.1 {{(pid=96705) log_opt_values /opt/stack/data/venv/lib/python3.12/site-packages/oslo_config/cfg.py:3560}}
Aug 16 16:47:27.374337 np0000007379 nova-scheduler[96705]: DEBUG cotyledon.oslo_config_glue [-] profiler.trace_requests = False {{(pid=96705) log_opt_values /opt/stack/data/venv/lib/python3.12/site-packages/oslo_config/cfg.py:3560}}
Aug 16 16:47:27.374337 np0000007379 nova-scheduler[96705]: DEBUG cotyledon.oslo_config_glue [-] profiler.trace_sqlalchemy = False {{(pid=96705) log_opt_values /opt/stack/data/venv/lib/python3.12/site-packages/oslo_config/cfg.py:3560}}
Aug 16 16:47:27.374337 np0000007379 nova-scheduler[96705]: DEBUG cotyledon.oslo_config_glue [-] profiler_jaeger.process_tags = {} {{(pid=96705) log_opt_values /opt/stack/data/venv/lib/python3.12/site-packages/oslo_config/cfg.py:3560}}
Aug 16 16:47:27.374337 np0000007379 nova-scheduler[96705]: DEBUG cotyledon.oslo_config_glue [-] profiler_jaeger.service_name_prefix = None {{(pid=96705) log_opt_values /opt/stack/data/venv/lib/python3.12/site-packages/oslo_config/cfg.py:3560}}
Aug 16 16:47:27.374337 np0000007379 nova-scheduler[96705]: DEBUG cotyledon.oslo_config_glue [-] profiler_otlp.service_name_prefix = None {{(pid=96705) log_opt_values /opt/stack/data/venv/lib/python3.12/site-packages/oslo_config/cfg.py:3560}}
Aug 16 16:47:27.374337 np0000007379 nova-scheduler[96705]: DEBUG cotyledon.oslo_config_glue [-] oslo_messaging_rabbit.amqp_auto_delete = False {{(pid=96705) log_opt_values /opt/stack/data/venv/lib/python3.12/site-packages/oslo_config/cfg.py:3560}}
Aug 16 16:47:27.374620 np0000007379 nova-scheduler[96705]: DEBUG cotyledon.oslo_config_glue [-] oslo_messaging_rabbit.amqp_durable_queues = False {{(pid=96705) log_opt_values /opt/stack/data/venv/lib/python3.12/site-packages/oslo_config/cfg.py:3560}}
Aug 16 16:47:27.374620 np0000007379 nova-scheduler[96705]: DEBUG cotyledon.oslo_config_glue [-] oslo_messaging_rabbit.conn_pool_min_size = 2 {{(pid=96705) log_opt_values /opt/stack/data/venv/lib/python3.12/site-packages/oslo_config/cfg.py:3560}}
Aug 16 16:47:27.374620 np0000007379 nova-scheduler[96705]: DEBUG cotyledon.oslo_config_glue [-] oslo_messaging_rabbit.conn_pool_ttl = 1200 {{(pid=96705) log_opt_values /opt/stack/data/venv/lib/python3.12/site-packages/oslo_config/cfg.py:3560}}
Aug 16 16:47:27.374620 np0000007379 nova-scheduler[96705]: DEBUG cotyledon.oslo_config_glue [-] oslo_messaging_rabbit.direct_mandatory_flag = True {{(pid=96705) log_opt_values /opt/stack/data/venv/lib/python3.12/site-packages/oslo_config/cfg.py:3560}}
Aug 16 16:47:27.374620 np0000007379 nova-scheduler[96705]: DEBUG cotyledon.oslo_config_glue [-] oslo_messaging_rabbit.enable_cancel_on_failover = False {{(pid=96705) log_opt_values /opt/stack/data/venv/lib/python3.12/site-packages/oslo_config/cfg.py:3560}}
Aug 16 16:47:27.374620 np0000007379 nova-scheduler[96705]: DEBUG cotyledon.oslo_config_glue [-] oslo_messaging_rabbit.heartbeat_rate = 3 {{(pid=96705) log_opt_values /opt/stack/data/venv/lib/python3.12/site-packages/oslo_config/cfg.py:3560}}
Aug 16 16:47:27.374620 np0000007379 nova-scheduler[96705]: DEBUG cotyledon.oslo_config_glue [-] oslo_messaging_rabbit.heartbeat_timeout_threshold = 60 {{(pid=96705) log_opt_values /opt/stack/data/venv/lib/python3.12/site-packages/oslo_config/cfg.py:3560}}
Aug 16 16:47:27.374620 np0000007379 nova-scheduler[96705]: DEBUG cotyledon.oslo_config_glue [-] oslo_messaging_rabbit.hostname = np0000007379 {{(pid=96705) log_opt_values /opt/stack/data/venv/lib/python3.12/site-packages/oslo_config/cfg.py:3560}}
Aug 16 16:47:27.374620 np0000007379 nova-scheduler[96705]: DEBUG cotyledon.oslo_config_glue [-] oslo_messaging_rabbit.kombu_compression = None {{(pid=96705) log_opt_values /opt/stack/data/venv/lib/python3.12/site-packages/oslo_config/cfg.py:3560}}
Aug 16 16:47:27.374828 np0000007379 nova-scheduler[96705]: DEBUG cotyledon.oslo_config_glue [-] oslo_messaging_rabbit.kombu_failover_strategy = round-robin {{(pid=96705) log_opt_values /opt/stack/data/venv/lib/python3.12/site-packages/oslo_config/cfg.py:3560}}
Aug 16 16:47:27.374828 np0000007379 nova-scheduler[96705]: DEBUG cotyledon.oslo_config_glue [-] oslo_messaging_rabbit.kombu_missing_consumer_retry_timeout = 60 {{(pid=96705) log_opt_values /opt/stack/data/venv/lib/python3.12/site-packages/oslo_config/cfg.py:3560}}
Aug 16 16:47:27.374828 np0000007379 nova-scheduler[96705]: DEBUG cotyledon.oslo_config_glue [-] oslo_messaging_rabbit.kombu_reconnect_delay = 1.0 {{(pid=96705) log_opt_values /opt/stack/data/venv/lib/python3.12/site-packages/oslo_config/cfg.py:3560}}
Aug 16 16:47:27.374828 np0000007379 nova-scheduler[96705]: DEBUG cotyledon.oslo_config_glue [-] oslo_messaging_rabbit.kombu_reconnect_splay = 0.0 {{(pid=96705) log_opt_values /opt/stack/data/venv/lib/python3.12/site-packages/oslo_config/cfg.py:3560}}
Aug 16 16:47:27.374828 np0000007379 nova-scheduler[96705]: DEBUG cotyledon.oslo_config_glue [-] oslo_messaging_rabbit.processname = nova-scheduler {{(pid=96705) log_opt_values /opt/stack/data/venv/lib/python3.12/site-packages/oslo_config/cfg.py:3560}}
Aug 16 16:47:27.374828 np0000007379 nova-scheduler[96705]: DEBUG cotyledon.oslo_config_glue [-] oslo_messaging_rabbit.rabbit_ha_queues = False {{(pid=96705) log_opt_values /opt/stack/data/venv/lib/python3.12/site-packages/oslo_config/cfg.py:3560}}
Aug 16 16:47:27.374828 np0000007379 nova-scheduler[96705]: DEBUG cotyledon.oslo_config_glue [-] oslo_messaging_rabbit.rabbit_interval_max = 30 {{(pid=96705) log_opt_values /opt/stack/data/venv/lib/python3.12/site-packages/oslo_config/cfg.py:3560}}
Aug 16 16:47:27.374828 np0000007379 nova-scheduler[96705]: DEBUG cotyledon.oslo_config_glue [-] oslo_messaging_rabbit.rabbit_login_method = AMQPLAIN {{(pid=96705) log_opt_values /opt/stack/data/venv/lib/python3.12/site-packages/oslo_config/cfg.py:3560}}
Aug 16 16:47:27.375043 np0000007379 nova-scheduler[96705]: DEBUG cotyledon.oslo_config_glue [-] oslo_messaging_rabbit.rabbit_qos_prefetch_count = 0 {{(pid=96705) log_opt_values /opt/stack/data/venv/lib/python3.12/site-packages/oslo_config/cfg.py:3560}}
Aug 16 16:47:27.375043 np0000007379 nova-scheduler[96705]: DEBUG cotyledon.oslo_config_glue [-] oslo_messaging_rabbit.rabbit_quorum_delivery_limit = 0 {{(pid=96705) log_opt_values /opt/stack/data/venv/lib/python3.12/site-packages/oslo_config/cfg.py:3560}}
Aug 16 16:47:27.375043 np0000007379 nova-scheduler[96705]: DEBUG cotyledon.oslo_config_glue [-] oslo_messaging_rabbit.rabbit_quorum_max_memory_bytes = 0 {{(pid=96705) log_opt_values /opt/stack/data/venv/lib/python3.12/site-packages/oslo_config/cfg.py:3560}}
Aug 16 16:47:27.375043 np0000007379 nova-scheduler[96705]: DEBUG cotyledon.oslo_config_glue [-] oslo_messaging_rabbit.rabbit_quorum_max_memory_length = 0 {{(pid=96705) log_opt_values /opt/stack/data/venv/lib/python3.12/site-packages/oslo_config/cfg.py:3560}}
Aug 16 16:47:27.375043 np0000007379 nova-scheduler[96705]: DEBUG cotyledon.oslo_config_glue [-] oslo_messaging_rabbit.rabbit_quorum_queue = False {{(pid=96705) log_opt_values /opt/stack/data/venv/lib/python3.12/site-packages/oslo_config/cfg.py:3560}}
Aug 16 16:47:27.375043 np0000007379 nova-scheduler[96705]: DEBUG cotyledon.oslo_config_glue [-] oslo_messaging_rabbit.rabbit_retry_backoff = 2 {{(pid=96705) log_opt_values /opt/stack/data/venv/lib/python3.12/site-packages/oslo_config/cfg.py:3560}}
Aug 16 16:47:27.375043 np0000007379 nova-scheduler[96705]: DEBUG cotyledon.oslo_config_glue [-] oslo_messaging_rabbit.rabbit_retry_interval = 1 {{(pid=96705) log_opt_values /opt/stack/data/venv/lib/python3.12/site-packages/oslo_config/cfg.py:3560}}
Aug 16 16:47:27.375043 np0000007379 nova-scheduler[96705]: DEBUG cotyledon.oslo_config_glue [-] oslo_messaging_rabbit.rabbit_stream_fanout = False {{(pid=96705) log_opt_values /opt/stack/data/venv/lib/python3.12/site-packages/oslo_config/cfg.py:3560}}
Aug 16 16:47:27.375350 np0000007379 nova-scheduler[96705]: DEBUG cotyledon.oslo_config_glue [-] oslo_messaging_rabbit.rabbit_transient_queues_ttl = 1800 {{(pid=96705) log_opt_values /opt/stack/data/venv/lib/python3.12/site-packages/oslo_config/cfg.py:3560}}
Aug 16 16:47:27.375350 np0000007379 nova-scheduler[96705]: DEBUG cotyledon.oslo_config_glue [-] oslo_messaging_rabbit.rabbit_transient_quorum_queue = False {{(pid=96705) log_opt_values /opt/stack/data/venv/lib/python3.12/site-packages/oslo_config/cfg.py:3560}}
Aug 16 16:47:27.375350 np0000007379 nova-scheduler[96705]: DEBUG cotyledon.oslo_config_glue [-] oslo_messaging_rabbit.rpc_conn_pool_size = 30 {{(pid=96705) log_opt_values /opt/stack/data/venv/lib/python3.12/site-packages/oslo_config/cfg.py:3560}}
Aug 16 16:47:27.375350 np0000007379 nova-scheduler[96705]: DEBUG cotyledon.oslo_config_glue [-] oslo_messaging_rabbit.ssl = False {{(pid=96705) log_opt_values /opt/stack/data/venv/lib/python3.12/site-packages/oslo_config/cfg.py:3560}}
Aug 16 16:47:27.375350 np0000007379 nova-scheduler[96705]: DEBUG cotyledon.oslo_config_glue [-] oslo_messaging_rabbit.ssl_ca_file = {{(pid=96705) log_opt_values /opt/stack/data/venv/lib/python3.12/site-packages/oslo_config/cfg.py:3560}}
Aug 16 16:47:27.375350 np0000007379 nova-scheduler[96705]: DEBUG cotyledon.oslo_config_glue [-] oslo_messaging_rabbit.ssl_cert_file = {{(pid=96705) log_opt_values /opt/stack/data/venv/lib/python3.12/site-packages/oslo_config/cfg.py:3560}}
Aug 16 16:47:27.375350 np0000007379 nova-scheduler[96705]: DEBUG cotyledon.oslo_config_glue [-] oslo_messaging_rabbit.ssl_enforce_fips_mode = False {{(pid=96705) log_opt_values /opt/stack/data/venv/lib/python3.12/site-packages/oslo_config/cfg.py:3560}}
Aug 16 16:47:27.375350 np0000007379 nova-scheduler[96705]: DEBUG cotyledon.oslo_config_glue [-] oslo_messaging_rabbit.ssl_enforce_hostname_verification = True {{(pid=96705) log_opt_values /opt/stack/data/venv/lib/python3.12/site-packages/oslo_config/cfg.py:3560}}
Aug 16 16:47:27.375350 np0000007379 nova-scheduler[96705]: DEBUG cotyledon.oslo_config_glue [-] oslo_messaging_rabbit.ssl_key_file = {{(pid=96705) log_opt_values /opt/stack/data/venv/lib/python3.12/site-packages/oslo_config/cfg.py:3560}}
Aug 16 16:47:27.375637 np0000007379 nova-scheduler[96705]: DEBUG cotyledon.oslo_config_glue [-] oslo_messaging_rabbit.ssl_version = {{(pid=96705) log_opt_values /opt/stack/data/venv/lib/python3.12/site-packages/oslo_config/cfg.py:3560}}
Aug 16 16:47:27.375637 np0000007379 nova-scheduler[96705]: DEBUG cotyledon.oslo_config_glue [-] oslo_messaging_rabbit.use_queue_manager = False {{(pid=96705) log_opt_values /opt/stack/data/venv/lib/python3.12/site-packages/oslo_config/cfg.py:3560}}
Aug 16 16:47:27.375637 np0000007379 nova-scheduler[96705]: DEBUG cotyledon.oslo_config_glue [-] oslo_messaging_notifications.driver = ['messagingv2'] {{(pid=96705) log_opt_values /opt/stack/data/venv/lib/python3.12/site-packages/oslo_config/cfg.py:3560}}
Aug 16 16:47:27.375637 np0000007379 nova-scheduler[96705]: DEBUG cotyledon.oslo_config_glue [-] oslo_messaging_notifications.retry = -1 {{(pid=96705) log_opt_values /opt/stack/data/venv/lib/python3.12/site-packages/oslo_config/cfg.py:3560}}
Aug 16 16:47:27.375637 np0000007379 nova-scheduler[96705]: DEBUG cotyledon.oslo_config_glue [-] oslo_messaging_notifications.topics = ['notifications'] {{(pid=96705) log_opt_values /opt/stack/data/venv/lib/python3.12/site-packages/oslo_config/cfg.py:3560}}
Aug 16 16:47:27.375637 np0000007379 nova-scheduler[96705]: DEBUG cotyledon.oslo_config_glue [-] oslo_messaging_notifications.transport_url = **** {{(pid=96705) log_opt_values /opt/stack/data/venv/lib/python3.12/site-packages/oslo_config/cfg.py:3560}}
Aug 16 16:47:27.375637 np0000007379 nova-scheduler[96705]: DEBUG cotyledon.oslo_config_glue [-] oslo_limit.auth_section = None {{(pid=96705) log_opt_values /opt/stack/data/venv/lib/python3.12/site-packages/oslo_config/cfg.py:3560}}
Aug 16 16:47:27.375912 np0000007379 nova-scheduler[96703]: INFO dbcounter [None req-4b55e798-7eef-4a34-8096-cb1251ca36bb None None] Registered counter for database nova_cell0
Aug 16 16:47:27.375947 np0000007379 nova-scheduler[96705]: DEBUG cotyledon.oslo_config_glue [-] oslo_limit.auth_type = None {{(pid=96705) log_opt_values /opt/stack/data/venv/lib/python3.12/site-packages/oslo_config/cfg.py:3560}}
Aug 16 16:47:27.375947 np0000007379 nova-scheduler[96705]: DEBUG cotyledon.oslo_config_glue [-] oslo_limit.cafile = None {{(pid=96705) log_opt_values /opt/stack/data/venv/lib/python3.12/site-packages/oslo_config/cfg.py:3560}}
Aug 16 16:47:27.375947 np0000007379 nova-scheduler[96705]: DEBUG cotyledon.oslo_config_glue [-] oslo_limit.certfile = None {{(pid=96705) log_opt_values /opt/stack/data/venv/lib/python3.12/site-packages/oslo_config/cfg.py:3560}}
Aug 16 16:47:27.375947 np0000007379 nova-scheduler[96705]: DEBUG cotyledon.oslo_config_glue [-] oslo_limit.collect_timing = False {{(pid=96705) log_opt_values /opt/stack/data/venv/lib/python3.12/site-packages/oslo_config/cfg.py:3560}}
Aug 16 16:47:27.375947 np0000007379 nova-scheduler[96705]: DEBUG cotyledon.oslo_config_glue [-] oslo_limit.connect_retries = None {{(pid=96705) log_opt_values /opt/stack/data/venv/lib/python3.12/site-packages/oslo_config/cfg.py:3560}}
Aug 16 16:47:27.375947 np0000007379 nova-scheduler[96705]: DEBUG cotyledon.oslo_config_glue [-] oslo_limit.connect_retry_delay = None {{(pid=96705) log_opt_values /opt/stack/data/venv/lib/python3.12/site-packages/oslo_config/cfg.py:3560}}
Aug 16 16:47:27.375947 np0000007379 nova-scheduler[96705]: DEBUG cotyledon.oslo_config_glue [-] oslo_limit.endpoint_id = None {{(pid=96705) log_opt_values /opt/stack/data/venv/lib/python3.12/site-packages/oslo_config/cfg.py:3560}}
Aug 16 16:47:27.375947 np0000007379 nova-scheduler[96705]: DEBUG cotyledon.oslo_config_glue [-] oslo_limit.endpoint_interface = public {{(pid=96705) log_opt_values /opt/stack/data/venv/lib/python3.12/site-packages/oslo_config/cfg.py:3560}}
Aug 16 16:47:27.375947 np0000007379 nova-scheduler[96705]: DEBUG cotyledon.oslo_config_glue [-] oslo_limit.endpoint_override = None {{(pid=96705) log_opt_values /opt/stack/data/venv/lib/python3.12/site-packages/oslo_config/cfg.py:3560}}
Aug 16 16:47:27.376239 np0000007379 nova-scheduler[96705]: DEBUG cotyledon.oslo_config_glue [-] oslo_limit.endpoint_region_name = None {{(pid=96705) log_opt_values /opt/stack/data/venv/lib/python3.12/site-packages/oslo_config/cfg.py:3560}}
Aug 16 16:47:27.376239 np0000007379 nova-scheduler[96705]: DEBUG cotyledon.oslo_config_glue [-] oslo_limit.endpoint_service_name = None {{(pid=96705) log_opt_values /opt/stack/data/venv/lib/python3.12/site-packages/oslo_config/cfg.py:3560}}
Aug 16 16:47:27.376239 np0000007379 nova-scheduler[96705]: DEBUG cotyledon.oslo_config_glue [-] oslo_limit.endpoint_service_type = None {{(pid=96705) log_opt_values /opt/stack/data/venv/lib/python3.12/site-packages/oslo_config/cfg.py:3560}}
Aug 16 16:47:27.376239 np0000007379 nova-scheduler[96705]: DEBUG cotyledon.oslo_config_glue [-] oslo_limit.insecure = False {{(pid=96705) log_opt_values /opt/stack/data/venv/lib/python3.12/site-packages/oslo_config/cfg.py:3560}}
Aug 16 16:47:27.376239 np0000007379 nova-scheduler[96705]: DEBUG cotyledon.oslo_config_glue [-] oslo_limit.keyfile = None {{(pid=96705) log_opt_values /opt/stack/data/venv/lib/python3.12/site-packages/oslo_config/cfg.py:3560}}
Aug 16 16:47:27.376239 np0000007379 nova-scheduler[96705]: DEBUG cotyledon.oslo_config_glue [-] oslo_limit.max_version = None {{(pid=96705) log_opt_values /opt/stack/data/venv/lib/python3.12/site-packages/oslo_config/cfg.py:3560}}
Aug 16 16:47:27.376239 np0000007379 nova-scheduler[96705]: DEBUG cotyledon.oslo_config_glue [-] oslo_limit.min_version = None {{(pid=96705) log_opt_values /opt/stack/data/venv/lib/python3.12/site-packages/oslo_config/cfg.py:3560}}
Aug 16 16:47:27.376239 np0000007379 nova-scheduler[96705]: DEBUG cotyledon.oslo_config_glue [-] oslo_limit.region_name = None {{(pid=96705) log_opt_values /opt/stack/data/venv/lib/python3.12/site-packages/oslo_config/cfg.py:3560}}
Aug 16 16:47:27.376239 np0000007379 nova-scheduler[96705]: DEBUG cotyledon.oslo_config_glue [-] oslo_limit.retriable_status_codes = None {{(pid=96705) log_opt_values /opt/stack/data/venv/lib/python3.12/site-packages/oslo_config/cfg.py:3560}}
Aug 16 16:47:27.376522 np0000007379 nova-scheduler[96705]: DEBUG cotyledon.oslo_config_glue [-] oslo_limit.service_name = None {{(pid=96705) log_opt_values /opt/stack/data/venv/lib/python3.12/site-packages/oslo_config/cfg.py:3560}}
Aug 16 16:47:27.376522 np0000007379 nova-scheduler[96705]: DEBUG cotyledon.oslo_config_glue [-] oslo_limit.service_type = None {{(pid=96705) log_opt_values /opt/stack/data/venv/lib/python3.12/site-packages/oslo_config/cfg.py:3560}}
Aug 16 16:47:27.376522 np0000007379 nova-scheduler[96705]: DEBUG cotyledon.oslo_config_glue [-] oslo_limit.split_loggers = False {{(pid=96705) log_opt_values /opt/stack/data/venv/lib/python3.12/site-packages/oslo_config/cfg.py:3560}}
Aug 16 16:47:27.376522 np0000007379 nova-scheduler[96705]: DEBUG cotyledon.oslo_config_glue [-] oslo_limit.status_code_retries = None {{(pid=96705) log_opt_values /opt/stack/data/venv/lib/python3.12/site-packages/oslo_config/cfg.py:3560}}
Aug 16 16:47:27.376522 np0000007379 nova-scheduler[96705]: DEBUG cotyledon.oslo_config_glue [-] oslo_limit.status_code_retry_delay = None {{(pid=96705) log_opt_values /opt/stack/data/venv/lib/python3.12/site-packages/oslo_config/cfg.py:3560}}
Aug 16 16:47:27.376522 np0000007379 nova-scheduler[96705]: DEBUG cotyledon.oslo_config_glue [-] oslo_limit.timeout = None {{(pid=96705) log_opt_values /opt/stack/data/venv/lib/python3.12/site-packages/oslo_config/cfg.py:3560}}
Aug 16 16:47:27.376522 np0000007379 nova-scheduler[96705]: DEBUG cotyledon.oslo_config_glue [-] oslo_limit.valid_interfaces = None {{(pid=96705) log_opt_values /opt/stack/data/venv/lib/python3.12/site-packages/oslo_config/cfg.py:3560}}
Aug 16 16:47:27.376522 np0000007379 nova-scheduler[96705]: DEBUG cotyledon.oslo_config_glue [-] oslo_limit.version = None {{(pid=96705) log_opt_values /opt/stack/data/venv/lib/python3.12/site-packages/oslo_config/cfg.py:3560}}
Aug 16 16:47:27.376522 np0000007379 nova-scheduler[96705]: DEBUG cotyledon.oslo_config_glue [-] oslo_reports.file_event_handler = None {{(pid=96705) log_opt_values /opt/stack/data/venv/lib/python3.12/site-packages/oslo_config/cfg.py:3560}}
Aug 16 16:47:27.376838 np0000007379 nova-scheduler[96705]: DEBUG cotyledon.oslo_config_glue [-] oslo_reports.file_event_handler_interval = 1 {{(pid=96705) log_opt_values /opt/stack/data/venv/lib/python3.12/site-packages/oslo_config/cfg.py:3560}}
Aug 16 16:47:27.376838 np0000007379 nova-scheduler[96705]: DEBUG cotyledon.oslo_config_glue [-] oslo_reports.log_dir = None {{(pid=96705) log_opt_values /opt/stack/data/venv/lib/python3.12/site-packages/oslo_config/cfg.py:3560}}
Aug 16 16:47:27.376838 np0000007379 nova-scheduler[96705]: DEBUG cotyledon.oslo_config_glue [-] ******************************************************************************** {{(pid=96705) log_opt_values /opt/stack/data/venv/lib/python3.12/site-packages/oslo_config/cfg.py:3567}}
Aug 16 16:47:27.376838 np0000007379 nova-scheduler[96705]: DEBUG cotyledon._service_worker [-] Run service ServiceWrapper(3) [96705] {{(pid=96705) wait_forever /opt/stack/data/venv/lib/python3.12/site-packages/cotyledon/_service_worker.py:218}}
Aug 16 16:47:27.376838 np0000007379 nova-scheduler[96705]: INFO nova.service [-] Starting scheduler node (version 33.1.0)
Aug 16 16:47:27.376838 np0000007379 nova-scheduler[96705]: INFO dbcounter [None req-a8f6c364-87b7-43be-8505-b28ece423a5c None None] Registered counter for database nova_cell0
Aug 16 16:47:27.377019 np0000007379 nova-scheduler[96699]: DEBUG oslo_db.sqlalchemy.engines [None req-2da09295-d713-4a44-beb8-a7dcc3725fa4 None None] MySQL server mode set to STRICT_TRANS_TABLES,STRICT_ALL_TABLES,NO_ZERO_IN_DATE,NO_ZERO_DATE,ERROR_FOR_DIVISION_BY_ZERO,TRADITIONAL,NO_ENGINE_SUBSTITUTION {{(pid=96699) _check_effective_sql_mode /opt/stack/data/venv/lib/python3.12/site-packages/oslo_db/sqlalchemy/engines.py:325}}
Aug 16 16:47:27.386441 np0000007379 nova-scheduler[96699]: DEBUG dbcounter [-] [96699] Writer thread running {{(pid=96699) stat_writer /opt/stack/data/venv/lib/python3.12/site-packages/dbcounter.py:102}}
Aug 16 16:47:27.388156 np0000007379 nova-scheduler[96703]: DEBUG oslo_db.sqlalchemy.engines [None req-4b55e798-7eef-4a34-8096-cb1251ca36bb None None] MySQL server mode set to STRICT_TRANS_TABLES,STRICT_ALL_TABLES,NO_ZERO_IN_DATE,NO_ZERO_DATE,ERROR_FOR_DIVISION_BY_ZERO,TRADITIONAL,NO_ENGINE_SUBSTITUTION {{(pid=96703) _check_effective_sql_mode /opt/stack/data/venv/lib/python3.12/site-packages/oslo_db/sqlalchemy/engines.py:325}}
Aug 16 16:47:27.404669 np0000007379 nova-scheduler[96703]: DEBUG dbcounter [-] [96703] Writer thread running {{(pid=96703) stat_writer /opt/stack/data/venv/lib/python3.12/site-packages/dbcounter.py:102}}
Aug 16 16:47:27.408929 np0000007379 nova-scheduler[96701]: DEBUG oslo_db.sqlalchemy.engines [None req-f782ba18-6813-40d0-a96c-622d75bf320b None None] MySQL server mode set to STRICT_TRANS_TABLES,STRICT_ALL_TABLES,NO_ZERO_IN_DATE,NO_ZERO_DATE,ERROR_FOR_DIVISION_BY_ZERO,TRADITIONAL,NO_ENGINE_SUBSTITUTION {{(pid=96701) _check_effective_sql_mode /opt/stack/data/venv/lib/python3.12/site-packages/oslo_db/sqlalchemy/engines.py:325}}
Aug 16 16:47:27.410665 np0000007379 nova-scheduler[96699]: DEBUG nova.service [None req-2da09295-d713-4a44-beb8-a7dcc3725fa4 None None] Creating RPC server for service: nova-scheduler on topic: scheduler {{(pid=96699) start /opt/stack/nova/nova/service.py:262}}
Aug 16 16:47:27.412300 np0000007379 nova-scheduler[96705]: DEBUG oslo_db.sqlalchemy.engines [None req-a8f6c364-87b7-43be-8505-b28ece423a5c None None] MySQL server mode set to STRICT_TRANS_TABLES,STRICT_ALL_TABLES,NO_ZERO_IN_DATE,NO_ZERO_DATE,ERROR_FOR_DIVISION_BY_ZERO,TRADITIONAL,NO_ENGINE_SUBSTITUTION {{(pid=96705) _check_effective_sql_mode /opt/stack/data/venv/lib/python3.12/site-packages/oslo_db/sqlalchemy/engines.py:325}}
Aug 16 16:47:27.422895 np0000007379 nova-scheduler[96701]: DEBUG dbcounter [-] [96701] Writer thread running {{(pid=96701) stat_writer /opt/stack/data/venv/lib/python3.12/site-packages/dbcounter.py:102}}
Aug 16 16:47:27.425771 np0000007379 nova-scheduler[96705]: DEBUG dbcounter [-] [96705] Writer thread running {{(pid=96705) stat_writer /opt/stack/data/venv/lib/python3.12/site-packages/dbcounter.py:102}}
Aug 16 16:47:27.426057 np0000007379 nova-scheduler[96703]: DEBUG nova.service [None req-4b55e798-7eef-4a34-8096-cb1251ca36bb None None] Creating RPC server for service: nova-scheduler on topic: scheduler {{(pid=96703) start /opt/stack/nova/nova/service.py:262}}
Aug 16 16:47:27.428459 np0000007379 nova-scheduler[96701]: DEBUG nova.service [None req-f782ba18-6813-40d0-a96c-622d75bf320b None None] Creating RPC server for service: nova-scheduler on topic: scheduler {{(pid=96701) start /opt/stack/nova/nova/service.py:262}}
Aug 16 16:47:27.430397 np0000007379 nova-scheduler[96705]: DEBUG nova.service [None req-a8f6c364-87b7-43be-8505-b28ece423a5c None None] Creating RPC server for service: nova-scheduler on topic: scheduler {{(pid=96705) start /opt/stack/nova/nova/service.py:262}}
Aug 16 16:47:27.445717 np0000007379 nova-scheduler[96699]: DEBUG nova.service [None req-2da09295-d713-4a44-beb8-a7dcc3725fa4 None None] Join ServiceGroup membership for this service scheduler {{(pid=96699) start /opt/stack/nova/nova/service.py:288}}
Aug 16 16:47:27.445846 np0000007379 nova-scheduler[96699]: DEBUG nova.servicegroup.drivers.db [None req-2da09295-d713-4a44-beb8-a7dcc3725fa4 None None] DB_Driver: join new ServiceGroup member np0000007379 to the scheduler group, service = {{(pid=96699) join /opt/stack/nova/nova/servicegroup/drivers/db.py:44}}
Aug 16 16:47:27.452913 np0000007379 nova-scheduler[96703]: DEBUG nova.service [None req-4b55e798-7eef-4a34-8096-cb1251ca36bb None None] Join ServiceGroup membership for this service scheduler {{(pid=96703) start /opt/stack/nova/nova/service.py:288}}
Aug 16 16:47:27.454384 np0000007379 nova-scheduler[96703]: DEBUG nova.servicegroup.drivers.db [None req-4b55e798-7eef-4a34-8096-cb1251ca36bb None None] DB_Driver: join new ServiceGroup member np0000007379 to the scheduler group, service = {{(pid=96703) join /opt/stack/nova/nova/servicegroup/drivers/db.py:44}}
Aug 16 16:47:27.454653 np0000007379 nova-scheduler[96701]: DEBUG nova.service [None req-f782ba18-6813-40d0-a96c-622d75bf320b None None] Join ServiceGroup membership for this service scheduler {{(pid=96701) start /opt/stack/nova/nova/service.py:288}}
Aug 16 16:47:27.454653 np0000007379 nova-scheduler[96701]: DEBUG nova.servicegroup.drivers.db [None req-f782ba18-6813-40d0-a96c-622d75bf320b None None] DB_Driver: join new ServiceGroup member np0000007379 to the scheduler group, service = {{(pid=96701) join /opt/stack/nova/nova/servicegroup/drivers/db.py:44}}
Aug 16 16:47:27.454757 np0000007379 nova-scheduler[96705]: DEBUG nova.service [None req-a8f6c364-87b7-43be-8505-b28ece423a5c None None] Join ServiceGroup membership for this service scheduler {{(pid=96705) start /opt/stack/nova/nova/service.py:288}}
Aug 16 16:47:27.454757 np0000007379 nova-scheduler[96705]: DEBUG nova.servicegroup.drivers.db [None req-a8f6c364-87b7-43be-8505-b28ece423a5c None None] DB_Driver: join new ServiceGroup member np0000007379 to the scheduler group, service = {{(pid=96705) join /opt/stack/nova/nova/servicegroup/drivers/db.py:44}}
Aug 16 16:47:32.458409 np0000007379 nova-scheduler[96703]: DEBUG oslo.service.backend._threading.loopingcall [None req-4de61540-f342-4ba0-bbb9-1174d136ffad None None] Dynamic interval looping call 'nova.service.Service.periodic_tasks' sleeping for 60.00 seconds {{(pid=96703) _run_loop /opt/stack/data/venv/lib/python3.12/site-packages/oslo_service/backend/_threading/loopingcall.py:125}}
Aug 16 16:47:32.463001 np0000007379 nova-scheduler[96699]: DEBUG oslo.service.backend._threading.loopingcall [-] Fixed interval looping call 'nova.servicegroup.drivers.db.DbDriver._report_state' sleeping for 119.98 seconds {{(pid=96699) _run_loop /opt/stack/data/venv/lib/python3.12/site-packages/oslo_service/backend/_threading/loopingcall.py:125}}
Aug 16 16:47:32.465256 np0000007379 nova-scheduler[96703]: DEBUG oslo.service.backend._threading.loopingcall [-] Fixed interval looping call 'nova.servicegroup.drivers.db.DbDriver._report_state' sleeping for 119.99 seconds {{(pid=96703) _run_loop /opt/stack/data/venv/lib/python3.12/site-packages/oslo_service/backend/_threading/loopingcall.py:125}}
Aug 16 16:47:32.469820 np0000007379 nova-scheduler[96701]: DEBUG oslo.service.backend._threading.loopingcall [-] Fixed interval looping call 'nova.servicegroup.drivers.db.DbDriver._report_state' sleeping for 119.99 seconds {{(pid=96701) _run_loop /opt/stack/data/venv/lib/python3.12/site-packages/oslo_service/backend/_threading/loopingcall.py:125}}
Aug 16 16:47:32.470292 np0000007379 nova-scheduler[96705]: DEBUG oslo.service.backend._threading.loopingcall [-] Fixed interval looping call 'nova.servicegroup.drivers.db.DbDriver._report_state' sleeping for 119.99 seconds {{(pid=96705) _run_loop /opt/stack/data/venv/lib/python3.12/site-packages/oslo_service/backend/_threading/loopingcall.py:125}}
Aug 16 16:47:35.456633 np0000007379 nova-scheduler[96701]: DEBUG oslo.service.backend._threading.loopingcall [None req-2b835f0b-f134-4280-89c3-3417885b59dc None None] Dynamic interval looping call 'nova.service.Service.periodic_tasks' sleeping for 60.00 seconds {{(pid=96701) _run_loop /opt/stack/data/venv/lib/python3.12/site-packages/oslo_service/backend/_threading/loopingcall.py:125}}
Aug 16 16:47:35.931112 np0000007379 nova-scheduler[95495]: DEBUG dbcounter [-] [95495] Writing DB stats nova_api:SELECT=3 {{(pid=95495) stat_writer /opt/stack/data/venv/lib/python3.12/site-packages/dbcounter.py:115}}
Aug 16 16:47:36.077908 np0000007379 nova-scheduler[95495]: DEBUG dbcounter [-] [95495] Writing DB stats nova_cell1:SELECT=1 {{(pid=95495) stat_writer /opt/stack/data/venv/lib/python3.12/site-packages/dbcounter.py:115}}
Aug 16 16:47:36.081919 np0000007379 nova-scheduler[95495]: DEBUG dbcounter [-] [95495] Writing DB stats nova_cell0:SELECT=1 {{(pid=95495) stat_writer /opt/stack/data/venv/lib/python3.12/site-packages/dbcounter.py:115}}
Aug 16 16:47:42.455912 np0000007379 nova-scheduler[96699]: DEBUG dbcounter [-] [96699] Writing DB stats nova_cell0:SELECT=4,nova_cell0:INSERT=1,nova_cell0:UPDATE=1 {{(pid=96699) stat_writer /opt/stack/data/venv/lib/python3.12/site-packages/dbcounter.py:115}}
Aug 16 16:47:42.463479 np0000007379 nova-scheduler[96703]: DEBUG dbcounter [-] [96703] Writing DB stats nova_cell0:SELECT=4,nova_cell0:INSERT=1,nova_cell0:UPDATE=1 {{(pid=96703) stat_writer /opt/stack/data/venv/lib/python3.12/site-packages/dbcounter.py:115}}
Aug 16 16:47:42.465802 np0000007379 nova-scheduler[96705]: DEBUG dbcounter [-] [96705] Writing DB stats nova_cell0:SELECT=3 {{(pid=96705) stat_writer /opt/stack/data/venv/lib/python3.12/site-packages/dbcounter.py:115}}
Aug 16 16:47:42.466506 np0000007379 nova-scheduler[96701]: DEBUG dbcounter [-] [96701] Writing DB stats nova_cell0:SELECT=3 {{(pid=96701) stat_writer /opt/stack/data/venv/lib/python3.12/site-packages/dbcounter.py:115}}
Aug 16 16:47:54.457802 np0000007379 nova-scheduler[96705]: DEBUG oslo.service.backend._threading.loopingcall [None req-a9ec9ef9-90c7-427c-8001-21d8fa49e8f9 None None] Dynamic interval looping call 'nova.service.Service.periodic_tasks' sleeping for 60.00 seconds {{(pid=96705) _run_loop /opt/stack/data/venv/lib/python3.12/site-packages/oslo_service/backend/_threading/loopingcall.py:125}}
Aug 16 16:48:14.448226 np0000007379 nova-scheduler[96699]: DEBUG oslo.service.backend._threading.loopingcall [None req-750117da-6613-4d1a-a74d-c0978a115130 None None] Dynamic interval looping call 'nova.service.Service.periodic_tasks' sleeping for 60.00 seconds {{(pid=96699) _run_loop /opt/stack/data/venv/lib/python3.12/site-packages/oslo_service/backend/_threading/loopingcall.py:125}}
Aug 16 16:48:32.456935 np0000007379 nova-scheduler[96703]: DEBUG oslo.service.backend._threading.loopingcall [None req-4de61540-f342-4ba0-bbb9-1174d136ffad None None] Dynamic interval looping call 'nova.service.Service.periodic_tasks' sleeping for 60.00 seconds {{(pid=96703) _run_loop /opt/stack/data/venv/lib/python3.12/site-packages/oslo_service/backend/_threading/loopingcall.py:125}}
Aug 16 16:48:35.457297 np0000007379 nova-scheduler[96701]: DEBUG oslo.service.backend._threading.loopingcall [None req-2b835f0b-f134-4280-89c3-3417885b59dc None None] Dynamic interval looping call 'nova.service.Service.periodic_tasks' sleeping for 60.00 seconds {{(pid=96701) _run_loop /opt/stack/data/venv/lib/python3.12/site-packages/oslo_service/backend/_threading/loopingcall.py:125}}
Aug 16 16:48:54.458370 np0000007379 nova-scheduler[96705]: DEBUG oslo.service.backend._threading.loopingcall [None req-a9ec9ef9-90c7-427c-8001-21d8fa49e8f9 None None] Dynamic interval looping call 'nova.service.Service.periodic_tasks' sleeping for 60.00 seconds {{(pid=96705) _run_loop /opt/stack/data/venv/lib/python3.12/site-packages/oslo_service/backend/_threading/loopingcall.py:125}}
Aug 16 16:49:14.448799 np0000007379 nova-scheduler[96699]: DEBUG oslo.service.backend._threading.loopingcall [None req-750117da-6613-4d1a-a74d-c0978a115130 None None] Dynamic interval looping call 'nova.service.Service.periodic_tasks' sleeping for 60.00 seconds {{(pid=96699) _run_loop /opt/stack/data/venv/lib/python3.12/site-packages/oslo_service/backend/_threading/loopingcall.py:125}}
Aug 16 16:49:32.453748 np0000007379 nova-scheduler[96699]: DEBUG oslo.service.backend._threading.loopingcall [-] Fixed interval looping call 'nova.servicegroup.drivers.db.DbDriver._report_state' sleeping for 119.99 seconds {{(pid=96699) _run_loop /opt/stack/data/venv/lib/python3.12/site-packages/oslo_service/backend/_threading/loopingcall.py:125}}
Aug 16 16:49:32.457339 np0000007379 nova-scheduler[96703]: DEBUG oslo.service.backend._threading.loopingcall [None req-4de61540-f342-4ba0-bbb9-1174d136ffad None None] Dynamic interval looping call 'nova.service.Service.periodic_tasks' sleeping for 60.00 seconds {{(pid=96703) _run_loop /opt/stack/data/venv/lib/python3.12/site-packages/oslo_service/backend/_threading/loopingcall.py:125}}
Aug 16 16:49:32.459546 np0000007379 nova-scheduler[96703]: DEBUG oslo.service.backend._threading.loopingcall [-] Fixed interval looping call 'nova.servicegroup.drivers.db.DbDriver._report_state' sleeping for 120.00 seconds {{(pid=96703) _run_loop /opt/stack/data/venv/lib/python3.12/site-packages/oslo_service/backend/_threading/loopingcall.py:125}}
Aug 16 16:49:32.465069 np0000007379 nova-scheduler[96705]: DEBUG oslo.service.backend._threading.loopingcall [-] Fixed interval looping call 'nova.servicegroup.drivers.db.DbDriver._report_state' sleeping for 120.00 seconds {{(pid=96705) _run_loop /opt/stack/data/venv/lib/python3.12/site-packages/oslo_service/backend/_threading/loopingcall.py:125}}
Aug 16 16:49:32.465478 np0000007379 nova-scheduler[96701]: DEBUG oslo.service.backend._threading.loopingcall [-] Fixed interval looping call 'nova.servicegroup.drivers.db.DbDriver._report_state' sleeping for 120.00 seconds {{(pid=96701) _run_loop /opt/stack/data/venv/lib/python3.12/site-packages/oslo_service/backend/_threading/loopingcall.py:125}}
Aug 16 16:49:35.457677 np0000007379 nova-scheduler[96701]: DEBUG oslo.service.backend._threading.loopingcall [None req-2b835f0b-f134-4280-89c3-3417885b59dc None None] Dynamic interval looping call 'nova.service.Service.periodic_tasks' sleeping for 60.00 seconds {{(pid=96701) _run_loop /opt/stack/data/venv/lib/python3.12/site-packages/oslo_service/backend/_threading/loopingcall.py:125}}
Aug 16 16:49:42.446711 np0000007379 nova-scheduler[96699]: DEBUG dbcounter [-] [96699] Writing DB stats nova_cell0:SELECT=1,nova_cell0:UPDATE=1 {{(pid=96699) stat_writer /opt/stack/data/venv/lib/python3.12/site-packages/dbcounter.py:115}}
Aug 16 16:49:42.456934 np0000007379 nova-scheduler[96703]: DEBUG dbcounter [-] [96703] Writing DB stats nova_cell0:SELECT=1 {{(pid=96703) stat_writer /opt/stack/data/venv/lib/python3.12/site-packages/dbcounter.py:115}}
Aug 16 16:49:42.462780 np0000007379 nova-scheduler[96701]: DEBUG dbcounter [-] [96701] Writing DB stats nova_cell0:SELECT=1 {{(pid=96701) stat_writer /opt/stack/data/venv/lib/python3.12/site-packages/dbcounter.py:115}}
Aug 16 16:49:42.463547 np0000007379 nova-scheduler[96705]: DEBUG dbcounter [-] [96705] Writing DB stats nova_cell0:SELECT=1 {{(pid=96705) stat_writer /opt/stack/data/venv/lib/python3.12/site-packages/dbcounter.py:115}}
Aug 16 16:49:54.458852 np0000007379 nova-scheduler[96705]: DEBUG oslo.service.backend._threading.loopingcall [None req-a9ec9ef9-90c7-427c-8001-21d8fa49e8f9 None None] Dynamic interval looping call 'nova.service.Service.periodic_tasks' sleeping for 60.00 seconds {{(pid=96705) _run_loop /opt/stack/data/venv/lib/python3.12/site-packages/oslo_service/backend/_threading/loopingcall.py:125}}
Aug 16 16:49:55.767589 np0000007379 nova-scheduler[96699]: DEBUG nova.scheduler.manager [None req-1de687f7-51a4-4928-8771-d5e81264327d tempest-ServerBootFromVolumeStableRescueTest-600516235 tempest-ServerBootFromVolumeStableRescueTest-600516235-project-member] Starting to schedule for instances: ['10b9fe0b-b8ec-4fb8-9c6d-5f39c04a0c9b'] {{(pid=96699) select_destinations /opt/stack/nova/nova/scheduler/manager.py:197}}
Aug 16 16:49:55.768035 np0000007379 nova-scheduler[96699]: DEBUG nova.scheduler.request_filter [None req-1de687f7-51a4-4928-8771-d5e81264327d tempest-ServerBootFromVolumeStableRescueTest-600516235 tempest-ServerBootFromVolumeStableRescueTest-600516235-project-member] compute_status_filter request filter added forbidden trait COMPUTE_STATUS_DISABLED {{(pid=96699) compute_status_filter /opt/stack/nova/nova/scheduler/request_filter.py:253}}
Aug 16 16:49:55.768119 np0000007379 nova-scheduler[96699]: DEBUG nova.scheduler.request_filter [None req-1de687f7-51a4-4928-8771-d5e81264327d tempest-ServerBootFromVolumeStableRescueTest-600516235 tempest-ServerBootFromVolumeStableRescueTest-600516235-project-member] Request filter 'compute_status_filter' took 0.0 seconds {{(pid=96699) wrapper /opt/stack/nova/nova/scheduler/request_filter.py:46}}
Aug 16 16:49:55.768414 np0000007379 nova-scheduler[96699]: DEBUG nova.scheduler.request_filter [None req-1de687f7-51a4-4928-8771-d5e81264327d tempest-ServerBootFromVolumeStableRescueTest-600516235 tempest-ServerBootFromVolumeStableRescueTest-600516235-project-member] Request filter 'accelerators_filter' took 0.0 seconds {{(pid=96699) wrapper /opt/stack/nova/nova/scheduler/request_filter.py:46}}
Aug 16 16:49:55.768708 np0000007379 nova-scheduler[96699]: DEBUG nova.scheduler.request_filter [None req-1de687f7-51a4-4928-8771-d5e81264327d tempest-ServerBootFromVolumeStableRescueTest-600516235 tempest-ServerBootFromVolumeStableRescueTest-600516235-project-member] Request filter 'packed_virtqueue_filter' took 0.0 seconds {{(pid=96699) wrapper /opt/stack/nova/nova/scheduler/request_filter.py:46}}
Aug 16 16:49:55.769374 np0000007379 nova-scheduler[96699]: DEBUG nova.scheduler.request_filter [None req-1de687f7-51a4-4928-8771-d5e81264327d tempest-ServerBootFromVolumeStableRescueTest-600516235 tempest-ServerBootFromVolumeStableRescueTest-600516235-project-member] Request filter 'remote_managed_ports_filter' took 0.0 seconds {{(pid=96699) wrapper /opt/stack/nova/nova/scheduler/request_filter.py:46}}
Aug 16 16:49:55.769597 np0000007379 nova-scheduler[96699]: DEBUG nova.scheduler.request_filter [None req-1de687f7-51a4-4928-8771-d5e81264327d tempest-ServerBootFromVolumeStableRescueTest-600516235 tempest-ServerBootFromVolumeStableRescueTest-600516235-project-member] ephemeral_encryption_filter skipped {{(pid=96699) ephemeral_encryption_filter /opt/stack/nova/nova/scheduler/request_filter.py:426}}
Aug 16 16:49:55.769853 np0000007379 nova-scheduler[96699]: DEBUG nova.scheduler.request_filter [None req-1de687f7-51a4-4928-8771-d5e81264327d tempest-ServerBootFromVolumeStableRescueTest-600516235 tempest-ServerBootFromVolumeStableRescueTest-600516235-project-member] virtio_sound_filter skipped {{(pid=96699) virtio_sound_filter /opt/stack/nova/nova/scheduler/request_filter.py:460}}
Aug 16 16:49:55.770112 np0000007379 nova-scheduler[96699]: DEBUG nova.scheduler.request_filter [None req-1de687f7-51a4-4928-8771-d5e81264327d tempest-ServerBootFromVolumeStableRescueTest-600516235 tempest-ServerBootFromVolumeStableRescueTest-600516235-project-member] tpm_secret_security_filter skipped {{(pid=96699) tpm_secret_security_filter /opt/stack/nova/nova/scheduler/request_filter.py:477}}
Aug 16 16:49:56.499661 np0000007379 nova-scheduler[96699]: INFO nova.utils [None req-1de687f7-51a4-4928-8771-d5e81264327d tempest-ServerBootFromVolumeStableRescueTest-600516235 tempest-ServerBootFromVolumeStableRescueTest-600516235-project-member] The cell worker thread pool ForkProcess-1.cell_worker is initialized
Aug 16 16:49:56.500046 np0000007379 nova-scheduler[96699]: DEBUG oslo_concurrency.lockutils [None req-1de687f7-51a4-4928-8771-d5e81264327d tempest-ServerBootFromVolumeStableRescueTest-600516235 tempest-ServerBootFromVolumeStableRescueTest-600516235-project-member] Acquiring lock "b9a12e22-229f-492a-9fcc-faa6612eeac8" by "nova.context.set_target_cell..get_or_set_cached_cell_and_set_connections" {{(pid=96699) inner /opt/stack/data/venv/lib/python3.12/site-packages/oslo_concurrency/lockutils.py:512}}
Aug 16 16:49:56.500299 np0000007379 nova-scheduler[96699]: DEBUG oslo_concurrency.lockutils [None req-1de687f7-51a4-4928-8771-d5e81264327d tempest-ServerBootFromVolumeStableRescueTest-600516235 tempest-ServerBootFromVolumeStableRescueTest-600516235-project-member] Lock "b9a12e22-229f-492a-9fcc-faa6612eeac8" acquired by "nova.context.set_target_cell..get_or_set_cached_cell_and_set_connections" :: waited 0.000s {{(pid=96699) inner /opt/stack/data/venv/lib/python3.12/site-packages/oslo_concurrency/lockutils.py:525}}
Aug 16 16:49:56.501873 np0000007379 nova-scheduler[96699]: DEBUG oslo_concurrency.lockutils [None req-1de687f7-51a4-4928-8771-d5e81264327d tempest-ServerBootFromVolumeStableRescueTest-600516235 tempest-ServerBootFromVolumeStableRescueTest-600516235-project-member] Lock "b9a12e22-229f-492a-9fcc-faa6612eeac8" "released" by "nova.context.set_target_cell..get_or_set_cached_cell_and_set_connections" :: held 0.001s {{(pid=96699) inner /opt/stack/data/venv/lib/python3.12/site-packages/oslo_concurrency/lockutils.py:544}}
Aug 16 16:49:56.503557 np0000007379 nova-scheduler[96699]: INFO dbcounter [None req-1de687f7-51a4-4928-8771-d5e81264327d tempest-ServerBootFromVolumeStableRescueTest-600516235 tempest-ServerBootFromVolumeStableRescueTest-600516235-project-member] Registered counter for database nova_cell1
Aug 16 16:49:56.547168 np0000007379 nova-scheduler[96699]: DEBUG oslo_db.sqlalchemy.engines [None req-1de687f7-51a4-4928-8771-d5e81264327d tempest-ServerBootFromVolumeStableRescueTest-600516235 tempest-ServerBootFromVolumeStableRescueTest-600516235-project-member] MySQL server mode set to STRICT_TRANS_TABLES,STRICT_ALL_TABLES,NO_ZERO_IN_DATE,NO_ZERO_DATE,ERROR_FOR_DIVISION_BY_ZERO,TRADITIONAL,NO_ENGINE_SUBSTITUTION {{(pid=96699) _check_effective_sql_mode /opt/stack/data/venv/lib/python3.12/site-packages/oslo_db/sqlalchemy/engines.py:325}}
Aug 16 16:49:56.555145 np0000007379 nova-scheduler[96699]: DEBUG dbcounter [-] [96699] Writer thread running {{(pid=96699) stat_writer /opt/stack/data/venv/lib/python3.12/site-packages/dbcounter.py:102}}
Aug 16 16:49:56.570466 np0000007379 nova-scheduler[96699]: DEBUG oslo_db.sqlalchemy.engines [None req-1de687f7-51a4-4928-8771-d5e81264327d tempest-ServerBootFromVolumeStableRescueTest-600516235 tempest-ServerBootFromVolumeStableRescueTest-600516235-project-member] Parent process 95495 forked (96699) with an open database connection, which is being discarded and recreated. {{(pid=96699) checkout /opt/stack/data/venv/lib/python3.12/site-packages/oslo_db/sqlalchemy/engines.py:402}}
Aug 16 16:49:56.623356 np0000007379 nova-scheduler[96699]: DEBUG dbcounter [-] [96699] Writer thread running {{(pid=96699) stat_writer /opt/stack/data/venv/lib/python3.12/site-packages/dbcounter.py:102}}
