Aug 16 16:46:58.710373 np0000007379 devstack@neutron-api.service[90916]: DEBUG neutron.services.service_base [None req-1c2e6a9e-7c4b-46c1-949a-7c13b8512e43 None None] Loaded 'neutron.services.ovn_l3.service_providers.ovn.OvnDriver' provider for service L3_ROUTER_NAT {{(pid=90916) load_drivers /opt/stack/neutron/neutron/services/service_base.py:49}}
Aug 16 16:46:58.710474 np0000007379 devstack@neutron-api.service[90916]: DEBUG neutron_lib.callbacks.manager [None req-1c2e6a9e-7c4b-46c1-949a-7c13b8512e43 None None] Subscribe: > process after_init 55550001, True {{(pid=90916) subscribe /opt/stack/data/venv/lib/python3.12/site-packages/neutron_lib/callbacks/manager.py:52}}
Aug 16 16:46:58.710702 np0000007379 devstack@neutron-api.service[90916]: DEBUG neutron.manager [None req-1c2e6a9e-7c4b-46c1-949a-7c13b8512e43 None None] Successfully loaded L3_ROUTER_NAT plugin. Description: L3 Router Service Plugin for basic L3 forwarding using OVN {{(pid=90916) _create_and_add_service_plugin /opt/stack/neutron/neutron/manager.py:236}}
Aug 16 16:46:58.710949 np0000007379 devstack@neutron-api.service[90916]: INFO neutron.manager [None req-1c2e6a9e-7c4b-46c1-949a-7c13b8512e43 None None] Loading Plugin: auto_allocate
Aug 16 16:46:58.712005 np0000007379 devstack@neutron-api.service[90916]: DEBUG neutron_lib.callbacks.manager [None req-1c2e6a9e-7c4b-46c1-949a-7c13b8512e43 None None] Subscribe: network precommit_update 55550000, False {{(pid=90916) subscribe /opt/stack/data/venv/lib/python3.12/site-packages/neutron_lib/callbacks/manager.py:52}}
Aug 16 16:46:58.712101 np0000007379 devstack@neutron-api.service[90916]: DEBUG neutron_lib.callbacks.manager [None req-1c2e6a9e-7c4b-46c1-949a-7c13b8512e43 None None] Subscribe: network precommit_create 55550000, False {{(pid=90916) subscribe /opt/stack/data/venv/lib/python3.12/site-packages/neutron_lib/callbacks/manager.py:52}}
Aug 16 16:46:58.712392 np0000007379 devstack@neutron-api.service[90916]: DEBUG neutron.manager [None req-1c2e6a9e-7c4b-46c1-949a-7c13b8512e43 None None] Successfully loaded auto-allocated-topology plugin. Description: Auto Allocated Topology - aka get me a network. {{(pid=90916) _create_and_add_service_plugin /opt/stack/neutron/neutron/manager.py:236}}
Aug 16 16:46:58.712551 np0000007379 devstack@neutron-api.service[90916]: INFO neutron.manager [None req-1c2e6a9e-7c4b-46c1-949a-7c13b8512e43 None None] Loading Plugin: tag
Aug 16 16:46:58.715845 np0000007379 devstack@neutron-api.service[90916]: DEBUG neutron.manager [None req-1c2e6a9e-7c4b-46c1-949a-7c13b8512e43 None None] Successfully loaded TAG plugin. Description: Tag support {{(pid=90916) _create_and_add_service_plugin /opt/stack/neutron/neutron/manager.py:236}}
Aug 16 16:46:58.715895 np0000007379 devstack@neutron-api.service[90916]: INFO neutron.manager [None req-1c2e6a9e-7c4b-46c1-949a-7c13b8512e43 None None] Loading Plugin: timestamp
Aug 16 16:46:58.717369 np0000007379 devstack@neutron-api.service[90916]: DEBUG neutron.manager [None req-1c2e6a9e-7c4b-46c1-949a-7c13b8512e43 None None] Successfully loaded timestamp plugin. Description: Adds timestamps to Neutron resources with standard attributes {{(pid=90916) _create_and_add_service_plugin /opt/stack/neutron/neutron/manager.py:236}}
Aug 16 16:46:58.717505 np0000007379 devstack@neutron-api.service[90916]: INFO neutron.manager [None req-1c2e6a9e-7c4b-46c1-949a-7c13b8512e43 None None] Loading Plugin: network_ip_availability
Aug 16 16:46:58.719477 np0000007379 devstack@neutron-api.service[90916]: DEBUG neutron.manager [None req-1c2e6a9e-7c4b-46c1-949a-7c13b8512e43 None None] Successfully loaded network-ip-availability plugin. Description: Provides IP availability data for each network and subnet. {{(pid=90916) _create_and_add_service_plugin /opt/stack/neutron/neutron/manager.py:236}}
Aug 16 16:46:58.719580 np0000007379 devstack@neutron-api.service[90916]: INFO neutron.manager [None req-1c2e6a9e-7c4b-46c1-949a-7c13b8512e43 None None] Loading Plugin: flavors
Aug 16 16:46:58.720559 np0000007379 devstack@neutron-api.service[90916]: DEBUG neutron.manager [None req-1c2e6a9e-7c4b-46c1-949a-7c13b8512e43 None None] Successfully loaded FLAVORS plugin. Description: Neutron Flavors and Service Profiles manager plugin {{(pid=90916) _create_and_add_service_plugin /opt/stack/neutron/neutron/manager.py:236}}
Aug 16 16:46:58.720682 np0000007379 devstack@neutron-api.service[90916]: INFO neutron.manager [None req-1c2e6a9e-7c4b-46c1-949a-7c13b8512e43 None None] Loading Plugin: revisions
Aug 16 16:46:58.721829 np0000007379 devstack@neutron-api.service[90916]: DEBUG neutron.manager [None req-1c2e6a9e-7c4b-46c1-949a-7c13b8512e43 None None] Successfully loaded revision_plugin plugin. Description: Adds revision numbers to resources. {{(pid=90916) _create_and_add_service_plugin /opt/stack/neutron/neutron/manager.py:236}}
Aug 16 16:46:58.721966 np0000007379 devstack@neutron-api.service[90916]: DEBUG oslo_concurrency.lockutils [None req-1c2e6a9e-7c4b-46c1-949a-7c13b8512e43 None None] Lock "manager" "released" by "neutron.manager.NeutronManager._create_instance" :: held 4.543s {{(pid=90916) inner /opt/stack/data/venv/lib/python3.12/site-packages/oslo_concurrency/lockutils.py:544}}
Aug 16 16:46:58.722238 np0000007379 devstack@neutron-api.service[90916]: DEBUG neutron.api.extensions [None req-1c2e6a9e-7c4b-46c1-949a-7c13b8512e43 None None] get_extension_paths = OrderedDict({'/opt/stack/neutron/neutron/extensions': 1}) {{(pid=90916) get_extensions_path /opt/stack/neutron/neutron/api/extensions.py:640}}
Aug 16 16:46:58.722367 np0000007379 devstack@neutron-api.service[90916]: INFO neutron.api.extensions [None req-1c2e6a9e-7c4b-46c1-949a-7c13b8512e43 None None] Initializing extension manager.
Aug 16 16:46:58.722706 np0000007379 devstack@neutron-api.service[90916]: DEBUG neutron.api.extensions [None req-1c2e6a9e-7c4b-46c1-949a-7c13b8512e43 None None] Loading extension file: __init__.py {{(pid=90916) _load_all_extensions_from_path /opt/stack/neutron/neutron/api/extensions.py:449}}
Aug 16 16:46:58.722827 np0000007379 devstack@neutron-api.service[90916]: DEBUG neutron.api.extensions [None req-1c2e6a9e-7c4b-46c1-949a-7c13b8512e43 None None] Loading extension file: __pycache__ {{(pid=90916) _load_all_extensions_from_path /opt/stack/neutron/neutron/api/extensions.py:449}}
Aug 16 16:46:58.722965 np0000007379 devstack@neutron-api.service[90916]: DEBUG neutron.api.extensions [None req-1c2e6a9e-7c4b-46c1-949a-7c13b8512e43 None None] Loading extension file: aap_reject_multicast.py {{(pid=90916) _load_all_extensions_from_path /opt/stack/neutron/neutron/api/extensions.py:449}}
Aug 16 16:46:58.723246 np0000007379 devstack@neutron-api.service[90916]: DEBUG neutron.api.extensions [None req-1c2e6a9e-7c4b-46c1-949a-7c13b8512e43 None None] Ext name="Allowed address pairs reject multicast extension" alias="aap-reject-multicast" description="Reject multicast addresses in Allowed Address Pairs" updated="2026-04-01T00:00:00-00:00" {{(pid=90916) _check_extension /opt/stack/neutron/neutron/api/extensions.py:415}}
Aug 16 16:46:58.723567 np0000007379 devstack@neutron-api.service[90916]: INFO neutron.api.extensions [None req-1c2e6a9e-7c4b-46c1-949a-7c13b8512e43 None None] Extension aap-reject-multicast not supported by any of loaded plugins
Aug 16 16:46:58.723763 np0000007379 devstack@neutron-api.service[90916]: DEBUG neutron.api.extensions [None req-1c2e6a9e-7c4b-46c1-949a-7c13b8512e43 None None] Loading extension file: address_group.py {{(pid=90916) _load_all_extensions_from_path /opt/stack/neutron/neutron/api/extensions.py:449}}
Aug 16 16:46:58.724094 np0000007379 devstack@neutron-api.service[90916]: DEBUG neutron.api.extensions [None req-1c2e6a9e-7c4b-46c1-949a-7c13b8512e43 None None] Ext name="Address group" alias="address-group" description="Support address group" updated="2020-07-15T10:00:00-00:00" {{(pid=90916) _check_extension /opt/stack/neutron/neutron/api/extensions.py:415}}
Aug 16 16:46:58.724286 np0000007379 devstack@neutron-api.service[90916]: INFO neutron.api.extensions [None req-1c2e6a9e-7c4b-46c1-949a-7c13b8512e43 None None] Loaded extension: address-group
Aug 16 16:46:58.724378 np0000007379 devstack@neutron-api.service[90916]: DEBUG neutron.api.extensions [None req-1c2e6a9e-7c4b-46c1-949a-7c13b8512e43 None None] Loading extension file: address_scope.py {{(pid=90916) _load_all_extensions_from_path /opt/stack/neutron/neutron/api/extensions.py:449}}
Aug 16 16:46:58.724788 np0000007379 devstack@neutron-api.service[90916]: DEBUG neutron.api.extensions [None req-1c2e6a9e-7c4b-46c1-949a-7c13b8512e43 None None] Ext name="Address scope" alias="address-scope" description="Address scopes extension." updated="2015-07-26T10:00:00-00:00" {{(pid=90916) _check_extension /opt/stack/neutron/neutron/api/extensions.py:415}}
Aug 16 16:46:58.724981 np0000007379 devstack@neutron-api.service[90916]: INFO neutron.api.extensions [None req-1c2e6a9e-7c4b-46c1-949a-7c13b8512e43 None None] Loaded extension: address-scope
Aug 16 16:46:58.725071 np0000007379 devstack@neutron-api.service[90916]: DEBUG neutron.api.extensions [None req-1c2e6a9e-7c4b-46c1-949a-7c13b8512e43 None None] Loading extension file: admin_state_down_before_update.py {{(pid=90916) _load_all_extensions_from_path /opt/stack/neutron/neutron/api/extensions.py:449}}
Aug 16 16:46:58.725627 np0000007379 devstack@neutron-api.service[90916]: DEBUG neutron.api.extensions [None req-1c2e6a9e-7c4b-46c1-949a-7c13b8512e43 None None] Ext name="Enforce Router's Admin State Down Before Update Extension" alias="router-admin-state-down-before-update" description="Ensure that the admin state of a router is DOWN (admin_state_up=False) before updating the distributed attribute" updated="2019-07-02T15:56:00" {{(pid=90916) _check_extension /opt/stack/neutron/neutron/api/extensions.py:415}}
Aug 16 16:46:58.725627 np0000007379 devstack@neutron-api.service[90916]: INFO neutron.api.extensions [None req-1c2e6a9e-7c4b-46c1-949a-7c13b8512e43 None None] Extension router-admin-state-down-before-update not supported by any of loaded plugins
Aug 16 16:46:58.725827 np0000007379 devstack@neutron-api.service[90916]: DEBUG neutron.api.extensions [None req-1c2e6a9e-7c4b-46c1-949a-7c13b8512e43 None None] Loading extension file: agent.py {{(pid=90916) _load_all_extensions_from_path /opt/stack/neutron/neutron/api/extensions.py:449}}
Aug 16 16:46:58.726126 np0000007379 devstack@neutron-api.service[90916]: DEBUG neutron.api.extensions [None req-1c2e6a9e-7c4b-46c1-949a-7c13b8512e43 None None] Ext name="agent" alias="agent" description="The agent management extension." updated="2013-02-03T10:00:00-00:00" {{(pid=90916) _check_extension /opt/stack/neutron/neutron/api/extensions.py:415}}
Aug 16 16:46:58.726254 np0000007379 devstack@neutron-api.service[90916]: INFO neutron.api.extensions [None req-1c2e6a9e-7c4b-46c1-949a-7c13b8512e43 None None] Loaded extension: agent
Aug 16 16:46:58.726337 np0000007379 devstack@neutron-api.service[90916]: DEBUG neutron.api.extensions [None req-1c2e6a9e-7c4b-46c1-949a-7c13b8512e43 None None] Loading extension file: agent_resources_synced.py {{(pid=90916) _load_all_extensions_from_path /opt/stack/neutron/neutron/api/extensions.py:449}}
Aug 16 16:46:58.726643 np0000007379 devstack@neutron-api.service[90916]: DEBUG neutron.api.extensions [None req-1c2e6a9e-7c4b-46c1-949a-7c13b8512e43 None None] Ext name="Agent's Resource View Synced to Placement" alias="agent-resources-synced" description="Stores success/failure of last sync to Placement" updated="2018-12-19T00:00:00-00:00" {{(pid=90916) _check_extension /opt/stack/neutron/neutron/api/extensions.py:415}}
Aug 16 16:46:58.726829 np0000007379 devstack@neutron-api.service[90916]: INFO neutron.api.extensions [None req-1c2e6a9e-7c4b-46c1-949a-7c13b8512e43 None None] Extension agent-resources-synced not supported by any of loaded plugins
Aug 16 16:46:58.726959 np0000007379 devstack@neutron-api.service[90916]: DEBUG neutron.api.extensions [None req-1c2e6a9e-7c4b-46c1-949a-7c13b8512e43 None None] Loading extension file: agent_sort_key.py {{(pid=90916) _load_all_extensions_from_path /opt/stack/neutron/neutron/api/extensions.py:449}}
Aug 16 16:46:58.727215 np0000007379 devstack@neutron-api.service[90916]: DEBUG neutron.api.extensions [None req-1c2e6a9e-7c4b-46c1-949a-7c13b8512e43 None None] Ext name="Agents Sort Key" alias="agent_sort_key" description="Enabling the keyword sort_key for sorting in agents." updated="2013-02-03T10:00:00-00:00" {{(pid=90916) _check_extension /opt/stack/neutron/neutron/api/extensions.py:415}}
Aug 16 16:46:58.727384 np0000007379 devstack@neutron-api.service[90916]: INFO neutron.api.extensions [None req-1c2e6a9e-7c4b-46c1-949a-7c13b8512e43 None None] Extension agent_sort_key not supported by any of loaded plugins
Aug 16 16:46:58.727508 np0000007379 devstack@neutron-api.service[90916]: DEBUG neutron.api.extensions [None req-1c2e6a9e-7c4b-46c1-949a-7c13b8512e43 None None] Loading extension file: allowedaddresspairs.py {{(pid=90916) _load_all_extensions_from_path /opt/stack/neutron/neutron/api/extensions.py:449}}
Aug 16 16:46:58.728356 np0000007379 devstack@neutron-api.service[90916]: DEBUG neutron.api.extensions [None req-1c2e6a9e-7c4b-46c1-949a-7c13b8512e43 None None] Ext name="Allowed Address Pairs" alias="allowed-address-pairs" description="Provides allowed address pairs" updated="2013-07-23T10:00:00-00:00" {{(pid=90916) _check_extension /opt/stack/neutron/neutron/api/extensions.py:415}}
Aug 16 16:46:58.728550 np0000007379 devstack@neutron-api.service[90916]: INFO neutron.api.extensions [None req-1c2e6a9e-7c4b-46c1-949a-7c13b8512e43 None None] Loaded extension: allowed-address-pairs
Aug 16 16:46:58.728671 np0000007379 devstack@neutron-api.service[90916]: DEBUG neutron.api.extensions [None req-1c2e6a9e-7c4b-46c1-949a-7c13b8512e43 None None] Loading extension file: auto_allocated_topology.py {{(pid=90916) _load_all_extensions_from_path /opt/stack/neutron/neutron/api/extensions.py:449}}
Aug 16 16:46:58.728984 np0000007379 devstack@neutron-api.service[90916]: DEBUG neutron.api.extensions [None req-1c2e6a9e-7c4b-46c1-949a-7c13b8512e43 None None] Ext name="Auto Allocated Topology Services" alias="auto-allocated-topology" description="Auto Allocated Topology Services." updated="2016-01-01T00:00:00-00:00" {{(pid=90916) _check_extension /opt/stack/neutron/neutron/api/extensions.py:415}}
Aug 16 16:46:58.729156 np0000007379 devstack@neutron-api.service[90916]: INFO neutron.api.extensions [None req-1c2e6a9e-7c4b-46c1-949a-7c13b8512e43 None None] Loaded extension: auto-allocated-topology
Aug 16 16:46:58.729256 np0000007379 devstack@neutron-api.service[90914]: INFO neutron.plugins.ml2.drivers.type_vlan [None req-bff4cb0c-dc83-4e73-a154-3c1d4dbfa2eb None None] VlanTypeDriver initialization complete
Aug 16 16:46:58.729529 np0000007379 devstack@neutron-api.service[90916]: DEBUG neutron.api.extensions [None req-1c2e6a9e-7c4b-46c1-949a-7c13b8512e43 None None] Loading extension file: availability_zone.py {{(pid=90916) _load_all_extensions_from_path /opt/stack/neutron/neutron/api/extensions.py:449}}
Aug 16 16:46:58.729727 np0000007379 devstack@neutron-api.service[90914]: INFO neutron.plugins.ml2.managers [None req-bff4cb0c-dc83-4e73-a154-3c1d4dbfa2eb None None] Initializing extension driver 'port_security'
Aug 16 16:46:58.729727 np0000007379 devstack@neutron-api.service[90914]: INFO neutron.plugins.ml2.extensions.port_security [None req-bff4cb0c-dc83-4e73-a154-3c1d4dbfa2eb None None] PortSecurityExtensionDriver initialization complete
Aug 16 16:46:58.729879 np0000007379 devstack@neutron-api.service[90914]: INFO neutron.plugins.ml2.managers [None req-bff4cb0c-dc83-4e73-a154-3c1d4dbfa2eb None None] Initializing extension driver 'qos'
Aug 16 16:46:58.729924 np0000007379 devstack@neutron-api.service[90916]: DEBUG neutron.api.extensions [None req-1c2e6a9e-7c4b-46c1-949a-7c13b8512e43 None None] Ext name="Availability Zone" alias="availability_zone" description="The availability zone extension." updated="2015-01-01T10:00:00-00:00" {{(pid=90916) _check_extension /opt/stack/neutron/neutron/api/extensions.py:415}}
Aug 16 16:46:58.730022 np0000007379 devstack@neutron-api.service[90914]: DEBUG neutron.plugins.ml2.extensions.qos [None req-bff4cb0c-dc83-4e73-a154-3c1d4dbfa2eb None None] QosExtensionDriver initialization complete {{(pid=90914) initialize /opt/stack/neutron/neutron/plugins/ml2/extensions/qos.py:31}}
Aug 16 16:46:58.730070 np0000007379 devstack@neutron-api.service[90916]: INFO neutron.api.extensions [None req-1c2e6a9e-7c4b-46c1-949a-7c13b8512e43 None None] Loaded extension: availability_zone
Aug 16 16:46:58.730163 np0000007379 devstack@neutron-api.service[90914]: INFO neutron.plugins.ml2.managers [None req-bff4cb0c-dc83-4e73-a154-3c1d4dbfa2eb None None] Initializing mechanism driver 'ovn'
Aug 16 16:46:58.730263 np0000007379 devstack@neutron-api.service[90916]: DEBUG neutron.api.extensions [None req-1c2e6a9e-7c4b-46c1-949a-7c13b8512e43 None None] Loading extension file: availability_zone_filter.py {{(pid=90916) _load_all_extensions_from_path /opt/stack/neutron/neutron/api/extensions.py:449}}
Aug 16 16:46:58.730305 np0000007379 devstack@neutron-api.service[90914]: INFO neutron.plugins.ml2.drivers.ovn.mech_driver.mech_driver [None req-bff4cb0c-dc83-4e73-a154-3c1d4dbfa2eb None None] Starting OVNMechanismDriver
Aug 16 16:46:58.730410 np0000007379 devstack@neutron-api.service[90916]: DEBUG neutron.api.extensions [None req-1c2e6a9e-7c4b-46c1-949a-7c13b8512e43 None None] Ext name="Availability Zone Filter Extension" alias="availability_zone_filter" description="Add filter parameters to AvailabilityZone resource" updated="2018-06-22T10:00:00-00:00" {{(pid=90916) _check_extension /opt/stack/neutron/neutron/api/extensions.py:415}}
Aug 16 16:46:58.730569 np0000007379 devstack@neutron-api.service[90916]: INFO neutron.api.extensions [None req-1c2e6a9e-7c4b-46c1-949a-7c13b8512e43 None None] Extension availability_zone_filter not supported by any of loaded plugins
Aug 16 16:46:58.730662 np0000007379 devstack@neutron-api.service[90916]: DEBUG neutron.api.extensions [None req-1c2e6a9e-7c4b-46c1-949a-7c13b8512e43 None None] Loading extension file: data_plane_status.py {{(pid=90916) _load_all_extensions_from_path /opt/stack/neutron/neutron/api/extensions.py:449}}
Aug 16 16:46:58.730964 np0000007379 devstack@neutron-api.service[90916]: DEBUG neutron.api.extensions [None req-1c2e6a9e-7c4b-46c1-949a-7c13b8512e43 None None] Ext name="Port data plane status extension" alias="data-plane-status" description="Expose status of underlying data plane" updated="2017-01-24T10:00:00-00:00" {{(pid=90916) _check_extension /opt/stack/neutron/neutron/api/extensions.py:415}}
Aug 16 16:46:58.731134 np0000007379 devstack@neutron-api.service[90916]: INFO neutron.api.extensions [None req-1c2e6a9e-7c4b-46c1-949a-7c13b8512e43 None None] Extension data-plane-status not supported by any of loaded plugins
Aug 16 16:46:58.731241 np0000007379 devstack@neutron-api.service[90916]: DEBUG neutron.api.extensions [None req-1c2e6a9e-7c4b-46c1-949a-7c13b8512e43 None None] Loading extension file: default_subnetpools.py {{(pid=90916) _load_all_extensions_from_path /opt/stack/neutron/neutron/api/extensions.py:449}}
Aug 16 16:46:58.731804 np0000007379 devstack@neutron-api.service[90916]: DEBUG neutron.api.extensions [None req-1c2e6a9e-7c4b-46c1-949a-7c13b8512e43 None None] Ext name="Default Subnetpools" alias="default-subnetpools" description="Provides ability to mark and use a subnetpool as the default." updated="2016-02-18T18:00:00-00:00" {{(pid=90916) _check_extension /opt/stack/neutron/neutron/api/extensions.py:415}}
Aug 16 16:46:58.731804 np0000007379 devstack@neutron-api.service[90916]: INFO neutron.api.extensions [None req-1c2e6a9e-7c4b-46c1-949a-7c13b8512e43 None None] Loaded extension: default-subnetpools
Aug 16 16:46:58.731804 np0000007379 devstack@neutron-api.service[90916]: DEBUG neutron.api.extensions [None req-1c2e6a9e-7c4b-46c1-949a-7c13b8512e43 None None] Loading extension file: dhcpagentscheduler.py {{(pid=90916) _load_all_extensions_from_path /opt/stack/neutron/neutron/api/extensions.py:449}}
Aug 16 16:46:58.732612 np0000007379 devstack@neutron-api.service[90916]: DEBUG neutron.api.extensions [None req-1c2e6a9e-7c4b-46c1-949a-7c13b8512e43 None None] Ext name="DHCP Agent Scheduler" alias="dhcp_agent_scheduler" description="Schedule networks among dhcp agents" updated="2013-02-07T10:00:00-00:00" {{(pid=90916) _check_extension /opt/stack/neutron/neutron/api/extensions.py:415}}
Aug 16 16:46:58.732735 np0000007379 devstack@neutron-api.service[90914]: DEBUG neutron_lib.callbacks.manager [None req-bff4cb0c-dc83-4e73-a154-3c1d4dbfa2eb None None] Subscribe: > process before_spawn 55550000, False {{(pid=90914) subscribe /opt/stack/data/venv/lib/python3.12/site-packages/neutron_lib/callbacks/manager.py:52}}
Aug 16 16:46:58.732791 np0000007379 devstack@neutron-api.service[90916]: INFO neutron.api.extensions [None req-1c2e6a9e-7c4b-46c1-949a-7c13b8512e43 None None] Loaded extension: dhcp_agent_scheduler
Aug 16 16:46:58.732914 np0000007379 devstack@neutron-api.service[90914]: DEBUG neutron_lib.callbacks.manager [None req-bff4cb0c-dc83-4e73-a154-3c1d4dbfa2eb None None] Subscribe: > process after_init 55550000, True {{(pid=90914) subscribe /opt/stack/data/venv/lib/python3.12/site-packages/neutron_lib/callbacks/manager.py:52}}
Aug 16 16:46:58.733014 np0000007379 devstack@neutron-api.service[90916]: DEBUG neutron.api.extensions [None req-1c2e6a9e-7c4b-46c1-949a-7c13b8512e43 None None] Loading extension file: dns.py {{(pid=90916) _load_all_extensions_from_path /opt/stack/neutron/neutron/api/extensions.py:449}}
Aug 16 16:46:58.733155 np0000007379 devstack@neutron-api.service[90914]: DEBUG neutron_lib.callbacks.manager [None req-bff4cb0c-dc83-4e73-a154-3c1d4dbfa2eb None None] Subscribe: > segment after_create 55550000, False {{(pid=90914) subscribe /opt/stack/data/venv/lib/python3.12/site-packages/neutron_lib/callbacks/manager.py:52}}
Aug 16 16:46:58.733289 np0000007379 devstack@neutron-api.service[90916]: DEBUG neutron.api.extensions [None req-1c2e6a9e-7c4b-46c1-949a-7c13b8512e43 None None] Ext name="DNS Integration" alias="dns-integration" description="Provides integration with DNS." updated="2015-08-15T18:00:00-00:00" {{(pid=90916) _check_extension /opt/stack/neutron/neutron/api/extensions.py:415}}
Aug 16 16:46:58.733335 np0000007379 devstack@neutron-api.service[90914]: DEBUG neutron_lib.callbacks.manager [None req-bff4cb0c-dc83-4e73-a154-3c1d4dbfa2eb None None] Subscribe: > segment after_create 55550000, False {{(pid=90914) subscribe /opt/stack/data/venv/lib/python3.12/site-packages/neutron_lib/callbacks/manager.py:52}}
Aug 16 16:46:58.733476 np0000007379 devstack@neutron-api.service[90916]: INFO neutron.api.extensions [None req-1c2e6a9e-7c4b-46c1-949a-7c13b8512e43 None None] Loaded extension: dns-integration
Aug 16 16:46:58.733476 np0000007379 devstack@neutron-api.service[90916]: DEBUG neutron.api.extensions [None req-1c2e6a9e-7c4b-46c1-949a-7c13b8512e43 None None] Loading extension file: dns_domain_ports.py {{(pid=90916) _load_all_extensions_from_path /opt/stack/neutron/neutron/api/extensions.py:449}}
Aug 16 16:46:58.733651 np0000007379 devstack@neutron-api.service[90914]: DEBUG neutron_lib.callbacks.manager [None req-bff4cb0c-dc83-4e73-a154-3c1d4dbfa2eb None None] Subscribe: > segment after_delete 55550000, False {{(pid=90914) subscribe /opt/stack/data/venv/lib/python3.12/site-packages/neutron_lib/callbacks/manager.py:52}}
Aug 16 16:46:58.733651 np0000007379 devstack@neutron-api.service[90914]: DEBUG neutron_lib.callbacks.manager [None req-bff4cb0c-dc83-4e73-a154-3c1d4dbfa2eb None None] Subscribe: > allowed_address_pair before_create 55550000, False {{(pid=90914) subscribe /opt/stack/data/venv/lib/python3.12/site-packages/neutron_lib/callbacks/manager.py:52}}
Aug 16 16:46:58.733815 np0000007379 devstack@neutron-api.service[90916]: DEBUG neutron.api.extensions [None req-1c2e6a9e-7c4b-46c1-949a-7c13b8512e43 None None] Ext name="dns_domain for ports" alias="dns-domain-ports" description="Allows the DNS domain to be specified for a network port." updated="2017-04-24T10:00:00-00:00" {{(pid=90916) _check_extension /opt/stack/neutron/neutron/api/extensions.py:415}}
Aug 16 16:46:58.733946 np0000007379 devstack@neutron-api.service[90914]: DEBUG neutron_lib.callbacks.manager [None req-bff4cb0c-dc83-4e73-a154-3c1d4dbfa2eb None None] Subscribe: > security_group precommit_create 55550000, False {{(pid=90914) subscribe /opt/stack/data/venv/lib/python3.12/site-packages/neutron_lib/callbacks/manager.py:52}}
Aug 16 16:46:58.733946 np0000007379 devstack@neutron-api.service[90914]: DEBUG neutron_lib.callbacks.manager [None req-bff4cb0c-dc83-4e73-a154-3c1d4dbfa2eb None None] Subscribe: > security_group after_update 55550000, False {{(pid=90914) subscribe /opt/stack/data/venv/lib/python3.12/site-packages/neutron_lib/callbacks/manager.py:52}}
Aug 16 16:46:58.734148 np0000007379 devstack@neutron-api.service[90916]: INFO neutron.api.extensions [None req-1c2e6a9e-7c4b-46c1-949a-7c13b8512e43 None None] Loaded extension: dns-domain-ports
Aug 16 16:46:58.734148 np0000007379 devstack@neutron-api.service[90916]: DEBUG neutron.api.extensions [None req-1c2e6a9e-7c4b-46c1-949a-7c13b8512e43 None None] Loading extension file: dns_integration_domain_keywords.py {{(pid=90916) _load_all_extensions_from_path /opt/stack/neutron/neutron/api/extensions.py:449}}
Aug 16 16:46:58.734331 np0000007379 devstack@neutron-api.service[90914]: DEBUG neutron_lib.callbacks.manager [None req-bff4cb0c-dc83-4e73-a154-3c1d4dbfa2eb None None] Subscribe: > security_group after_create 55550000, False {{(pid=90914) subscribe /opt/stack/data/venv/lib/python3.12/site-packages/neutron_lib/callbacks/manager.py:52}}
Aug 16 16:46:58.734331 np0000007379 devstack@neutron-api.service[90914]: DEBUG neutron_lib.callbacks.manager [None req-bff4cb0c-dc83-4e73-a154-3c1d4dbfa2eb None None] Subscribe: > security_group precommit_delete 55550000, False {{(pid=90914) subscribe /opt/stack/data/venv/lib/python3.12/site-packages/neutron_lib/callbacks/manager.py:52}}
Aug 16 16:46:58.734491 np0000007379 devstack@neutron-api.service[90916]: DEBUG neutron.api.extensions [None req-1c2e6a9e-7c4b-46c1-949a-7c13b8512e43 None None] Ext name="DNS domain names with keywords allowed" alias="dns-integration-domain-keywords" description="Allows to use keywords like , , and as DNS domain name" updated="2020-06-15T18:00:00-00:00" {{(pid=90916) _check_extension /opt/stack/neutron/neutron/api/extensions.py:415}}
Aug 16 16:46:58.734609 np0000007379 devstack@neutron-api.service[90914]: DEBUG neutron_lib.callbacks.manager [None req-bff4cb0c-dc83-4e73-a154-3c1d4dbfa2eb None None] Subscribe: > security_group after_delete 55550000, False {{(pid=90914) subscribe /opt/stack/data/venv/lib/python3.12/site-packages/neutron_lib/callbacks/manager.py:52}}
Aug 16 16:46:58.734704 np0000007379 devstack@neutron-api.service[90916]: INFO neutron.api.extensions [None req-1c2e6a9e-7c4b-46c1-949a-7c13b8512e43 None None] Loaded extension: dns-integration-domain-keywords
Aug 16 16:46:58.734704 np0000007379 devstack@neutron-api.service[90916]: DEBUG neutron.api.extensions [None req-1c2e6a9e-7c4b-46c1-949a-7c13b8512e43 None None] Loading extension file: dvr.py {{(pid=90916) _load_all_extensions_from_path /opt/stack/neutron/neutron/api/extensions.py:449}}
Aug 16 16:46:58.734855 np0000007379 devstack@neutron-api.service[90914]: DEBUG neutron_lib.callbacks.manager [None req-bff4cb0c-dc83-4e73-a154-3c1d4dbfa2eb None None] Subscribe: > security_group_rule precommit_create 55550000, False {{(pid=90914) subscribe /opt/stack/data/venv/lib/python3.12/site-packages/neutron_lib/callbacks/manager.py:52}}
Aug 16 16:46:58.734855 np0000007379 devstack@neutron-api.service[90914]: DEBUG neutron_lib.callbacks.manager [None req-bff4cb0c-dc83-4e73-a154-3c1d4dbfa2eb None None] Subscribe: > security_group_rule after_create 55550000, False {{(pid=90914) subscribe /opt/stack/data/venv/lib/python3.12/site-packages/neutron_lib/callbacks/manager.py:52}}
Aug 16 16:46:58.734974 np0000007379 devstack@neutron-api.service[90916]: DEBUG neutron.api.extensions [None req-1c2e6a9e-7c4b-46c1-949a-7c13b8512e43 None None] Ext name="Distributed Virtual Router" alias="dvr" description="Enables configuration of Distributed Virtual Routers." updated="2014-06-1T10:00:00-00:00" {{(pid=90916) _check_extension /opt/stack/neutron/neutron/api/extensions.py:415}}
Aug 16 16:46:58.735052 np0000007379 devstack@neutron-api.service[90914]: DEBUG neutron_lib.callbacks.manager [None req-bff4cb0c-dc83-4e73-a154-3c1d4dbfa2eb None None] Subscribe: > security_group_rule before_delete 55550000, False {{(pid=90914) subscribe /opt/stack/data/venv/lib/python3.12/site-packages/neutron_lib/callbacks/manager.py:52}}
Aug 16 16:46:58.735129 np0000007379 devstack@neutron-api.service[90916]: INFO neutron.api.extensions [None req-1c2e6a9e-7c4b-46c1-949a-7c13b8512e43 None None] Extension dvr not supported by any of loaded plugins
Aug 16 16:46:58.735326 np0000007379 devstack@neutron-api.service[90914]: DEBUG neutron_lib.callbacks.manager [None req-bff4cb0c-dc83-4e73-a154-3c1d4dbfa2eb None None] Subscribe: > address_group after_create 55550000, False {{(pid=90914) subscribe /opt/stack/data/venv/lib/python3.12/site-packages/neutron_lib/callbacks/manager.py:52}}
Aug 16 16:46:58.735492 np0000007379 devstack@neutron-api.service[90916]: DEBUG neutron.api.extensions [None req-1c2e6a9e-7c4b-46c1-949a-7c13b8512e43 None None] Loading extension file: ecmp_routes.py {{(pid=90916) _load_all_extensions_from_path /opt/stack/neutron/neutron/api/extensions.py:449}}
Aug 16 16:46:58.735717 np0000007379 devstack@neutron-api.service[90914]: DEBUG neutron_lib.callbacks.manager [None req-bff4cb0c-dc83-4e73-a154-3c1d4dbfa2eb None None] Subscribe: > address_group after_update 55550000, False {{(pid=90914) subscribe /opt/stack/data/venv/lib/python3.12/site-packages/neutron_lib/callbacks/manager.py:52}}
Aug 16 16:46:58.735834 np0000007379 devstack@neutron-api.service[90916]: DEBUG neutron.api.extensions [None req-1c2e6a9e-7c4b-46c1-949a-7c13b8512e43 None None] Ext name="Equal Cost Multipath Routing" alias="ecmp_routes" description="Allows traffic to reach thesame destination via multiple different links " updated="2020-11-26T18:00:00-00:00" {{(pid=90916) _check_extension /opt/stack/neutron/neutron/api/extensions.py:415}}
Aug 16 16:46:58.735876 np0000007379 devstack@neutron-api.service[90914]: DEBUG neutron_lib.callbacks.manager [None req-bff4cb0c-dc83-4e73-a154-3c1d4dbfa2eb None None] Subscribe: > address_group after_delete 55550000, False {{(pid=90914) subscribe /opt/stack/data/venv/lib/python3.12/site-packages/neutron_lib/callbacks/manager.py:52}}
Aug 16 16:46:58.735963 np0000007379 devstack@neutron-api.service[90916]: INFO neutron.api.extensions [None req-1c2e6a9e-7c4b-46c1-949a-7c13b8512e43 None None] Extension ecmp_routes not supported by any of loaded plugins
Aug 16 16:46:58.736040 np0000007379 devstack@neutron-api.service[90914]: DEBUG neutron_lib.callbacks.manager [None req-bff4cb0c-dc83-4e73-a154-3c1d4dbfa2eb None None] Subscribe: > qos_plugin after_init 55550000, False {{(pid=90914) subscribe /opt/stack/data/venv/lib/python3.12/site-packages/neutron_lib/callbacks/manager.py:52}}
Aug 16 16:46:58.736119 np0000007379 devstack@neutron-api.service[90916]: DEBUG neutron.api.extensions [None req-1c2e6a9e-7c4b-46c1-949a-7c13b8512e43 None None] Loading extension file: empty_string_filtering.py {{(pid=90916) _load_all_extensions_from_path /opt/stack/neutron/neutron/api/extensions.py:449}}
Aug 16 16:46:58.736158 np0000007379 devstack@neutron-api.service[90914]: DEBUG neutron_lib.callbacks.manager [None req-bff4cb0c-dc83-4e73-a154-3c1d4dbfa2eb None None] Subscribe: > trunk_plugin after_init 55550000, False {{(pid=90914) subscribe /opt/stack/data/venv/lib/python3.12/site-packages/neutron_lib/callbacks/manager.py:52}}
Aug 16 16:46:58.736257 np0000007379 devstack@neutron-api.service[90916]: DEBUG neutron.api.extensions [None req-1c2e6a9e-7c4b-46c1-949a-7c13b8512e43 None None] Ext name="Empty String Filtering Extension" alias="empty-string-filtering" description="Allow filtering by attributes with empty string value" updated="2018-05-01T10:00:00-00:00" {{(pid=90916) _check_extension /opt/stack/neutron/neutron/api/extensions.py:415}}
Aug 16 16:46:58.736257 np0000007379 devstack@neutron-api.service[90916]: INFO neutron.api.extensions [None req-1c2e6a9e-7c4b-46c1-949a-7c13b8512e43 None None] Loaded extension: empty-string-filtering
Aug 16 16:46:58.736413 np0000007379 devstack@neutron-api.service[90914]: DEBUG neutron_lib.callbacks.manager [None req-bff4cb0c-dc83-4e73-a154-3c1d4dbfa2eb None None] Subscribe: > logging-plugin after_init 55550000, False {{(pid=90914) subscribe /opt/stack/data/venv/lib/python3.12/site-packages/neutron_lib/callbacks/manager.py:52}}
Aug 16 16:46:58.736491 np0000007379 devstack@neutron-api.service[90916]: DEBUG neutron.api.extensions [None req-1c2e6a9e-7c4b-46c1-949a-7c13b8512e43 None None] Loading extension file: evpn.py {{(pid=90916) _load_all_extensions_from_path /opt/stack/neutron/neutron/api/extensions.py:449}}
Aug 16 16:46:58.736491 np0000007379 devstack@neutron-api.service[90916]: DEBUG neutron.api.extensions [None req-1c2e6a9e-7c4b-46c1-949a-7c13b8512e43 None None] Ext name="EVPN" alias="evpn" description="Router extension to support EVPN Type-5 route advertisement" updated="2026-04-28T00:00:00-00:00" {{(pid=90916) _check_extension /opt/stack/neutron/neutron/api/extensions.py:415}}
Aug 16 16:46:58.736491 np0000007379 devstack@neutron-api.service[90916]: INFO neutron.api.extensions [None req-1c2e6a9e-7c4b-46c1-949a-7c13b8512e43 None None] Extension evpn not supported by any of loaded plugins
Aug 16 16:46:58.736491 np0000007379 devstack@neutron-api.service[90916]: DEBUG neutron.api.extensions [None req-1c2e6a9e-7c4b-46c1-949a-7c13b8512e43 None None] Loading extension file: expose_l3_conntrack_helper.py {{(pid=90916) _load_all_extensions_from_path /opt/stack/neutron/neutron/api/extensions.py:449}}
Aug 16 16:46:58.736741 np0000007379 devstack@neutron-api.service[90914]: INFO neutron.services.logapi.drivers.ovn.driver [None req-bff4cb0c-dc83-4e73-a154-3c1d4dbfa2eb None None] OVN logging driver registered
Aug 16 16:46:58.736817 np0000007379 devstack@neutron-api.service[90916]: DEBUG neutron.api.extensions [None req-1c2e6a9e-7c4b-46c1-949a-7c13b8512e43 None None] Ext name="Expose CT target rules for conntrack helper" alias="expose-l3-conntrack-helper" description="Expose allow adding CT target rules for conntrack helper" updated="2019-04-04T10:00:00-00:00" {{(pid=90916) _check_extension /opt/stack/neutron/neutron/api/extensions.py:415}}
Aug 16 16:46:58.736904 np0000007379 devstack@neutron-api.service[90914]: DEBUG neutron_lib.callbacks.manager [None req-bff4cb0c-dc83-4e73-a154-3c1d4dbfa2eb None None] Subscribe: ._register_pvlan_driver at 0x7b08aa04d800> pvlan_plugin before_spawn 55550000, False {{(pid=90914) subscribe /opt/stack/data/venv/lib/python3.12/site-packages/neutron_lib/callbacks/manager.py:52}}
Aug 16 16:46:58.736904 np0000007379 devstack@neutron-api.service[90914]: DEBUG neutron_lib.callbacks.manager [None req-bff4cb0c-dc83-4e73-a154-3c1d4dbfa2eb None None] Subscribe: process after_init 55550000, False {{(pid=90914) subscribe /opt/stack/data/venv/lib/python3.12/site-packages/neutron_lib/callbacks/manager.py:52}}
Aug 16 16:46:58.737044 np0000007379 devstack@neutron-api.service[90916]: INFO neutron.api.extensions [None req-1c2e6a9e-7c4b-46c1-949a-7c13b8512e43 None None] Extension expose-l3-conntrack-helper not supported by any of loaded plugins
Aug 16 16:46:58.737044 np0000007379 devstack@neutron-api.service[90916]: DEBUG neutron.api.extensions [None req-1c2e6a9e-7c4b-46c1-949a-7c13b8512e43 None None] Loading extension file: expose_port_forwarding_in_fip.py {{(pid=90916) _load_all_extensions_from_path /opt/stack/neutron/neutron/api/extensions.py:449}}
Aug 16 16:46:58.737372 np0000007379 devstack@neutron-api.service[90916]: DEBUG neutron.api.extensions [None req-1c2e6a9e-7c4b-46c1-949a-7c13b8512e43 None None] Ext name="Expose Floating IP port forwardings" alias="expose-port-forwarding-in-fip" description="Expose port forwarding fields in floating IP response" updated="2018-06-28T16:00:00-00:00" {{(pid=90916) _check_extension /opt/stack/neutron/neutron/api/extensions.py:415}}
Aug 16 16:46:58.737563 np0000007379 devstack@neutron-api.service[90916]: INFO neutron.api.extensions [None req-1c2e6a9e-7c4b-46c1-949a-7c13b8512e43 None None] Extension expose-port-forwarding-in-fip not supported by any of loaded plugins
Aug 16 16:46:58.737702 np0000007379 devstack@neutron-api.service[90916]: DEBUG neutron.api.extensions [None req-1c2e6a9e-7c4b-46c1-949a-7c13b8512e43 None None] Loading extension file: external_net.py {{(pid=90916) _load_all_extensions_from_path /opt/stack/neutron/neutron/api/extensions.py:449}}
Aug 16 16:46:58.737956 np0000007379 devstack@neutron-api.service[90916]: DEBUG neutron.api.extensions [None req-1c2e6a9e-7c4b-46c1-949a-7c13b8512e43 None None] Ext name="Neutron external network" alias="external-net" description="Adds external network attribute to network resource." updated="2013-01-14T10:00:00-00:00" {{(pid=90916) _check_extension /opt/stack/neutron/neutron/api/extensions.py:415}}
Aug 16 16:46:58.738111 np0000007379 devstack@neutron-api.service[90916]: INFO neutron.api.extensions [None req-1c2e6a9e-7c4b-46c1-949a-7c13b8512e43 None None] Loaded extension: external-net
Aug 16 16:46:58.738203 np0000007379 devstack@neutron-api.service[90916]: DEBUG neutron.api.extensions [None req-1c2e6a9e-7c4b-46c1-949a-7c13b8512e43 None None] Loading extension file: extra_dhcp_opt.py {{(pid=90916) _load_all_extensions_from_path /opt/stack/neutron/neutron/api/extensions.py:449}}
Aug 16 16:46:58.738485 np0000007379 devstack@neutron-api.service[90916]: DEBUG neutron.api.extensions [None req-1c2e6a9e-7c4b-46c1-949a-7c13b8512e43 None None] Ext name="Neutron Extra DHCP options" alias="extra_dhcp_opt" description="Extra options configuration for DHCP. For example PXE boot options to DHCP clients can be specified (e.g. tftp-server, server-ip-address, bootfile-name)" updated="2013-03-17T12:00:00-00:00" {{(pid=90916) _check_extension /opt/stack/neutron/neutron/api/extensions.py:415}}
Aug 16 16:46:58.738710 np0000007379 devstack@neutron-api.service[90916]: INFO neutron.api.extensions [None req-1c2e6a9e-7c4b-46c1-949a-7c13b8512e43 None None] Loaded extension: extra_dhcp_opt
Aug 16 16:46:58.738793 np0000007379 devstack@neutron-api.service[90916]: DEBUG neutron.api.extensions [None req-1c2e6a9e-7c4b-46c1-949a-7c13b8512e43 None None] Loading extension file: extraroute.py {{(pid=90916) _load_all_extensions_from_path /opt/stack/neutron/neutron/api/extensions.py:449}}
Aug 16 16:46:58.739078 np0000007379 devstack@neutron-api.service[90916]: DEBUG neutron.api.extensions [None req-1c2e6a9e-7c4b-46c1-949a-7c13b8512e43 None None] Ext name="Neutron Extra Route" alias="extraroute" description="Extra routes configuration for L3 router" updated="2013-02-01T10:00:00-00:00" {{(pid=90916) _check_extension /opt/stack/neutron/neutron/api/extensions.py:415}}
Aug 16 16:46:58.739119 np0000007379 devstack@neutron-api.service[90914]: DEBUG neutron.plugins.ml2.plugin [None req-bff4cb0c-dc83-4e73-a154-3c1d4dbfa2eb None None] neutron.plugins.ml2.plugin.Ml2Plugin method _start_rpc_notifiers called with arguments () {} {{(pid=90914) wrapper /opt/stack/data/venv/lib/python3.12/site-packages/oslo_log/helpers.py:77}}
Aug 16 16:46:58.739322 np0000007379 devstack@neutron-api.service[90916]: INFO neutron.api.extensions [None req-1c2e6a9e-7c4b-46c1-949a-7c13b8512e43 None None] Loaded extension: extraroute
Aug 16 16:46:58.739401 np0000007379 devstack@neutron-api.service[90916]: DEBUG neutron.api.extensions [None req-1c2e6a9e-7c4b-46c1-949a-7c13b8512e43 None None] Loading extension file: extraroute_atomic.py {{(pid=90916) _load_all_extensions_from_path /opt/stack/neutron/neutron/api/extensions.py:449}}
Aug 16 16:46:58.739612 np0000007379 devstack@neutron-api.service[90914]: DEBUG neutron_lib.callbacks.manager [None req-bff4cb0c-dc83-4e73-a154-3c1d4dbfa2eb None None] Subscribe: > port after_create 55550000, False {{(pid=90914) subscribe /opt/stack/data/venv/lib/python3.12/site-packages/neutron_lib/callbacks/manager.py:52}}
Aug 16 16:46:58.739724 np0000007379 devstack@neutron-api.service[90916]: DEBUG neutron.api.extensions [None req-1c2e6a9e-7c4b-46c1-949a-7c13b8512e43 None None] Ext name="Atomically add/remove extra routes" alias="extraroute-atomic" description="Edit extra routes of a router on server side by atomically adding/removing extra routes" updated="2019-07-10T00:00:00+00:00" {{(pid=90916) _check_extension /opt/stack/neutron/neutron/api/extensions.py:415}}
Aug 16 16:46:58.739765 np0000007379 devstack@neutron-api.service[90914]: DEBUG neutron_lib.callbacks.manager [None req-bff4cb0c-dc83-4e73-a154-3c1d4dbfa2eb None None] Subscribe: > port after_update 55550000, False {{(pid=90914) subscribe /opt/stack/data/venv/lib/python3.12/site-packages/neutron_lib/callbacks/manager.py:52}}
Aug 16 16:46:58.739896 np0000007379 devstack@neutron-api.service[90916]: INFO neutron.api.extensions [None req-1c2e6a9e-7c4b-46c1-949a-7c13b8512e43 None None] Loaded extension: extraroute-atomic
Aug 16 16:46:58.739934 np0000007379 devstack@neutron-api.service[90914]: DEBUG neutron_lib.callbacks.manager [None req-bff4cb0c-dc83-4e73-a154-3c1d4dbfa2eb None None] Subscribe: > port after_delete 55550000, False {{(pid=90914) subscribe /opt/stack/data/venv/lib/python3.12/site-packages/neutron_lib/callbacks/manager.py:52}}
Aug 16 16:46:58.739972 np0000007379 devstack@neutron-api.service[90916]: DEBUG neutron.api.extensions [None req-1c2e6a9e-7c4b-46c1-949a-7c13b8512e43 None None] Loading extension file: filter_validation.py {{(pid=90916) _load_all_extensions_from_path /opt/stack/neutron/neutron/api/extensions.py:449}}
Aug 16 16:46:58.740049 np0000007379 devstack@neutron-api.service[90914]: DEBUG neutron_lib.callbacks.manager [None req-bff4cb0c-dc83-4e73-a154-3c1d4dbfa2eb None None] Subscribe: > subnet after_create 55550000, False {{(pid=90914) subscribe /opt/stack/data/venv/lib/python3.12/site-packages/neutron_lib/callbacks/manager.py:52}}
Aug 16 16:46:58.740249 np0000007379 devstack@neutron-api.service[90914]: DEBUG neutron_lib.callbacks.manager [None req-bff4cb0c-dc83-4e73-a154-3c1d4dbfa2eb None None] Subscribe: > subnet after_update 55550000, False {{(pid=90914) subscribe /opt/stack/data/venv/lib/python3.12/site-packages/neutron_lib/callbacks/manager.py:52}}
Aug 16 16:46:58.740288 np0000007379 devstack@neutron-api.service[90916]: DEBUG neutron.api.extensions [None req-1c2e6a9e-7c4b-46c1-949a-7c13b8512e43 None None] Ext name="Filter parameters validation" alias="filter-validation" description="Provides validation on filter parameters." updated="2018-07-04T10:00:00-00:00" {{(pid=90916) _check_extension /opt/stack/neutron/neutron/api/extensions.py:415}}
Aug 16 16:46:58.740429 np0000007379 devstack@neutron-api.service[90914]: DEBUG neutron_lib.callbacks.manager [None req-bff4cb0c-dc83-4e73-a154-3c1d4dbfa2eb None None] Subscribe: > subnet after_delete 55550000, False {{(pid=90914) subscribe /opt/stack/data/venv/lib/python3.12/site-packages/neutron_lib/callbacks/manager.py:52}}
Aug 16 16:46:58.740469 np0000007379 devstack@neutron-api.service[90916]: INFO neutron.api.extensions [None req-1c2e6a9e-7c4b-46c1-949a-7c13b8512e43 None None] Loaded extension: filter-validation
Aug 16 16:46:58.740616 np0000007379 devstack@neutron-api.service[90914]: DEBUG neutron_lib.callbacks.manager [None req-bff4cb0c-dc83-4e73-a154-3c1d4dbfa2eb None None] Subscribe: > network after_create 55550000, False {{(pid=90914) subscribe /opt/stack/data/venv/lib/python3.12/site-packages/neutron_lib/callbacks/manager.py:52}}
Aug 16 16:46:58.740658 np0000007379 devstack@neutron-api.service[90916]: DEBUG neutron.api.extensions [None req-1c2e6a9e-7c4b-46c1-949a-7c13b8512e43 None None] Loading extension file: fip_pf_description.py {{(pid=90916) _load_all_extensions_from_path /opt/stack/neutron/neutron/api/extensions.py:449}}
Aug 16 16:46:58.740774 np0000007379 devstack@neutron-api.service[90914]: DEBUG neutron_lib.callbacks.manager [None req-bff4cb0c-dc83-4e73-a154-3c1d4dbfa2eb None None] Subscribe: > network after_update 55550000, False {{(pid=90914) subscribe /opt/stack/data/venv/lib/python3.12/site-packages/neutron_lib/callbacks/manager.py:52}}
Aug 16 16:46:58.740888 np0000007379 devstack@neutron-api.service[90914]: DEBUG neutron_lib.callbacks.manager [None req-bff4cb0c-dc83-4e73-a154-3c1d4dbfa2eb None None] Subscribe: > network after_delete 55550000, False {{(pid=90914) subscribe /opt/stack/data/venv/lib/python3.12/site-packages/neutron_lib/callbacks/manager.py:52}}
Aug 16 16:46:58.740935 np0000007379 devstack@neutron-api.service[90916]: DEBUG neutron.api.extensions [None req-1c2e6a9e-7c4b-46c1-949a-7c13b8512e43 None None] Ext name="Floating IP Port Forwarding new attribute description" alias="floating-ip-port-forwarding-description" description="Add a description field to Port Forwarding rules" updated="2019-11-01T10:00:00-00:00" {{(pid=90916) _check_extension /opt/stack/neutron/neutron/api/extensions.py:415}}
Aug 16 16:46:58.741050 np0000007379 devstack@neutron-api.service[90914]: DEBUG neutron_lib.callbacks.manager [None req-bff4cb0c-dc83-4e73-a154-3c1d4dbfa2eb None None] Subscribe: > security_group after_create 55550000, False {{(pid=90914) subscribe /opt/stack/data/venv/lib/python3.12/site-packages/neutron_lib/callbacks/manager.py:52}}
Aug 16 16:46:58.741139 np0000007379 devstack@neutron-api.service[90916]: INFO neutron.api.extensions [None req-1c2e6a9e-7c4b-46c1-949a-7c13b8512e43 None None] Extension floating-ip-port-forwarding-description not supported by any of loaded plugins
Aug 16 16:46:58.741212 np0000007379 devstack@neutron-api.service[90914]: DEBUG neutron_lib.callbacks.manager [None req-bff4cb0c-dc83-4e73-a154-3c1d4dbfa2eb None None] Subscribe: > security_group after_update 55550000, False {{(pid=90914) subscribe /opt/stack/data/venv/lib/python3.12/site-packages/neutron_lib/callbacks/manager.py:52}}
Aug 16 16:46:58.741265 np0000007379 devstack@neutron-api.service[90916]: DEBUG neutron.api.extensions [None req-1c2e6a9e-7c4b-46c1-949a-7c13b8512e43 None None] Loading extension file: fip_pf_detail.py {{(pid=90916) _load_all_extensions_from_path /opt/stack/neutron/neutron/api/extensions.py:449}}
Aug 16 16:46:58.741373 np0000007379 devstack@neutron-api.service[90914]: DEBUG neutron_lib.callbacks.manager [None req-bff4cb0c-dc83-4e73-a154-3c1d4dbfa2eb None None] Subscribe: > security_group after_delete 55550000, False {{(pid=90914) subscribe /opt/stack/data/venv/lib/python3.12/site-packages/neutron_lib/callbacks/manager.py:52}}
Aug 16 16:46:58.741511 np0000007379 devstack@neutron-api.service[90914]: DEBUG neutron_lib.callbacks.manager [None req-bff4cb0c-dc83-4e73-a154-3c1d4dbfa2eb None None] Subscribe: > security_group_rule after_create 55550000, False {{(pid=90914) subscribe /opt/stack/data/venv/lib/python3.12/site-packages/neutron_lib/callbacks/manager.py:52}}
Aug 16 16:46:58.741557 np0000007379 devstack@neutron-api.service[90916]: DEBUG neutron.api.extensions [None req-1c2e6a9e-7c4b-46c1-949a-7c13b8512e43 None None] Ext name="Floating IP port forwarding detail" alias="floating-ip-port-forwarding-detail" description="Allow list floating ip return more port forwarding data, include'id' and 'internal_port_id'" updated="2022-05-06T10:00:00-00:00" {{(pid=90916) _check_extension /opt/stack/neutron/neutron/api/extensions.py:415}}
Aug 16 16:46:58.741686 np0000007379 devstack@neutron-api.service[90914]: DEBUG neutron_lib.callbacks.manager [None req-bff4cb0c-dc83-4e73-a154-3c1d4dbfa2eb None None] Subscribe: > security_group_rule after_update 55550000, False {{(pid=90914) subscribe /opt/stack/data/venv/lib/python3.12/site-packages/neutron_lib/callbacks/manager.py:52}}
Aug 16 16:46:58.741763 np0000007379 devstack@neutron-api.service[90916]: INFO neutron.api.extensions [None req-1c2e6a9e-7c4b-46c1-949a-7c13b8512e43 None None] Loaded extension: floating-ip-port-forwarding-detail
Aug 16 16:46:58.741810 np0000007379 devstack@neutron-api.service[90914]: DEBUG neutron_lib.callbacks.manager [None req-bff4cb0c-dc83-4e73-a154-3c1d4dbfa2eb None None] Subscribe: > security_group_rule after_delete 55550000, False {{(pid=90914) subscribe /opt/stack/data/venv/lib/python3.12/site-packages/neutron_lib/callbacks/manager.py:52}}
Aug 16 16:46:58.741933 np0000007379 devstack@neutron-api.service[90916]: DEBUG neutron.api.extensions [None req-1c2e6a9e-7c4b-46c1-949a-7c13b8512e43 None None] Loading extension file: fip_pf_port_range.py {{(pid=90916) _load_all_extensions_from_path /opt/stack/neutron/neutron/api/extensions.py:449}}
Aug 16 16:46:58.741973 np0000007379 devstack@neutron-api.service[90914]: DEBUG neutron_lib.callbacks.manager [None req-bff4cb0c-dc83-4e73-a154-3c1d4dbfa2eb None None] Subscribe: > address_group after_create 55550000, False {{(pid=90914) subscribe /opt/stack/data/venv/lib/python3.12/site-packages/neutron_lib/callbacks/manager.py:52}}
Aug 16 16:46:58.742081 np0000007379 devstack@neutron-api.service[90914]: DEBUG neutron_lib.callbacks.manager [None req-bff4cb0c-dc83-4e73-a154-3c1d4dbfa2eb None None] Subscribe: > address_group after_update 55550000, False {{(pid=90914) subscribe /opt/stack/data/venv/lib/python3.12/site-packages/neutron_lib/callbacks/manager.py:52}}
Aug 16 16:46:58.742229 np0000007379 devstack@neutron-api.service[90916]: DEBUG neutron.api.extensions [None req-1c2e6a9e-7c4b-46c1-949a-7c13b8512e43 None None] Ext name="Floating IP Port Forwarding support port ranges" alias="floating-ip-port-forwarding-port-ranges" description="Add support to port ranges" updated="2020-07-01T10:00:00-00:00" {{(pid=90916) _check_extension /opt/stack/neutron/neutron/api/extensions.py:415}}
