Aug 16 16:46:58.793493 np0000007379 devstack@neutron-api.service[90914]: DEBUG neutron.api.extensions [None req-bff4cb0c-dc83-4e73-a154-3c1d4dbfa2eb None None] Loading extension file: ecmp_routes.py {{(pid=90914) _load_all_extensions_from_path /opt/stack/neutron/neutron/api/extensions.py:449}}
Aug 16 16:46:58.793783 np0000007379 devstack@neutron-api.service[90914]: DEBUG neutron.api.extensions [None req-bff4cb0c-dc83-4e73-a154-3c1d4dbfa2eb None None] Ext name="Equal Cost Multipath Routing" alias="ecmp_routes" description="Allows traffic to reach thesame destination via multiple different links " updated="2020-11-26T18:00:00-00:00" {{(pid=90914) _check_extension /opt/stack/neutron/neutron/api/extensions.py:415}}
Aug 16 16:46:58.793972 np0000007379 devstack@neutron-api.service[90914]: INFO neutron.api.extensions [None req-bff4cb0c-dc83-4e73-a154-3c1d4dbfa2eb None None] Extension ecmp_routes not supported by any of loaded plugins
Aug 16 16:46:58.794117 np0000007379 devstack@neutron-api.service[90914]: DEBUG neutron.api.extensions [None req-bff4cb0c-dc83-4e73-a154-3c1d4dbfa2eb None None] Loading extension file: empty_string_filtering.py {{(pid=90914) _load_all_extensions_from_path /opt/stack/neutron/neutron/api/extensions.py:449}}
Aug 16 16:46:58.794389 np0000007379 devstack@neutron-api.service[90914]: DEBUG neutron.api.extensions [None req-bff4cb0c-dc83-4e73-a154-3c1d4dbfa2eb None None] Ext name="Empty String Filtering Extension" alias="empty-string-filtering" description="Allow filtering by attributes with empty string value" updated="2018-05-01T10:00:00-00:00" {{(pid=90914) _check_extension /opt/stack/neutron/neutron/api/extensions.py:415}}
Aug 16 16:46:58.794688 np0000007379 devstack@neutron-api.service[90914]: INFO neutron.api.extensions [None req-bff4cb0c-dc83-4e73-a154-3c1d4dbfa2eb None None] Loaded extension: empty-string-filtering
Aug 16 16:46:58.794873 np0000007379 devstack@neutron-api.service[90914]: DEBUG neutron.api.extensions [None req-bff4cb0c-dc83-4e73-a154-3c1d4dbfa2eb None None] Loading extension file: evpn.py {{(pid=90914) _load_all_extensions_from_path /opt/stack/neutron/neutron/api/extensions.py:449}}
Aug 16 16:46:58.795111 np0000007379 devstack@neutron-api.service[90914]: DEBUG neutron.api.extensions [None req-bff4cb0c-dc83-4e73-a154-3c1d4dbfa2eb None None] Ext name="EVPN" alias="evpn" description="Router extension to support EVPN Type-5 route advertisement" updated="2026-04-28T00:00:00-00:00" {{(pid=90914) _check_extension /opt/stack/neutron/neutron/api/extensions.py:415}}
Aug 16 16:46:58.795325 np0000007379 devstack@neutron-api.service[90914]: INFO neutron.api.extensions [None req-bff4cb0c-dc83-4e73-a154-3c1d4dbfa2eb None None] Extension evpn not supported by any of loaded plugins
Aug 16 16:46:58.795325 np0000007379 devstack@neutron-api.service[90914]: DEBUG neutron.api.extensions [None req-bff4cb0c-dc83-4e73-a154-3c1d4dbfa2eb None None] Loading extension file: expose_l3_conntrack_helper.py {{(pid=90914) _load_all_extensions_from_path /opt/stack/neutron/neutron/api/extensions.py:449}}
Aug 16 16:46:58.795562 np0000007379 devstack@neutron-api.service[90914]: DEBUG neutron.api.extensions [None req-bff4cb0c-dc83-4e73-a154-3c1d4dbfa2eb None None] Ext name="Expose CT target rules for conntrack helper" alias="expose-l3-conntrack-helper" description="Expose allow adding CT target rules for conntrack helper" updated="2019-04-04T10:00:00-00:00" {{(pid=90914) _check_extension /opt/stack/neutron/neutron/api/extensions.py:415}}
Aug 16 16:46:58.795749 np0000007379 devstack@neutron-api.service[90914]: INFO neutron.api.extensions [None req-bff4cb0c-dc83-4e73-a154-3c1d4dbfa2eb None None] Extension expose-l3-conntrack-helper not supported by any of loaded plugins
Aug 16 16:46:58.795859 np0000007379 devstack@neutron-api.service[90914]: DEBUG neutron.api.extensions [None req-bff4cb0c-dc83-4e73-a154-3c1d4dbfa2eb None None] Loading extension file: expose_port_forwarding_in_fip.py {{(pid=90914) _load_all_extensions_from_path /opt/stack/neutron/neutron/api/extensions.py:449}}
Aug 16 16:46:58.796274 np0000007379 devstack@neutron-api.service[90914]: DEBUG neutron.api.extensions [None req-bff4cb0c-dc83-4e73-a154-3c1d4dbfa2eb None None] Ext name="Expose Floating IP port forwardings" alias="expose-port-forwarding-in-fip" description="Expose port forwarding fields in floating IP response" updated="2018-06-28T16:00:00-00:00" {{(pid=90914) _check_extension /opt/stack/neutron/neutron/api/extensions.py:415}}
Aug 16 16:46:58.796379 np0000007379 devstack@neutron-api.service[90914]: INFO neutron.api.extensions [None req-bff4cb0c-dc83-4e73-a154-3c1d4dbfa2eb None None] Extension expose-port-forwarding-in-fip not supported by any of loaded plugins
Aug 16 16:46:58.796596 np0000007379 devstack@neutron-api.service[90914]: DEBUG neutron.api.extensions [None req-bff4cb0c-dc83-4e73-a154-3c1d4dbfa2eb None None] Loading extension file: external_net.py {{(pid=90914) _load_all_extensions_from_path /opt/stack/neutron/neutron/api/extensions.py:449}}
Aug 16 16:46:58.796852 np0000007379 devstack@neutron-api.service[90914]: DEBUG neutron.api.extensions [None req-bff4cb0c-dc83-4e73-a154-3c1d4dbfa2eb None None] Ext name="Neutron external network" alias="external-net" description="Adds external network attribute to network resource." updated="2013-01-14T10:00:00-00:00" {{(pid=90914) _check_extension /opt/stack/neutron/neutron/api/extensions.py:415}}
Aug 16 16:46:58.796939 np0000007379 devstack@neutron-api.service[90914]: INFO neutron.api.extensions [None req-bff4cb0c-dc83-4e73-a154-3c1d4dbfa2eb None None] Loaded extension: external-net
Aug 16 16:46:58.797030 np0000007379 devstack@neutron-api.service[90914]: DEBUG neutron.api.extensions [None req-bff4cb0c-dc83-4e73-a154-3c1d4dbfa2eb None None] Loading extension file: extra_dhcp_opt.py {{(pid=90914) _load_all_extensions_from_path /opt/stack/neutron/neutron/api/extensions.py:449}}
Aug 16 16:46:58.797291 np0000007379 devstack@neutron-api.service[90914]: DEBUG neutron.api.extensions [None req-bff4cb0c-dc83-4e73-a154-3c1d4dbfa2eb None None] Ext name="Neutron Extra DHCP options" alias="extra_dhcp_opt" description="Extra options configuration for DHCP. For example PXE boot options to DHCP clients can be specified (e.g. tftp-server, server-ip-address, bootfile-name)" updated="2013-03-17T12:00:00-00:00" {{(pid=90914) _check_extension /opt/stack/neutron/neutron/api/extensions.py:415}}
Aug 16 16:46:58.797491 np0000007379 devstack@neutron-api.service[90914]: INFO neutron.api.extensions [None req-bff4cb0c-dc83-4e73-a154-3c1d4dbfa2eb None None] Loaded extension: extra_dhcp_opt
Aug 16 16:46:58.797590 np0000007379 devstack@neutron-api.service[90914]: DEBUG neutron.api.extensions [None req-bff4cb0c-dc83-4e73-a154-3c1d4dbfa2eb None None] Loading extension file: extraroute.py {{(pid=90914) _load_all_extensions_from_path /opt/stack/neutron/neutron/api/extensions.py:449}}
Aug 16 16:46:58.798034 np0000007379 devstack@neutron-api.service[90914]: DEBUG neutron.api.extensions [None req-bff4cb0c-dc83-4e73-a154-3c1d4dbfa2eb None None] Ext name="Neutron Extra Route" alias="extraroute" description="Extra routes configuration for L3 router" updated="2013-02-01T10:00:00-00:00" {{(pid=90914) _check_extension /opt/stack/neutron/neutron/api/extensions.py:415}}
Aug 16 16:46:58.798288 np0000007379 devstack@neutron-api.service[90914]: INFO neutron.api.extensions [None req-bff4cb0c-dc83-4e73-a154-3c1d4dbfa2eb None None] Loaded extension: extraroute
Aug 16 16:46:58.798409 np0000007379 devstack@neutron-api.service[90914]: DEBUG neutron.api.extensions [None req-bff4cb0c-dc83-4e73-a154-3c1d4dbfa2eb None None] Loading extension file: extraroute_atomic.py {{(pid=90914) _load_all_extensions_from_path /opt/stack/neutron/neutron/api/extensions.py:449}}
Aug 16 16:46:58.798746 np0000007379 devstack@neutron-api.service[90914]: DEBUG neutron.api.extensions [None req-bff4cb0c-dc83-4e73-a154-3c1d4dbfa2eb None None] Ext name="Atomically add/remove extra routes" alias="extraroute-atomic" description="Edit extra routes of a router on server side by atomically adding/removing extra routes" updated="2019-07-10T00:00:00+00:00" {{(pid=90914) _check_extension /opt/stack/neutron/neutron/api/extensions.py:415}}
Aug 16 16:46:58.799099 np0000007379 devstack@neutron-api.service[90914]: INFO neutron.api.extensions [None req-bff4cb0c-dc83-4e73-a154-3c1d4dbfa2eb None None] Loaded extension: extraroute-atomic
Aug 16 16:46:58.799259 np0000007379 devstack@neutron-api.service[90914]: DEBUG neutron.api.extensions [None req-bff4cb0c-dc83-4e73-a154-3c1d4dbfa2eb None None] Loading extension file: filter_validation.py {{(pid=90914) _load_all_extensions_from_path /opt/stack/neutron/neutron/api/extensions.py:449}}
Aug 16 16:46:58.799574 np0000007379 devstack@neutron-api.service[90914]: DEBUG neutron.api.extensions [None req-bff4cb0c-dc83-4e73-a154-3c1d4dbfa2eb None None] Ext name="Filter parameters validation" alias="filter-validation" description="Provides validation on filter parameters." updated="2018-07-04T10:00:00-00:00" {{(pid=90914) _check_extension /opt/stack/neutron/neutron/api/extensions.py:415}}
Aug 16 16:46:58.799848 np0000007379 devstack@neutron-api.service[90914]: INFO neutron.api.extensions [None req-bff4cb0c-dc83-4e73-a154-3c1d4dbfa2eb None None] Loaded extension: filter-validation
Aug 16 16:46:58.800009 np0000007379 devstack@neutron-api.service[90914]: DEBUG neutron.api.extensions [None req-bff4cb0c-dc83-4e73-a154-3c1d4dbfa2eb None None] Loading extension file: fip_pf_description.py {{(pid=90914) _load_all_extensions_from_path /opt/stack/neutron/neutron/api/extensions.py:449}}
Aug 16 16:46:58.800324 np0000007379 devstack@neutron-api.service[90914]: DEBUG neutron.api.extensions [None req-bff4cb0c-dc83-4e73-a154-3c1d4dbfa2eb None None] Ext name="Floating IP Port Forwarding new attribute description" alias="floating-ip-port-forwarding-description" description="Add a description field to Port Forwarding rules" updated="2019-11-01T10:00:00-00:00" {{(pid=90914) _check_extension /opt/stack/neutron/neutron/api/extensions.py:415}}
Aug 16 16:46:58.800536 np0000007379 devstack@neutron-api.service[90914]: INFO neutron.api.extensions [None req-bff4cb0c-dc83-4e73-a154-3c1d4dbfa2eb None None] Extension floating-ip-port-forwarding-description not supported by any of loaded plugins
Aug 16 16:46:58.800659 np0000007379 devstack@neutron-api.service[90914]: DEBUG neutron.api.extensions [None req-bff4cb0c-dc83-4e73-a154-3c1d4dbfa2eb None None] Loading extension file: fip_pf_detail.py {{(pid=90914) _load_all_extensions_from_path /opt/stack/neutron/neutron/api/extensions.py:449}}
Aug 16 16:46:58.800968 np0000007379 devstack@neutron-api.service[90914]: DEBUG neutron.api.extensions [None req-bff4cb0c-dc83-4e73-a154-3c1d4dbfa2eb None None] Ext name="Floating IP port forwarding detail" alias="floating-ip-port-forwarding-detail" description="Allow list floating ip return more port forwarding data, include'id' and 'internal_port_id'" updated="2022-05-06T10:00:00-00:00" {{(pid=90914) _check_extension /opt/stack/neutron/neutron/api/extensions.py:415}}
Aug 16 16:46:58.801144 np0000007379 devstack@neutron-api.service[90914]: INFO neutron.api.extensions [None req-bff4cb0c-dc83-4e73-a154-3c1d4dbfa2eb None None] Loaded extension: floating-ip-port-forwarding-detail
Aug 16 16:46:58.801326 np0000007379 devstack@neutron-api.service[90914]: DEBUG neutron.api.extensions [None req-bff4cb0c-dc83-4e73-a154-3c1d4dbfa2eb None None] Loading extension file: fip_pf_port_range.py {{(pid=90914) _load_all_extensions_from_path /opt/stack/neutron/neutron/api/extensions.py:449}}
Aug 16 16:46:58.801554 np0000007379 devstack@neutron-api.service[90914]: DEBUG neutron.api.extensions [None req-bff4cb0c-dc83-4e73-a154-3c1d4dbfa2eb None None] Ext name="Floating IP Port Forwarding support port ranges" alias="floating-ip-port-forwarding-port-ranges" description="Add support to port ranges" updated="2020-07-01T10:00:00-00:00" {{(pid=90914) _check_extension /opt/stack/neutron/neutron/api/extensions.py:415}}
Aug 16 16:46:58.801705 np0000007379 devstack@neutron-api.service[90914]: INFO neutron.api.extensions [None req-bff4cb0c-dc83-4e73-a154-3c1d4dbfa2eb None None] Extension floating-ip-port-forwarding-port-ranges not supported by any of loaded plugins
Aug 16 16:46:58.801850 np0000007379 devstack@neutron-api.service[90914]: DEBUG neutron.api.extensions [None req-bff4cb0c-dc83-4e73-a154-3c1d4dbfa2eb None None] Loading extension file: fip_port_details.py {{(pid=90914) _load_all_extensions_from_path /opt/stack/neutron/neutron/api/extensions.py:449}}
Aug 16 16:46:58.802057 np0000007379 devstack@neutron-api.service[90914]: DEBUG neutron.api.extensions [None req-bff4cb0c-dc83-4e73-a154-3c1d4dbfa2eb None None] Ext name="Floating IP Port Details Extension" alias="fip-port-details" description="Add port_details attribute to Floating IP resource" updated="2018-04-09T10:00:00-00:00" {{(pid=90914) _check_extension /opt/stack/neutron/neutron/api/extensions.py:415}}
Aug 16 16:46:58.802319 np0000007379 devstack@neutron-api.service[90914]: INFO neutron.api.extensions [None req-bff4cb0c-dc83-4e73-a154-3c1d4dbfa2eb None None] Loaded extension: fip-port-details
Aug 16 16:46:58.802319 np0000007379 devstack@neutron-api.service[90914]: DEBUG neutron.api.extensions [None req-bff4cb0c-dc83-4e73-a154-3c1d4dbfa2eb None None] Loading extension file: flavors.py {{(pid=90914) _load_all_extensions_from_path /opt/stack/neutron/neutron/api/extensions.py:449}}
Aug 16 16:46:58.802485 np0000007379 devstack@neutron-api.service[90917]: DEBUG neutron_lib.callbacks.manager [None req-db3a37fd-87eb-4221-acbe-8356594c83aa None None] Subscribe: > router before_delete 55550000, False {{(pid=90917) subscribe /opt/stack/data/venv/lib/python3.12/site-packages/neutron_lib/callbacks/manager.py:52}}
Aug 16 16:46:58.803242 np0000007379 devstack@neutron-api.service[90914]: DEBUG neutron.api.extensions [None req-bff4cb0c-dc83-4e73-a154-3c1d4dbfa2eb None None] Ext name="Neutron Service Flavors" alias="flavors" description="Flavor specification for Neutron advanced services." updated="2015-09-17T10:00:00-00:00" {{(pid=90914) _check_extension /opt/stack/neutron/neutron/api/extensions.py:415}}
Aug 16 16:46:58.803450 np0000007379 devstack@neutron-api.service[90917]: DEBUG neutron_lib.callbacks.manager [None req-db3a37fd-87eb-4221-acbe-8356594c83aa None None] Subscribe: port before_update 55550000, False {{(pid=90917) subscribe /opt/stack/data/venv/lib/python3.12/site-packages/neutron_lib/callbacks/manager.py:52}}
Aug 16 16:46:58.803808 np0000007379 devstack@neutron-api.service[90914]: INFO neutron.api.extensions [None req-bff4cb0c-dc83-4e73-a154-3c1d4dbfa2eb None None] Loaded extension: flavors
Aug 16 16:46:58.803808 np0000007379 devstack@neutron-api.service[90914]: DEBUG neutron.api.extensions [None req-bff4cb0c-dc83-4e73-a154-3c1d4dbfa2eb None None] Loading extension file: floating_ip_port_forwarding.py {{(pid=90914) _load_all_extensions_from_path /opt/stack/neutron/neutron/api/extensions.py:449}}
Aug 16 16:46:58.805035 np0000007379 devstack@neutron-api.service[90917]: DEBUG neutron_lib.callbacks.manager [None req-db3a37fd-87eb-4221-acbe-8356594c83aa None None] Subscribe: port after_update 55550000, False {{(pid=90917) subscribe /opt/stack/data/venv/lib/python3.12/site-packages/neutron_lib/callbacks/manager.py:52}}
Aug 16 16:46:58.805035 np0000007379 devstack@neutron-api.service[90917]: DEBUG neutron_lib.callbacks.manager [None req-db3a37fd-87eb-4221-acbe-8356594c83aa None None] Subscribe: > port precommit_delete 55550000, False {{(pid=90917) subscribe /opt/stack/data/venv/lib/python3.12/site-packages/neutron_lib/callbacks/manager.py:52}}
Aug 16 16:46:58.805035 np0000007379 devstack@neutron-api.service[90917]: DEBUG neutron_lib.callbacks.manager [None req-db3a37fd-87eb-4221-acbe-8356594c83aa None None] Subscribe: port before_update 55550000, False {{(pid=90917) subscribe /opt/stack/data/venv/lib/python3.12/site-packages/neutron_lib/callbacks/manager.py:52}}
Aug 16 16:46:58.805184 np0000007379 devstack@neutron-api.service[90914]: DEBUG neutron.api.extensions [None req-bff4cb0c-dc83-4e73-a154-3c1d4dbfa2eb None None] Ext name="Floating IP Port Forwarding" alias="floating-ip-port-forwarding" description="Allow port forwarding from floating IP port to an internal port" updated="2018-01-19T10:00:00-00:00" {{(pid=90914) _check_extension /opt/stack/neutron/neutron/api/extensions.py:415}}
Aug 16 16:46:58.805302 np0000007379 devstack@neutron-api.service[90917]: DEBUG neutron_lib.callbacks.manager [None req-db3a37fd-87eb-4221-acbe-8356594c83aa None None] Subscribe: port before_delete 55550000, False {{(pid=90917) subscribe /opt/stack/data/venv/lib/python3.12/site-packages/neutron_lib/callbacks/manager.py:52}}
Aug 16 16:46:58.806132 np0000007379 devstack@neutron-api.service[90914]: INFO neutron.api.extensions [None req-bff4cb0c-dc83-4e73-a154-3c1d4dbfa2eb None None] Extension floating-ip-port-forwarding not supported by any of loaded plugins
Aug 16 16:46:58.806132 np0000007379 devstack@neutron-api.service[90914]: DEBUG neutron.api.extensions [None req-bff4cb0c-dc83-4e73-a154-3c1d4dbfa2eb None None] Loading extension file: floatingip_pools.py {{(pid=90914) _load_all_extensions_from_path /opt/stack/neutron/neutron/api/extensions.py:449}}
Aug 16 16:46:58.806589 np0000007379 devstack@neutron-api.service[90917]: DEBUG neutron_lib.callbacks.manager [None req-db3a37fd-87eb-4221-acbe-8356594c83aa None None] Subscribe: > router precommit_create 55550000, False {{(pid=90917) subscribe /opt/stack/data/venv/lib/python3.12/site-packages/neutron_lib/callbacks/manager.py:52}}
Aug 16 16:46:58.806589 np0000007379 devstack@neutron-api.service[90917]: DEBUG neutron_lib.callbacks.manager [None req-db3a37fd-87eb-4221-acbe-8356594c83aa None None] Subscribe: > router precommit_create 55550000, False {{(pid=90917) subscribe /opt/stack/data/venv/lib/python3.12/site-packages/neutron_lib/callbacks/manager.py:52}}
Aug 16 16:46:58.806911 np0000007379 devstack@neutron-api.service[90914]: DEBUG neutron.api.extensions [None req-bff4cb0c-dc83-4e73-a154-3c1d4dbfa2eb None None] Ext name="Floating IP Pools Extension" alias="floatingip-pools" description="Provides a floating IP pools API." updated="2018-03-21T10:00:00-00:00" {{(pid=90914) _check_extension /opt/stack/neutron/neutron/api/extensions.py:415}}
Aug 16 16:46:58.807054 np0000007379 devstack@neutron-api.service[90917]: DEBUG neutron_lib.callbacks.manager [None req-db3a37fd-87eb-4221-acbe-8356594c83aa None None] Subscribe: > router precommit_update 55550000, False {{(pid=90917) subscribe /opt/stack/data/venv/lib/python3.12/site-packages/neutron_lib/callbacks/manager.py:52}}
Aug 16 16:46:58.807133 np0000007379 devstack@neutron-api.service[90914]: INFO neutron.api.extensions [None req-bff4cb0c-dc83-4e73-a154-3c1d4dbfa2eb None None] Loaded extension: floatingip-pools
Aug 16 16:46:58.807348 np0000007379 devstack@neutron-api.service[90917]: DEBUG neutron_lib.callbacks.manager [None req-db3a37fd-87eb-4221-acbe-8356594c83aa None None] Subscribe: subnet after_update 55550000, False {{(pid=90917) subscribe /opt/stack/data/venv/lib/python3.12/site-packages/neutron_lib/callbacks/manager.py:52}}
Aug 16 16:46:58.807417 np0000007379 devstack@neutron-api.service[90914]: DEBUG neutron.api.extensions [None req-bff4cb0c-dc83-4e73-a154-3c1d4dbfa2eb None None] Loading extension file: ip_allocation.py {{(pid=90914) _load_all_extensions_from_path /opt/stack/neutron/neutron/api/extensions.py:449}}
Aug 16 16:46:58.807519 np0000007379 devstack@neutron-api.service[90917]: DEBUG neutron.quota.resource_registry [None req-db3a37fd-87eb-4221-acbe-8356594c83aa None None] Tracking information for resource: router configured {{(pid=90917) set_tracked_resource /opt/stack/neutron/neutron/quota/resource_registry.py:203}}
Aug 16 16:46:58.807562 np0000007379 devstack@neutron-api.service[90914]: DEBUG neutron.api.extensions [None req-bff4cb0c-dc83-4e73-a154-3c1d4dbfa2eb None None] Ext name="IP Allocation" alias="ip_allocation" description="IP allocation extension." updated="2016-06-10T23:00:00-00:00" {{(pid=90914) _check_extension /opt/stack/neutron/neutron/api/extensions.py:415}}
Aug 16 16:46:58.807807 np0000007379 devstack@neutron-api.service[90917]: DEBUG neutron.quota.resource_registry [None req-db3a37fd-87eb-4221-acbe-8356594c83aa None None] Tracking information for resource: floatingip configured {{(pid=90917) set_tracked_resource /opt/stack/neutron/neutron/quota/resource_registry.py:203}}
Aug 16 16:46:58.807894 np0000007379 devstack@neutron-api.service[90914]: INFO neutron.api.extensions [None req-bff4cb0c-dc83-4e73-a154-3c1d4dbfa2eb None None] Extension ip_allocation not supported by any of loaded plugins
Aug 16 16:46:58.807894 np0000007379 devstack@neutron-api.service[90914]: DEBUG neutron.api.extensions [None req-bff4cb0c-dc83-4e73-a154-3c1d4dbfa2eb None None] Loading extension file: ip_substring_port_filtering.py {{(pid=90914) _load_all_extensions_from_path /opt/stack/neutron/neutron/api/extensions.py:449}}
Aug 16 16:46:58.808081 np0000007379 devstack@neutron-api.service[90917]: INFO neutron.services.ovn_l3.plugin [None req-db3a37fd-87eb-4221-acbe-8356594c83aa None None] Starting OVNL3RouterPlugin
Aug 16 16:46:58.808241 np0000007379 devstack@neutron-api.service[90914]: DEBUG neutron.api.extensions [None req-bff4cb0c-dc83-4e73-a154-3c1d4dbfa2eb None None] Ext name="IP address substring filtering" alias="ip-substring-filtering" description="Provides IP address substring filtering when listing ports" updated="2017-11-28T09:00:00-00:00" {{(pid=90914) _check_extension /opt/stack/neutron/neutron/api/extensions.py:415}}
Aug 16 16:46:58.808354 np0000007379 devstack@neutron-api.service[90917]: DEBUG neutron_lib.callbacks.manager [None req-db3a37fd-87eb-4221-acbe-8356594c83aa None None] Subscribe: > port_forwarding_plugin after_init 55550000, False {{(pid=90917) subscribe /opt/stack/data/venv/lib/python3.12/site-packages/neutron_lib/callbacks/manager.py:52}}
Aug 16 16:46:58.808483 np0000007379 devstack@neutron-api.service[90914]: INFO neutron.api.extensions [None req-bff4cb0c-dc83-4e73-a154-3c1d4dbfa2eb None None] Extension ip-substring-filtering not supported by any of loaded plugins
Aug 16 16:46:58.808483 np0000007379 devstack@neutron-api.service[90914]: DEBUG neutron.api.extensions [None req-bff4cb0c-dc83-4e73-a154-3c1d4dbfa2eb None None] Loading extension file: l2_adjacency.py {{(pid=90914) _load_all_extensions_from_path /opt/stack/neutron/neutron/api/extensions.py:449}}
Aug 16 16:46:58.808632 np0000007379 devstack@neutron-api.service[90917]: DEBUG neutron_lib.callbacks.manager [None req-db3a37fd-87eb-4221-acbe-8356594c83aa None None] Subscribe: > router before_create 55550100, False {{(pid=90917) subscribe /opt/stack/data/venv/lib/python3.12/site-packages/neutron_lib/callbacks/manager.py:52}}
Aug 16 16:46:58.808727 np0000007379 devstack@neutron-api.service[90914]: DEBUG neutron.api.extensions [None req-bff4cb0c-dc83-4e73-a154-3c1d4dbfa2eb None None] Ext name="L2 Adjacency" alias="l2_adjacency" description="Display L2 Adjacency for Neutron Networks." updated="2016-04-12T16:00:00-00:00" {{(pid=90914) _check_extension /opt/stack/neutron/neutron/api/extensions.py:415}}
Aug 16 16:46:58.808795 np0000007379 devstack@neutron-api.service[90917]: DEBUG neutron_lib.callbacks.manager [None req-db3a37fd-87eb-4221-acbe-8356594c83aa None None] Subscribe: > router precommit_delete 55550100, False {{(pid=90917) subscribe /opt/stack/data/venv/lib/python3.12/site-packages/neutron_lib/callbacks/manager.py:52}}
Aug 16 16:46:58.808877 np0000007379 devstack@neutron-api.service[90914]: INFO neutron.api.extensions [None req-bff4cb0c-dc83-4e73-a154-3c1d4dbfa2eb None None] Extension l2_adjacency not supported by any of loaded plugins
Aug 16 16:46:58.808877 np0000007379 devstack@neutron-api.service[90914]: DEBUG neutron.api.extensions [None req-bff4cb0c-dc83-4e73-a154-3c1d4dbfa2eb None None] Loading extension file: l3.py {{(pid=90914) _load_all_extensions_from_path /opt/stack/neutron/neutron/api/extensions.py:449}}
Aug 16 16:46:58.808952 np0000007379 devstack@neutron-api.service[90917]: DEBUG neutron_lib.callbacks.manager [None req-db3a37fd-87eb-4221-acbe-8356594c83aa None None] Subscribe: > router precommit_create 55550100, False {{(pid=90917) subscribe /opt/stack/data/venv/lib/python3.12/site-packages/neutron_lib/callbacks/manager.py:52}}
Aug 16 16:46:58.808952 np0000007379 devstack@neutron-api.service[90917]: DEBUG neutron_lib.callbacks.manager [None req-db3a37fd-87eb-4221-acbe-8356594c83aa None None] Subscribe: > router precommit_update 55550100, False {{(pid=90917) subscribe /opt/stack/data/venv/lib/python3.12/site-packages/neutron_lib/callbacks/manager.py:52}}
Aug 16 16:46:58.809077 np0000007379 devstack@neutron-api.service[90914]: DEBUG neutron.api.extensions [None req-bff4cb0c-dc83-4e73-a154-3c1d4dbfa2eb None None] Ext name="Neutron L3 Router" alias="router" description="Router abstraction for basic L3 forwarding between L2 Neutron networks and access to external networks via a NAT gateway." updated="2012-07-20T10:00:00-00:00" {{(pid=90914) _check_extension /opt/stack/neutron/neutron/api/extensions.py:415}}
Aug 16 16:46:58.809077 np0000007379 devstack@neutron-api.service[90914]: INFO neutron.api.extensions [None req-bff4cb0c-dc83-4e73-a154-3c1d4dbfa2eb None None] Loaded extension: router
Aug 16 16:46:58.809077 np0000007379 devstack@neutron-api.service[90914]: DEBUG neutron.api.extensions [None req-bff4cb0c-dc83-4e73-a154-3c1d4dbfa2eb None None] Loading extension file: l3_agent_scheduler_ha_chassis_priority.py {{(pid=90914) _load_all_extensions_from_path /opt/stack/neutron/neutron/api/extensions.py:449}}
Aug 16 16:46:58.809077 np0000007379 devstack@neutron-api.service[90914]: DEBUG neutron.api.extensions [None req-bff4cb0c-dc83-4e73-a154-3c1d4dbfa2eb None None] Ext name="L3 Agent Scheduler HA Chassis Priority" alias="l3-agent-scheduler-ha-chassis-priority" description="Exposes the HA_Chassis priority in the L3 Agent Scheduler API responses and allows setting priority when scheduling a router to a chassis." updated="2026-03-31T00:00:00-00:00" {{(pid=90914) _check_extension /opt/stack/neutron/neutron/api/extensions.py:415}}
Aug 16 16:46:58.809077 np0000007379 devstack@neutron-api.service[90914]: INFO neutron.api.extensions [None req-bff4cb0c-dc83-4e73-a154-3c1d4dbfa2eb None None] Loaded extension: l3-agent-scheduler-ha-chassis-priority
Aug 16 16:46:58.809077 np0000007379 devstack@neutron-api.service[90914]: DEBUG neutron.api.extensions [None req-bff4cb0c-dc83-4e73-a154-3c1d4dbfa2eb None None] Loading extension file: l3_conntrack_helper.py {{(pid=90914) _load_all_extensions_from_path /opt/stack/neutron/neutron/api/extensions.py:449}}
Aug 16 16:46:58.809327 np0000007379 devstack@neutron-api.service[90914]: DEBUG neutron.api.extensions [None req-bff4cb0c-dc83-4e73-a154-3c1d4dbfa2eb None None] Ext name="L3 Conntrack helper" alias="l3-conntrack-helper" description="Allow adding CT target rules for conntrack helper" updated="2019-04-04T10:00:00-00:00" {{(pid=90914) _check_extension /opt/stack/neutron/neutron/api/extensions.py:415}}
Aug 16 16:46:58.809327 np0000007379 devstack@neutron-api.service[90914]: INFO neutron.api.extensions [None req-bff4cb0c-dc83-4e73-a154-3c1d4dbfa2eb None None] Extension l3-conntrack-helper not supported by any of loaded plugins
Aug 16 16:46:58.809327 np0000007379 devstack@neutron-api.service[90914]: DEBUG neutron.api.extensions [None req-bff4cb0c-dc83-4e73-a154-3c1d4dbfa2eb None None] Loading extension file: l3_enable_default_route_bfd.py {{(pid=90914) _load_all_extensions_from_path /opt/stack/neutron/neutron/api/extensions.py:449}}
Aug 16 16:46:58.809327 np0000007379 devstack@neutron-api.service[90914]: DEBUG neutron.api.extensions [None req-bff4cb0c-dc83-4e73-a154-3c1d4dbfa2eb None None] Ext name="Enable Default Route BFD" alias="enable-default-route-bfd" description="Enables configurable BFD behavior for default routes" updated="2023-02-27T00:00:00-00:00" {{(pid=90914) _check_extension /opt/stack/neutron/neutron/api/extensions.py:415}}
Aug 16 16:46:58.809327 np0000007379 devstack@neutron-api.service[90914]: INFO neutron.api.extensions [None req-bff4cb0c-dc83-4e73-a154-3c1d4dbfa2eb None None] Loaded extension: enable-default-route-bfd
Aug 16 16:46:58.809327 np0000007379 devstack@neutron-api.service[90914]: DEBUG neutron.api.extensions [None req-bff4cb0c-dc83-4e73-a154-3c1d4dbfa2eb None None] Loading extension file: l3_enable_default_route_ecmp.py {{(pid=90914) _load_all_extensions_from_path /opt/stack/neutron/neutron/api/extensions.py:449}}
Aug 16 16:46:58.809677 np0000007379 devstack@neutron-api.service[90914]: DEBUG neutron.api.extensions [None req-bff4cb0c-dc83-4e73-a154-3c1d4dbfa2eb None None] Ext name="Enable Default Route ECMP" alias="enable-default-route-ecmp" description="Enables configurable ECMP behavior for default routes" updated="2023-02-27T00:00:00-00:00" {{(pid=90914) _check_extension /opt/stack/neutron/neutron/api/extensions.py:415}}
Aug 16 16:46:58.809888 np0000007379 devstack@neutron-api.service[90914]: INFO neutron.api.extensions [None req-bff4cb0c-dc83-4e73-a154-3c1d4dbfa2eb None None] Loaded extension: enable-default-route-ecmp
Aug 16 16:46:58.810055 np0000007379 devstack@neutron-api.service[90917]: DEBUG neutron.services.provider_configuration [None req-db3a37fd-87eb-4221-acbe-8356594c83aa None None] Service providers = [] {{(pid=90917) parse_service_provider_opt /opt/stack/neutron/neutron/services/provider_configuration.py:170}}
Aug 16 16:46:58.810166 np0000007379 devstack@neutron-api.service[90914]: DEBUG neutron.api.extensions [None req-bff4cb0c-dc83-4e73-a154-3c1d4dbfa2eb None None] Loading extension file: l3_ext_gw_mode.py {{(pid=90914) _load_all_extensions_from_path /opt/stack/neutron/neutron/api/extensions.py:449}}
Aug 16 16:46:58.810344 np0000007379 devstack@neutron-api.service[90917]: DEBUG neutron.db.servicetype_db [None req-db3a37fd-87eb-4221-acbe-8356594c83aa None None] Adding provider configuration for service L3_ROUTER_NAT {{(pid=90917) add_provider_configuration /opt/stack/neutron/neutron/db/servicetype_db.py:45}}
Aug 16 16:46:58.810435 np0000007379 devstack@neutron-api.service[90914]: DEBUG neutron.api.extensions [None req-bff4cb0c-dc83-4e73-a154-3c1d4dbfa2eb None None] Ext name="Neutron L3 Configurable external gateway mode" alias="ext-gw-mode" description="Extension of the router abstraction for specifying whether SNAT should occur on the external gateway" updated="2013-03-28T10:00:00-00:00" {{(pid=90914) _check_extension /opt/stack/neutron/neutron/api/extensions.py:415}}
Aug 16 16:46:58.810573 np0000007379 devstack@neutron-api.service[90914]: INFO neutron.api.extensions [None req-bff4cb0c-dc83-4e73-a154-3c1d4dbfa2eb None None] Loaded extension: ext-gw-mode
Aug 16 16:46:58.810667 np0000007379 devstack@neutron-api.service[90914]: DEBUG neutron.api.extensions [None req-bff4cb0c-dc83-4e73-a154-3c1d4dbfa2eb None None] Loading extension file: l3_ext_ha_mode.py {{(pid=90914) _load_all_extensions_from_path /opt/stack/neutron/neutron/api/extensions.py:449}}
Aug 16 16:46:58.811141 np0000007379 devstack@neutron-api.service[90914]: DEBUG neutron.api.extensions [None req-bff4cb0c-dc83-4e73-a154-3c1d4dbfa2eb None None] Ext name="HA Router extension" alias="l3-ha" description="Adds HA capability to routers." updated="2014-04-26T00:00:00-00:00" {{(pid=90914) _check_extension /opt/stack/neutron/neutron/api/extensions.py:415}}
Aug 16 16:46:58.811141 np0000007379 devstack@neutron-api.service[90914]: INFO neutron.api.extensions [None req-bff4cb0c-dc83-4e73-a154-3c1d4dbfa2eb None None] Loaded extension: l3-ha
Aug 16 16:46:58.811400 np0000007379 devstack@neutron-api.service[90914]: DEBUG neutron.api.extensions [None req-bff4cb0c-dc83-4e73-a154-3c1d4dbfa2eb None None] Loading extension file: l3_ext_ndp_proxy.py {{(pid=90914) _load_all_extensions_from_path /opt/stack/neutron/neutron/api/extensions.py:449}}
Aug 16 16:46:58.811630 np0000007379 devstack@neutron-api.service[90914]: DEBUG neutron.api.extensions [None req-bff4cb0c-dc83-4e73-a154-3c1d4dbfa2eb None None] Ext name="Router support to enable NDP proxy" alias="l3-ext-ndp-proxy" description="Router extension to enable ndp proxy" updated="2020-08-25T00:00:00-00:00" {{(pid=90914) _check_extension /opt/stack/neutron/neutron/api/extensions.py:415}}
Aug 16 16:46:58.812078 np0000007379 devstack@neutron-api.service[90914]: INFO neutron.api.extensions [None req-bff4cb0c-dc83-4e73-a154-3c1d4dbfa2eb None None] Extension l3-ext-ndp-proxy not supported by any of loaded plugins
Aug 16 16:46:58.812078 np0000007379 devstack@neutron-api.service[90914]: DEBUG neutron.api.extensions [None req-bff4cb0c-dc83-4e73-a154-3c1d4dbfa2eb None None] Loading extension file: l3_extra_gws.py {{(pid=90914) _load_all_extensions_from_path /opt/stack/neutron/neutron/api/extensions.py:449}}
Aug 16 16:46:58.812265 np0000007379 devstack@neutron-api.service[90917]: DEBUG neutron_lib.callbacks.manager [None req-db3a37fd-87eb-4221-acbe-8356594c83aa None None] Subscribe: > router precommit_create 55549900, False {{(pid=90917) subscribe /opt/stack/data/venv/lib/python3.12/site-packages/neutron_lib/callbacks/manager.py:52}}
Aug 16 16:46:58.812335 np0000007379 devstack@neutron-api.service[90914]: DEBUG neutron.api.extensions [None req-bff4cb0c-dc83-4e73-a154-3c1d4dbfa2eb None None] Ext name="Neutron L3 External Gateway Multihoming" alias="external-gateway-multihoming" description="Allow multiple external gateway ports per router" updated="2023-01-18T00:00:00-00:00" {{(pid=90914) _check_extension /opt/stack/neutron/neutron/api/extensions.py:415}}
Aug 16 16:46:58.812542 np0000007379 devstack@neutron-api.service[90917]: DEBUG neutron_lib.callbacks.manager [None req-db3a37fd-87eb-4221-acbe-8356594c83aa None None] Subscribe: > router_interface after_create 55550000, False {{(pid=90917) subscribe /opt/stack/data/venv/lib/python3.12/site-packages/neutron_lib/callbacks/manager.py:52}}
Aug 16 16:46:58.812673 np0000007379 devstack@neutron-api.service[90914]: INFO neutron.api.extensions [None req-bff4cb0c-dc83-4e73-a154-3c1d4dbfa2eb None None] Loaded extension: external-gateway-multihoming
Aug 16 16:46:58.812837 np0000007379 devstack@neutron-api.service[90917]: DEBUG neutron_lib.callbacks.manager [None req-db3a37fd-87eb-4221-acbe-8356594c83aa None None] Subscribe: > floatingip after_create 55550000, False {{(pid=90917) subscribe /opt/stack/data/venv/lib/python3.12/site-packages/neutron_lib/callbacks/manager.py:52}}
Aug 16 16:46:58.812949 np0000007379 devstack@neutron-api.service[90914]: DEBUG neutron.api.extensions [None req-bff4cb0c-dc83-4e73-a154-3c1d4dbfa2eb None None] Loading extension file: l3_flavors.py {{(pid=90914) _load_all_extensions_from_path /opt/stack/neutron/neutron/api/extensions.py:449}}
Aug 16 16:46:58.813139 np0000007379 devstack@neutron-api.service[90917]: DEBUG neutron_lib.callbacks.manager [None req-db3a37fd-87eb-4221-acbe-8356594c83aa None None] Subscribe: > floatingip precommit_create 55550000, False {{(pid=90917) subscribe /opt/stack/data/venv/lib/python3.12/site-packages/neutron_lib/callbacks/manager.py:52}}
Aug 16 16:46:58.813139 np0000007379 devstack@neutron-api.service[90917]: DEBUG neutron_lib.callbacks.manager [None req-db3a37fd-87eb-4221-acbe-8356594c83aa None None] Subscribe: > floatingip precommit_update 55550000, False {{(pid=90917) subscribe /opt/stack/data/venv/lib/python3.12/site-packages/neutron_lib/callbacks/manager.py:52}}
Aug 16 16:46:58.813744 np0000007379 devstack@neutron-api.service[90914]: DEBUG neutron.api.extensions [None req-bff4cb0c-dc83-4e73-a154-3c1d4dbfa2eb None None] Ext name="Router Flavor Extension" alias="l3-flavors" description="Flavor support for routers." updated="2016-05-17T00:00:00-00:00" {{(pid=90914) _check_extension /opt/stack/neutron/neutron/api/extensions.py:415}}
Aug 16 16:46:58.813934 np0000007379 devstack@neutron-api.service[90917]: DEBUG neutron_lib.callbacks.manager [None req-db3a37fd-87eb-4221-acbe-8356594c83aa None None] Subscribe: > floatingip after_delete 55550000, False {{(pid=90917) subscribe /opt/stack/data/venv/lib/python3.12/site-packages/neutron_lib/callbacks/manager.py:52}}
Aug 16 16:46:58.814186 np0000007379 devstack@neutron-api.service[90914]: INFO neutron.api.extensions [None req-bff4cb0c-dc83-4e73-a154-3c1d4dbfa2eb None None] Loaded extension: l3-flavors
Aug 16 16:46:58.814410 np0000007379 devstack@neutron-api.service[90917]: DEBUG neutron_lib.callbacks.manager [None req-db3a37fd-87eb-4221-acbe-8356594c83aa None None] Subscribe: > floatingip after_status_update 55550000, False {{(pid=90917) subscribe /opt/stack/data/venv/lib/python3.12/site-packages/neutron_lib/callbacks/manager.py:52}}
Aug 16 16:46:58.814559 np0000007379 devstack@neutron-api.service[90914]: DEBUG neutron.api.extensions [None req-bff4cb0c-dc83-4e73-a154-3c1d4dbfa2eb None None] Loading extension file: l3_ndp_proxy.py {{(pid=90914) _load_all_extensions_from_path /opt/stack/neutron/neutron/api/extensions.py:449}}
Aug 16 16:46:58.814712 np0000007379 devstack@neutron-api.service[90917]: DEBUG neutron_lib.callbacks.manager [None req-db3a37fd-87eb-4221-acbe-8356594c83aa None None] Subscribe: > floatingip after_update 55550000, False {{(pid=90917) subscribe /opt/stack/data/venv/lib/python3.12/site-packages/neutron_lib/callbacks/manager.py:52}}
Aug 16 16:46:58.814712 np0000007379 devstack@neutron-api.service[90917]: DEBUG neutron_lib.callbacks.manager [None req-db3a37fd-87eb-4221-acbe-8356594c83aa None None] Subscribe: > port_forwarding after_create 55550000, False {{(pid=90917) subscribe /opt/stack/data/venv/lib/python3.12/site-packages/neutron_lib/callbacks/manager.py:52}}
Aug 16 16:46:58.814712 np0000007379 devstack@neutron-api.service[90917]: DEBUG neutron_lib.callbacks.manager [None req-db3a37fd-87eb-4221-acbe-8356594c83aa None None] Subscribe: > router_interface after_delete 55550000, False {{(pid=90917) subscribe /opt/stack/data/venv/lib/python3.12/site-packages/neutron_lib/callbacks/manager.py:52}}
Aug 16 16:46:58.815041 np0000007379 devstack@neutron-api.service[90914]: DEBUG neutron.api.extensions [None req-bff4cb0c-dc83-4e73-a154-3c1d4dbfa2eb None None] Ext name="name" alias="l3-ndp-proxy" description="description" updated="2021-06-29T10:00:00-00:00" {{(pid=90914) _check_extension /opt/stack/neutron/neutron/api/extensions.py:415}}
Aug 16 16:46:58.815284 np0000007379 devstack@neutron-api.service[90917]: DEBUG neutron_lib.callbacks.manager [None req-db3a37fd-87eb-4221-acbe-8356594c83aa None None] Subscribe: > router after_create 55550000, False {{(pid=90917) subscribe /opt/stack/data/venv/lib/python3.12/site-packages/neutron_lib/callbacks/manager.py:52}}
Aug 16 16:46:58.815284 np0000007379 devstack@neutron-api.service[90917]: DEBUG neutron_lib.callbacks.manager [None req-db3a37fd-87eb-4221-acbe-8356594c83aa None None] Subscribe: > router precommit_create 55550000, False {{(pid=90917) subscribe /opt/stack/data/venv/lib/python3.12/site-packages/neutron_lib/callbacks/manager.py:52}}
Aug 16 16:46:58.815546 np0000007379 devstack@neutron-api.service[90914]: INFO neutron.api.extensions [None req-bff4cb0c-dc83-4e73-a154-3c1d4dbfa2eb None None] Extension l3-ndp-proxy not supported by any of loaded plugins
Aug 16 16:46:58.815686 np0000007379 devstack@neutron-api.service[90917]: DEBUG neutron_lib.callbacks.manager [None req-db3a37fd-87eb-4221-acbe-8356594c83aa None None] Subscribe: > router after_delete 55550000, False {{(pid=90917) subscribe /opt/stack/data/venv/lib/python3.12/site-packages/neutron_lib/callbacks/manager.py:52}}
Aug 16 16:46:58.815846 np0000007379 devstack@neutron-api.service[90914]: DEBUG neutron.api.extensions [None req-bff4cb0c-dc83-4e73-a154-3c1d4dbfa2eb None None] Loading extension file: l3_port_ip_change_not_allowed.py {{(pid=90914) _load_all_extensions_from_path /opt/stack/neutron/neutron/api/extensions.py:449}}
Aug 16 16:46:58.815999 np0000007379 devstack@neutron-api.service[90917]: DEBUG neutron_lib.callbacks.manager [None req-db3a37fd-87eb-4221-acbe-8356594c83aa None None] Subscribe: > router after_update 55550000, False {{(pid=90917) subscribe /opt/stack/data/venv/lib/python3.12/site-packages/neutron_lib/callbacks/manager.py:52}}
Aug 16 16:46:58.815999 np0000007379 devstack@neutron-api.service[90917]: DEBUG neutron.services.service_base [None req-db3a37fd-87eb-4221-acbe-8356594c83aa None None] Loaded 'neutron.services.ovn_l3.service_providers.ovn.OvnDriver' provider for service L3_ROUTER_NAT {{(pid=90917) load_drivers /opt/stack/neutron/neutron/services/service_base.py:49}}
Aug 16 16:46:58.815999 np0000007379 devstack@neutron-api.service[90917]: DEBUG neutron_lib.callbacks.manager [None req-db3a37fd-87eb-4221-acbe-8356594c83aa None None] Subscribe: > process after_init 55550001, True {{(pid=90917) subscribe /opt/stack/data/venv/lib/python3.12/site-packages/neutron_lib/callbacks/manager.py:52}}
Aug 16 16:46:58.815999 np0000007379 devstack@neutron-api.service[90917]: DEBUG neutron.manager [None req-db3a37fd-87eb-4221-acbe-8356594c83aa None None] Successfully loaded L3_ROUTER_NAT plugin. Description: L3 Router Service Plugin for basic L3 forwarding using OVN {{(pid=90917) _create_and_add_service_plugin /opt/stack/neutron/neutron/manager.py:236}}
Aug 16 16:46:58.815999 np0000007379 devstack@neutron-api.service[90917]: INFO neutron.manager [None req-db3a37fd-87eb-4221-acbe-8356594c83aa None None] Loading Plugin: auto_allocate
Aug 16 16:46:58.816667 np0000007379 devstack@neutron-api.service[90917]: DEBUG neutron_lib.callbacks.manager [None req-db3a37fd-87eb-4221-acbe-8356594c83aa None None] Subscribe: network precommit_update 55550000, False {{(pid=90917) subscribe /opt/stack/data/venv/lib/python3.12/site-packages/neutron_lib/callbacks/manager.py:52}}
Aug 16 16:46:58.816904 np0000007379 devstack@neutron-api.service[90917]: DEBUG neutron_lib.callbacks.manager [None req-db3a37fd-87eb-4221-acbe-8356594c83aa None None] Subscribe: network precommit_create 55550000, False {{(pid=90917) subscribe /opt/stack/data/venv/lib/python3.12/site-packages/neutron_lib/callbacks/manager.py:52}}
Aug 16 16:46:58.817032 np0000007379 devstack@neutron-api.service[90917]: DEBUG neutron.manager [None req-db3a37fd-87eb-4221-acbe-8356594c83aa None None] Successfully loaded auto-allocated-topology plugin. Description: Auto Allocated Topology - aka get me a network. {{(pid=90917) _create_and_add_service_plugin /opt/stack/neutron/neutron/manager.py:236}}
Aug 16 16:46:58.817165 np0000007379 devstack@neutron-api.service[90917]: INFO neutron.manager [None req-db3a37fd-87eb-4221-acbe-8356594c83aa None None] Loading Plugin: tag
Aug 16 16:46:58.821597 np0000007379 devstack@neutron-api.service[90917]: DEBUG neutron.manager [None req-db3a37fd-87eb-4221-acbe-8356594c83aa None None] Successfully loaded TAG plugin. Description: Tag support {{(pid=90917) _create_and_add_service_plugin /opt/stack/neutron/neutron/manager.py:236}}
Aug 16 16:46:58.821844 np0000007379 devstack@neutron-api.service[90917]: INFO neutron.manager [None req-db3a37fd-87eb-4221-acbe-8356594c83aa None None] Loading Plugin: timestamp
Aug 16 16:46:58.824029 np0000007379 devstack@neutron-api.service[90917]: DEBUG neutron.manager [None req-db3a37fd-87eb-4221-acbe-8356594c83aa None None] Successfully loaded timestamp plugin. Description: Adds timestamps to Neutron resources with standard attributes {{(pid=90917) _create_and_add_service_plugin /opt/stack/neutron/neutron/manager.py:236}}
Aug 16 16:46:58.824029 np0000007379 devstack@neutron-api.service[90917]: INFO neutron.manager [None req-db3a37fd-87eb-4221-acbe-8356594c83aa None None] Loading Plugin: network_ip_availability
Aug 16 16:46:58.826595 np0000007379 devstack@neutron-api.service[90917]: DEBUG neutron.manager [None req-db3a37fd-87eb-4221-acbe-8356594c83aa None None] Successfully loaded network-ip-availability plugin. Description: Provides IP availability data for each network and subnet. {{(pid=90917) _create_and_add_service_plugin /opt/stack/neutron/neutron/manager.py:236}}
Aug 16 16:46:58.826745 np0000007379 devstack@neutron-api.service[90917]: INFO neutron.manager [None req-db3a37fd-87eb-4221-acbe-8356594c83aa None None] Loading Plugin: flavors
Aug 16 16:46:58.827777 np0000007379 devstack@neutron-api.service[90917]: DEBUG neutron.manager [None req-db3a37fd-87eb-4221-acbe-8356594c83aa None None] Successfully loaded FLAVORS plugin. Description: Neutron Flavors and Service Profiles manager plugin {{(pid=90917) _create_and_add_service_plugin /opt/stack/neutron/neutron/manager.py:236}}
Aug 16 16:46:58.827777 np0000007379 devstack@neutron-api.service[90917]: INFO neutron.manager [None req-db3a37fd-87eb-4221-acbe-8356594c83aa None None] Loading Plugin: revisions
Aug 16 16:46:58.829261 np0000007379 devstack@neutron-api.service[90917]: DEBUG neutron.manager [None req-db3a37fd-87eb-4221-acbe-8356594c83aa None None] Successfully loaded revision_plugin plugin. Description: Adds revision numbers to resources. {{(pid=90917) _create_and_add_service_plugin /opt/stack/neutron/neutron/manager.py:236}}
Aug 16 16:46:58.829931 np0000007379 devstack@neutron-api.service[90917]: DEBUG oslo_concurrency.lockutils [None req-db3a37fd-87eb-4221-acbe-8356594c83aa None None] Lock "manager" "released" by "neutron.manager.NeutronManager._create_instance" :: held 4.648s {{(pid=90917) inner /opt/stack/data/venv/lib/python3.12/site-packages/oslo_concurrency/lockutils.py:544}}
Aug 16 16:46:58.829931 np0000007379 devstack@neutron-api.service[90917]: DEBUG neutron.api.extensions [None req-db3a37fd-87eb-4221-acbe-8356594c83aa None None] get_extension_paths = OrderedDict({'/opt/stack/neutron/neutron/extensions': 1}) {{(pid=90917) get_extensions_path /opt/stack/neutron/neutron/api/extensions.py:640}}
Aug 16 16:46:58.829931 np0000007379 devstack@neutron-api.service[90917]: INFO neutron.api.extensions [None req-db3a37fd-87eb-4221-acbe-8356594c83aa None None] Initializing extension manager.
Aug 16 16:46:58.830908 np0000007379 devstack@neutron-api.service[90917]: DEBUG neutron.api.extensions [None req-db3a37fd-87eb-4221-acbe-8356594c83aa None None] Loading extension file: __init__.py {{(pid=90917) _load_all_extensions_from_path /opt/stack/neutron/neutron/api/extensions.py:449}}
Aug 16 16:46:58.830908 np0000007379 devstack@neutron-api.service[90917]: DEBUG neutron.api.extensions [None req-db3a37fd-87eb-4221-acbe-8356594c83aa None None] Loading extension file: __pycache__ {{(pid=90917) _load_all_extensions_from_path /opt/stack/neutron/neutron/api/extensions.py:449}}
Aug 16 16:46:58.830908 np0000007379 devstack@neutron-api.service[90917]: DEBUG neutron.api.extensions [None req-db3a37fd-87eb-4221-acbe-8356594c83aa None None] Loading extension file: aap_reject_multicast.py {{(pid=90917) _load_all_extensions_from_path /opt/stack/neutron/neutron/api/extensions.py:449}}
Aug 16 16:46:58.830908 np0000007379 devstack@neutron-api.service[90917]: DEBUG neutron.api.extensions [None req-db3a37fd-87eb-4221-acbe-8356594c83aa None None] Ext name="Allowed address pairs reject multicast extension" alias="aap-reject-multicast" description="Reject multicast addresses in Allowed Address Pairs" updated="2026-04-01T00:00:00-00:00" {{(pid=90917) _check_extension /opt/stack/neutron/neutron/api/extensions.py:415}}
Aug 16 16:46:58.831497 np0000007379 devstack@neutron-api.service[90917]: INFO neutron.api.extensions [None req-db3a37fd-87eb-4221-acbe-8356594c83aa None None] Extension aap-reject-multicast not supported by any of loaded plugins
Aug 16 16:46:58.831497 np0000007379 devstack@neutron-api.service[90917]: DEBUG neutron.api.extensions [None req-db3a37fd-87eb-4221-acbe-8356594c83aa None None] Loading extension file: address_group.py {{(pid=90917) _load_all_extensions_from_path /opt/stack/neutron/neutron/api/extensions.py:449}}
Aug 16 16:46:58.831968 np0000007379 devstack@neutron-api.service[90917]: DEBUG neutron.api.extensions [None req-db3a37fd-87eb-4221-acbe-8356594c83aa None None] Ext name="Address group" alias="address-group" description="Support address group" updated="2020-07-15T10:00:00-00:00" {{(pid=90917) _check_extension /opt/stack/neutron/neutron/api/extensions.py:415}}
Aug 16 16:46:58.831968 np0000007379 devstack@neutron-api.service[90917]: INFO neutron.api.extensions [None req-db3a37fd-87eb-4221-acbe-8356594c83aa None None] Loaded extension: address-group
Aug 16 16:46:58.832290 np0000007379 devstack@neutron-api.service[90917]: DEBUG neutron.api.extensions [None req-db3a37fd-87eb-4221-acbe-8356594c83aa None None] Loading extension file: address_scope.py {{(pid=90917) _load_all_extensions_from_path /opt/stack/neutron/neutron/api/extensions.py:449}}
Aug 16 16:46:58.832732 np0000007379 devstack@neutron-api.service[90917]: DEBUG neutron.api.extensions [None req-db3a37fd-87eb-4221-acbe-8356594c83aa None None] Ext name="Address scope" alias="address-scope" description="Address scopes extension." updated="2015-07-26T10:00:00-00:00" {{(pid=90917) _check_extension /opt/stack/neutron/neutron/api/extensions.py:415}}
Aug 16 16:46:58.832943 np0000007379 devstack@neutron-api.service[90917]: INFO neutron.api.extensions [None req-db3a37fd-87eb-4221-acbe-8356594c83aa None None] Loaded extension: address-scope
Aug 16 16:46:58.833118 np0000007379 devstack@neutron-api.service[90917]: DEBUG neutron.api.extensions [None req-db3a37fd-87eb-4221-acbe-8356594c83aa None None] Loading extension file: admin_state_down_before_update.py {{(pid=90917) _load_all_extensions_from_path /opt/stack/neutron/neutron/api/extensions.py:449}}
Aug 16 16:46:58.833510 np0000007379 devstack@neutron-api.service[90917]: DEBUG neutron.api.extensions [None req-db3a37fd-87eb-4221-acbe-8356594c83aa None None] Ext name="Enforce Router's Admin State Down Before Update Extension" alias="router-admin-state-down-before-update" description="Ensure that the admin state of a router is DOWN (admin_state_up=False) before updating the distributed attribute" updated="2019-07-02T15:56:00" {{(pid=90917) _check_extension /opt/stack/neutron/neutron/api/extensions.py:415}}
