Jun 25 14:38:19.604632 np0000003611 systemd[1]: Starting devstack@n-api-meta.service - Devstack devstack@n-api-meta.service...
Jun 25 14:38:19.610461 np0000003611 devstack@n-api-meta.service[95757]: [uWSGI] getting INI configuration from /etc/nova/nova-metadata-uwsgi.ini
Jun 25 14:38:19.613184 np0000003611 devstack@n-api-meta.service[95757]: *** Starting uWSGI 2.0.24-debian (64bit) on [Thu Jun 25 14:38:19 2026] ***
Jun 25 14:38:19.613184 np0000003611 devstack@n-api-meta.service[95757]: compiled with version: 13.2.0 on 17 April 2024 16:23:48
Jun 25 14:38:19.613184 np0000003611 devstack@n-api-meta.service[95757]: os: Linux-6.8.0-100-generic #100-Ubuntu SMP PREEMPT_DYNAMIC Tue Jan 13 16:40:06 UTC 2026
Jun 25 14:38:19.613184 np0000003611 devstack@n-api-meta.service[95757]: nodename: np0000003611
Jun 25 14:38:19.613184 np0000003611 devstack@n-api-meta.service[95757]: machine: x86_64
Jun 25 14:38:19.613184 np0000003611 devstack@n-api-meta.service[95757]: clock source: unix
Jun 25 14:38:19.613184 np0000003611 devstack@n-api-meta.service[95757]: pcre jit disabled
Jun 25 14:38:19.613184 np0000003611 devstack@n-api-meta.service[95757]: detected number of CPU cores: 16
Jun 25 14:38:19.613184 np0000003611 devstack@n-api-meta.service[95757]: current working directory: /
Jun 25 14:38:19.613184 np0000003611 devstack@n-api-meta.service[95757]: detected binary path: /usr/bin/uwsgi-core
Jun 25 14:38:19.613184 np0000003611 devstack@n-api-meta.service[95757]: your processes number limit is 257052
Jun 25 14:38:19.613184 np0000003611 devstack@n-api-meta.service[95757]: your memory page size is 4096 bytes
Jun 25 14:38:19.613475 np0000003611 devstack@n-api-meta.service[95757]: detected max file descriptor number: 2048
Jun 25 14:38:19.613475 np0000003611 devstack@n-api-meta.service[95757]: lock engine: pthread robust mutexes
Jun 25 14:38:19.613475 np0000003611 devstack@n-api-meta.service[95757]: thunder lock: enabled
Jun 25 14:38:19.613638 np0000003611 devstack@n-api-meta.service[95757]: uWSGI http bound on 0.0.0.0:8775 fd 5
Jun 25 14:38:19.613673 np0000003611 devstack@n-api-meta.service[95757]: uwsgi socket 0 bound to TCP address 127.0.0.1:44883 (port auto-assigned) fd 4
Jun 25 14:38:19.613696 np0000003611 devstack@n-api-meta.service[95757]: Python version: 3.12.3 (main, Mar 23 2026, 19:04:32) [GCC 13.3.0]
Jun 25 14:38:19.613722 np0000003611 devstack@n-api-meta.service[95757]: PEP 405 virtualenv detected: /opt/stack/data/venv
Jun 25 14:38:19.613722 np0000003611 devstack@n-api-meta.service[95757]: Set PythonHome to /opt/stack/data/venv
Jun 25 14:38:19.649312 np0000003611 devstack@n-api-meta.service[95757]: Python main interpreter initialized at 0x7c59136a3668
Jun 25 14:38:19.649312 np0000003611 devstack@n-api-meta.service[95757]: python threads support enabled
Jun 25 14:38:19.649312 np0000003611 devstack@n-api-meta.service[95757]: your server socket listen backlog is limited to 100 connections
Jun 25 14:38:19.649312 np0000003611 devstack@n-api-meta.service[95757]: your mercy for graceful operations on workers is 80 seconds
Jun 25 14:38:19.649790 np0000003611 devstack@n-api-meta.service[95757]: mapped 671795 bytes (656 KB) for 4 cores
Jun 25 14:38:19.649932 np0000003611 devstack@n-api-meta.service[95757]: *** Operational MODE: preforking ***
Jun 25 14:38:19.650238 np0000003611 devstack@n-api-meta.service[95757]: *** uWSGI is running in multiple interpreter mode ***
Jun 25 14:38:19.650238 np0000003611 devstack@n-api-meta.service[95757]: spawned uWSGI master process (pid: 95757)
Jun 25 14:38:19.650409 np0000003611 systemd[1]: Started devstack@n-api-meta.service - Devstack devstack@n-api-meta.service.
Jun 25 14:38:19.650746 np0000003611 devstack@n-api-meta.service[95757]: spawned uWSGI worker 1 (pid: 95758, cores: 1)
Jun 25 14:38:19.651263 np0000003611 devstack@n-api-meta.service[95757]: spawned uWSGI worker 2 (pid: 95759, cores: 1)
Jun 25 14:38:19.651768 np0000003611 devstack@n-api-meta.service[95757]: spawned uWSGI worker 3 (pid: 95760, cores: 1)
Jun 25 14:38:19.652241 np0000003611 devstack@n-api-meta.service[95757]: spawned uWSGI worker 4 (pid: 95761, cores: 1)
Jun 25 14:38:19.652733 np0000003611 devstack@n-api-meta.service[95757]: spawned uWSGI http 1 (pid: 95762)
Jun 25 14:38:19.652733 np0000003611 devstack@n-api-meta.service[95757]: running "unix_signal:15 gracefully_kill_them_all" (master-start)...
Jun 25 14:38:21.299173 np0000003611 devstack@n-api-meta.service[95758]: INFO dbcounter [None req-1ecc3ddc-959b-488d-b39c-2d96d4034b3d None None] Registered counter for database nova_api
Jun 25 14:38:21.342891 np0000003611 devstack@n-api-meta.service[95758]: DEBUG oslo_db.sqlalchemy.engines [None req-1ecc3ddc-959b-488d-b39c-2d96d4034b3d None None] MySQL server mode set to STRICT_TRANS_TABLES,STRICT_ALL_TABLES,NO_ZERO_IN_DATE,NO_ZERO_DATE,ERROR_FOR_DIVISION_BY_ZERO,TRADITIONAL,NO_ENGINE_SUBSTITUTION {{(pid=95758) _check_effective_sql_mode /opt/stack/data/venv/lib/python3.12/site-packages/oslo_db/sqlalchemy/engines.py:325}}
Jun 25 14:38:21.348116 np0000003611 devstack@n-api-meta.service[95760]: INFO dbcounter [None req-d10212a3-ddd1-40f8-a1bd-140557031c7d None None] Registered counter for database nova_api
Jun 25 14:38:21.371829 np0000003611 devstack@n-api-meta.service[95758]: DEBUG dbcounter [-] [95758] Writer thread running {{(pid=95758) stat_writer /opt/stack/data/venv/lib/python3.12/site-packages/dbcounter.py:102}}
Jun 25 14:38:21.374146 np0000003611 devstack@n-api-meta.service[95758]: DEBUG nova.context [None req-1ecc3ddc-959b-488d-b39c-2d96d4034b3d None None] Found 2 cells: 00000000-0000-0000-0000-000000000000(cell0),b7cde9ad-09f0-41c8-88a1-c58e095d4f13(cell1) {{(pid=95758) load_cells /opt/stack/nova/nova/context.py:509}}
Jun 25 14:38:21.374391 np0000003611 devstack@n-api-meta.service[95758]: INFO nova.utils [None req-1ecc3ddc-959b-488d-b39c-2d96d4034b3d None None] The cell worker thread pool MainProcess.cell_worker is initialized
Jun 25 14:38:21.376007 np0000003611 devstack@n-api-meta.service[95758]: DEBUG oslo_concurrency.lockutils [None req-1ecc3ddc-959b-488d-b39c-2d96d4034b3d None None] Acquiring lock "00000000-0000-0000-0000-000000000000" by "nova.context.set_target_cell..get_or_set_cached_cell_and_set_connections" {{(pid=95758) inner /opt/stack/data/venv/lib/python3.12/site-packages/oslo_concurrency/lockutils.py:511}}
Jun 25 14:38:21.376195 np0000003611 devstack@n-api-meta.service[95758]: DEBUG oslo_concurrency.lockutils [None req-1ecc3ddc-959b-488d-b39c-2d96d4034b3d None None] Lock "00000000-0000-0000-0000-000000000000" acquired by "nova.context.set_target_cell..get_or_set_cached_cell_and_set_connections" :: waited 0.000s {{(pid=95758) inner /opt/stack/data/venv/lib/python3.12/site-packages/oslo_concurrency/lockutils.py:524}}
Jun 25 14:38:21.376568 np0000003611 devstack@n-api-meta.service[95758]: DEBUG oslo_concurrency.lockutils [None req-1ecc3ddc-959b-488d-b39c-2d96d4034b3d None None] Lock "00000000-0000-0000-0000-000000000000" "released" by "nova.context.set_target_cell..get_or_set_cached_cell_and_set_connections" :: held 0.000s {{(pid=95758) inner /opt/stack/data/venv/lib/python3.12/site-packages/oslo_concurrency/lockutils.py:543}}
Jun 25 14:38:21.377203 np0000003611 devstack@n-api-meta.service[95758]: DEBUG oslo_concurrency.lockutils [None req-1ecc3ddc-959b-488d-b39c-2d96d4034b3d None None] Acquiring lock "b7cde9ad-09f0-41c8-88a1-c58e095d4f13" by "nova.context.set_target_cell..get_or_set_cached_cell_and_set_connections" {{(pid=95758) inner /opt/stack/data/venv/lib/python3.12/site-packages/oslo_concurrency/lockutils.py:511}}
Jun 25 14:38:21.377371 np0000003611 devstack@n-api-meta.service[95758]: DEBUG oslo_concurrency.lockutils [None req-1ecc3ddc-959b-488d-b39c-2d96d4034b3d None None] Lock "b7cde9ad-09f0-41c8-88a1-c58e095d4f13" acquired by "nova.context.set_target_cell..get_or_set_cached_cell_and_set_connections" :: waited 0.000s {{(pid=95758) inner /opt/stack/data/venv/lib/python3.12/site-packages/oslo_concurrency/lockutils.py:524}}
Jun 25 14:38:21.378173 np0000003611 devstack@n-api-meta.service[95758]: DEBUG oslo_concurrency.lockutils [None req-1ecc3ddc-959b-488d-b39c-2d96d4034b3d None None] Lock "b7cde9ad-09f0-41c8-88a1-c58e095d4f13" "released" by "nova.context.set_target_cell..get_or_set_cached_cell_and_set_connections" :: held 0.001s {{(pid=95758) inner /opt/stack/data/venv/lib/python3.12/site-packages/oslo_concurrency/lockutils.py:543}}
Jun 25 14:38:21.381831 np0000003611 devstack@n-api-meta.service[95758]: INFO dbcounter [None req-1ecc3ddc-959b-488d-b39c-2d96d4034b3d None None] Registered counter for database nova_cell0
Jun 25 14:38:21.382747 np0000003611 devstack@n-api-meta.service[95758]: INFO dbcounter [None req-1ecc3ddc-959b-488d-b39c-2d96d4034b3d None None] Registered counter for database nova_cell1
Jun 25 14:38:21.412127 np0000003611 devstack@n-api-meta.service[95760]: DEBUG oslo_db.sqlalchemy.engines [None req-d10212a3-ddd1-40f8-a1bd-140557031c7d None None] MySQL server mode set to STRICT_TRANS_TABLES,STRICT_ALL_TABLES,NO_ZERO_IN_DATE,NO_ZERO_DATE,ERROR_FOR_DIVISION_BY_ZERO,TRADITIONAL,NO_ENGINE_SUBSTITUTION {{(pid=95760) _check_effective_sql_mode /opt/stack/data/venv/lib/python3.12/site-packages/oslo_db/sqlalchemy/engines.py:325}}
Jun 25 14:38:21.428844 np0000003611 devstack@n-api-meta.service[95758]: DEBUG oslo_db.sqlalchemy.engines [None req-1ecc3ddc-959b-488d-b39c-2d96d4034b3d None None] MySQL server mode set to STRICT_TRANS_TABLES,STRICT_ALL_TABLES,NO_ZERO_IN_DATE,NO_ZERO_DATE,ERROR_FOR_DIVISION_BY_ZERO,TRADITIONAL,NO_ENGINE_SUBSTITUTION {{(pid=95758) _check_effective_sql_mode /opt/stack/data/venv/lib/python3.12/site-packages/oslo_db/sqlalchemy/engines.py:325}}
Jun 25 14:38:21.436772 np0000003611 devstack@n-api-meta.service[95759]: INFO dbcounter [None req-d6764f58-7e09-4a7a-9f1e-f565200a6fab None None] Registered counter for database nova_api
Jun 25 14:38:21.438861 np0000003611 devstack@n-api-meta.service[95761]: INFO dbcounter [None req-6745db27-7b22-45c4-87ce-b31257174df6 None None] Registered counter for database nova_api
Jun 25 14:38:21.444733 np0000003611 devstack@n-api-meta.service[95760]: DEBUG dbcounter [-] [95760] Writer thread running {{(pid=95760) stat_writer /opt/stack/data/venv/lib/python3.12/site-packages/dbcounter.py:102}}
Jun 25 14:38:21.447889 np0000003611 devstack@n-api-meta.service[95760]: DEBUG nova.context [None req-d10212a3-ddd1-40f8-a1bd-140557031c7d None None] Found 2 cells: 00000000-0000-0000-0000-000000000000(cell0),b7cde9ad-09f0-41c8-88a1-c58e095d4f13(cell1) {{(pid=95760) load_cells /opt/stack/nova/nova/context.py:509}}
Jun 25 14:38:21.448241 np0000003611 devstack@n-api-meta.service[95760]: INFO nova.utils [None req-d10212a3-ddd1-40f8-a1bd-140557031c7d None None] The cell worker thread pool MainProcess.cell_worker is initialized
Jun 25 14:38:21.450496 np0000003611 devstack@n-api-meta.service[95760]: DEBUG oslo_concurrency.lockutils [None req-d10212a3-ddd1-40f8-a1bd-140557031c7d None None] Acquiring lock "00000000-0000-0000-0000-000000000000" by "nova.context.set_target_cell..get_or_set_cached_cell_and_set_connections" {{(pid=95760) inner /opt/stack/data/venv/lib/python3.12/site-packages/oslo_concurrency/lockutils.py:511}}
Jun 25 14:38:21.450731 np0000003611 devstack@n-api-meta.service[95760]: DEBUG oslo_concurrency.lockutils [None req-d10212a3-ddd1-40f8-a1bd-140557031c7d None None] Lock "00000000-0000-0000-0000-000000000000" acquired by "nova.context.set_target_cell..get_or_set_cached_cell_and_set_connections" :: waited 0.000s {{(pid=95760) inner /opt/stack/data/venv/lib/python3.12/site-packages/oslo_concurrency/lockutils.py:524}}
Jun 25 14:38:21.451219 np0000003611 devstack@n-api-meta.service[95760]: DEBUG oslo_concurrency.lockutils [None req-d10212a3-ddd1-40f8-a1bd-140557031c7d None None] Lock "00000000-0000-0000-0000-000000000000" "released" by "nova.context.set_target_cell..get_or_set_cached_cell_and_set_connections" :: held 0.000s {{(pid=95760) inner /opt/stack/data/venv/lib/python3.12/site-packages/oslo_concurrency/lockutils.py:543}}
Jun 25 14:38:21.451951 np0000003611 devstack@n-api-meta.service[95760]: DEBUG oslo_concurrency.lockutils [None req-d10212a3-ddd1-40f8-a1bd-140557031c7d None None] Acquiring lock "b7cde9ad-09f0-41c8-88a1-c58e095d4f13" by "nova.context.set_target_cell..get_or_set_cached_cell_and_set_connections" {{(pid=95760) inner /opt/stack/data/venv/lib/python3.12/site-packages/oslo_concurrency/lockutils.py:511}}
Jun 25 14:38:21.452154 np0000003611 devstack@n-api-meta.service[95760]: DEBUG oslo_concurrency.lockutils [None req-d10212a3-ddd1-40f8-a1bd-140557031c7d None None] Lock "b7cde9ad-09f0-41c8-88a1-c58e095d4f13" acquired by "nova.context.set_target_cell..get_or_set_cached_cell_and_set_connections" :: waited 0.000s {{(pid=95760) inner /opt/stack/data/venv/lib/python3.12/site-packages/oslo_concurrency/lockutils.py:524}}
Jun 25 14:38:21.455053 np0000003611 devstack@n-api-meta.service[95760]: INFO dbcounter [None req-d10212a3-ddd1-40f8-a1bd-140557031c7d None None] Registered counter for database nova_cell0
Jun 25 14:38:21.456687 np0000003611 devstack@n-api-meta.service[95760]: DEBUG oslo_concurrency.lockutils [None req-d10212a3-ddd1-40f8-a1bd-140557031c7d None None] Lock "b7cde9ad-09f0-41c8-88a1-c58e095d4f13" "released" by "nova.context.set_target_cell..get_or_set_cached_cell_and_set_connections" :: held 0.003s {{(pid=95760) inner /opt/stack/data/venv/lib/python3.12/site-packages/oslo_concurrency/lockutils.py:543}}
Jun 25 14:38:21.458340 np0000003611 devstack@n-api-meta.service[95760]: INFO dbcounter [None req-d10212a3-ddd1-40f8-a1bd-140557031c7d None None] Registered counter for database nova_cell1
Jun 25 14:38:21.482533 np0000003611 devstack@n-api-meta.service[95759]: DEBUG oslo_db.sqlalchemy.engines [None req-d6764f58-7e09-4a7a-9f1e-f565200a6fab None None] MySQL server mode set to STRICT_TRANS_TABLES,STRICT_ALL_TABLES,NO_ZERO_IN_DATE,NO_ZERO_DATE,ERROR_FOR_DIVISION_BY_ZERO,TRADITIONAL,NO_ENGINE_SUBSTITUTION {{(pid=95759) _check_effective_sql_mode /opt/stack/data/venv/lib/python3.12/site-packages/oslo_db/sqlalchemy/engines.py:325}}
Jun 25 14:38:21.485642 np0000003611 devstack@n-api-meta.service[95761]: DEBUG oslo_db.sqlalchemy.engines [None req-6745db27-7b22-45c4-87ce-b31257174df6 None None] MySQL server mode set to STRICT_TRANS_TABLES,STRICT_ALL_TABLES,NO_ZERO_IN_DATE,NO_ZERO_DATE,ERROR_FOR_DIVISION_BY_ZERO,TRADITIONAL,NO_ENGINE_SUBSTITUTION {{(pid=95761) _check_effective_sql_mode /opt/stack/data/venv/lib/python3.12/site-packages/oslo_db/sqlalchemy/engines.py:325}}
Jun 25 14:38:21.500165 np0000003611 devstack@n-api-meta.service[95760]: DEBUG oslo_db.sqlalchemy.engines [None req-d10212a3-ddd1-40f8-a1bd-140557031c7d None None] MySQL server mode set to STRICT_TRANS_TABLES,STRICT_ALL_TABLES,NO_ZERO_IN_DATE,NO_ZERO_DATE,ERROR_FOR_DIVISION_BY_ZERO,TRADITIONAL,NO_ENGINE_SUBSTITUTION {{(pid=95760) _check_effective_sql_mode /opt/stack/data/venv/lib/python3.12/site-packages/oslo_db/sqlalchemy/engines.py:325}}
Jun 25 14:38:21.510975 np0000003611 devstack@n-api-meta.service[95759]: DEBUG dbcounter [-] [95759] Writer thread running {{(pid=95759) stat_writer /opt/stack/data/venv/lib/python3.12/site-packages/dbcounter.py:102}}
Jun 25 14:38:21.513293 np0000003611 devstack@n-api-meta.service[95759]: DEBUG nova.context [None req-d6764f58-7e09-4a7a-9f1e-f565200a6fab None None] Found 2 cells: 00000000-0000-0000-0000-000000000000(cell0),b7cde9ad-09f0-41c8-88a1-c58e095d4f13(cell1) {{(pid=95759) load_cells /opt/stack/nova/nova/context.py:509}}
Jun 25 14:38:21.513541 np0000003611 devstack@n-api-meta.service[95759]: INFO nova.utils [None req-d6764f58-7e09-4a7a-9f1e-f565200a6fab None None] The cell worker thread pool MainProcess.cell_worker is initialized
Jun 25 14:38:21.515253 np0000003611 devstack@n-api-meta.service[95759]: DEBUG oslo_concurrency.lockutils [None req-d6764f58-7e09-4a7a-9f1e-f565200a6fab None None] Acquiring lock "00000000-0000-0000-0000-000000000000" by "nova.context.set_target_cell..get_or_set_cached_cell_and_set_connections" {{(pid=95759) inner /opt/stack/data/venv/lib/python3.12/site-packages/oslo_concurrency/lockutils.py:511}}
Jun 25 14:38:21.515444 np0000003611 devstack@n-api-meta.service[95759]: DEBUG oslo_concurrency.lockutils [None req-d6764f58-7e09-4a7a-9f1e-f565200a6fab None None] Lock "00000000-0000-0000-0000-000000000000" acquired by "nova.context.set_target_cell..get_or_set_cached_cell_and_set_connections" :: waited 0.000s {{(pid=95759) inner /opt/stack/data/venv/lib/python3.12/site-packages/oslo_concurrency/lockutils.py:524}}
Jun 25 14:38:21.515821 np0000003611 devstack@n-api-meta.service[95759]: DEBUG oslo_concurrency.lockutils [None req-d6764f58-7e09-4a7a-9f1e-f565200a6fab None None] Lock "00000000-0000-0000-0000-000000000000" "released" by "nova.context.set_target_cell..get_or_set_cached_cell_and_set_connections" :: held 0.000s {{(pid=95759) inner /opt/stack/data/venv/lib/python3.12/site-packages/oslo_concurrency/lockutils.py:543}}
Jun 25 14:38:21.516382 np0000003611 devstack@n-api-meta.service[95759]: DEBUG oslo_concurrency.lockutils [None req-d6764f58-7e09-4a7a-9f1e-f565200a6fab None None] Acquiring lock "b7cde9ad-09f0-41c8-88a1-c58e095d4f13" by "nova.context.set_target_cell..get_or_set_cached_cell_and_set_connections" {{(pid=95759) inner /opt/stack/data/venv/lib/python3.12/site-packages/oslo_concurrency/lockutils.py:511}}
Jun 25 14:38:21.517639 np0000003611 devstack@n-api-meta.service[95759]: INFO dbcounter [None req-d6764f58-7e09-4a7a-9f1e-f565200a6fab None None] Registered counter for database nova_cell0
Jun 25 14:38:21.518728 np0000003611 devstack@n-api-meta.service[95759]: DEBUG oslo_concurrency.lockutils [None req-d6764f58-7e09-4a7a-9f1e-f565200a6fab None None] Lock "b7cde9ad-09f0-41c8-88a1-c58e095d4f13" acquired by "nova.context.set_target_cell..get_or_set_cached_cell_and_set_connections" :: waited 0.001s {{(pid=95759) inner /opt/stack/data/venv/lib/python3.12/site-packages/oslo_concurrency/lockutils.py:524}}
Jun 25 14:38:21.520252 np0000003611 devstack@n-api-meta.service[95759]: DEBUG oslo_concurrency.lockutils [None req-d6764f58-7e09-4a7a-9f1e-f565200a6fab None None] Lock "b7cde9ad-09f0-41c8-88a1-c58e095d4f13" "released" by "nova.context.set_target_cell..get_or_set_cached_cell_and_set_connections" :: held 0.003s {{(pid=95759) inner /opt/stack/data/venv/lib/python3.12/site-packages/oslo_concurrency/lockutils.py:543}}
Jun 25 14:38:21.522156 np0000003611 devstack@n-api-meta.service[95758]: DEBUG dbcounter [-] [95758] Writer thread running {{(pid=95758) stat_writer /opt/stack/data/venv/lib/python3.12/site-packages/dbcounter.py:102}}
Jun 25 14:38:21.523313 np0000003611 devstack@n-api-meta.service[95759]: INFO dbcounter [None req-d6764f58-7e09-4a7a-9f1e-f565200a6fab None None] Registered counter for database nova_cell1
Jun 25 14:38:21.525546 np0000003611 devstack@n-api-meta.service[95761]: DEBUG dbcounter [-] [95761] Writer thread running {{(pid=95761) stat_writer /opt/stack/data/venv/lib/python3.12/site-packages/dbcounter.py:102}}
Jun 25 14:38:21.527891 np0000003611 devstack@n-api-meta.service[95761]: DEBUG nova.context [None req-6745db27-7b22-45c4-87ce-b31257174df6 None None] Found 2 cells: 00000000-0000-0000-0000-000000000000(cell0),b7cde9ad-09f0-41c8-88a1-c58e095d4f13(cell1) {{(pid=95761) load_cells /opt/stack/nova/nova/context.py:509}}
Jun 25 14:38:21.528185 np0000003611 devstack@n-api-meta.service[95758]: DEBUG oslo_db.sqlalchemy.engines [None req-1ecc3ddc-959b-488d-b39c-2d96d4034b3d None None] MySQL server mode set to STRICT_TRANS_TABLES,STRICT_ALL_TABLES,NO_ZERO_IN_DATE,NO_ZERO_DATE,ERROR_FOR_DIVISION_BY_ZERO,TRADITIONAL,NO_ENGINE_SUBSTITUTION {{(pid=95758) _check_effective_sql_mode /opt/stack/data/venv/lib/python3.12/site-packages/oslo_db/sqlalchemy/engines.py:325}}
Jun 25 14:38:21.528228 np0000003611 devstack@n-api-meta.service[95761]: INFO nova.utils [None req-6745db27-7b22-45c4-87ce-b31257174df6 None None] The cell worker thread pool MainProcess.cell_worker is initialized
Jun 25 14:38:21.530585 np0000003611 devstack@n-api-meta.service[95761]: DEBUG oslo_concurrency.lockutils [None req-6745db27-7b22-45c4-87ce-b31257174df6 None None] Acquiring lock "00000000-0000-0000-0000-000000000000" by "nova.context.set_target_cell..get_or_set_cached_cell_and_set_connections" {{(pid=95761) inner /opt/stack/data/venv/lib/python3.12/site-packages/oslo_concurrency/lockutils.py:511}}
Jun 25 14:38:21.530912 np0000003611 devstack@n-api-meta.service[95761]: DEBUG oslo_concurrency.lockutils [None req-6745db27-7b22-45c4-87ce-b31257174df6 None None] Lock "00000000-0000-0000-0000-000000000000" acquired by "nova.context.set_target_cell..get_or_set_cached_cell_and_set_connections" :: waited 0.000s {{(pid=95761) inner /opt/stack/data/venv/lib/python3.12/site-packages/oslo_concurrency/lockutils.py:524}}
Jun 25 14:38:21.531982 np0000003611 devstack@n-api-meta.service[95761]: DEBUG oslo_concurrency.lockutils [None req-6745db27-7b22-45c4-87ce-b31257174df6 None None] Lock "00000000-0000-0000-0000-000000000000" "released" by "nova.context.set_target_cell..get_or_set_cached_cell_and_set_connections" :: held 0.000s {{(pid=95761) inner /opt/stack/data/venv/lib/python3.12/site-packages/oslo_concurrency/lockutils.py:543}}
Jun 25 14:38:21.532201 np0000003611 devstack@n-api-meta.service[95761]: DEBUG oslo_concurrency.lockutils [None req-6745db27-7b22-45c4-87ce-b31257174df6 None None] Acquiring lock "b7cde9ad-09f0-41c8-88a1-c58e095d4f13" by "nova.context.set_target_cell..get_or_set_cached_cell_and_set_connections" {{(pid=95761) inner /opt/stack/data/venv/lib/python3.12/site-packages/oslo_concurrency/lockutils.py:511}}
Jun 25 14:38:21.532391 np0000003611 devstack@n-api-meta.service[95761]: DEBUG oslo_concurrency.lockutils [None req-6745db27-7b22-45c4-87ce-b31257174df6 None None] Lock "b7cde9ad-09f0-41c8-88a1-c58e095d4f13" acquired by "nova.context.set_target_cell..get_or_set_cached_cell_and_set_connections" :: waited 0.000s {{(pid=95761) inner /opt/stack/data/venv/lib/python3.12/site-packages/oslo_concurrency/lockutils.py:524}}
Jun 25 14:38:21.533485 np0000003611 devstack@n-api-meta.service[95761]: DEBUG oslo_concurrency.lockutils [None req-6745db27-7b22-45c4-87ce-b31257174df6 None None] Lock "b7cde9ad-09f0-41c8-88a1-c58e095d4f13" "released" by "nova.context.set_target_cell..get_or_set_cached_cell_and_set_connections" :: held 0.001s {{(pid=95761) inner /opt/stack/data/venv/lib/python3.12/site-packages/oslo_concurrency/lockutils.py:543}}
Jun 25 14:38:21.534371 np0000003611 devstack@n-api-meta.service[95758]: DEBUG dbcounter [-] [95758] Writer thread running {{(pid=95758) stat_writer /opt/stack/data/venv/lib/python3.12/site-packages/dbcounter.py:102}}
Jun 25 14:38:21.535913 np0000003611 devstack@n-api-meta.service[95761]: INFO dbcounter [None req-6745db27-7b22-45c4-87ce-b31257174df6 None None] Registered counter for database nova_cell0
Jun 25 14:38:21.540148 np0000003611 devstack@n-api-meta.service[95758]: INFO dbcounter [None req-1ecc3ddc-959b-488d-b39c-2d96d4034b3d None None] Registered counter for database nova_cell0
Jun 25 14:38:21.540265 np0000003611 devstack@n-api-meta.service[95761]: INFO dbcounter [None req-6745db27-7b22-45c4-87ce-b31257174df6 None None] Registered counter for database nova_cell1
Jun 25 14:38:21.568136 np0000003611 devstack@n-api-meta.service[95759]: DEBUG oslo_db.sqlalchemy.engines [None req-d6764f58-7e09-4a7a-9f1e-f565200a6fab None None] MySQL server mode set to STRICT_TRANS_TABLES,STRICT_ALL_TABLES,NO_ZERO_IN_DATE,NO_ZERO_DATE,ERROR_FOR_DIVISION_BY_ZERO,TRADITIONAL,NO_ENGINE_SUBSTITUTION {{(pid=95759) _check_effective_sql_mode /opt/stack/data/venv/lib/python3.12/site-packages/oslo_db/sqlalchemy/engines.py:325}}
Jun 25 14:38:21.570691 np0000003611 devstack@n-api-meta.service[95759]: DEBUG oslo_db.sqlalchemy.engines [None req-d6764f58-7e09-4a7a-9f1e-f565200a6fab None None] MySQL server mode set to STRICT_TRANS_TABLES,STRICT_ALL_TABLES,NO_ZERO_IN_DATE,NO_ZERO_DATE,ERROR_FOR_DIVISION_BY_ZERO,TRADITIONAL,NO_ENGINE_SUBSTITUTION {{(pid=95759) _check_effective_sql_mode /opt/stack/data/venv/lib/python3.12/site-packages/oslo_db/sqlalchemy/engines.py:325}}
Jun 25 14:38:21.578212 np0000003611 devstack@n-api-meta.service[95758]: DEBUG oslo_db.sqlalchemy.engines [None req-1ecc3ddc-959b-488d-b39c-2d96d4034b3d None None] MySQL server mode set to STRICT_TRANS_TABLES,STRICT_ALL_TABLES,NO_ZERO_IN_DATE,NO_ZERO_DATE,ERROR_FOR_DIVISION_BY_ZERO,TRADITIONAL,NO_ENGINE_SUBSTITUTION {{(pid=95758) _check_effective_sql_mode /opt/stack/data/venv/lib/python3.12/site-packages/oslo_db/sqlalchemy/engines.py:325}}
Jun 25 14:38:21.584297 np0000003611 devstack@n-api-meta.service[95758]: DEBUG dbcounter [-] [95758] Writer thread running {{(pid=95758) stat_writer /opt/stack/data/venv/lib/python3.12/site-packages/dbcounter.py:102}}
Jun 25 14:38:21.588228 np0000003611 devstack@n-api-meta.service[95760]: DEBUG dbcounter [-] [95760] Writer thread running {{(pid=95760) stat_writer /opt/stack/data/venv/lib/python3.12/site-packages/dbcounter.py:102}}
Jun 25 14:38:21.593541 np0000003611 devstack@n-api-meta.service[95760]: DEBUG oslo_db.sqlalchemy.engines [None req-d10212a3-ddd1-40f8-a1bd-140557031c7d None None] MySQL server mode set to STRICT_TRANS_TABLES,STRICT_ALL_TABLES,NO_ZERO_IN_DATE,NO_ZERO_DATE,ERROR_FOR_DIVISION_BY_ZERO,TRADITIONAL,NO_ENGINE_SUBSTITUTION {{(pid=95760) _check_effective_sql_mode /opt/stack/data/venv/lib/python3.12/site-packages/oslo_db/sqlalchemy/engines.py:325}}
Jun 25 14:38:21.597511 np0000003611 devstack@n-api-meta.service[95761]: DEBUG oslo_db.sqlalchemy.engines [None req-6745db27-7b22-45c4-87ce-b31257174df6 None None] MySQL server mode set to STRICT_TRANS_TABLES,STRICT_ALL_TABLES,NO_ZERO_IN_DATE,NO_ZERO_DATE,ERROR_FOR_DIVISION_BY_ZERO,TRADITIONAL,NO_ENGINE_SUBSTITUTION {{(pid=95761) _check_effective_sql_mode /opt/stack/data/venv/lib/python3.12/site-packages/oslo_db/sqlalchemy/engines.py:325}}
Jun 25 14:38:21.598722 np0000003611 devstack@n-api-meta.service[95760]: DEBUG dbcounter [-] [95760] Writer thread running {{(pid=95760) stat_writer /opt/stack/data/venv/lib/python3.12/site-packages/dbcounter.py:102}}
Jun 25 14:38:21.600677 np0000003611 devstack@n-api-meta.service[95761]: DEBUG oslo_db.sqlalchemy.engines [None req-6745db27-7b22-45c4-87ce-b31257174df6 None None] MySQL server mode set to STRICT_TRANS_TABLES,STRICT_ALL_TABLES,NO_ZERO_IN_DATE,NO_ZERO_DATE,ERROR_FOR_DIVISION_BY_ZERO,TRADITIONAL,NO_ENGINE_SUBSTITUTION {{(pid=95761) _check_effective_sql_mode /opt/stack/data/venv/lib/python3.12/site-packages/oslo_db/sqlalchemy/engines.py:325}}
Jun 25 14:38:21.601565 np0000003611 devstack@n-api-meta.service[95760]: INFO dbcounter [None req-d10212a3-ddd1-40f8-a1bd-140557031c7d None None] Registered counter for database nova_cell0
Jun 25 14:38:21.633342 np0000003611 devstack@n-api-meta.service[95758]: WARNING nova.api.metadata.handler [None req-1ecc3ddc-959b-488d-b39c-2d96d4034b3d None None] metadata_proxy_shared_secret is not configured, the metadata information returned by the proxy cannot be trusted
Jun 25 14:38:21.633802 np0000003611 devstack@n-api-meta.service[95758]: DEBUG nova.api.openstack.wsgi_app [None req-1ecc3ddc-959b-488d-b39c-2d96d4034b3d None None] ******************************************************************************** {{(pid=95758) log_opt_values /opt/stack/data/venv/lib/python3.12/site-packages/oslo_config/cfg.py:3226}}
Jun 25 14:38:21.633937 np0000003611 devstack@n-api-meta.service[95758]: DEBUG nova.api.openstack.wsgi_app [None req-1ecc3ddc-959b-488d-b39c-2d96d4034b3d None None] Configuration options gathered from: {{(pid=95758) log_opt_values /opt/stack/data/venv/lib/python3.12/site-packages/oslo_config/cfg.py:3227}}
Jun 25 14:38:21.634062 np0000003611 devstack@n-api-meta.service[95758]: DEBUG nova.api.openstack.wsgi_app [None req-1ecc3ddc-959b-488d-b39c-2d96d4034b3d None None] command line args: [] {{(pid=95758) log_opt_values /opt/stack/data/venv/lib/python3.12/site-packages/oslo_config/cfg.py:3228}}
Jun 25 14:38:21.634249 np0000003611 devstack@n-api-meta.service[95758]: DEBUG nova.api.openstack.wsgi_app [None req-1ecc3ddc-959b-488d-b39c-2d96d4034b3d None None] config files: ['/etc/nova/api-paste.ini', '/etc/nova/nova.conf'] {{(pid=95758) log_opt_values /opt/stack/data/venv/lib/python3.12/site-packages/oslo_config/cfg.py:3229}}
Jun 25 14:38:21.634360 np0000003611 devstack@n-api-meta.service[95758]: DEBUG nova.api.openstack.wsgi_app [None req-1ecc3ddc-959b-488d-b39c-2d96d4034b3d None None] ================================================================================ {{(pid=95758) log_opt_values /opt/stack/data/venv/lib/python3.12/site-packages/oslo_config/cfg.py:3234}}
Jun 25 14:38:21.634541 np0000003611 devstack@n-api-meta.service[95758]: DEBUG nova.api.openstack.wsgi_app [None req-1ecc3ddc-959b-488d-b39c-2d96d4034b3d None None] allow_resize_to_same_host = True {{(pid=95758) log_opt_values /opt/stack/data/venv/lib/python3.12/site-packages/oslo_config/cfg.py:3242}}
Jun 25 14:38:21.634699 np0000003611 devstack@n-api-meta.service[95758]: DEBUG nova.api.openstack.wsgi_app [None req-1ecc3ddc-959b-488d-b39c-2d96d4034b3d None None] arq_binding_timeout = 300 {{(pid=95758) log_opt_values /opt/stack/data/venv/lib/python3.12/site-packages/oslo_config/cfg.py:3242}}
Jun 25 14:38:21.634839 np0000003611 devstack@n-api-meta.service[95758]: DEBUG nova.api.openstack.wsgi_app [None req-1ecc3ddc-959b-488d-b39c-2d96d4034b3d None None] block_device_allocate_retries = 60 {{(pid=95758) log_opt_values /opt/stack/data/venv/lib/python3.12/site-packages/oslo_config/cfg.py:3242}}
Jun 25 14:38:21.634977 np0000003611 devstack@n-api-meta.service[95758]: DEBUG nova.api.openstack.wsgi_app [None req-1ecc3ddc-959b-488d-b39c-2d96d4034b3d None None] block_device_allocate_retries_interval = 3 {{(pid=95758) log_opt_values /opt/stack/data/venv/lib/python3.12/site-packages/oslo_config/cfg.py:3242}}
Jun 25 14:38:21.635129 np0000003611 devstack@n-api-meta.service[95758]: DEBUG nova.api.openstack.wsgi_app [None req-1ecc3ddc-959b-488d-b39c-2d96d4034b3d None None] cell_worker_thread_pool_size = 5 {{(pid=95758) log_opt_values /opt/stack/data/venv/lib/python3.12/site-packages/oslo_config/cfg.py:3242}}
Jun 25 14:38:21.635283 np0000003611 devstack@n-api-meta.service[95758]: DEBUG nova.api.openstack.wsgi_app [None req-1ecc3ddc-959b-488d-b39c-2d96d4034b3d None None] cert = self.pem {{(pid=95758) log_opt_values /opt/stack/data/venv/lib/python3.12/site-packages/oslo_config/cfg.py:3242}}
Jun 25 14:38:21.635435 np0000003611 devstack@n-api-meta.service[95758]: DEBUG nova.api.openstack.wsgi_app [None req-1ecc3ddc-959b-488d-b39c-2d96d4034b3d None None] compute_driver = libvirt.LibvirtDriver {{(pid=95758) log_opt_values /opt/stack/data/venv/lib/python3.12/site-packages/oslo_config/cfg.py:3242}}
Jun 25 14:38:21.635594 np0000003611 devstack@n-api-meta.service[95758]: DEBUG nova.api.openstack.wsgi_app [None req-1ecc3ddc-959b-488d-b39c-2d96d4034b3d None None] compute_monitors = [] {{(pid=95758) log_opt_values /opt/stack/data/venv/lib/python3.12/site-packages/oslo_config/cfg.py:3242}}
Jun 25 14:38:21.635735 np0000003611 devstack@n-api-meta.service[95758]: DEBUG nova.api.openstack.wsgi_app [None req-1ecc3ddc-959b-488d-b39c-2d96d4034b3d None None] config_dir = [] {{(pid=95758) log_opt_values /opt/stack/data/venv/lib/python3.12/site-packages/oslo_config/cfg.py:3242}}
Jun 25 14:38:21.635878 np0000003611 devstack@n-api-meta.service[95758]: DEBUG nova.api.openstack.wsgi_app [None req-1ecc3ddc-959b-488d-b39c-2d96d4034b3d None None] config_drive_format = iso9660 {{(pid=95758) log_opt_values /opt/stack/data/venv/lib/python3.12/site-packages/oslo_config/cfg.py:3242}}
Jun 25 14:38:21.635991 np0000003611 devstack@n-api-meta.service[95758]: DEBUG nova.api.openstack.wsgi_app [None req-1ecc3ddc-959b-488d-b39c-2d96d4034b3d None None] config_file = ['/etc/nova/api-paste.ini', '/etc/nova/nova.conf'] {{(pid=95758) log_opt_values /opt/stack/data/venv/lib/python3.12/site-packages/oslo_config/cfg.py:3242}}
Jun 25 14:38:21.639122 np0000003611 devstack@n-api-meta.service[95758]: DEBUG nova.api.openstack.wsgi_app [None req-1ecc3ddc-959b-488d-b39c-2d96d4034b3d None None] config_source = [] {{(pid=95758) log_opt_values /opt/stack/data/venv/lib/python3.12/site-packages/oslo_config/cfg.py:3242}}
Jun 25 14:38:21.639122 np0000003611 devstack@n-api-meta.service[95758]: DEBUG nova.api.openstack.wsgi_app [None req-1ecc3ddc-959b-488d-b39c-2d96d4034b3d None None] console_host = np0000003611 {{(pid=95758) log_opt_values /opt/stack/data/venv/lib/python3.12/site-packages/oslo_config/cfg.py:3242}}
Jun 25 14:38:21.639122 np0000003611 devstack@n-api-meta.service[95758]: DEBUG nova.api.openstack.wsgi_app [None req-1ecc3ddc-959b-488d-b39c-2d96d4034b3d None None] control_exchange = nova {{(pid=95758) log_opt_values /opt/stack/data/venv/lib/python3.12/site-packages/oslo_config/cfg.py:3242}}
Jun 25 14:38:21.639122 np0000003611 devstack@n-api-meta.service[95758]: DEBUG nova.api.openstack.wsgi_app [None req-1ecc3ddc-959b-488d-b39c-2d96d4034b3d None None] cpu_allocation_ratio = None {{(pid=95758) log_opt_values /opt/stack/data/venv/lib/python3.12/site-packages/oslo_config/cfg.py:3242}}
Jun 25 14:38:21.639122 np0000003611 devstack@n-api-meta.service[95758]: DEBUG nova.api.openstack.wsgi_app [None req-1ecc3ddc-959b-488d-b39c-2d96d4034b3d None None] daemon = False {{(pid=95758) log_opt_values /opt/stack/data/venv/lib/python3.12/site-packages/oslo_config/cfg.py:3242}}
Jun 25 14:38:21.639122 np0000003611 devstack@n-api-meta.service[95758]: DEBUG nova.api.openstack.wsgi_app [None req-1ecc3ddc-959b-488d-b39c-2d96d4034b3d None None] debug = True {{(pid=95758) log_opt_values /opt/stack/data/venv/lib/python3.12/site-packages/oslo_config/cfg.py:3242}}
Jun 25 14:38:21.639122 np0000003611 devstack@n-api-meta.service[95758]: DEBUG nova.api.openstack.wsgi_app [None req-1ecc3ddc-959b-488d-b39c-2d96d4034b3d None None] default_access_ip_network_name = None {{(pid=95758) log_opt_values /opt/stack/data/venv/lib/python3.12/site-packages/oslo_config/cfg.py:3242}}
Jun 25 14:38:21.639398 np0000003611 devstack@n-api-meta.service[95758]: DEBUG nova.api.openstack.wsgi_app [None req-1ecc3ddc-959b-488d-b39c-2d96d4034b3d None None] default_availability_zone = nova {{(pid=95758) log_opt_values /opt/stack/data/venv/lib/python3.12/site-packages/oslo_config/cfg.py:3242}}
Jun 25 14:38:21.639398 np0000003611 devstack@n-api-meta.service[95758]: DEBUG nova.api.openstack.wsgi_app [None req-1ecc3ddc-959b-488d-b39c-2d96d4034b3d None None] default_ephemeral_format = ext4 {{(pid=95758) log_opt_values /opt/stack/data/venv/lib/python3.12/site-packages/oslo_config/cfg.py:3242}}
Jun 25 14:38:21.639398 np0000003611 devstack@n-api-meta.service[95758]: DEBUG nova.api.openstack.wsgi_app [None req-1ecc3ddc-959b-488d-b39c-2d96d4034b3d None None] default_green_pool_size = 1000 {{(pid=95758) log_opt_values /opt/stack/data/venv/lib/python3.12/site-packages/oslo_config/cfg.py:3242}}
Jun 25 14:38:21.639515 np0000003611 devstack@n-api-meta.service[95760]: DEBUG oslo_db.sqlalchemy.engines [None req-d10212a3-ddd1-40f8-a1bd-140557031c7d None None] MySQL server mode set to STRICT_TRANS_TABLES,STRICT_ALL_TABLES,NO_ZERO_IN_DATE,NO_ZERO_DATE,ERROR_FOR_DIVISION_BY_ZERO,TRADITIONAL,NO_ENGINE_SUBSTITUTION {{(pid=95760) _check_effective_sql_mode /opt/stack/data/venv/lib/python3.12/site-packages/oslo_db/sqlalchemy/engines.py:325}}
Jun 25 14:38:21.639561 np0000003611 devstack@n-api-meta.service[95758]: DEBUG nova.api.openstack.wsgi_app [None req-1ecc3ddc-959b-488d-b39c-2d96d4034b3d None None] default_log_levels = ['amqp=WARN', 'boto=WARN', 'sqlalchemy=WARN', 'suds=INFO', 'oslo.messaging=INFO', 'oslo_messaging=INFO', 'iso8601=WARN', 'requests.packages.urllib3.connectionpool=WARN', 'urllib3.connectionpool=WARN', 'websocket=WARN', 'requests.packages.urllib3.util.retry=WARN', 'urllib3.util.retry=WARN', 'keystonemiddleware=WARN', 'routes.middleware=WARN', 'stevedore=WARN', 'taskflow=WARN', 'keystoneauth=WARN', 'oslo.cache=INFO', 'oslo_policy=INFO', 'dogpile.core.dogpile=INFO', 'glanceclient=WARN', 'oslo.privsep.daemon=INFO'] {{(pid=95758) log_opt_values /opt/stack/data/venv/lib/python3.12/site-packages/oslo_config/cfg.py:3242}}
Jun 25 14:38:21.639561 np0000003611 devstack@n-api-meta.service[95758]: DEBUG nova.api.openstack.wsgi_app [None req-1ecc3ddc-959b-488d-b39c-2d96d4034b3d None None] default_schedule_zone = None {{(pid=95758) log_opt_values /opt/stack/data/venv/lib/python3.12/site-packages/oslo_config/cfg.py:3242}}
Jun 25 14:38:21.639561 np0000003611 devstack@n-api-meta.service[95758]: DEBUG nova.api.openstack.wsgi_app [None req-1ecc3ddc-959b-488d-b39c-2d96d4034b3d None None] default_thread_pool_size = 10 {{(pid=95758) log_opt_values /opt/stack/data/venv/lib/python3.12/site-packages/oslo_config/cfg.py:3242}}
Jun 25 14:38:21.639561 np0000003611 devstack@n-api-meta.service[95758]: DEBUG nova.api.openstack.wsgi_app [None req-1ecc3ddc-959b-488d-b39c-2d96d4034b3d None None] disk_allocation_ratio = None {{(pid=95758) log_opt_values /opt/stack/data/venv/lib/python3.12/site-packages/oslo_config/cfg.py:3242}}
Jun 25 14:38:21.639561 np0000003611 devstack@n-api-meta.service[95758]: DEBUG nova.api.openstack.wsgi_app [None req-1ecc3ddc-959b-488d-b39c-2d96d4034b3d None None] enable_new_services = True {{(pid=95758) log_opt_values /opt/stack/data/venv/lib/python3.12/site-packages/oslo_config/cfg.py:3242}}
Jun 25 14:38:21.639770 np0000003611 devstack@n-api-meta.service[95758]: DEBUG nova.api.openstack.wsgi_app [None req-1ecc3ddc-959b-488d-b39c-2d96d4034b3d None None] flat_injected = False {{(pid=95758) log_opt_values /opt/stack/data/venv/lib/python3.12/site-packages/oslo_config/cfg.py:3242}}
Jun 25 14:38:21.639770 np0000003611 devstack@n-api-meta.service[95758]: DEBUG nova.api.openstack.wsgi_app [None req-1ecc3ddc-959b-488d-b39c-2d96d4034b3d None None] force_config_drive = True {{(pid=95758) log_opt_values /opt/stack/data/venv/lib/python3.12/site-packages/oslo_config/cfg.py:3242}}
Jun 25 14:38:21.639770 np0000003611 devstack@n-api-meta.service[95758]: DEBUG nova.api.openstack.wsgi_app [None req-1ecc3ddc-959b-488d-b39c-2d96d4034b3d None None] force_raw_images = True {{(pid=95758) log_opt_values /opt/stack/data/venv/lib/python3.12/site-packages/oslo_config/cfg.py:3242}}
Jun 25 14:38:21.639770 np0000003611 devstack@n-api-meta.service[95758]: DEBUG nova.api.openstack.wsgi_app [None req-1ecc3ddc-959b-488d-b39c-2d96d4034b3d None None] graceful_shutdown_timeout = 5 {{(pid=95758) log_opt_values /opt/stack/data/venv/lib/python3.12/site-packages/oslo_config/cfg.py:3242}}
Jun 25 14:38:21.639770 np0000003611 devstack@n-api-meta.service[95758]: DEBUG nova.api.openstack.wsgi_app [None req-1ecc3ddc-959b-488d-b39c-2d96d4034b3d None None] heal_instance_info_cache_interval = -1 {{(pid=95758) log_opt_values /opt/stack/data/venv/lib/python3.12/site-packages/oslo_config/cfg.py:3242}}
Jun 25 14:38:21.639770 np0000003611 devstack@n-api-meta.service[95758]: DEBUG nova.api.openstack.wsgi_app [None req-1ecc3ddc-959b-488d-b39c-2d96d4034b3d None None] host = np0000003611 {{(pid=95758) log_opt_values /opt/stack/data/venv/lib/python3.12/site-packages/oslo_config/cfg.py:3242}}
Jun 25 14:38:21.639770 np0000003611 devstack@n-api-meta.service[95758]: DEBUG nova.api.openstack.wsgi_app [None req-1ecc3ddc-959b-488d-b39c-2d96d4034b3d None None] initial_cpu_allocation_ratio = 4.0 {{(pid=95758) log_opt_values /opt/stack/data/venv/lib/python3.12/site-packages/oslo_config/cfg.py:3242}}
Jun 25 14:38:21.640004 np0000003611 devstack@n-api-meta.service[95758]: DEBUG nova.api.openstack.wsgi_app [None req-1ecc3ddc-959b-488d-b39c-2d96d4034b3d None None] initial_disk_allocation_ratio = 1.0 {{(pid=95758) log_opt_values /opt/stack/data/venv/lib/python3.12/site-packages/oslo_config/cfg.py:3242}}
Jun 25 14:38:21.640004 np0000003611 devstack@n-api-meta.service[95758]: DEBUG nova.api.openstack.wsgi_app [None req-1ecc3ddc-959b-488d-b39c-2d96d4034b3d None None] initial_ram_allocation_ratio = 1.0 {{(pid=95758) log_opt_values /opt/stack/data/venv/lib/python3.12/site-packages/oslo_config/cfg.py:3242}}
Jun 25 14:38:21.640004 np0000003611 devstack@n-api-meta.service[95758]: DEBUG nova.api.openstack.wsgi_app [None req-1ecc3ddc-959b-488d-b39c-2d96d4034b3d None None] injected_network_template = /opt/stack/nova/nova/virt/interfaces.template {{(pid=95758) log_opt_values /opt/stack/data/venv/lib/python3.12/site-packages/oslo_config/cfg.py:3242}}
Jun 25 14:38:21.640004 np0000003611 devstack@n-api-meta.service[95758]: DEBUG nova.api.openstack.wsgi_app [None req-1ecc3ddc-959b-488d-b39c-2d96d4034b3d None None] instance_build_timeout = 0 {{(pid=95758) log_opt_values /opt/stack/data/venv/lib/python3.12/site-packages/oslo_config/cfg.py:3242}}
Jun 25 14:38:21.640004 np0000003611 devstack@n-api-meta.service[95758]: DEBUG nova.api.openstack.wsgi_app [None req-1ecc3ddc-959b-488d-b39c-2d96d4034b3d None None] instance_delete_interval = 300 {{(pid=95758) log_opt_values /opt/stack/data/venv/lib/python3.12/site-packages/oslo_config/cfg.py:3242}}
Jun 25 14:38:21.640198 np0000003611 devstack@n-api-meta.service[95758]: DEBUG nova.api.openstack.wsgi_app [None req-1ecc3ddc-959b-488d-b39c-2d96d4034b3d None None] instance_format = [instance: %(uuid)s] {{(pid=95758) log_opt_values /opt/stack/data/venv/lib/python3.12/site-packages/oslo_config/cfg.py:3242}}
Jun 25 14:38:21.640266 np0000003611 devstack@n-api-meta.service[95758]: DEBUG nova.api.openstack.wsgi_app [None req-1ecc3ddc-959b-488d-b39c-2d96d4034b3d None None] instance_name_template = instance-%08x {{(pid=95758) log_opt_values /opt/stack/data/venv/lib/python3.12/site-packages/oslo_config/cfg.py:3242}}
Jun 25 14:38:21.640405 np0000003611 devstack@n-api-meta.service[95758]: DEBUG nova.api.openstack.wsgi_app [None req-1ecc3ddc-959b-488d-b39c-2d96d4034b3d None None] instance_usage_audit = False {{(pid=95758) log_opt_values /opt/stack/data/venv/lib/python3.12/site-packages/oslo_config/cfg.py:3242}}
Jun 25 14:38:21.640549 np0000003611 devstack@n-api-meta.service[95758]: DEBUG nova.api.openstack.wsgi_app [None req-1ecc3ddc-959b-488d-b39c-2d96d4034b3d None None] instance_usage_audit_period = month {{(pid=95758) log_opt_values /opt/stack/data/venv/lib/python3.12/site-packages/oslo_config/cfg.py:3242}}
Jun 25 14:38:21.640705 np0000003611 devstack@n-api-meta.service[95758]: DEBUG nova.api.openstack.wsgi_app [None req-1ecc3ddc-959b-488d-b39c-2d96d4034b3d None None] instance_uuid_format = [instance: %(uuid)s] {{(pid=95758) log_opt_values /opt/stack/data/venv/lib/python3.12/site-packages/oslo_config/cfg.py:3242}}
Jun 25 14:38:21.640845 np0000003611 devstack@n-api-meta.service[95758]: DEBUG nova.api.openstack.wsgi_app [None req-1ecc3ddc-959b-488d-b39c-2d96d4034b3d None None] instances_path = /opt/stack/data/nova/instances {{(pid=95758) log_opt_values /opt/stack/data/venv/lib/python3.12/site-packages/oslo_config/cfg.py:3242}}
Jun 25 14:38:21.640989 np0000003611 devstack@n-api-meta.service[95758]: DEBUG nova.api.openstack.wsgi_app [None req-1ecc3ddc-959b-488d-b39c-2d96d4034b3d None None] internal_service_availability_zone = internal {{(pid=95758) log_opt_values /opt/stack/data/venv/lib/python3.12/site-packages/oslo_config/cfg.py:3242}}
Jun 25 14:38:21.641138 np0000003611 devstack@n-api-meta.service[95758]: DEBUG nova.api.openstack.wsgi_app [None req-1ecc3ddc-959b-488d-b39c-2d96d4034b3d None None] key = None {{(pid=95758) log_opt_values /opt/stack/data/venv/lib/python3.12/site-packages/oslo_config/cfg.py:3242}}
Jun 25 14:38:21.641287 np0000003611 devstack@n-api-meta.service[95758]: DEBUG nova.api.openstack.wsgi_app [None req-1ecc3ddc-959b-488d-b39c-2d96d4034b3d None None] live_migration_retry_count = 30 {{(pid=95758) log_opt_values /opt/stack/data/venv/lib/python3.12/site-packages/oslo_config/cfg.py:3242}}
Jun 25 14:38:21.641436 np0000003611 devstack@n-api-meta.service[95758]: DEBUG nova.api.openstack.wsgi_app [None req-1ecc3ddc-959b-488d-b39c-2d96d4034b3d None None] log_color = False {{(pid=95758) log_opt_values /opt/stack/data/venv/lib/python3.12/site-packages/oslo_config/cfg.py:3242}}
Jun 25 14:38:21.641585 np0000003611 devstack@n-api-meta.service[95758]: DEBUG nova.api.openstack.wsgi_app [None req-1ecc3ddc-959b-488d-b39c-2d96d4034b3d None None] log_config_append = None {{(pid=95758) log_opt_values /opt/stack/data/venv/lib/python3.12/site-packages/oslo_config/cfg.py:3242}}
Jun 25 14:38:21.641731 np0000003611 devstack@n-api-meta.service[95758]: DEBUG nova.api.openstack.wsgi_app [None req-1ecc3ddc-959b-488d-b39c-2d96d4034b3d None None] log_date_format = %Y-%m-%d %H:%M:%S {{(pid=95758) log_opt_values /opt/stack/data/venv/lib/python3.12/site-packages/oslo_config/cfg.py:3242}}
Jun 25 14:38:21.641970 np0000003611 devstack@n-api-meta.service[95758]: DEBUG nova.api.openstack.wsgi_app [None req-1ecc3ddc-959b-488d-b39c-2d96d4034b3d None None] log_dir = None {{(pid=95758) log_opt_values /opt/stack/data/venv/lib/python3.12/site-packages/oslo_config/cfg.py:3242}}
Jun 25 14:38:21.642125 np0000003611 devstack@n-api-meta.service[95758]: DEBUG nova.api.openstack.wsgi_app [None req-1ecc3ddc-959b-488d-b39c-2d96d4034b3d None None] log_file = None {{(pid=95758) log_opt_values /opt/stack/data/venv/lib/python3.12/site-packages/oslo_config/cfg.py:3242}}
Jun 25 14:38:21.642252 np0000003611 devstack@n-api-meta.service[95758]: DEBUG nova.api.openstack.wsgi_app [None req-1ecc3ddc-959b-488d-b39c-2d96d4034b3d None None] log_options = True {{(pid=95758) log_opt_values /opt/stack/data/venv/lib/python3.12/site-packages/oslo_config/cfg.py:3242}}
Jun 25 14:38:21.642390 np0000003611 devstack@n-api-meta.service[95758]: DEBUG nova.api.openstack.wsgi_app [None req-1ecc3ddc-959b-488d-b39c-2d96d4034b3d None None] log_rotate_interval = 1 {{(pid=95758) log_opt_values /opt/stack/data/venv/lib/python3.12/site-packages/oslo_config/cfg.py:3242}}
Jun 25 14:38:21.642531 np0000003611 devstack@n-api-meta.service[95758]: DEBUG nova.api.openstack.wsgi_app [None req-1ecc3ddc-959b-488d-b39c-2d96d4034b3d None None] log_rotate_interval_type = days {{(pid=95758) log_opt_values /opt/stack/data/venv/lib/python3.12/site-packages/oslo_config/cfg.py:3242}}
Jun 25 14:38:21.642684 np0000003611 devstack@n-api-meta.service[95758]: DEBUG nova.api.openstack.wsgi_app [None req-1ecc3ddc-959b-488d-b39c-2d96d4034b3d None None] log_rotation_type = none {{(pid=95758) log_opt_values /opt/stack/data/venv/lib/python3.12/site-packages/oslo_config/cfg.py:3242}}
Jun 25 14:38:21.642796 np0000003611 devstack@n-api-meta.service[95758]: DEBUG nova.api.openstack.wsgi_app [None req-1ecc3ddc-959b-488d-b39c-2d96d4034b3d None None] logging_context_format_string = %(color)s%(levelname)s %(name)s [%(global_request_id)s %(request_id)s %(project_name)s %(user_name)s%(color)s] %(instance)s%(color)s%(message)s {{(pid=95758) log_opt_values /opt/stack/data/venv/lib/python3.12/site-packages/oslo_config/cfg.py:3242}}
Jun 25 14:38:21.642903 np0000003611 devstack@n-api-meta.service[95758]: DEBUG nova.api.openstack.wsgi_app [None req-1ecc3ddc-959b-488d-b39c-2d96d4034b3d None None] logging_debug_format_suffix = {{(pid=%(process)d) %(funcName)s %(pathname)s:%(lineno)d}} {{(pid=95758) log_opt_values /opt/stack/data/venv/lib/python3.12/site-packages/oslo_config/cfg.py:3242}}
Jun 25 14:38:21.643045 np0000003611 devstack@n-api-meta.service[95758]: DEBUG nova.api.openstack.wsgi_app [None req-1ecc3ddc-959b-488d-b39c-2d96d4034b3d None None] logging_default_format_string = %(color)s%(levelname)s %(name)s [-%(color)s] %(instance)s%(color)s%(message)s {{(pid=95758) log_opt_values /opt/stack/data/venv/lib/python3.12/site-packages/oslo_config/cfg.py:3242}}
Jun 25 14:38:21.643204 np0000003611 devstack@n-api-meta.service[95758]: DEBUG nova.api.openstack.wsgi_app [None req-1ecc3ddc-959b-488d-b39c-2d96d4034b3d None None] logging_exception_prefix = ERROR %(name)s %(instance)s {{(pid=95758) log_opt_values /opt/stack/data/venv/lib/python3.12/site-packages/oslo_config/cfg.py:3242}}
Jun 25 14:38:21.643314 np0000003611 devstack@n-api-meta.service[95758]: DEBUG nova.api.openstack.wsgi_app [None req-1ecc3ddc-959b-488d-b39c-2d96d4034b3d None None] logging_user_identity_format = %(user)s %(project)s %(domain)s %(system_scope)s %(user_domain)s %(project_domain)s {{(pid=95758) log_opt_values /opt/stack/data/venv/lib/python3.12/site-packages/oslo_config/cfg.py:3242}}
Jun 25 14:38:21.643473 np0000003611 devstack@n-api-meta.service[95758]: DEBUG nova.api.openstack.wsgi_app [None req-1ecc3ddc-959b-488d-b39c-2d96d4034b3d None None] long_rpc_timeout = 1800 {{(pid=95758) log_opt_values /opt/stack/data/venv/lib/python3.12/site-packages/oslo_config/cfg.py:3242}}
Jun 25 14:38:21.643587 np0000003611 devstack@n-api-meta.service[95758]: DEBUG nova.api.openstack.wsgi_app [None req-1ecc3ddc-959b-488d-b39c-2d96d4034b3d None None] manager_shutdown_timeout = 160 {{(pid=95758) log_opt_values /opt/stack/data/venv/lib/python3.12/site-packages/oslo_config/cfg.py:3242}}
Jun 25 14:38:21.643638 np0000003611 devstack@n-api-meta.service[95760]: DEBUG dbcounter [-] [95760] Writer thread running {{(pid=95760) stat_writer /opt/stack/data/venv/lib/python3.12/site-packages/dbcounter.py:102}}
Jun 25 14:38:21.643722 np0000003611 devstack@n-api-meta.service[95758]: DEBUG nova.api.openstack.wsgi_app [None req-1ecc3ddc-959b-488d-b39c-2d96d4034b3d None None] max_concurrent_builds = 10 {{(pid=95758) log_opt_values /opt/stack/data/venv/lib/python3.12/site-packages/oslo_config/cfg.py:3242}}
Jun 25 14:38:21.643858 np0000003611 devstack@n-api-meta.service[95758]: DEBUG nova.api.openstack.wsgi_app [None req-1ecc3ddc-959b-488d-b39c-2d96d4034b3d None None] max_concurrent_live_migrations = 1 {{(pid=95758) log_opt_values /opt/stack/data/venv/lib/python3.12/site-packages/oslo_config/cfg.py:3242}}
Jun 25 14:38:21.643989 np0000003611 devstack@n-api-meta.service[95758]: DEBUG nova.api.openstack.wsgi_app [None req-1ecc3ddc-959b-488d-b39c-2d96d4034b3d None None] max_concurrent_snapshots = 5 {{(pid=95758) log_opt_values /opt/stack/data/venv/lib/python3.12/site-packages/oslo_config/cfg.py:3242}}
