Aug 18 09:30:14.372336 np0000007628 devstack@g-api.service[99836]: DEBUG glance.api.middleware.version_negotiation [None req-f0a87436-9f06-4c93-a8f5-a323bfc1d752 tempest-TestImageHashVerification-283898758 tempest-TestImageHashVerification-283898758-project-member] Using url versioning {{(pid=99836) process_request /opt/stack/glance/glance/api/middleware/version_negotiation.py:57}}
Aug 18 09:30:14.372452 np0000007628 devstack@g-api.service[99836]: DEBUG glance.api.middleware.version_negotiation [None req-f0a87436-9f06-4c93-a8f5-a323bfc1d752 tempest-TestImageHashVerification-283898758 tempest-TestImageHashVerification-283898758-project-member] Matched version: v2 {{(pid=99836) process_request /opt/stack/glance/glance/api/middleware/version_negotiation.py:69}}
Aug 18 09:30:14.372533 np0000007628 devstack@g-api.service[99836]: DEBUG glance.api.middleware.version_negotiation [None req-f0a87436-9f06-4c93-a8f5-a323bfc1d752 tempest-TestImageHashVerification-283898758 tempest-TestImageHashVerification-283898758-project-member] new path /v2/images/97cdc3ee-b42a-4bed-9584-368a9df345e9 {{(pid=99836) process_request /opt/stack/glance/glance/api/middleware/version_negotiation.py:70}}
Aug 18 09:30:14.381408 np0000007628 devstack@g-api.service[99836]: [pid: 99836|app: 0|req: 98/292] 127.0.0.1 () {40 vars in 838 bytes} [Tue Aug 18 09:30:14 2026] GET /v2/images/97cdc3ee-b42a-4bed-9584-368a9df345e9 => generated 649 bytes in 9 msecs (HTTP/1.1 200) 4 headers in 157 bytes (1 switches on core 0)
Aug 18 09:30:14.660985 np0000007628 devstack@g-api.service[99835]: DEBUG glance.api.middleware.version_negotiation [None req-f0a87436-9f06-4c93-a8f5-a323bfc1d752 tempest-TestImageHashVerification-283898758 tempest-TestImageHashVerification-283898758-project-member] Determining version of request: PUT /v2/images/97cdc3ee-b42a-4bed-9584-368a9df345e9/file Accept: */* {{(pid=99835) process_request /opt/stack/glance/glance/api/middleware/version_negotiation.py:44}}
Aug 18 09:30:14.660985 np0000007628 devstack@g-api.service[99835]: DEBUG glance.api.middleware.version_negotiation [None req-f0a87436-9f06-4c93-a8f5-a323bfc1d752 tempest-TestImageHashVerification-283898758 tempest-TestImageHashVerification-283898758-project-member] Using url versioning {{(pid=99835) process_request /opt/stack/glance/glance/api/middleware/version_negotiation.py:57}}
Aug 18 09:30:14.660985 np0000007628 devstack@g-api.service[99835]: DEBUG glance.api.middleware.version_negotiation [None req-f0a87436-9f06-4c93-a8f5-a323bfc1d752 tempest-TestImageHashVerification-283898758 tempest-TestImageHashVerification-283898758-project-member] Matched version: v2 {{(pid=99835) process_request /opt/stack/glance/glance/api/middleware/version_negotiation.py:69}}
Aug 18 09:30:14.660985 np0000007628 devstack@g-api.service[99835]: DEBUG glance.api.middleware.version_negotiation [None req-f0a87436-9f06-4c93-a8f5-a323bfc1d752 tempest-TestImageHashVerification-283898758 tempest-TestImageHashVerification-283898758-project-member] new path /v2/images/97cdc3ee-b42a-4bed-9584-368a9df345e9/file {{(pid=99835) process_request /opt/stack/glance/glance/api/middleware/version_negotiation.py:70}}
Aug 18 09:30:15.207294 np0000007628 devstack@g-api.service[99835]: INFO glance.api.v2.image_data [None req-f0a87436-9f06-4c93-a8f5-a323bfc1d752 tempest-TestImageHashVerification-283898758 tempest-TestImageHashVerification-283898758-project-member] Unable to create trust: no such option collect_timing in group [keystone_authtoken] Use the existing user token.
Aug 18 09:30:15.392561 np0000007628 devstack@g-api.service[99834]: DEBUG glance.api.middleware.version_negotiation [None req-f0a87436-9f06-4c93-a8f5-a323bfc1d752 tempest-TestImageHashVerification-283898758 tempest-TestImageHashVerification-283898758-project-member] Determining version of request: GET /v2/images/97cdc3ee-b42a-4bed-9584-368a9df345e9 Accept: application/json {{(pid=99834) process_request /opt/stack/glance/glance/api/middleware/version_negotiation.py:44}}
Aug 18 09:30:15.393026 np0000007628 devstack@g-api.service[99834]: DEBUG glance.api.middleware.version_negotiation [None req-f0a87436-9f06-4c93-a8f5-a323bfc1d752 tempest-TestImageHashVerification-283898758 tempest-TestImageHashVerification-283898758-project-member] Using url versioning {{(pid=99834) process_request /opt/stack/glance/glance/api/middleware/version_negotiation.py:57}}
Aug 18 09:30:15.393026 np0000007628 devstack@g-api.service[99834]: DEBUG glance.api.middleware.version_negotiation [None req-f0a87436-9f06-4c93-a8f5-a323bfc1d752 tempest-TestImageHashVerification-283898758 tempest-TestImageHashVerification-283898758-project-member] Matched version: v2 {{(pid=99834) process_request /opt/stack/glance/glance/api/middleware/version_negotiation.py:69}}
Aug 18 09:30:15.393340 np0000007628 devstack@g-api.service[99834]: DEBUG glance.api.middleware.version_negotiation [None req-f0a87436-9f06-4c93-a8f5-a323bfc1d752 tempest-TestImageHashVerification-283898758 tempest-TestImageHashVerification-283898758-project-member] new path /v2/images/97cdc3ee-b42a-4bed-9584-368a9df345e9 {{(pid=99834) process_request /opt/stack/glance/glance/api/middleware/version_negotiation.py:70}}
Aug 18 09:30:15.403730 np0000007628 devstack@g-api.service[99834]: [pid: 99834|app: 0|req: 102/293] 127.0.0.1 () {40 vars in 838 bytes} [Tue Aug 18 09:30:15 2026] GET /v2/images/97cdc3ee-b42a-4bed-9584-368a9df345e9 => generated 649 bytes in 11 msecs (HTTP/1.1 200) 4 headers in 157 bytes (1 switches on core 0)
Aug 18 09:30:15.706911 np0000007628 devstack@g-api.service[99835]: DEBUG glance.location [None req-f0a87436-9f06-4c93-a8f5-a323bfc1d752 tempest-TestImageHashVerification-283898758 tempest-TestImageHashVerification-283898758-project-member] Enabling in-flight format inspection for raw {{(pid=99835) set_data /opt/stack/glance/glance/location.py:596}}
Aug 18 09:30:15.707316 np0000007628 devstack@g-api.service[99835]: DEBUG glance_store.backend [None req-f0a87436-9f06-4c93-a8f5-a323bfc1d752 tempest-TestImageHashVerification-283898758 tempest-TestImageHashVerification-283898758-project-member] Attempting to import store swift {{(pid=99835) _load_store /opt/stack/data/venv/lib/python3.12/site-packages/glance_store/backend.py:215}}
Aug 18 09:30:15.708842 np0000007628 devstack@g-api.service[99835]: DEBUG glance_store.capabilities [None req-f0a87436-9f06-4c93-a8f5-a323bfc1d752 tempest-TestImageHashVerification-283898758 tempest-TestImageHashVerification-283898758-project-member] Store glance_store._drivers.swift.store.SingleTenantStore doesn't support updating dynamic storage capabilities. Please overwrite 'update_capabilities' method of the store to implement updating logics if needed. {{(pid=99835) update_capabilities /opt/stack/data/venv/lib/python3.12/site-packages/glance_store/capabilities.py:91}}
Aug 18 09:30:15.708842 np0000007628 devstack@g-api.service[99835]: DEBUG glance_store.driver [None req-f0a87436-9f06-4c93-a8f5-a323bfc1d752 tempest-TestImageHashVerification-283898758 tempest-TestImageHashVerification-283898758-project-member] Late loading location class glance_store._drivers.swift.store.StoreLocation {{(pid=99835) get_store_location_class /opt/stack/data/venv/lib/python3.12/site-packages/glance_store/driver.py:134}}
Aug 18 09:30:15.708842 np0000007628 devstack@g-api.service[99835]: DEBUG glance_store.location [None req-f0a87436-9f06-4c93-a8f5-a323bfc1d752 tempest-TestImageHashVerification-283898758 tempest-TestImageHashVerification-283898758-project-member] Registering scheme swift+https with {'store': , 'location_class': , 'store_entry': 'swift'} {{(pid=99835) register_scheme_map /opt/stack/data/venv/lib/python3.12/site-packages/glance_store/location.py:146}}
Aug 18 09:30:15.709096 np0000007628 devstack@g-api.service[99835]: DEBUG glance_store.location [None req-f0a87436-9f06-4c93-a8f5-a323bfc1d752 tempest-TestImageHashVerification-283898758 tempest-TestImageHashVerification-283898758-project-member] Registering scheme swift+https with {'store': , 'location_class': , 'store_entry': 'swift'} {{(pid=99835) register_scheme_map /opt/stack/data/venv/lib/python3.12/site-packages/glance_store/location.py:146}}
Aug 18 09:30:15.709096 np0000007628 devstack@g-api.service[99835]: DEBUG glance_store.location [None req-f0a87436-9f06-4c93-a8f5-a323bfc1d752 tempest-TestImageHashVerification-283898758 tempest-TestImageHashVerification-283898758-project-member] Registering scheme swift with {'store': , 'location_class': , 'store_entry': 'swift'} {{(pid=99835) register_scheme_map /opt/stack/data/venv/lib/python3.12/site-packages/glance_store/location.py:146}}
Aug 18 09:30:15.709096 np0000007628 devstack@g-api.service[99835]: DEBUG glance_store.location [None req-f0a87436-9f06-4c93-a8f5-a323bfc1d752 tempest-TestImageHashVerification-283898758 tempest-TestImageHashVerification-283898758-project-member] Registering scheme swift+https with {'store': , 'location_class': , 'store_entry': 'swift'} {{(pid=99835) register_scheme_map /opt/stack/data/venv/lib/python3.12/site-packages/glance_store/location.py:146}}
Aug 18 09:30:15.709275 np0000007628 devstack@g-api.service[99835]: DEBUG glance_store.location [None req-f0a87436-9f06-4c93-a8f5-a323bfc1d752 tempest-TestImageHashVerification-283898758 tempest-TestImageHashVerification-283898758-project-member] Registering scheme swift with {'store': , 'location_class': , 'store_entry': 'swift'} {{(pid=99835) register_scheme_map /opt/stack/data/venv/lib/python3.12/site-packages/glance_store/location.py:146}}
Aug 18 09:30:15.709275 np0000007628 devstack@g-api.service[99835]: DEBUG glance_store.location [None req-f0a87436-9f06-4c93-a8f5-a323bfc1d752 tempest-TestImageHashVerification-283898758 tempest-TestImageHashVerification-283898758-project-member] Registering scheme swift+http with {'store': , 'location_class': , 'store_entry': 'swift'} {{(pid=99835) register_scheme_map /opt/stack/data/venv/lib/python3.12/site-packages/glance_store/location.py:146}}
Aug 18 09:30:15.709392 np0000007628 devstack@g-api.service[99835]: DEBUG glance_store.location [None req-f0a87436-9f06-4c93-a8f5-a323bfc1d752 tempest-TestImageHashVerification-283898758 tempest-TestImageHashVerification-283898758-project-member] Registering scheme swift+https with {'store': , 'location_class': , 'store_entry': 'swift'} {{(pid=99835) register_scheme_map /opt/stack/data/venv/lib/python3.12/site-packages/glance_store/location.py:146}}
Aug 18 09:30:15.709392 np0000007628 devstack@g-api.service[99835]: DEBUG glance_store.location [None req-f0a87436-9f06-4c93-a8f5-a323bfc1d752 tempest-TestImageHashVerification-283898758 tempest-TestImageHashVerification-283898758-project-member] Registering scheme swift with {'store': , 'location_class': , 'store_entry': 'swift'} {{(pid=99835) register_scheme_map /opt/stack/data/venv/lib/python3.12/site-packages/glance_store/location.py:146}}
Aug 18 09:30:15.709483 np0000007628 devstack@g-api.service[99835]: DEBUG glance_store.location [None req-f0a87436-9f06-4c93-a8f5-a323bfc1d752 tempest-TestImageHashVerification-283898758 tempest-TestImageHashVerification-283898758-project-member] Registering scheme swift+http with {'store': , 'location_class': , 'store_entry': 'swift'} {{(pid=99835) register_scheme_map /opt/stack/data/venv/lib/python3.12/site-packages/glance_store/location.py:146}}
Aug 18 09:30:15.709542 np0000007628 devstack@g-api.service[99835]: DEBUG glance_store.location [None req-f0a87436-9f06-4c93-a8f5-a323bfc1d752 tempest-TestImageHashVerification-283898758 tempest-TestImageHashVerification-283898758-project-member] Registering scheme swift+config with {'store': , 'location_class': , 'store_entry': 'swift'} {{(pid=99835) register_scheme_map /opt/stack/data/venv/lib/python3.12/site-packages/glance_store/location.py:146}}
Aug 18 09:30:15.912788 np0000007628 devstack@g-api.service[99835]: DEBUG swiftclient [None req-f0a87436-9f06-4c93-a8f5-a323bfc1d752 tempest-TestImageHashVerification-283898758 tempest-TestImageHashVerification-283898758-project-member] REQ: curl -i https://10.4.3.138:8080/v1/AUTH_3d7a883e1d754e399de058eafeaa3fe2/glance -I -H "X-Auth-Token: gAAAAABqhCYnBC6O..." {{(pid=99835) http_log /opt/stack/data/venv/lib/python3.12/site-packages/swiftclient/client.py:160}}
Aug 18 09:30:15.912889 np0000007628 devstack@g-api.service[99835]: DEBUG swiftclient [None req-f0a87436-9f06-4c93-a8f5-a323bfc1d752 tempest-TestImageHashVerification-283898758 tempest-TestImageHashVerification-283898758-project-member] RESP STATUS: 204 No Content {{(pid=99835) http_log /opt/stack/data/venv/lib/python3.12/site-packages/swiftclient/client.py:161}}
Aug 18 09:30:15.913063 np0000007628 devstack@g-api.service[99835]: DEBUG swiftclient [None req-f0a87436-9f06-4c93-a8f5-a323bfc1d752 tempest-TestImageHashVerification-283898758 tempest-TestImageHashVerification-283898758-project-member] RESP HEADERS: {'Date': 'Tue, 18 Aug 2026 09:30:15 GMT', 'Server': 'Apache/2.4.58 (Ubuntu)', 'Content-Type': 'text/plain; charset=utf-8', 'X-Container-Object-Count': '5', 'X-Container-Bytes-Used': '117964800', 'X-Timestamp': '1787045085.70381', 'Last-Modified': 'Tue, 18 Aug 2026 09:24:46 GMT', 'Accept-Ranges': 'bytes', 'X-Storage-Policy': 'Policy-0', 'X-Container-Sharding': 'False', 'Vary': 'Accept', 'X-Trans-Id': 'tx3998de6fddff4ecea6d92-006a842627', 'X-Openstack-Request-Id': 'tx3998de6fddff4ecea6d92-006a842627', 'Connection': 'close'} {{(pid=99835) http_log /opt/stack/data/venv/lib/python3.12/site-packages/swiftclient/client.py:162}}
Aug 18 09:30:15.913211 np0000007628 devstack@g-api.service[99835]: DEBUG glance_store._drivers.swift.store [None req-f0a87436-9f06-4c93-a8f5-a323bfc1d752 tempest-TestImageHashVerification-283898758 tempest-TestImageHashVerification-283898758-project-member] Adding image object '97cdc3ee-b42a-4bed-9584-368a9df345e9' to Swift {{(pid=99835) add /opt/stack/data/venv/lib/python3.12/site-packages/glance_store/_drivers/swift/store.py:970}}
Aug 18 09:30:15.913281 np0000007628 devstack@g-api.service[99835]: DEBUG glance_store._drivers.swift.store [None req-f0a87436-9f06-4c93-a8f5-a323bfc1d752 tempest-TestImageHashVerification-283898758 tempest-TestImageHashVerification-283898758-project-member] Cannot determine image size because it is either not provided in the request or chunked-transfer encoding is used. Adding image as a segmented object to Swift. {{(pid=99835) add /opt/stack/data/venv/lib/python3.12/site-packages/glance_store/_drivers/swift/store.py:994}}
Aug 18 09:30:15.918172 np0000007628 devstack@g-api.service[99835]: DEBUG oslo_utils.imageutils.format_inspector [None req-f0a87436-9f06-4c93-a8f5-a323bfc1d752 tempest-TestImageHashVerification-283898758 tempest-TestImageHashVerification-283898758-project-member] Format inspector for vmdk does not match, excluding from consideration (Signature KDMV not found: b'\x00\x00\x00\x00') {{(pid=99835) _process_chunk /opt/stack/data/venv/lib/python3.12/site-packages/oslo_utils/imageutils/format_inspector.py:1758}}
Aug 18 09:30:15.920639 np0000007628 devstack@g-api.service[99835]: DEBUG oslo_utils.imageutils.format_inspector [None req-f0a87436-9f06-4c93-a8f5-a323bfc1d752 tempest-TestImageHashVerification-283898758 tempest-TestImageHashVerification-283898758-project-member] Format inspector for vhdx does not match, excluding from consideration (Region signature not found at 30000) {{(pid=99835) _process_chunk /opt/stack/data/venv/lib/python3.12/site-packages/oslo_utils/imageutils/format_inspector.py:1758}}
Aug 18 09:30:16.417236 np0000007628 devstack@g-api.service[99836]: DEBUG glance.api.middleware.version_negotiation [None req-31dd3046-e457-4e0b-aac0-1223e92f129e tempest-TestImageHashVerification-283898758 tempest-TestImageHashVerification-283898758-project-member] Determining version of request: GET /v2/images/97cdc3ee-b42a-4bed-9584-368a9df345e9 Accept: application/json {{(pid=99836) process_request /opt/stack/glance/glance/api/middleware/version_negotiation.py:44}}
Aug 18 09:30:16.417236 np0000007628 devstack@g-api.service[99836]: DEBUG glance.api.middleware.version_negotiation [None req-31dd3046-e457-4e0b-aac0-1223e92f129e tempest-TestImageHashVerification-283898758 tempest-TestImageHashVerification-283898758-project-member] Using url versioning {{(pid=99836) process_request /opt/stack/glance/glance/api/middleware/version_negotiation.py:57}}
Aug 18 09:30:16.417236 np0000007628 devstack@g-api.service[99836]: DEBUG glance.api.middleware.version_negotiation [None req-31dd3046-e457-4e0b-aac0-1223e92f129e tempest-TestImageHashVerification-283898758 tempest-TestImageHashVerification-283898758-project-member] Matched version: v2 {{(pid=99836) process_request /opt/stack/glance/glance/api/middleware/version_negotiation.py:69}}
Aug 18 09:30:16.417236 np0000007628 devstack@g-api.service[99836]: DEBUG glance.api.middleware.version_negotiation [None req-31dd3046-e457-4e0b-aac0-1223e92f129e tempest-TestImageHashVerification-283898758 tempest-TestImageHashVerification-283898758-project-member] new path /v2/images/97cdc3ee-b42a-4bed-9584-368a9df345e9 {{(pid=99836) process_request /opt/stack/glance/glance/api/middleware/version_negotiation.py:70}}
Aug 18 09:30:16.436658 np0000007628 devstack@g-api.service[99836]: [pid: 99836|app: 0|req: 99/294] 127.0.0.1 () {40 vars in 838 bytes} [Tue Aug 18 09:30:16 2026] GET /v2/images/97cdc3ee-b42a-4bed-9584-368a9df345e9 => generated 649 bytes in 20 msecs (HTTP/1.1 200) 4 headers in 157 bytes (1 switches on core 0)
Aug 18 09:30:17.445692 np0000007628 devstack@g-api.service[99834]: DEBUG glance.api.middleware.version_negotiation [None req-bbfede54-3738-455e-a1e9-865ce0c0f7ef tempest-TestImageHashVerification-283898758 tempest-TestImageHashVerification-283898758-project-member] Determining version of request: GET /v2/images/97cdc3ee-b42a-4bed-9584-368a9df345e9 Accept: application/json {{(pid=99834) process_request /opt/stack/glance/glance/api/middleware/version_negotiation.py:44}}
Aug 18 09:30:17.446201 np0000007628 devstack@g-api.service[99834]: DEBUG glance.api.middleware.version_negotiation [None req-bbfede54-3738-455e-a1e9-865ce0c0f7ef tempest-TestImageHashVerification-283898758 tempest-TestImageHashVerification-283898758-project-member] Using url versioning {{(pid=99834) process_request /opt/stack/glance/glance/api/middleware/version_negotiation.py:57}}
Aug 18 09:30:17.446201 np0000007628 devstack@g-api.service[99834]: DEBUG glance.api.middleware.version_negotiation [None req-bbfede54-3738-455e-a1e9-865ce0c0f7ef tempest-TestImageHashVerification-283898758 tempest-TestImageHashVerification-283898758-project-member] Matched version: v2 {{(pid=99834) process_request /opt/stack/glance/glance/api/middleware/version_negotiation.py:69}}
Aug 18 09:30:17.446298 np0000007628 devstack@g-api.service[99834]: DEBUG glance.api.middleware.version_negotiation [None req-bbfede54-3738-455e-a1e9-865ce0c0f7ef tempest-TestImageHashVerification-283898758 tempest-TestImageHashVerification-283898758-project-member] new path /v2/images/97cdc3ee-b42a-4bed-9584-368a9df345e9 {{(pid=99834) process_request /opt/stack/glance/glance/api/middleware/version_negotiation.py:70}}
Aug 18 09:30:17.477566 np0000007628 devstack@g-api.service[99834]: [pid: 99834|app: 0|req: 103/295] 127.0.0.1 () {40 vars in 838 bytes} [Tue Aug 18 09:30:17 2026] GET /v2/images/97cdc3ee-b42a-4bed-9584-368a9df345e9 => generated 649 bytes in 32 msecs (HTTP/1.1 200) 4 headers in 157 bytes (1 switches on core 0)
Aug 18 09:30:18.264024 np0000007628 devstack@g-api.service[99835]: DEBUG swiftclient [None req-f0a87436-9f06-4c93-a8f5-a323bfc1d752 tempest-TestImageHashVerification-283898758 tempest-TestImageHashVerification-283898758-project-member] REQ: curl -i https://10.4.3.138:8080/v1/AUTH_3d7a883e1d754e399de058eafeaa3fe2/glance/97cdc3ee-b42a-4bed-9584-368a9df345e9-00001 -X PUT -H "X-Auth-Token: gAAAAABqhCYnBC6O..." {{(pid=99835) http_log /opt/stack/data/venv/lib/python3.12/site-packages/swiftclient/client.py:160}}
Aug 18 09:30:18.264456 np0000007628 devstack@g-api.service[99835]: DEBUG swiftclient [None req-f0a87436-9f06-4c93-a8f5-a323bfc1d752 tempest-TestImageHashVerification-283898758 tempest-TestImageHashVerification-283898758-project-member] RESP STATUS: 201 Created {{(pid=99835) http_log /opt/stack/data/venv/lib/python3.12/site-packages/swiftclient/client.py:161}}
Aug 18 09:30:18.264456 np0000007628 devstack@g-api.service[99835]: DEBUG swiftclient [None req-f0a87436-9f06-4c93-a8f5-a323bfc1d752 tempest-TestImageHashVerification-283898758 tempest-TestImageHashVerification-283898758-project-member] RESP HEADERS: {'Date': 'Tue, 18 Aug 2026 09:30:18 GMT', 'Server': 'Apache/2.4.58 (Ubuntu)', 'Content-Type': 'text/html; charset=UTF-8', 'Content-Length': '0', 'Etag': 'eda9a9889837ac4bc81d6387d92c1bec', 'Last-Modified': 'Tue, 18 Aug 2026 09:30:16 GMT', 'X-Trans-Id': 'tx82c6ad4c98b04c16af0e6-006a842627', 'X-Openstack-Request-Id': 'tx82c6ad4c98b04c16af0e6-006a842627', 'Connection': 'close'} {{(pid=99835) http_log /opt/stack/data/venv/lib/python3.12/site-packages/swiftclient/client.py:162}}
Aug 18 09:30:18.264456 np0000007628 devstack@g-api.service[99835]: DEBUG glance_store._drivers.swift.store [None req-f0a87436-9f06-4c93-a8f5-a323bfc1d752 tempest-TestImageHashVerification-283898758 tempest-TestImageHashVerification-283898758-project-member] Wrote chunk 97cdc3ee-b42a-4bed-9584-368a9df345e9-00001 (1/?) of length 204800000 to Swift returning MD5 of content: eda9a9889837ac4bc81d6387d92c1bec {{(pid=99835) add /opt/stack/data/venv/lib/python3.12/site-packages/glance_store/_drivers/swift/store.py:1059}}
Aug 18 09:30:18.489797 np0000007628 devstack@g-api.service[99836]: DEBUG glance.api.middleware.version_negotiation [None req-b0ac06df-dd64-4a56-bbb9-32b397c29562 tempest-TestImageHashVerification-283898758 tempest-TestImageHashVerification-283898758-project-member] Determining version of request: GET /v2/images/97cdc3ee-b42a-4bed-9584-368a9df345e9 Accept: application/json {{(pid=99836) process_request /opt/stack/glance/glance/api/middleware/version_negotiation.py:44}}
Aug 18 09:30:18.491366 np0000007628 devstack@g-api.service[99836]: DEBUG glance.api.middleware.version_negotiation [None req-b0ac06df-dd64-4a56-bbb9-32b397c29562 tempest-TestImageHashVerification-283898758 tempest-TestImageHashVerification-283898758-project-member] Using url versioning {{(pid=99836) process_request /opt/stack/glance/glance/api/middleware/version_negotiation.py:57}}
Aug 18 09:30:18.491366 np0000007628 devstack@g-api.service[99836]: DEBUG glance.api.middleware.version_negotiation [None req-b0ac06df-dd64-4a56-bbb9-32b397c29562 tempest-TestImageHashVerification-283898758 tempest-TestImageHashVerification-283898758-project-member] Matched version: v2 {{(pid=99836) process_request /opt/stack/glance/glance/api/middleware/version_negotiation.py:69}}
Aug 18 09:30:18.491366 np0000007628 devstack@g-api.service[99836]: DEBUG glance.api.middleware.version_negotiation [None req-b0ac06df-dd64-4a56-bbb9-32b397c29562 tempest-TestImageHashVerification-283898758 tempest-TestImageHashVerification-283898758-project-member] new path /v2/images/97cdc3ee-b42a-4bed-9584-368a9df345e9 {{(pid=99836) process_request /opt/stack/glance/glance/api/middleware/version_negotiation.py:70}}
Aug 18 09:30:18.512426 np0000007628 devstack@g-api.service[99836]: [pid: 99836|app: 0|req: 100/296] 127.0.0.1 () {40 vars in 838 bytes} [Tue Aug 18 09:30:18 2026] GET /v2/images/97cdc3ee-b42a-4bed-9584-368a9df345e9 => generated 649 bytes in 23 msecs (HTTP/1.1 200) 4 headers in 157 bytes (1 switches on core 0)
Aug 18 09:30:19.526241 np0000007628 devstack@g-api.service[99834]: DEBUG glance.api.middleware.version_negotiation [None req-5d31c9ec-0c4f-4f58-93f3-e1f88ea0ef96 tempest-TestImageHashVerification-283898758 tempest-TestImageHashVerification-283898758-project-member] Determining version of request: GET /v2/images/97cdc3ee-b42a-4bed-9584-368a9df345e9 Accept: application/json {{(pid=99834) process_request /opt/stack/glance/glance/api/middleware/version_negotiation.py:44}}
Aug 18 09:30:19.526725 np0000007628 devstack@g-api.service[99834]: DEBUG glance.api.middleware.version_negotiation [None req-5d31c9ec-0c4f-4f58-93f3-e1f88ea0ef96 tempest-TestImageHashVerification-283898758 tempest-TestImageHashVerification-283898758-project-member] Using url versioning {{(pid=99834) process_request /opt/stack/glance/glance/api/middleware/version_negotiation.py:57}}
Aug 18 09:30:19.526725 np0000007628 devstack@g-api.service[99834]: DEBUG glance.api.middleware.version_negotiation [None req-5d31c9ec-0c4f-4f58-93f3-e1f88ea0ef96 tempest-TestImageHashVerification-283898758 tempest-TestImageHashVerification-283898758-project-member] Matched version: v2 {{(pid=99834) process_request /opt/stack/glance/glance/api/middleware/version_negotiation.py:69}}
Aug 18 09:30:19.526725 np0000007628 devstack@g-api.service[99834]: DEBUG glance.api.middleware.version_negotiation [None req-5d31c9ec-0c4f-4f58-93f3-e1f88ea0ef96 tempest-TestImageHashVerification-283898758 tempest-TestImageHashVerification-283898758-project-member] new path /v2/images/97cdc3ee-b42a-4bed-9584-368a9df345e9 {{(pid=99834) process_request /opt/stack/glance/glance/api/middleware/version_negotiation.py:70}}
Aug 18 09:30:19.555133 np0000007628 devstack@g-api.service[99834]: [pid: 99834|app: 0|req: 104/297] 127.0.0.1 () {40 vars in 838 bytes} [Tue Aug 18 09:30:19 2026] GET /v2/images/97cdc3ee-b42a-4bed-9584-368a9df345e9 => generated 649 bytes in 29 msecs (HTTP/1.1 200) 4 headers in 157 bytes (1 switches on core 0)
Aug 18 09:30:20.562282 np0000007628 devstack@g-api.service[99836]: DEBUG glance.api.middleware.version_negotiation [None req-fb92f528-c9f9-4a4b-b71f-9fd5bc740208 tempest-TestImageHashVerification-283898758 tempest-TestImageHashVerification-283898758-project-member] Determining version of request: GET /v2/images/97cdc3ee-b42a-4bed-9584-368a9df345e9 Accept: application/json {{(pid=99836) process_request /opt/stack/glance/glance/api/middleware/version_negotiation.py:44}}
Aug 18 09:30:20.562730 np0000007628 devstack@g-api.service[99836]: DEBUG glance.api.middleware.version_negotiation [None req-fb92f528-c9f9-4a4b-b71f-9fd5bc740208 tempest-TestImageHashVerification-283898758 tempest-TestImageHashVerification-283898758-project-member] Using url versioning {{(pid=99836) process_request /opt/stack/glance/glance/api/middleware/version_negotiation.py:57}}
Aug 18 09:30:20.562730 np0000007628 devstack@g-api.service[99836]: DEBUG glance.api.middleware.version_negotiation [None req-fb92f528-c9f9-4a4b-b71f-9fd5bc740208 tempest-TestImageHashVerification-283898758 tempest-TestImageHashVerification-283898758-project-member] Matched version: v2 {{(pid=99836) process_request /opt/stack/glance/glance/api/middleware/version_negotiation.py:69}}
Aug 18 09:30:20.562730 np0000007628 devstack@g-api.service[99836]: DEBUG glance.api.middleware.version_negotiation [None req-fb92f528-c9f9-4a4b-b71f-9fd5bc740208 tempest-TestImageHashVerification-283898758 tempest-TestImageHashVerification-283898758-project-member] new path /v2/images/97cdc3ee-b42a-4bed-9584-368a9df345e9 {{(pid=99836) process_request /opt/stack/glance/glance/api/middleware/version_negotiation.py:70}}
Aug 18 09:30:20.582865 np0000007628 devstack@g-api.service[99836]: [pid: 99836|app: 0|req: 101/298] 127.0.0.1 () {40 vars in 838 bytes} [Tue Aug 18 09:30:20 2026] GET /v2/images/97cdc3ee-b42a-4bed-9584-368a9df345e9 => generated 649 bytes in 21 msecs (HTTP/1.1 200) 4 headers in 157 bytes (1 switches on core 0)
Aug 18 09:30:20.602377 np0000007628 devstack@g-api.service[99834]: DEBUG glance.api.middleware.version_negotiation [None req-68d0fa52-4e48-4d5e-9548-ab33077c5f88 tempest-TestImageHashVerification-283898758 tempest-TestImageHashVerification-283898758-project-member] Determining version of request: GET /v2/images/fc3af565-17a4-4f47-902d-eed8bb1aafb6 Accept: */* {{(pid=99834) process_request /opt/stack/glance/glance/api/middleware/version_negotiation.py:44}}
Aug 18 09:30:20.602862 np0000007628 devstack@g-api.service[99834]: DEBUG glance.api.middleware.version_negotiation [None req-68d0fa52-4e48-4d5e-9548-ab33077c5f88 tempest-TestImageHashVerification-283898758 tempest-TestImageHashVerification-283898758-project-member] Using url versioning {{(pid=99834) process_request /opt/stack/glance/glance/api/middleware/version_negotiation.py:57}}
Aug 18 09:30:20.602862 np0000007628 devstack@g-api.service[99834]: DEBUG glance.api.middleware.version_negotiation [None req-68d0fa52-4e48-4d5e-9548-ab33077c5f88 tempest-TestImageHashVerification-283898758 tempest-TestImageHashVerification-283898758-project-member] Matched version: v2 {{(pid=99834) process_request /opt/stack/glance/glance/api/middleware/version_negotiation.py:69}}
Aug 18 09:30:20.602862 np0000007628 devstack@g-api.service[99834]: DEBUG glance.api.middleware.version_negotiation [None req-68d0fa52-4e48-4d5e-9548-ab33077c5f88 tempest-TestImageHashVerification-283898758 tempest-TestImageHashVerification-283898758-project-member] new path /v2/images/fc3af565-17a4-4f47-902d-eed8bb1aafb6 {{(pid=99834) process_request /opt/stack/glance/glance/api/middleware/version_negotiation.py:70}}
Aug 18 09:30:20.619857 np0000007628 devstack@g-api.service[99834]: [pid: 99834|app: 0|req: 105/299] 127.0.0.1 () {44 vars in 1115 bytes} [Tue Aug 18 09:30:20 2026] GET /v2/images/fc3af565-17a4-4f47-902d-eed8bb1aafb6 => generated 1044 bytes in 17 msecs (HTTP/1.1 200) 4 headers in 158 bytes (1 switches on core 0)
Aug 18 09:30:20.664920 np0000007628 devstack@g-api.service[99836]: DEBUG glance.api.middleware.version_negotiation [None req-887414e8-e332-47b4-a792-bac2992eb4d9 tempest-TestImageHashVerification-283898758 tempest-TestImageHashVerification-283898758-project-member] Determining version of request: GET /v2/schemas/image Accept: */* {{(pid=99836) process_request /opt/stack/glance/glance/api/middleware/version_negotiation.py:44}}
Aug 18 09:30:20.664920 np0000007628 devstack@g-api.service[99836]: DEBUG glance.api.middleware.version_negotiation [None req-887414e8-e332-47b4-a792-bac2992eb4d9 tempest-TestImageHashVerification-283898758 tempest-TestImageHashVerification-283898758-project-member] Using url versioning {{(pid=99836) process_request /opt/stack/glance/glance/api/middleware/version_negotiation.py:57}}
Aug 18 09:30:20.664920 np0000007628 devstack@g-api.service[99836]: DEBUG glance.api.middleware.version_negotiation [None req-887414e8-e332-47b4-a792-bac2992eb4d9 tempest-TestImageHashVerification-283898758 tempest-TestImageHashVerification-283898758-project-member] Matched version: v2 {{(pid=99836) process_request /opt/stack/glance/glance/api/middleware/version_negotiation.py:69}}
Aug 18 09:30:20.664920 np0000007628 devstack@g-api.service[99836]: DEBUG glance.api.middleware.version_negotiation [None req-887414e8-e332-47b4-a792-bac2992eb4d9 tempest-TestImageHashVerification-283898758 tempest-TestImageHashVerification-283898758-project-member] new path /v2/schemas/image {{(pid=99836) process_request /opt/stack/glance/glance/api/middleware/version_negotiation.py:70}}
Aug 18 09:30:20.671266 np0000007628 devstack@g-api.service[99836]: [pid: 99836|app: 0|req: 102/300] 127.0.0.1 () {44 vars in 1055 bytes} [Tue Aug 18 09:30:20 2026] GET /v2/schemas/image => generated 6083 bytes in 7 msecs (HTTP/1.1 200) 4 headers in 158 bytes (1 switches on core 0)
Aug 18 09:30:20.770908 np0000007628 devstack@g-api.service[99835]: DEBUG swiftclient [None req-f0a87436-9f06-4c93-a8f5-a323bfc1d752 tempest-TestImageHashVerification-283898758 tempest-TestImageHashVerification-283898758-project-member] REQ: curl -i https://10.4.3.138:8080/v1/AUTH_3d7a883e1d754e399de058eafeaa3fe2/glance/97cdc3ee-b42a-4bed-9584-368a9df345e9-00002 -X PUT -H "X-Auth-Token: gAAAAABqhCYnBC6O..." {{(pid=99835) http_log /opt/stack/data/venv/lib/python3.12/site-packages/swiftclient/client.py:160}}
Aug 18 09:30:20.770908 np0000007628 devstack@g-api.service[99835]: DEBUG swiftclient [None req-f0a87436-9f06-4c93-a8f5-a323bfc1d752 tempest-TestImageHashVerification-283898758 tempest-TestImageHashVerification-283898758-project-member] RESP STATUS: 201 Created {{(pid=99835) http_log /opt/stack/data/venv/lib/python3.12/site-packages/swiftclient/client.py:161}}
Aug 18 09:30:20.770908 np0000007628 devstack@g-api.service[99835]: DEBUG swiftclient [None req-f0a87436-9f06-4c93-a8f5-a323bfc1d752 tempest-TestImageHashVerification-283898758 tempest-TestImageHashVerification-283898758-project-member] RESP HEADERS: {'Date': 'Tue, 18 Aug 2026 09:30:20 GMT', 'Server': 'Apache/2.4.58 (Ubuntu)', 'Content-Type': 'text/html; charset=UTF-8', 'Content-Length': '0', 'Etag': 'eda9a9889837ac4bc81d6387d92c1bec', 'Last-Modified': 'Tue, 18 Aug 2026 09:30:19 GMT', 'X-Trans-Id': 'tx1fcfb503a7254b47a84c7-006a84262a', 'X-Openstack-Request-Id': 'tx1fcfb503a7254b47a84c7-006a84262a', 'Connection': 'close'} {{(pid=99835) http_log /opt/stack/data/venv/lib/python3.12/site-packages/swiftclient/client.py:162}}
Aug 18 09:30:20.770908 np0000007628 devstack@g-api.service[99835]: DEBUG glance_store._drivers.swift.store [None req-f0a87436-9f06-4c93-a8f5-a323bfc1d752 tempest-TestImageHashVerification-283898758 tempest-TestImageHashVerification-283898758-project-member] Wrote chunk 97cdc3ee-b42a-4bed-9584-368a9df345e9-00002 (2/?) of length 204800000 to Swift returning MD5 of content: eda9a9889837ac4bc81d6387d92c1bec {{(pid=99835) add /opt/stack/data/venv/lib/python3.12/site-packages/glance_store/_drivers/swift/store.py:1059}}
Aug 18 09:30:21.593782 np0000007628 devstack@g-api.service[99834]: DEBUG glance.api.middleware.version_negotiation [None req-c6461fc6-ab18-45b4-b635-79eeb9fca59c tempest-ServerRescueNegativeTestJSON-920155915 tempest-ServerRescueNegativeTestJSON-920155915-project-member] Determining version of request: GET /v2/images/97cdc3ee-b42a-4bed-9584-368a9df345e9 Accept: application/json {{(pid=99834) process_request /opt/stack/glance/glance/api/middleware/version_negotiation.py:44}}
Aug 18 09:30:21.593782 np0000007628 devstack@g-api.service[99834]: DEBUG glance.api.middleware.version_negotiation [None req-c6461fc6-ab18-45b4-b635-79eeb9fca59c tempest-ServerRescueNegativeTestJSON-920155915 tempest-ServerRescueNegativeTestJSON-920155915-project-member] Using url versioning {{(pid=99834) process_request /opt/stack/glance/glance/api/middleware/version_negotiation.py:57}}
Aug 18 09:30:21.593782 np0000007628 devstack@g-api.service[99834]: DEBUG glance.api.middleware.version_negotiation [None req-c6461fc6-ab18-45b4-b635-79eeb9fca59c tempest-ServerRescueNegativeTestJSON-920155915 tempest-ServerRescueNegativeTestJSON-920155915-project-member] Matched version: v2 {{(pid=99834) process_request /opt/stack/glance/glance/api/middleware/version_negotiation.py:69}}
Aug 18 09:30:21.593782 np0000007628 devstack@g-api.service[99834]: DEBUG glance.api.middleware.version_negotiation [None req-c6461fc6-ab18-45b4-b635-79eeb9fca59c tempest-ServerRescueNegativeTestJSON-920155915 tempest-ServerRescueNegativeTestJSON-920155915-project-member] new path /v2/images/97cdc3ee-b42a-4bed-9584-368a9df345e9 {{(pid=99834) process_request /opt/stack/glance/glance/api/middleware/version_negotiation.py:70}}
Aug 18 09:30:21.602000 np0000007628 devstack@g-api.service[99834]: [pid: 99834|app: 0|req: 106/301] 127.0.0.1 () {40 vars in 838 bytes} [Tue Aug 18 09:30:21 2026] GET /v2/images/97cdc3ee-b42a-4bed-9584-368a9df345e9 => generated 649 bytes in 9 msecs (HTTP/1.1 200) 4 headers in 157 bytes (1 switches on core 0)
Aug 18 09:30:22.616570 np0000007628 devstack@g-api.service[99836]: DEBUG glance.api.middleware.version_negotiation [None req-c6461fc6-ab18-45b4-b635-79eeb9fca59c tempest-ServerRescueNegativeTestJSON-920155915 tempest-ServerRescueNegativeTestJSON-920155915-project-member] Determining version of request: GET /v2/images/97cdc3ee-b42a-4bed-9584-368a9df345e9 Accept: application/json {{(pid=99836) process_request /opt/stack/glance/glance/api/middleware/version_negotiation.py:44}}
Aug 18 09:30:22.617155 np0000007628 devstack@g-api.service[99836]: DEBUG glance.api.middleware.version_negotiation [None req-c6461fc6-ab18-45b4-b635-79eeb9fca59c tempest-ServerRescueNegativeTestJSON-920155915 tempest-ServerRescueNegativeTestJSON-920155915-project-member] Using url versioning {{(pid=99836) process_request /opt/stack/glance/glance/api/middleware/version_negotiation.py:57}}
Aug 18 09:30:22.617155 np0000007628 devstack@g-api.service[99836]: DEBUG glance.api.middleware.version_negotiation [None req-c6461fc6-ab18-45b4-b635-79eeb9fca59c tempest-ServerRescueNegativeTestJSON-920155915 tempest-ServerRescueNegativeTestJSON-920155915-project-member] Matched version: v2 {{(pid=99836) process_request /opt/stack/glance/glance/api/middleware/version_negotiation.py:69}}
Aug 18 09:30:22.617292 np0000007628 devstack@g-api.service[99836]: DEBUG glance.api.middleware.version_negotiation [None req-c6461fc6-ab18-45b4-b635-79eeb9fca59c tempest-ServerRescueNegativeTestJSON-920155915 tempest-ServerRescueNegativeTestJSON-920155915-project-member] new path /v2/images/97cdc3ee-b42a-4bed-9584-368a9df345e9 {{(pid=99836) process_request /opt/stack/glance/glance/api/middleware/version_negotiation.py:70}}
Aug 18 09:30:22.636809 np0000007628 devstack@g-api.service[99836]: [pid: 99836|app: 0|req: 103/302] 127.0.0.1 () {40 vars in 838 bytes} [Tue Aug 18 09:30:22 2026] GET /v2/images/97cdc3ee-b42a-4bed-9584-368a9df345e9 => generated 649 bytes in 20 msecs (HTTP/1.1 200) 4 headers in 157 bytes (1 switches on core 0)
Aug 18 09:30:22.924850 np0000007628 devstack@g-api.service[99835]: DEBUG swiftclient [None req-f0a87436-9f06-4c93-a8f5-a323bfc1d752 tempest-TestImageHashVerification-283898758 tempest-TestImageHashVerification-283898758-project-member] REQ: curl -i https://10.4.3.138:8080/v1/AUTH_3d7a883e1d754e399de058eafeaa3fe2/glance/97cdc3ee-b42a-4bed-9584-368a9df345e9-00003 -X PUT -H "X-Auth-Token: gAAAAABqhCYnBC6O..." {{(pid=99835) http_log /opt/stack/data/venv/lib/python3.12/site-packages/swiftclient/client.py:160}}
Aug 18 09:30:22.924850 np0000007628 devstack@g-api.service[99835]: DEBUG swiftclient [None req-f0a87436-9f06-4c93-a8f5-a323bfc1d752 tempest-TestImageHashVerification-283898758 tempest-TestImageHashVerification-283898758-project-member] RESP STATUS: 201 Created {{(pid=99835) http_log /opt/stack/data/venv/lib/python3.12/site-packages/swiftclient/client.py:161}}
Aug 18 09:30:22.924850 np0000007628 devstack@g-api.service[99835]: DEBUG swiftclient [None req-f0a87436-9f06-4c93-a8f5-a323bfc1d752 tempest-TestImageHashVerification-283898758 tempest-TestImageHashVerification-283898758-project-member] RESP HEADERS: {'Date': 'Tue, 18 Aug 2026 09:30:22 GMT', 'Server': 'Apache/2.4.58 (Ubuntu)', 'Content-Type': 'text/html; charset=UTF-8', 'Content-Length': '0', 'Etag': 'eda9a9889837ac4bc81d6387d92c1bec', 'Last-Modified': 'Tue, 18 Aug 2026 09:30:21 GMT', 'X-Trans-Id': 'tx88cdd9bc9cb14e31926af-006a84262c', 'X-Openstack-Request-Id': 'tx88cdd9bc9cb14e31926af-006a84262c', 'Connection': 'close'} {{(pid=99835) http_log /opt/stack/data/venv/lib/python3.12/site-packages/swiftclient/client.py:162}}
Aug 18 09:30:22.924850 np0000007628 devstack@g-api.service[99835]: DEBUG glance_store._drivers.swift.store [None req-f0a87436-9f06-4c93-a8f5-a323bfc1d752 tempest-TestImageHashVerification-283898758 tempest-TestImageHashVerification-283898758-project-member] Wrote chunk 97cdc3ee-b42a-4bed-9584-368a9df345e9-00003 (3/?) of length 204800000 to Swift returning MD5 of content: eda9a9889837ac4bc81d6387d92c1bec {{(pid=99835) add /opt/stack/data/venv/lib/python3.12/site-packages/glance_store/_drivers/swift/store.py:1059}}
Aug 18 09:30:22.960273 np0000007628 devstack@g-api.service[99834]: DEBUG glance.api.middleware.version_negotiation [None req-a4b2f182-1881-4483-b254-40da716e86fe tempest-TestImageHashVerification-283898758 tempest-TestImageHashVerification-283898758-project-member] Determining version of request: GET /v2/images/fc3af565-17a4-4f47-902d-eed8bb1aafb6 Accept: */* {{(pid=99834) process_request /opt/stack/glance/glance/api/middleware/version_negotiation.py:44}}
Aug 18 09:30:22.960694 np0000007628 devstack@g-api.service[99834]: DEBUG glance.api.middleware.version_negotiation [None req-a4b2f182-1881-4483-b254-40da716e86fe tempest-TestImageHashVerification-283898758 tempest-TestImageHashVerification-283898758-project-member] Using url versioning {{(pid=99834) process_request /opt/stack/glance/glance/api/middleware/version_negotiation.py:57}}
Aug 18 09:30:22.960694 np0000007628 devstack@g-api.service[99834]: DEBUG glance.api.middleware.version_negotiation [None req-a4b2f182-1881-4483-b254-40da716e86fe tempest-TestImageHashVerification-283898758 tempest-TestImageHashVerification-283898758-project-member] Matched version: v2 {{(pid=99834) process_request /opt/stack/glance/glance/api/middleware/version_negotiation.py:69}}
Aug 18 09:30:22.960694 np0000007628 devstack@g-api.service[99834]: DEBUG glance.api.middleware.version_negotiation [None req-a4b2f182-1881-4483-b254-40da716e86fe tempest-TestImageHashVerification-283898758 tempest-TestImageHashVerification-283898758-project-member] new path /v2/images/fc3af565-17a4-4f47-902d-eed8bb1aafb6 {{(pid=99834) process_request /opt/stack/glance/glance/api/middleware/version_negotiation.py:70}}
Aug 18 09:30:22.984424 np0000007628 devstack@g-api.service[99834]: [pid: 99834|app: 0|req: 107/303] 127.0.0.1 () {44 vars in 1115 bytes} [Tue Aug 18 09:30:22 2026] GET /v2/images/fc3af565-17a4-4f47-902d-eed8bb1aafb6 => generated 1044 bytes in 24 msecs (HTTP/1.1 200) 4 headers in 158 bytes (1 switches on core 0)
Aug 18 09:30:23.031779 np0000007628 devstack@g-api.service[99836]: DEBUG glance.api.middleware.version_negotiation [None req-441b231c-3d7e-4bc7-a15a-4dff49202061 tempest-TestImageHashVerification-283898758 tempest-TestImageHashVerification-283898758-project-member] Determining version of request: GET /v2/schemas/image Accept: */* {{(pid=99836) process_request /opt/stack/glance/glance/api/middleware/version_negotiation.py:44}}
Aug 18 09:30:23.031992 np0000007628 devstack@g-api.service[99836]: DEBUG glance.api.middleware.version_negotiation [None req-441b231c-3d7e-4bc7-a15a-4dff49202061 tempest-TestImageHashVerification-283898758 tempest-TestImageHashVerification-283898758-project-member] Using url versioning {{(pid=99836) process_request /opt/stack/glance/glance/api/middleware/version_negotiation.py:57}}
Aug 18 09:30:23.032130 np0000007628 devstack@g-api.service[99836]: DEBUG glance.api.middleware.version_negotiation [None req-441b231c-3d7e-4bc7-a15a-4dff49202061 tempest-TestImageHashVerification-283898758 tempest-TestImageHashVerification-283898758-project-member] Matched version: v2 {{(pid=99836) process_request /opt/stack/glance/glance/api/middleware/version_negotiation.py:69}}
Aug 18 09:30:23.032262 np0000007628 devstack@g-api.service[99836]: DEBUG glance.api.middleware.version_negotiation [None req-441b231c-3d7e-4bc7-a15a-4dff49202061 tempest-TestImageHashVerification-283898758 tempest-TestImageHashVerification-283898758-project-member] new path /v2/schemas/image {{(pid=99836) process_request /opt/stack/glance/glance/api/middleware/version_negotiation.py:70}}
Aug 18 09:30:23.035733 np0000007628 devstack@g-api.service[99836]: [pid: 99836|app: 0|req: 104/304] 127.0.0.1 () {44 vars in 1055 bytes} [Tue Aug 18 09:30:23 2026] GET /v2/schemas/image => generated 6083 bytes in 4 msecs (HTTP/1.1 200) 4 headers in 158 bytes (1 switches on core 0)
Aug 18 09:30:23.646018 np0000007628 devstack@g-api.service[99834]: DEBUG glance.api.middleware.version_negotiation [None req-2c4472fb-a763-44ed-b827-e16df7744714 tempest-TestEncryptedCinderVolumes-439828913 tempest-TestEncryptedCinderVolumes-439828913-project-member] Determining version of request: GET /v2/images/97cdc3ee-b42a-4bed-9584-368a9df345e9 Accept: application/json {{(pid=99834) process_request /opt/stack/glance/glance/api/middleware/version_negotiation.py:44}}
Aug 18 09:30:23.646221 np0000007628 devstack@g-api.service[99834]: DEBUG glance.api.middleware.version_negotiation [None req-2c4472fb-a763-44ed-b827-e16df7744714 tempest-TestEncryptedCinderVolumes-439828913 tempest-TestEncryptedCinderVolumes-439828913-project-member] Using url versioning {{(pid=99834) process_request /opt/stack/glance/glance/api/middleware/version_negotiation.py:57}}
Aug 18 09:30:23.646380 np0000007628 devstack@g-api.service[99834]: DEBUG glance.api.middleware.version_negotiation [None req-2c4472fb-a763-44ed-b827-e16df7744714 tempest-TestEncryptedCinderVolumes-439828913 tempest-TestEncryptedCinderVolumes-439828913-project-member] Matched version: v2 {{(pid=99834) process_request /opt/stack/glance/glance/api/middleware/version_negotiation.py:69}}
Aug 18 09:30:23.646891 np0000007628 devstack@g-api.service[99834]: DEBUG glance.api.middleware.version_negotiation [None req-2c4472fb-a763-44ed-b827-e16df7744714 tempest-TestEncryptedCinderVolumes-439828913 tempest-TestEncryptedCinderVolumes-439828913-project-member] new path /v2/images/97cdc3ee-b42a-4bed-9584-368a9df345e9 {{(pid=99834) process_request /opt/stack/glance/glance/api/middleware/version_negotiation.py:70}}
Aug 18 09:30:23.657637 np0000007628 devstack@g-api.service[99834]: [pid: 99834|app: 0|req: 108/305] 127.0.0.1 () {40 vars in 838 bytes} [Tue Aug 18 09:30:23 2026] GET /v2/images/97cdc3ee-b42a-4bed-9584-368a9df345e9 => generated 649 bytes in 11 msecs (HTTP/1.1 200) 4 headers in 157 bytes (1 switches on core 0)
Aug 18 09:30:24.668751 np0000007628 devstack@g-api.service[99836]: DEBUG glance.api.middleware.version_negotiation [None req-2c4472fb-a763-44ed-b827-e16df7744714 tempest-TestEncryptedCinderVolumes-439828913 tempest-TestEncryptedCinderVolumes-439828913-project-member] Determining version of request: GET /v2/images/97cdc3ee-b42a-4bed-9584-368a9df345e9 Accept: application/json {{(pid=99836) process_request /opt/stack/glance/glance/api/middleware/version_negotiation.py:44}}
Aug 18 09:30:24.669194 np0000007628 devstack@g-api.service[99836]: DEBUG glance.api.middleware.version_negotiation [None req-2c4472fb-a763-44ed-b827-e16df7744714 tempest-TestEncryptedCinderVolumes-439828913 tempest-TestEncryptedCinderVolumes-439828913-project-member] Using url versioning {{(pid=99836) process_request /opt/stack/glance/glance/api/middleware/version_negotiation.py:57}}
Aug 18 09:30:24.669194 np0000007628 devstack@g-api.service[99836]: DEBUG glance.api.middleware.version_negotiation [None req-2c4472fb-a763-44ed-b827-e16df7744714 tempest-TestEncryptedCinderVolumes-439828913 tempest-TestEncryptedCinderVolumes-439828913-project-member] Matched version: v2 {{(pid=99836) process_request /opt/stack/glance/glance/api/middleware/version_negotiation.py:69}}
Aug 18 09:30:24.669261 np0000007628 devstack@g-api.service[99836]: DEBUG glance.api.middleware.version_negotiation [None req-2c4472fb-a763-44ed-b827-e16df7744714 tempest-TestEncryptedCinderVolumes-439828913 tempest-TestEncryptedCinderVolumes-439828913-project-member] new path /v2/images/97cdc3ee-b42a-4bed-9584-368a9df345e9 {{(pid=99836) process_request /opt/stack/glance/glance/api/middleware/version_negotiation.py:70}}
Aug 18 09:30:24.686598 np0000007628 devstack@g-api.service[99836]: [pid: 99836|app: 0|req: 105/306] 127.0.0.1 () {40 vars in 838 bytes} [Tue Aug 18 09:30:24 2026] GET /v2/images/97cdc3ee-b42a-4bed-9584-368a9df345e9 => generated 649 bytes in 18 msecs (HTTP/1.1 200) 4 headers in 157 bytes (1 switches on core 0)
Aug 18 09:30:25.097852 np0000007628 devstack@g-api.service[99835]: DEBUG swiftclient [None req-f0a87436-9f06-4c93-a8f5-a323bfc1d752 tempest-TestImageHashVerification-283898758 tempest-TestImageHashVerification-283898758-project-member] REQ: curl -i https://10.4.3.138:8080/v1/AUTH_3d7a883e1d754e399de058eafeaa3fe2/glance/97cdc3ee-b42a-4bed-9584-368a9df345e9-00004 -X PUT -H "X-Auth-Token: gAAAAABqhCYnBC6O..." {{(pid=99835) http_log /opt/stack/data/venv/lib/python3.12/site-packages/swiftclient/client.py:160}}
Aug 18 09:30:25.098293 np0000007628 devstack@g-api.service[99835]: DEBUG swiftclient [None req-f0a87436-9f06-4c93-a8f5-a323bfc1d752 tempest-TestImageHashVerification-283898758 tempest-TestImageHashVerification-283898758-project-member] RESP STATUS: 201 Created {{(pid=99835) http_log /opt/stack/data/venv/lib/python3.12/site-packages/swiftclient/client.py:161}}
Aug 18 09:30:25.098293 np0000007628 devstack@g-api.service[99835]: DEBUG swiftclient [None req-f0a87436-9f06-4c93-a8f5-a323bfc1d752 tempest-TestImageHashVerification-283898758 tempest-TestImageHashVerification-283898758-project-member] RESP HEADERS: {'Date': 'Tue, 18 Aug 2026 09:30:25 GMT', 'Server': 'Apache/2.4.58 (Ubuntu)', 'Content-Type': 'text/html; charset=UTF-8', 'Content-Length': '0', 'Etag': 'eda9a9889837ac4bc81d6387d92c1bec', 'Last-Modified': 'Tue, 18 Aug 2026 09:30:23 GMT', 'X-Trans-Id': 'tx207e59e53e6740eda67c8-006a84262e', 'X-Openstack-Request-Id': 'tx207e59e53e6740eda67c8-006a84262e', 'Connection': 'close'} {{(pid=99835) http_log /opt/stack/data/venv/lib/python3.12/site-packages/swiftclient/client.py:162}}
Aug 18 09:30:25.098448 np0000007628 devstack@g-api.service[99835]: DEBUG glance_store._drivers.swift.store [None req-f0a87436-9f06-4c93-a8f5-a323bfc1d752 tempest-TestImageHashVerification-283898758 tempest-TestImageHashVerification-283898758-project-member] Wrote chunk 97cdc3ee-b42a-4bed-9584-368a9df345e9-00004 (4/?) of length 204800000 to Swift returning MD5 of content: eda9a9889837ac4bc81d6387d92c1bec {{(pid=99835) add /opt/stack/data/venv/lib/python3.12/site-packages/glance_store/_drivers/swift/store.py:1059}}
Aug 18 09:30:25.698717 np0000007628 devstack@g-api.service[99834]: DEBUG glance.api.middleware.version_negotiation [None req-9fdcf06b-f7cd-4309-83fd-dd1778baf22a tempest-TestImageHashVerification-283898758 tempest-TestImageHashVerification-283898758-project-member] Determining version of request: GET /v2/images/97cdc3ee-b42a-4bed-9584-368a9df345e9 Accept: application/json {{(pid=99834) process_request /opt/stack/glance/glance/api/middleware/version_negotiation.py:44}}
