Aug 18 09:24:15.115833 np0000007628 nova-scheduler[93482]: DEBUG cotyledon.oslo_config_glue [-] oslo_messaging_rabbit.rabbit_quorum_max_memory_bytes = 0 {{(pid=93482) log_opt_values /opt/stack/data/venv/lib/python3.12/site-packages/oslo_config/cfg.py:3560}}
Aug 18 09:24:15.115833 np0000007628 nova-scheduler[93482]: DEBUG cotyledon.oslo_config_glue [-] oslo_messaging_rabbit.rabbit_quorum_max_memory_length = 0 {{(pid=93482) log_opt_values /opt/stack/data/venv/lib/python3.12/site-packages/oslo_config/cfg.py:3560}}
Aug 18 09:24:15.116152 np0000007628 nova-scheduler[93482]: DEBUG cotyledon.oslo_config_glue [-] oslo_messaging_rabbit.rabbit_quorum_queue = False {{(pid=93482) log_opt_values /opt/stack/data/venv/lib/python3.12/site-packages/oslo_config/cfg.py:3560}}
Aug 18 09:24:15.116152 np0000007628 nova-scheduler[93482]: DEBUG cotyledon.oslo_config_glue [-] oslo_messaging_rabbit.rabbit_retry_backoff = 2 {{(pid=93482) log_opt_values /opt/stack/data/venv/lib/python3.12/site-packages/oslo_config/cfg.py:3560}}
Aug 18 09:24:15.116152 np0000007628 nova-scheduler[93482]: DEBUG cotyledon.oslo_config_glue [-] oslo_messaging_rabbit.rabbit_retry_interval = 1 {{(pid=93482) log_opt_values /opt/stack/data/venv/lib/python3.12/site-packages/oslo_config/cfg.py:3560}}
Aug 18 09:24:15.116152 np0000007628 nova-scheduler[93482]: DEBUG cotyledon.oslo_config_glue [-] oslo_messaging_rabbit.rabbit_stream_fanout = False {{(pid=93482) log_opt_values /opt/stack/data/venv/lib/python3.12/site-packages/oslo_config/cfg.py:3560}}
Aug 18 09:24:15.116152 np0000007628 nova-scheduler[93482]: DEBUG cotyledon.oslo_config_glue [-] oslo_messaging_rabbit.rabbit_transient_queues_ttl = 1800 {{(pid=93482) log_opt_values /opt/stack/data/venv/lib/python3.12/site-packages/oslo_config/cfg.py:3560}}
Aug 18 09:24:15.116152 np0000007628 nova-scheduler[93482]: DEBUG cotyledon.oslo_config_glue [-] oslo_messaging_rabbit.rabbit_transient_quorum_queue = False {{(pid=93482) log_opt_values /opt/stack/data/venv/lib/python3.12/site-packages/oslo_config/cfg.py:3560}}
Aug 18 09:24:15.116152 np0000007628 nova-scheduler[93482]: DEBUG cotyledon.oslo_config_glue [-] oslo_messaging_rabbit.rpc_conn_pool_size = 30 {{(pid=93482) log_opt_values /opt/stack/data/venv/lib/python3.12/site-packages/oslo_config/cfg.py:3560}}
Aug 18 09:24:15.116152 np0000007628 nova-scheduler[93482]: DEBUG cotyledon.oslo_config_glue [-] oslo_messaging_rabbit.ssl = False {{(pid=93482) log_opt_values /opt/stack/data/venv/lib/python3.12/site-packages/oslo_config/cfg.py:3560}}
Aug 18 09:24:15.116152 np0000007628 nova-scheduler[93482]: DEBUG cotyledon.oslo_config_glue [-] oslo_messaging_rabbit.ssl_ca_file = {{(pid=93482) log_opt_values /opt/stack/data/venv/lib/python3.12/site-packages/oslo_config/cfg.py:3560}}
Aug 18 09:24:15.116471 np0000007628 nova-scheduler[93482]: DEBUG cotyledon.oslo_config_glue [-] oslo_messaging_rabbit.ssl_cert_file = {{(pid=93482) log_opt_values /opt/stack/data/venv/lib/python3.12/site-packages/oslo_config/cfg.py:3560}}
Aug 18 09:24:15.116471 np0000007628 nova-scheduler[93482]: DEBUG cotyledon.oslo_config_glue [-] oslo_messaging_rabbit.ssl_enforce_fips_mode = False {{(pid=93482) log_opt_values /opt/stack/data/venv/lib/python3.12/site-packages/oslo_config/cfg.py:3560}}
Aug 18 09:24:15.116471 np0000007628 nova-scheduler[93482]: DEBUG cotyledon.oslo_config_glue [-] oslo_messaging_rabbit.ssl_enforce_hostname_verification = True {{(pid=93482) log_opt_values /opt/stack/data/venv/lib/python3.12/site-packages/oslo_config/cfg.py:3560}}
Aug 18 09:24:15.116471 np0000007628 nova-scheduler[93482]: DEBUG cotyledon.oslo_config_glue [-] oslo_messaging_rabbit.ssl_key_file = {{(pid=93482) log_opt_values /opt/stack/data/venv/lib/python3.12/site-packages/oslo_config/cfg.py:3560}}
Aug 18 09:24:15.116471 np0000007628 nova-scheduler[93482]: DEBUG cotyledon.oslo_config_glue [-] oslo_messaging_rabbit.ssl_version = {{(pid=93482) log_opt_values /opt/stack/data/venv/lib/python3.12/site-packages/oslo_config/cfg.py:3560}}
Aug 18 09:24:15.116471 np0000007628 nova-scheduler[93482]: DEBUG cotyledon.oslo_config_glue [-] oslo_messaging_rabbit.use_queue_manager = False {{(pid=93482) log_opt_values /opt/stack/data/venv/lib/python3.12/site-packages/oslo_config/cfg.py:3560}}
Aug 18 09:24:15.116471 np0000007628 nova-scheduler[93482]: DEBUG cotyledon.oslo_config_glue [-] oslo_messaging_notifications.driver = ['messagingv2'] {{(pid=93482) log_opt_values /opt/stack/data/venv/lib/python3.12/site-packages/oslo_config/cfg.py:3560}}
Aug 18 09:24:15.116471 np0000007628 nova-scheduler[93482]: DEBUG cotyledon.oslo_config_glue [-] oslo_messaging_notifications.retry = -1 {{(pid=93482) log_opt_values /opt/stack/data/venv/lib/python3.12/site-packages/oslo_config/cfg.py:3560}}
Aug 18 09:24:15.116471 np0000007628 nova-scheduler[93482]: DEBUG cotyledon.oslo_config_glue [-] oslo_messaging_notifications.topics = ['notifications'] {{(pid=93482) log_opt_values /opt/stack/data/venv/lib/python3.12/site-packages/oslo_config/cfg.py:3560}}
Aug 18 09:24:15.116772 np0000007628 nova-scheduler[93482]: DEBUG cotyledon.oslo_config_glue [-] oslo_messaging_notifications.transport_url = **** {{(pid=93482) log_opt_values /opt/stack/data/venv/lib/python3.12/site-packages/oslo_config/cfg.py:3560}}
Aug 18 09:24:15.116772 np0000007628 nova-scheduler[93482]: DEBUG cotyledon.oslo_config_glue [-] oslo_limit.auth_section = None {{(pid=93482) log_opt_values /opt/stack/data/venv/lib/python3.12/site-packages/oslo_config/cfg.py:3560}}
Aug 18 09:24:15.116772 np0000007628 nova-scheduler[93482]: DEBUG cotyledon.oslo_config_glue [-] oslo_limit.auth_type = None {{(pid=93482) log_opt_values /opt/stack/data/venv/lib/python3.12/site-packages/oslo_config/cfg.py:3560}}
Aug 18 09:24:15.116772 np0000007628 nova-scheduler[93482]: DEBUG cotyledon.oslo_config_glue [-] oslo_limit.cafile = None {{(pid=93482) log_opt_values /opt/stack/data/venv/lib/python3.12/site-packages/oslo_config/cfg.py:3560}}
Aug 18 09:24:15.116772 np0000007628 nova-scheduler[93482]: DEBUG cotyledon.oslo_config_glue [-] oslo_limit.certfile = None {{(pid=93482) log_opt_values /opt/stack/data/venv/lib/python3.12/site-packages/oslo_config/cfg.py:3560}}
Aug 18 09:24:15.116772 np0000007628 nova-scheduler[93482]: DEBUG cotyledon.oslo_config_glue [-] oslo_limit.collect_timing = False {{(pid=93482) log_opt_values /opt/stack/data/venv/lib/python3.12/site-packages/oslo_config/cfg.py:3560}}
Aug 18 09:24:15.116772 np0000007628 nova-scheduler[93482]: DEBUG cotyledon.oslo_config_glue [-] oslo_limit.connect_retries = None {{(pid=93482) log_opt_values /opt/stack/data/venv/lib/python3.12/site-packages/oslo_config/cfg.py:3560}}
Aug 18 09:24:15.116772 np0000007628 nova-scheduler[93482]: DEBUG cotyledon.oslo_config_glue [-] oslo_limit.connect_retry_delay = None {{(pid=93482) log_opt_values /opt/stack/data/venv/lib/python3.12/site-packages/oslo_config/cfg.py:3560}}
Aug 18 09:24:15.116772 np0000007628 nova-scheduler[93482]: DEBUG cotyledon.oslo_config_glue [-] oslo_limit.endpoint_id = None {{(pid=93482) log_opt_values /opt/stack/data/venv/lib/python3.12/site-packages/oslo_config/cfg.py:3560}}
Aug 18 09:24:15.117084 np0000007628 nova-scheduler[93482]: DEBUG cotyledon.oslo_config_glue [-] oslo_limit.endpoint_interface = public {{(pid=93482) log_opt_values /opt/stack/data/venv/lib/python3.12/site-packages/oslo_config/cfg.py:3560}}
Aug 18 09:24:15.117084 np0000007628 nova-scheduler[93482]: DEBUG cotyledon.oslo_config_glue [-] oslo_limit.endpoint_override = None {{(pid=93482) log_opt_values /opt/stack/data/venv/lib/python3.12/site-packages/oslo_config/cfg.py:3560}}
Aug 18 09:24:15.117084 np0000007628 nova-scheduler[93482]: DEBUG cotyledon.oslo_config_glue [-] oslo_limit.endpoint_region_name = None {{(pid=93482) log_opt_values /opt/stack/data/venv/lib/python3.12/site-packages/oslo_config/cfg.py:3560}}
Aug 18 09:24:15.117084 np0000007628 nova-scheduler[93482]: DEBUG cotyledon.oslo_config_glue [-] oslo_limit.endpoint_service_name = None {{(pid=93482) log_opt_values /opt/stack/data/venv/lib/python3.12/site-packages/oslo_config/cfg.py:3560}}
Aug 18 09:24:15.117084 np0000007628 nova-scheduler[93482]: DEBUG cotyledon.oslo_config_glue [-] oslo_limit.endpoint_service_type = None {{(pid=93482) log_opt_values /opt/stack/data/venv/lib/python3.12/site-packages/oslo_config/cfg.py:3560}}
Aug 18 09:24:15.117084 np0000007628 nova-scheduler[93482]: DEBUG cotyledon.oslo_config_glue [-] oslo_limit.insecure = False {{(pid=93482) log_opt_values /opt/stack/data/venv/lib/python3.12/site-packages/oslo_config/cfg.py:3560}}
Aug 18 09:24:15.117084 np0000007628 nova-scheduler[93482]: DEBUG cotyledon.oslo_config_glue [-] oslo_limit.keyfile = None {{(pid=93482) log_opt_values /opt/stack/data/venv/lib/python3.12/site-packages/oslo_config/cfg.py:3560}}
Aug 18 09:24:15.117084 np0000007628 nova-scheduler[93482]: DEBUG cotyledon.oslo_config_glue [-] oslo_limit.max_version = None {{(pid=93482) log_opt_values /opt/stack/data/venv/lib/python3.12/site-packages/oslo_config/cfg.py:3560}}
Aug 18 09:24:15.117084 np0000007628 nova-scheduler[93482]: DEBUG cotyledon.oslo_config_glue [-] oslo_limit.min_version = None {{(pid=93482) log_opt_values /opt/stack/data/venv/lib/python3.12/site-packages/oslo_config/cfg.py:3560}}
Aug 18 09:24:15.117376 np0000007628 nova-scheduler[93482]: DEBUG cotyledon.oslo_config_glue [-] oslo_limit.region_name = None {{(pid=93482) log_opt_values /opt/stack/data/venv/lib/python3.12/site-packages/oslo_config/cfg.py:3560}}
Aug 18 09:24:15.117376 np0000007628 nova-scheduler[93482]: DEBUG cotyledon.oslo_config_glue [-] oslo_limit.retriable_status_codes = None {{(pid=93482) log_opt_values /opt/stack/data/venv/lib/python3.12/site-packages/oslo_config/cfg.py:3560}}
Aug 18 09:24:15.117376 np0000007628 nova-scheduler[93482]: DEBUG cotyledon.oslo_config_glue [-] oslo_limit.service_name = None {{(pid=93482) log_opt_values /opt/stack/data/venv/lib/python3.12/site-packages/oslo_config/cfg.py:3560}}
Aug 18 09:24:15.117376 np0000007628 nova-scheduler[93482]: DEBUG cotyledon.oslo_config_glue [-] oslo_limit.service_type = None {{(pid=93482) log_opt_values /opt/stack/data/venv/lib/python3.12/site-packages/oslo_config/cfg.py:3560}}
Aug 18 09:24:15.117376 np0000007628 nova-scheduler[93482]: DEBUG cotyledon.oslo_config_glue [-] oslo_limit.split_loggers = False {{(pid=93482) log_opt_values /opt/stack/data/venv/lib/python3.12/site-packages/oslo_config/cfg.py:3560}}
Aug 18 09:24:15.117376 np0000007628 nova-scheduler[93482]: DEBUG cotyledon.oslo_config_glue [-] oslo_limit.status_code_retries = None {{(pid=93482) log_opt_values /opt/stack/data/venv/lib/python3.12/site-packages/oslo_config/cfg.py:3560}}
Aug 18 09:24:15.117376 np0000007628 nova-scheduler[93482]: DEBUG cotyledon.oslo_config_glue [-] oslo_limit.status_code_retry_delay = None {{(pid=93482) log_opt_values /opt/stack/data/venv/lib/python3.12/site-packages/oslo_config/cfg.py:3560}}
Aug 18 09:24:15.117376 np0000007628 nova-scheduler[93482]: DEBUG cotyledon.oslo_config_glue [-] oslo_limit.timeout = None {{(pid=93482) log_opt_values /opt/stack/data/venv/lib/python3.12/site-packages/oslo_config/cfg.py:3560}}
Aug 18 09:24:15.117376 np0000007628 nova-scheduler[93482]: DEBUG cotyledon.oslo_config_glue [-] oslo_limit.valid_interfaces = None {{(pid=93482) log_opt_values /opt/stack/data/venv/lib/python3.12/site-packages/oslo_config/cfg.py:3560}}
Aug 18 09:24:15.117660 np0000007628 nova-scheduler[93482]: DEBUG cotyledon.oslo_config_glue [-] oslo_limit.version = None {{(pid=93482) log_opt_values /opt/stack/data/venv/lib/python3.12/site-packages/oslo_config/cfg.py:3560}}
Aug 18 09:24:15.117660 np0000007628 nova-scheduler[93482]: DEBUG cotyledon.oslo_config_glue [-] oslo_reports.file_event_handler = None {{(pid=93482) log_opt_values /opt/stack/data/venv/lib/python3.12/site-packages/oslo_config/cfg.py:3560}}
Aug 18 09:24:15.117660 np0000007628 nova-scheduler[93482]: DEBUG cotyledon.oslo_config_glue [-] oslo_reports.file_event_handler_interval = 1 {{(pid=93482) log_opt_values /opt/stack/data/venv/lib/python3.12/site-packages/oslo_config/cfg.py:3560}}
Aug 18 09:24:15.117660 np0000007628 nova-scheduler[93482]: DEBUG cotyledon.oslo_config_glue [-] oslo_reports.log_dir = None {{(pid=93482) log_opt_values /opt/stack/data/venv/lib/python3.12/site-packages/oslo_config/cfg.py:3560}}
Aug 18 09:24:15.117660 np0000007628 nova-scheduler[93482]: DEBUG cotyledon.oslo_config_glue [-] ******************************************************************************** {{(pid=93482) log_opt_values /opt/stack/data/venv/lib/python3.12/site-packages/oslo_config/cfg.py:3567}}
Aug 18 09:24:15.117660 np0000007628 nova-scheduler[93482]: DEBUG cotyledon._service_worker [-] Run service ServiceWrapper(2) [93482] {{(pid=93482) wait_forever /opt/stack/data/venv/lib/python3.12/site-packages/cotyledon/_service_worker.py:218}}
Aug 18 09:24:15.117660 np0000007628 nova-scheduler[93482]: INFO nova.service [-] Starting scheduler node (version 33.1.0)
Aug 18 09:24:15.117660 np0000007628 nova-scheduler[93482]: INFO dbcounter [None req-65b796a4-b6ee-432c-b3a7-9f1c4838d57e None None] Registered counter for database nova_cell0
Aug 18 09:24:15.138893 np0000007628 nova-scheduler[93480]: DEBUG oslo_db.sqlalchemy.engines [None req-607be23a-5826-4b93-909f-70654e75fe63 None None] MySQL server mode set to STRICT_TRANS_TABLES,STRICT_ALL_TABLES,NO_ZERO_IN_DATE,NO_ZERO_DATE,ERROR_FOR_DIVISION_BY_ZERO,TRADITIONAL,NO_ENGINE_SUBSTITUTION {{(pid=93480) _check_effective_sql_mode /opt/stack/data/venv/lib/python3.12/site-packages/oslo_db/sqlalchemy/engines.py:325}}
Aug 18 09:24:15.142774 np0000007628 nova-scheduler[93478]: DEBUG oslo_db.sqlalchemy.engines [None req-69d641fa-a5b4-46fb-bd1a-fe9b71d48afb None None] MySQL server mode set to STRICT_TRANS_TABLES,STRICT_ALL_TABLES,NO_ZERO_IN_DATE,NO_ZERO_DATE,ERROR_FOR_DIVISION_BY_ZERO,TRADITIONAL,NO_ENGINE_SUBSTITUTION {{(pid=93478) _check_effective_sql_mode /opt/stack/data/venv/lib/python3.12/site-packages/oslo_db/sqlalchemy/engines.py:325}}
Aug 18 09:24:15.151509 np0000007628 nova-scheduler[93480]: DEBUG dbcounter [-] [93480] Writer thread running {{(pid=93480) stat_writer /opt/stack/data/venv/lib/python3.12/site-packages/dbcounter.py:102}}
Aug 18 09:24:15.153995 np0000007628 nova-scheduler[93478]: DEBUG dbcounter [-] [93478] Writer thread running {{(pid=93478) stat_writer /opt/stack/data/venv/lib/python3.12/site-packages/dbcounter.py:102}}
Aug 18 09:24:15.155822 np0000007628 nova-scheduler[93482]: DEBUG oslo_db.sqlalchemy.engines [None req-65b796a4-b6ee-432c-b3a7-9f1c4838d57e None None] MySQL server mode set to STRICT_TRANS_TABLES,STRICT_ALL_TABLES,NO_ZERO_IN_DATE,NO_ZERO_DATE,ERROR_FOR_DIVISION_BY_ZERO,TRADITIONAL,NO_ENGINE_SUBSTITUTION {{(pid=93482) _check_effective_sql_mode /opt/stack/data/venv/lib/python3.12/site-packages/oslo_db/sqlalchemy/engines.py:325}}
Aug 18 09:24:15.168011 np0000007628 nova-scheduler[93482]: DEBUG dbcounter [-] [93482] Writer thread running {{(pid=93482) stat_writer /opt/stack/data/venv/lib/python3.12/site-packages/dbcounter.py:102}}
Aug 18 09:24:15.170800 np0000007628 nova-scheduler[93480]: DEBUG nova.service [None req-607be23a-5826-4b93-909f-70654e75fe63 None None] Creating RPC server for service: nova-scheduler on topic: scheduler {{(pid=93480) start /opt/stack/nova/nova/service.py:262}}
Aug 18 09:24:15.178665 np0000007628 nova-scheduler[93478]: DEBUG nova.service [None req-69d641fa-a5b4-46fb-bd1a-fe9b71d48afb None None] Creating RPC server for service: nova-scheduler on topic: scheduler {{(pid=93478) start /opt/stack/nova/nova/service.py:262}}
Aug 18 09:24:15.188399 np0000007628 nova-scheduler[93482]: DEBUG nova.service [None req-65b796a4-b6ee-432c-b3a7-9f1c4838d57e None None] Creating RPC server for service: nova-scheduler on topic: scheduler {{(pid=93482) start /opt/stack/nova/nova/service.py:262}}
Aug 18 09:24:15.205986 np0000007628 nova-scheduler[93478]: DEBUG nova.service [None req-69d641fa-a5b4-46fb-bd1a-fe9b71d48afb None None] Join ServiceGroup membership for this service scheduler {{(pid=93478) start /opt/stack/nova/nova/service.py:288}}
Aug 18 09:24:15.206464 np0000007628 nova-scheduler[93478]: DEBUG nova.servicegroup.drivers.db [None req-69d641fa-a5b4-46fb-bd1a-fe9b71d48afb None None] DB_Driver: join new ServiceGroup member np0000007628 to the scheduler group, service = {{(pid=93478) join /opt/stack/nova/nova/servicegroup/drivers/db.py:44}}
Aug 18 09:24:15.208583 np0000007628 nova-scheduler[93482]: DEBUG nova.service [None req-65b796a4-b6ee-432c-b3a7-9f1c4838d57e None None] Join ServiceGroup membership for this service scheduler {{(pid=93482) start /opt/stack/nova/nova/service.py:288}}
Aug 18 09:24:15.208788 np0000007628 nova-scheduler[93482]: DEBUG nova.servicegroup.drivers.db [None req-65b796a4-b6ee-432c-b3a7-9f1c4838d57e None None] DB_Driver: join new ServiceGroup member np0000007628 to the scheduler group, service = {{(pid=93482) join /opt/stack/nova/nova/servicegroup/drivers/db.py:44}}
Aug 18 09:24:15.214840 np0000007628 nova-scheduler[93480]: DEBUG nova.service [None req-607be23a-5826-4b93-909f-70654e75fe63 None None] Join ServiceGroup membership for this service scheduler {{(pid=93480) start /opt/stack/nova/nova/service.py:288}}
Aug 18 09:24:15.215021 np0000007628 nova-scheduler[93480]: DEBUG nova.servicegroup.drivers.db [None req-607be23a-5826-4b93-909f-70654e75fe63 None None] DB_Driver: join new ServiceGroup member np0000007628 to the scheduler group, service = {{(pid=93480) join /opt/stack/nova/nova/servicegroup/drivers/db.py:44}}
Aug 18 09:24:18.217391 np0000007628 nova-scheduler[93480]: DEBUG oslo.service.backend._threading.loopingcall [None req-189e126d-8c41-4a43-b07f-ab7c0ea15c6e None None] Dynamic interval looping call 'nova.service.Service.periodic_tasks' sleeping for 60.00 seconds {{(pid=93480) _run_loop /opt/stack/data/venv/lib/python3.12/site-packages/oslo_service/backend/_threading/loopingcall.py:125}}
Aug 18 09:24:20.219067 np0000007628 nova-scheduler[93478]: DEBUG oslo.service.backend._threading.loopingcall [-] Fixed interval looping call 'nova.servicegroup.drivers.db.DbDriver._report_state' sleeping for 119.99 seconds {{(pid=93478) _run_loop /opt/stack/data/venv/lib/python3.12/site-packages/oslo_service/backend/_threading/loopingcall.py:125}}
Aug 18 09:24:20.219733 np0000007628 nova-scheduler[93482]: DEBUG oslo.service.backend._threading.loopingcall [-] Fixed interval looping call 'nova.servicegroup.drivers.db.DbDriver._report_state' sleeping for 119.99 seconds {{(pid=93482) _run_loop /opt/stack/data/venv/lib/python3.12/site-packages/oslo_service/backend/_threading/loopingcall.py:125}}
Aug 18 09:24:20.223365 np0000007628 nova-scheduler[93480]: DEBUG oslo.service.backend._threading.loopingcall [-] Fixed interval looping call 'nova.servicegroup.drivers.db.DbDriver._report_state' sleeping for 119.99 seconds {{(pid=93480) _run_loop /opt/stack/data/venv/lib/python3.12/site-packages/oslo_service/backend/_threading/loopingcall.py:125}}
Aug 18 09:24:23.729099 np0000007628 nova-scheduler[92271]: DEBUG dbcounter [-] [92271] Writing DB stats nova_api:SELECT=3 {{(pid=92271) stat_writer /opt/stack/data/venv/lib/python3.12/site-packages/dbcounter.py:115}}
Aug 18 09:24:23.872063 np0000007628 nova-scheduler[92271]: DEBUG dbcounter [-] [92271] Writing DB stats nova_cell1:SELECT=1 {{(pid=92271) stat_writer /opt/stack/data/venv/lib/python3.12/site-packages/dbcounter.py:115}}
Aug 18 09:24:23.874983 np0000007628 nova-scheduler[92271]: DEBUG dbcounter [-] [92271] Writing DB stats nova_cell0:SELECT=1 {{(pid=92271) stat_writer /opt/stack/data/venv/lib/python3.12/site-packages/dbcounter.py:115}}
Aug 18 09:24:30.215491 np0000007628 nova-scheduler[93478]: DEBUG dbcounter [-] [93478] Writing DB stats nova_cell0:SELECT=5,nova_cell0:INSERT=1,nova_cell0:UPDATE=1 {{(pid=93478) stat_writer /opt/stack/data/venv/lib/python3.12/site-packages/dbcounter.py:115}}
Aug 18 09:24:30.216520 np0000007628 nova-scheduler[93482]: DEBUG dbcounter [-] [93482] Writing DB stats nova_cell0:SELECT=4,nova_cell0:INSERT=1,nova_cell0:UPDATE=1 {{(pid=93482) stat_writer /opt/stack/data/venv/lib/python3.12/site-packages/dbcounter.py:115}}
Aug 18 09:24:30.221829 np0000007628 nova-scheduler[93480]: DEBUG dbcounter [-] [93480] Writing DB stats nova_cell0:SELECT=4,nova_cell0:INSERT=1 {{(pid=93480) stat_writer /opt/stack/data/venv/lib/python3.12/site-packages/dbcounter.py:115}}
Aug 18 09:24:33.211561 np0000007628 nova-scheduler[93482]: DEBUG oslo.service.backend._threading.loopingcall [None req-8d86ec27-bd4c-461f-86e6-5137aa3b47e9 None None] Dynamic interval looping call 'nova.service.Service.periodic_tasks' sleeping for 60.00 seconds {{(pid=93482) _run_loop /opt/stack/data/venv/lib/python3.12/site-packages/oslo_service/backend/_threading/loopingcall.py:125}}
Aug 18 09:24:40.208754 np0000007628 nova-scheduler[93478]: DEBUG oslo.service.backend._threading.loopingcall [None req-a540096d-5873-43d7-a2f1-de629eaab1e8 None None] Dynamic interval looping call 'nova.service.Service.periodic_tasks' sleeping for 60.00 seconds {{(pid=93478) _run_loop /opt/stack/data/venv/lib/python3.12/site-packages/oslo_service/backend/_threading/loopingcall.py:125}}
Aug 18 09:25:18.217965 np0000007628 nova-scheduler[93480]: DEBUG oslo.service.backend._threading.loopingcall [None req-189e126d-8c41-4a43-b07f-ab7c0ea15c6e None None] Dynamic interval looping call 'nova.service.Service.periodic_tasks' sleeping for 60.00 seconds {{(pid=93480) _run_loop /opt/stack/data/venv/lib/python3.12/site-packages/oslo_service/backend/_threading/loopingcall.py:125}}
Aug 18 09:25:33.211930 np0000007628 nova-scheduler[93482]: DEBUG oslo.service.backend._threading.loopingcall [None req-8d86ec27-bd4c-461f-86e6-5137aa3b47e9 None None] Dynamic interval looping call 'nova.service.Service.periodic_tasks' sleeping for 60.00 seconds {{(pid=93482) _run_loop /opt/stack/data/venv/lib/python3.12/site-packages/oslo_service/backend/_threading/loopingcall.py:125}}
Aug 18 09:25:40.209269 np0000007628 nova-scheduler[93478]: DEBUG oslo.service.backend._threading.loopingcall [None req-a540096d-5873-43d7-a2f1-de629eaab1e8 None None] Dynamic interval looping call 'nova.service.Service.periodic_tasks' sleeping for 60.00 seconds {{(pid=93478) _run_loop /opt/stack/data/venv/lib/python3.12/site-packages/oslo_service/backend/_threading/loopingcall.py:125}}
Aug 18 09:26:18.218521 np0000007628 nova-scheduler[93480]: DEBUG oslo.service.backend._threading.loopingcall [None req-189e126d-8c41-4a43-b07f-ab7c0ea15c6e None None] Dynamic interval looping call 'nova.service.Service.periodic_tasks' sleeping for 60.00 seconds {{(pid=93480) _run_loop /opt/stack/data/venv/lib/python3.12/site-packages/oslo_service/backend/_threading/loopingcall.py:125}}
Aug 18 09:26:20.216315 np0000007628 nova-scheduler[93482]: DEBUG oslo.service.backend._threading.loopingcall [-] Fixed interval looping call 'nova.servicegroup.drivers.db.DbDriver._report_state' sleeping for 119.99 seconds {{(pid=93482) _run_loop /opt/stack/data/venv/lib/python3.12/site-packages/oslo_service/backend/_threading/loopingcall.py:125}}
Aug 18 09:26:20.218185 np0000007628 nova-scheduler[93478]: DEBUG oslo.service.backend._threading.loopingcall [-] Fixed interval looping call 'nova.servicegroup.drivers.db.DbDriver._report_state' sleeping for 119.99 seconds {{(pid=93478) _run_loop /opt/stack/data/venv/lib/python3.12/site-packages/oslo_service/backend/_threading/loopingcall.py:125}}
Aug 18 09:26:20.219075 np0000007628 nova-scheduler[93480]: DEBUG oslo.service.backend._threading.loopingcall [-] Fixed interval looping call 'nova.servicegroup.drivers.db.DbDriver._report_state' sleeping for 119.99 seconds {{(pid=93480) _run_loop /opt/stack/data/venv/lib/python3.12/site-packages/oslo_service/backend/_threading/loopingcall.py:125}}
Aug 18 09:26:30.212266 np0000007628 nova-scheduler[93478]: DEBUG dbcounter [-] [93478] Writing DB stats nova_cell0:SELECT=1,nova_cell0:UPDATE=1 {{(pid=93478) stat_writer /opt/stack/data/venv/lib/python3.12/site-packages/dbcounter.py:115}}
Aug 18 09:26:30.213122 np0000007628 nova-scheduler[93482]: DEBUG dbcounter [-] [93482] Writing DB stats nova_cell0:SELECT=1,nova_cell0:UPDATE=1 {{(pid=93482) stat_writer /opt/stack/data/venv/lib/python3.12/site-packages/dbcounter.py:115}}
Aug 18 09:26:30.218322 np0000007628 nova-scheduler[93480]: DEBUG dbcounter [-] [93480] Writing DB stats nova_cell0:SELECT=1,nova_cell0:UPDATE=1 {{(pid=93480) stat_writer /opt/stack/data/venv/lib/python3.12/site-packages/dbcounter.py:115}}
Aug 18 09:26:33.213243 np0000007628 nova-scheduler[93482]: DEBUG oslo.service.backend._threading.loopingcall [None req-8d86ec27-bd4c-461f-86e6-5137aa3b47e9 None None] Dynamic interval looping call 'nova.service.Service.periodic_tasks' sleeping for 60.00 seconds {{(pid=93482) _run_loop /opt/stack/data/venv/lib/python3.12/site-packages/oslo_service/backend/_threading/loopingcall.py:125}}
Aug 18 09:26:40.210293 np0000007628 nova-scheduler[93478]: DEBUG oslo.service.backend._threading.loopingcall [None req-a540096d-5873-43d7-a2f1-de629eaab1e8 None None] Dynamic interval looping call 'nova.service.Service.periodic_tasks' sleeping for 60.00 seconds {{(pid=93478) _run_loop /opt/stack/data/venv/lib/python3.12/site-packages/oslo_service/backend/_threading/loopingcall.py:125}}
Aug 18 09:26:46.177808 np0000007628 nova-scheduler[93478]: DEBUG nova.scheduler.manager [None req-3c4c2b92-05bf-4f0b-8785-0b845dfa8db9 tempest-DeleteServersTestJSON-771176146 tempest-DeleteServersTestJSON-771176146-project-member] Starting to schedule for instances: ['1e34add5-3424-4c8c-b34e-2124c9b085a2'] {{(pid=93478) select_destinations /opt/stack/nova/nova/scheduler/manager.py:197}}
Aug 18 09:26:46.178489 np0000007628 nova-scheduler[93478]: DEBUG nova.scheduler.request_filter [None req-3c4c2b92-05bf-4f0b-8785-0b845dfa8db9 tempest-DeleteServersTestJSON-771176146 tempest-DeleteServersTestJSON-771176146-project-member] compute_status_filter request filter added forbidden trait COMPUTE_STATUS_DISABLED {{(pid=93478) compute_status_filter /opt/stack/nova/nova/scheduler/request_filter.py:253}}
Aug 18 09:26:46.178689 np0000007628 nova-scheduler[93478]: DEBUG nova.scheduler.request_filter [None req-3c4c2b92-05bf-4f0b-8785-0b845dfa8db9 tempest-DeleteServersTestJSON-771176146 tempest-DeleteServersTestJSON-771176146-project-member] Request filter 'compute_status_filter' took 0.0 seconds {{(pid=93478) wrapper /opt/stack/nova/nova/scheduler/request_filter.py:46}}
Aug 18 09:26:46.178987 np0000007628 nova-scheduler[93478]: DEBUG nova.scheduler.request_filter [None req-3c4c2b92-05bf-4f0b-8785-0b845dfa8db9 tempest-DeleteServersTestJSON-771176146 tempest-DeleteServersTestJSON-771176146-project-member] Request filter 'accelerators_filter' took 0.0 seconds {{(pid=93478) wrapper /opt/stack/nova/nova/scheduler/request_filter.py:46}}
Aug 18 09:26:46.179154 np0000007628 nova-scheduler[93478]: DEBUG nova.scheduler.request_filter [None req-3c4c2b92-05bf-4f0b-8785-0b845dfa8db9 tempest-DeleteServersTestJSON-771176146 tempest-DeleteServersTestJSON-771176146-project-member] Request filter 'packed_virtqueue_filter' took 0.0 seconds {{(pid=93478) wrapper /opt/stack/nova/nova/scheduler/request_filter.py:46}}
Aug 18 09:26:46.179425 np0000007628 nova-scheduler[93478]: DEBUG nova.scheduler.request_filter [None req-3c4c2b92-05bf-4f0b-8785-0b845dfa8db9 tempest-DeleteServersTestJSON-771176146 tempest-DeleteServersTestJSON-771176146-project-member] Request filter 'remote_managed_ports_filter' took 0.0 seconds {{(pid=93478) wrapper /opt/stack/nova/nova/scheduler/request_filter.py:46}}
Aug 18 09:26:46.179425 np0000007628 nova-scheduler[93478]: DEBUG nova.scheduler.request_filter [None req-3c4c2b92-05bf-4f0b-8785-0b845dfa8db9 tempest-DeleteServersTestJSON-771176146 tempest-DeleteServersTestJSON-771176146-project-member] ephemeral_encryption_filter skipped {{(pid=93478) ephemeral_encryption_filter /opt/stack/nova/nova/scheduler/request_filter.py:426}}
Aug 18 09:26:46.179610 np0000007628 nova-scheduler[93478]: DEBUG nova.scheduler.request_filter [None req-3c4c2b92-05bf-4f0b-8785-0b845dfa8db9 tempest-DeleteServersTestJSON-771176146 tempest-DeleteServersTestJSON-771176146-project-member] virtio_sound_filter skipped {{(pid=93478) virtio_sound_filter /opt/stack/nova/nova/scheduler/request_filter.py:460}}
Aug 18 09:26:46.179728 np0000007628 nova-scheduler[93478]: DEBUG nova.scheduler.request_filter [None req-3c4c2b92-05bf-4f0b-8785-0b845dfa8db9 tempest-DeleteServersTestJSON-771176146 tempest-DeleteServersTestJSON-771176146-project-member] tpm_secret_security_filter skipped {{(pid=93478) tpm_secret_security_filter /opt/stack/nova/nova/scheduler/request_filter.py:477}}
Aug 18 09:26:46.292010 np0000007628 nova-scheduler[93482]: DEBUG nova.scheduler.manager [None req-baf10270-4484-4acf-9271-446dd63272bb tempest-ServersNegativeTestJSON-156408358 tempest-ServersNegativeTestJSON-156408358-project-member] Starting to schedule for instances: ['5336a76f-a071-4417-82fd-71ebae8a978b'] {{(pid=93482) select_destinations /opt/stack/nova/nova/scheduler/manager.py:197}}
Aug 18 09:26:46.292674 np0000007628 nova-scheduler[93482]: DEBUG nova.scheduler.request_filter [None req-baf10270-4484-4acf-9271-446dd63272bb tempest-ServersNegativeTestJSON-156408358 tempest-ServersNegativeTestJSON-156408358-project-member] compute_status_filter request filter added forbidden trait COMPUTE_STATUS_DISABLED {{(pid=93482) compute_status_filter /opt/stack/nova/nova/scheduler/request_filter.py:253}}
Aug 18 09:26:46.292674 np0000007628 nova-scheduler[93482]: DEBUG nova.scheduler.request_filter [None req-baf10270-4484-4acf-9271-446dd63272bb tempest-ServersNegativeTestJSON-156408358 tempest-ServersNegativeTestJSON-156408358-project-member] Request filter 'compute_status_filter' took 0.0 seconds {{(pid=93482) wrapper /opt/stack/nova/nova/scheduler/request_filter.py:46}}
Aug 18 09:26:46.292905 np0000007628 nova-scheduler[93482]: DEBUG nova.scheduler.request_filter [None req-baf10270-4484-4acf-9271-446dd63272bb tempest-ServersNegativeTestJSON-156408358 tempest-ServersNegativeTestJSON-156408358-project-member] Request filter 'accelerators_filter' took 0.0 seconds {{(pid=93482) wrapper /opt/stack/nova/nova/scheduler/request_filter.py:46}}
Aug 18 09:26:46.293150 np0000007628 nova-scheduler[93482]: DEBUG nova.scheduler.request_filter [None req-baf10270-4484-4acf-9271-446dd63272bb tempest-ServersNegativeTestJSON-156408358 tempest-ServersNegativeTestJSON-156408358-project-member] Request filter 'packed_virtqueue_filter' took 0.0 seconds {{(pid=93482) wrapper /opt/stack/nova/nova/scheduler/request_filter.py:46}}
Aug 18 09:26:46.293484 np0000007628 nova-scheduler[93482]: DEBUG nova.scheduler.request_filter [None req-baf10270-4484-4acf-9271-446dd63272bb tempest-ServersNegativeTestJSON-156408358 tempest-ServersNegativeTestJSON-156408358-project-member] Request filter 'remote_managed_ports_filter' took 0.0 seconds {{(pid=93482) wrapper /opt/stack/nova/nova/scheduler/request_filter.py:46}}
Aug 18 09:26:46.293660 np0000007628 nova-scheduler[93482]: DEBUG nova.scheduler.request_filter [None req-baf10270-4484-4acf-9271-446dd63272bb tempest-ServersNegativeTestJSON-156408358 tempest-ServersNegativeTestJSON-156408358-project-member] ephemeral_encryption_filter skipped {{(pid=93482) ephemeral_encryption_filter /opt/stack/nova/nova/scheduler/request_filter.py:426}}
Aug 18 09:26:46.293825 np0000007628 nova-scheduler[93482]: DEBUG nova.scheduler.request_filter [None req-baf10270-4484-4acf-9271-446dd63272bb tempest-ServersNegativeTestJSON-156408358 tempest-ServersNegativeTestJSON-156408358-project-member] virtio_sound_filter skipped {{(pid=93482) virtio_sound_filter /opt/stack/nova/nova/scheduler/request_filter.py:460}}
Aug 18 09:26:46.294007 np0000007628 nova-scheduler[93482]: DEBUG nova.scheduler.request_filter [None req-baf10270-4484-4acf-9271-446dd63272bb tempest-ServersNegativeTestJSON-156408358 tempest-ServersNegativeTestJSON-156408358-project-member] tpm_secret_security_filter skipped {{(pid=93482) tpm_secret_security_filter /opt/stack/nova/nova/scheduler/request_filter.py:477}}
Aug 18 09:26:46.713852 np0000007628 nova-scheduler[93478]: INFO nova.utils [None req-3c4c2b92-05bf-4f0b-8785-0b845dfa8db9 tempest-DeleteServersTestJSON-771176146 tempest-DeleteServersTestJSON-771176146-project-member] The cell worker thread pool ForkProcess-1.cell_worker is initialized
Aug 18 09:26:46.714739 np0000007628 nova-scheduler[93478]: DEBUG oslo_concurrency.lockutils [None req-3c4c2b92-05bf-4f0b-8785-0b845dfa8db9 tempest-DeleteServersTestJSON-771176146 tempest-DeleteServersTestJSON-771176146-project-member] Acquiring lock "c58584c9-d9eb-4115-993d-61aa7c6b538b" by "nova.context.set_target_cell..get_or_set_cached_cell_and_set_connections" {{(pid=93478) inner /opt/stack/data/venv/lib/python3.12/site-packages/oslo_concurrency/lockutils.py:512}}
Aug 18 09:26:46.715431 np0000007628 nova-scheduler[93478]: DEBUG oslo_concurrency.lockutils [None req-3c4c2b92-05bf-4f0b-8785-0b845dfa8db9 tempest-DeleteServersTestJSON-771176146 tempest-DeleteServersTestJSON-771176146-project-member] Lock "c58584c9-d9eb-4115-993d-61aa7c6b538b" acquired by "nova.context.set_target_cell..get_or_set_cached_cell_and_set_connections" :: waited 0.000s {{(pid=93478) inner /opt/stack/data/venv/lib/python3.12/site-packages/oslo_concurrency/lockutils.py:525}}
Aug 18 09:26:46.718299 np0000007628 nova-scheduler[93478]: DEBUG oslo_concurrency.lockutils [None req-3c4c2b92-05bf-4f0b-8785-0b845dfa8db9 tempest-DeleteServersTestJSON-771176146 tempest-DeleteServersTestJSON-771176146-project-member] Lock "c58584c9-d9eb-4115-993d-61aa7c6b538b" "released" by "nova.context.set_target_cell..get_or_set_cached_cell_and_set_connections" :: held 0.003s {{(pid=93478) inner /opt/stack/data/venv/lib/python3.12/site-packages/oslo_concurrency/lockutils.py:544}}
Aug 18 09:26:46.721213 np0000007628 nova-scheduler[93478]: INFO dbcounter [None req-3c4c2b92-05bf-4f0b-8785-0b845dfa8db9 tempest-DeleteServersTestJSON-771176146 tempest-DeleteServersTestJSON-771176146-project-member] Registered counter for database nova_cell1
Aug 18 09:26:46.756676 np0000007628 nova-scheduler[93482]: INFO nova.utils [None req-baf10270-4484-4acf-9271-446dd63272bb tempest-ServersNegativeTestJSON-156408358 tempest-ServersNegativeTestJSON-156408358-project-member] The cell worker thread pool ForkProcess-3.cell_worker is initialized
Aug 18 09:26:46.759163 np0000007628 nova-scheduler[93482]: DEBUG oslo_concurrency.lockutils [None req-baf10270-4484-4acf-9271-446dd63272bb tempest-ServersNegativeTestJSON-156408358 tempest-ServersNegativeTestJSON-156408358-project-member] Acquiring lock "c58584c9-d9eb-4115-993d-61aa7c6b538b" by "nova.context.set_target_cell..get_or_set_cached_cell_and_set_connections" {{(pid=93482) inner /opt/stack/data/venv/lib/python3.12/site-packages/oslo_concurrency/lockutils.py:512}}
Aug 18 09:26:46.759731 np0000007628 nova-scheduler[93482]: DEBUG oslo_concurrency.lockutils [None req-baf10270-4484-4acf-9271-446dd63272bb tempest-ServersNegativeTestJSON-156408358 tempest-ServersNegativeTestJSON-156408358-project-member] Lock "c58584c9-d9eb-4115-993d-61aa7c6b538b" acquired by "nova.context.set_target_cell..get_or_set_cached_cell_and_set_connections" :: waited 0.001s {{(pid=93482) inner /opt/stack/data/venv/lib/python3.12/site-packages/oslo_concurrency/lockutils.py:525}}
Aug 18 09:26:46.762227 np0000007628 nova-scheduler[93482]: DEBUG oslo_concurrency.lockutils [None req-baf10270-4484-4acf-9271-446dd63272bb tempest-ServersNegativeTestJSON-156408358 tempest-ServersNegativeTestJSON-156408358-project-member] Lock "c58584c9-d9eb-4115-993d-61aa7c6b538b" "released" by "nova.context.set_target_cell..get_or_set_cached_cell_and_set_connections" :: held 0.002s {{(pid=93482) inner /opt/stack/data/venv/lib/python3.12/site-packages/oslo_concurrency/lockutils.py:544}}
Aug 18 09:26:46.764301 np0000007628 nova-scheduler[93482]: INFO dbcounter [None req-baf10270-4484-4acf-9271-446dd63272bb tempest-ServersNegativeTestJSON-156408358 tempest-ServersNegativeTestJSON-156408358-project-member] Registered counter for database nova_cell1
Aug 18 09:26:46.781814 np0000007628 nova-scheduler[93478]: DEBUG oslo_db.sqlalchemy.engines [None req-3c4c2b92-05bf-4f0b-8785-0b845dfa8db9 tempest-DeleteServersTestJSON-771176146 tempest-DeleteServersTestJSON-771176146-project-member] MySQL server mode set to STRICT_TRANS_TABLES,STRICT_ALL_TABLES,NO_ZERO_IN_DATE,NO_ZERO_DATE,ERROR_FOR_DIVISION_BY_ZERO,TRADITIONAL,NO_ENGINE_SUBSTITUTION {{(pid=93478) _check_effective_sql_mode /opt/stack/data/venv/lib/python3.12/site-packages/oslo_db/sqlalchemy/engines.py:325}}
Aug 18 09:26:46.789307 np0000007628 nova-scheduler[93478]: DEBUG dbcounter [-] [93478] Writer thread running {{(pid=93478) stat_writer /opt/stack/data/venv/lib/python3.12/site-packages/dbcounter.py:102}}
Aug 18 09:26:46.799747 np0000007628 nova-scheduler[93482]: DEBUG oslo_db.sqlalchemy.engines [None req-baf10270-4484-4acf-9271-446dd63272bb tempest-ServersNegativeTestJSON-156408358 tempest-ServersNegativeTestJSON-156408358-project-member] MySQL server mode set to STRICT_TRANS_TABLES,STRICT_ALL_TABLES,NO_ZERO_IN_DATE,NO_ZERO_DATE,ERROR_FOR_DIVISION_BY_ZERO,TRADITIONAL,NO_ENGINE_SUBSTITUTION {{(pid=93482) _check_effective_sql_mode /opt/stack/data/venv/lib/python3.12/site-packages/oslo_db/sqlalchemy/engines.py:325}}
Aug 18 09:26:46.809159 np0000007628 nova-scheduler[93482]: DEBUG dbcounter [-] [93482] Writer thread running {{(pid=93482) stat_writer /opt/stack/data/venv/lib/python3.12/site-packages/dbcounter.py:102}}
Aug 18 09:26:46.821140 np0000007628 nova-scheduler[93478]: DEBUG oslo_db.sqlalchemy.engines [None req-3c4c2b92-05bf-4f0b-8785-0b845dfa8db9 tempest-DeleteServersTestJSON-771176146 tempest-DeleteServersTestJSON-771176146-project-member] Parent process 92271 forked (93478) with an open database connection, which is being discarded and recreated. {{(pid=93478) checkout /opt/stack/data/venv/lib/python3.12/site-packages/oslo_db/sqlalchemy/engines.py:402}}
Aug 18 09:26:46.876441 np0000007628 nova-scheduler[93478]: DEBUG dbcounter [-] [93478] Writer thread running {{(pid=93478) stat_writer /opt/stack/data/venv/lib/python3.12/site-packages/dbcounter.py:102}}
Aug 18 09:26:46.880026 np0000007628 nova-scheduler[93482]: DEBUG dbcounter [-] [93482] Writer thread running {{(pid=93482) stat_writer /opt/stack/data/venv/lib/python3.12/site-packages/dbcounter.py:102}}
Aug 18 09:26:46.882209 np0000007628 nova-scheduler[93478]: DEBUG oslo_concurrency.lockutils [None req-3c4c2b92-05bf-4f0b-8785-0b845dfa8db9 tempest-DeleteServersTestJSON-771176146 tempest-DeleteServersTestJSON-771176146-project-member] Acquiring lock "c58584c9-d9eb-4115-993d-61aa7c6b538b" by "nova.context.set_target_cell..get_or_set_cached_cell_and_set_connections" {{(pid=93478) inner /opt/stack/data/venv/lib/python3.12/site-packages/oslo_concurrency/lockutils.py:512}}
Aug 18 09:26:46.882209 np0000007628 nova-scheduler[93478]: DEBUG oslo_concurrency.lockutils [None req-3c4c2b92-05bf-4f0b-8785-0b845dfa8db9 tempest-DeleteServersTestJSON-771176146 tempest-DeleteServersTestJSON-771176146-project-member] Lock "c58584c9-d9eb-4115-993d-61aa7c6b538b" acquired by "nova.context.set_target_cell..get_or_set_cached_cell_and_set_connections" :: waited 0.000s {{(pid=93478) inner /opt/stack/data/venv/lib/python3.12/site-packages/oslo_concurrency/lockutils.py:525}}
Aug 18 09:26:46.882209 np0000007628 nova-scheduler[93478]: DEBUG oslo_concurrency.lockutils [None req-3c4c2b92-05bf-4f0b-8785-0b845dfa8db9 tempest-DeleteServersTestJSON-771176146 tempest-DeleteServersTestJSON-771176146-project-member] Lock "c58584c9-d9eb-4115-993d-61aa7c6b538b" "released" by "nova.context.set_target_cell..get_or_set_cached_cell_and_set_connections" :: held 0.000s {{(pid=93478) inner /opt/stack/data/venv/lib/python3.12/site-packages/oslo_concurrency/lockutils.py:544}}
Aug 18 09:26:46.883804 np0000007628 nova-scheduler[93482]: DEBUG oslo_concurrency.lockutils [None req-baf10270-4484-4acf-9271-446dd63272bb tempest-ServersNegativeTestJSON-156408358 tempest-ServersNegativeTestJSON-156408358-project-member] Acquiring lock "c58584c9-d9eb-4115-993d-61aa7c6b538b" by "nova.context.set_target_cell..get_or_set_cached_cell_and_set_connections" {{(pid=93482) inner /opt/stack/data/venv/lib/python3.12/site-packages/oslo_concurrency/lockutils.py:512}}
Aug 18 09:26:46.884405 np0000007628 nova-scheduler[93482]: DEBUG oslo_concurrency.lockutils [None req-baf10270-4484-4acf-9271-446dd63272bb tempest-ServersNegativeTestJSON-156408358 tempest-ServersNegativeTestJSON-156408358-project-member] Lock "c58584c9-d9eb-4115-993d-61aa7c6b538b" acquired by "nova.context.set_target_cell..get_or_set_cached_cell_and_set_connections" :: waited 0.000s {{(pid=93482) inner /opt/stack/data/venv/lib/python3.12/site-packages/oslo_concurrency/lockutils.py:525}}
Aug 18 09:26:46.884405 np0000007628 nova-scheduler[93482]: DEBUG oslo_concurrency.lockutils [None req-baf10270-4484-4acf-9271-446dd63272bb tempest-ServersNegativeTestJSON-156408358 tempest-ServersNegativeTestJSON-156408358-project-member] Lock "c58584c9-d9eb-4115-993d-61aa7c6b538b" "released" by "nova.context.set_target_cell..get_or_set_cached_cell_and_set_connections" :: held 0.000s {{(pid=93482) inner /opt/stack/data/venv/lib/python3.12/site-packages/oslo_concurrency/lockutils.py:544}}
Aug 18 09:26:46.888559 np0000007628 nova-scheduler[93482]: DEBUG oslo_concurrency.lockutils [None req-baf10270-4484-4acf-9271-446dd63272bb tempest-ServersNegativeTestJSON-156408358 tempest-ServersNegativeTestJSON-156408358-project-member] Acquiring lock "np0000007628-np0000007628" by "nova.scheduler.host_manager.HostState.update.._locked_update" {{(pid=93482) inner /opt/stack/data/venv/lib/python3.12/site-packages/oslo_concurrency/lockutils.py:512}}
Aug 18 09:26:46.888726 np0000007628 nova-scheduler[93482]: DEBUG oslo_concurrency.lockutils [None req-baf10270-4484-4acf-9271-446dd63272bb tempest-ServersNegativeTestJSON-156408358 tempest-ServersNegativeTestJSON-156408358-project-member] Lock "np0000007628-np0000007628" acquired by "nova.scheduler.host_manager.HostState.update.._locked_update" :: waited 0.000s {{(pid=93482) inner /opt/stack/data/venv/lib/python3.12/site-packages/oslo_concurrency/lockutils.py:525}}
Aug 18 09:26:46.890864 np0000007628 nova-scheduler[93482]: DEBUG nova.scheduler.host_manager [None req-baf10270-4484-4acf-9271-446dd63272bb tempest-ServersNegativeTestJSON-156408358 tempest-ServersNegativeTestJSON-156408358-project-member] Update host state from compute node: ComputeNode(cpu_allocation_ratio=4.0,cpu_info='{"arch": "x86_64", "model": "EPYC-Milan", "vendor": "AMD", "topology": {"cells": 1, "sockets": 16, "cores": 1, "threads": 1}, "maxphysaddr": {"mode": "emulate", "bits": 40}, "features": ["fma", "cmp_legacy", "fsrm", "pclmuldq", "sse", "erms", "lfence-always-serializing", "pat", "spec-ctrl", "3dnowprefetch", "tsc-scale", "fxsr", "svme-addr-chk", "perfctr_core", "rdtscp", "xsaves", "no-nested-data-bp", "xsaveopt", "umip", "gds-no", "null-sel-clr-base", "f16c", "ssse3", "mmxext", "amd-stibp", "amd-psfd", "rdseed", "fxsr_opt", "syscall", "lahf_lm", "invpcid", "tsc_adjust", "vpclmulqdq", "de", "pge", "ssbd", "adx", "clflush", "xsave", "vgif", "pae", "pfthreshold", "abm", "arch-capabilities", "movbe", "bmi1", "sse4.1", "vmcb-clean", "aes", "pause-filter", "v-vmsave-vmload", "mds-no", "svm", "pse36", "clflushopt", "bmi2", "smep", "rdpid", "mca", "arat", "sse2", "fpu", "x2apic", "nx", "npt", "mtrr", "cmov", "avx2", "clwb", "amd-ssbd", "sse4.2", "xsavec", "stibp", "mce", "nrip-save", "cx8", "stibp-always-on", "osvw", "wbnoinvd", "rdctl-no", "smap", "pse", "xsaveerptr", "avx", "hypervisor", "sep", "mmx", "misalignsse", "msr", "sse4a", "cr8legacy", "tsc", "apic", "flushbyasid", "pcid", "pku", "topoext", "clzero", "fsgsbase", "lm", "ibpb", "sha-ni", "lbrv", "xgetbv1", "vaes", "virt-ssbd", "vme", "pdpe1gb", "tsc-deadline", "skip-l1dfl-vmentry", "rdrand", "popcnt", "cx16", "pni", "ibrs", "pschange-mc-no"]}',created_at=2026-08-18T09:24:37Z,current_workload=0,deleted=False,deleted_at=None,disk_allocation_ratio=1.0,disk_available_least=73,free_disk_gb=95,free_ram_mb=62765,host='np0000007628',host_ip=10.4.3.138,hypervisor_hostname='np0000007628',hypervisor_type='QEMU',hypervisor_version=8002002,id=1,local_gb=95,local_gb_used=0,mapped=1,memory_mb=63277,memory_mb_used=512,metrics='[]',numa_topology='{"nova_object.name": "NUMATopology", "nova_object.namespace": "nova", "nova_object.version": "1.2", "nova_object.data": {"cells": [{"nova_object.name": "NUMACell", "nova_object.namespace": "nova", "nova_object.version": "1.5", "nova_object.data": {"id": 0, "cpuset": [0, 1, 2, 3, 4, 5, 6, 7, 8, 9, 10, 11, 12, 13, 14, 15], "pcpuset": [0, 1, 2, 3, 4, 5, 6, 7, 8, 9, 10, 11, 12, 13, 14, 15], "memory": 63277, "cpu_usage": 0, "memory_usage": 0, "pinned_cpus": [], "siblings": [[6], [12], [2], [15], [5], [11], [8], [14], [4], [1], [7], [10], [0], [13], [3], [9]], "mempages": [{"nova_object.name": "NUMAPagesTopology", "nova_object.namespace": "nova", "nova_object.version": "1.1", "nova_object.data": {"size_kb": 4, "total": 16177929, "used": 0, "reserved": 0}, "nova_object.changes": ["reserved", "size_kb", "used", "total"]}, {"nova_object.name": "NUMAPagesTopology", "nova_object.namespace": "nova", "nova_object.version": "1.1", "nova_object.data": {"size_kb": 2048, "total": 41, "used": 0, "reserved": 0}, "nova_object.changes": ["reserved", "size_kb", "used", "total"]}, {"nova_object.name": "NUMAPagesTopology", "nova_object.namespace": "nova", "nova_object.version": "1.1", "nova_object.data": {"size_kb": 1048576, "total": 0, "used": 0, "reserved": 0}, "nova_object.changes": ["reserved", "size_kb", "used", "total"]}], "network_metadata": {"nova_object.name": "NetworkMetadata", "nova_object.namespace": "nova", "nova_object.version": "1.0", "nova_object.data": {"physnets": [], "tunneled": false}, "nova_object.changes": ["physnets", "tunneled"]}, "socket": null}, "nova_object.changes": ["siblings", "id", "cpuset", "memory", "pinned_cpus", "network_metadata", "socket", "cpu_usage", "mempages", "memory_usage", "pcpuset"]}]}, "nova_object.changes": ["cells"]}',pci_device_pools=PciDevicePoolList,ram_allocation_ratio=1.0,running_vms=0,service_id=2,stats={failed_builds='0',uptime=' 09:26:24 up 14 min, 2 users, load average: 1.49, 1.30, 0.76
Aug 18 09:26:46.890864 np0000007628 nova-scheduler[93482]: '},supported_hv_specs=[HVSpec,HVSpec,HVSpec,HVSpec,HVSpec,HVSpec,HVSpec,HVSpec,HVSpec,HVSpec,HVSpec,HVSpec,HVSpec,HVSpec,HVSpec,HVSpec,HVSpec,HVSpec,HVSpec,HVSpec,HVSpec,HVSpec,HVSpec,HVSpec,HVSpec],updated_at=2026-08-18T09:26:25Z,uuid=292583d2-4b74-42ad-b5b8-f54ac6d3c2c6,vcpus=16,vcpus_used=0) {{(pid=93482) _locked_update /opt/stack/nova/nova/scheduler/host_manager.py:168}}
Aug 18 09:26:46.891312 np0000007628 nova-scheduler[93478]: DEBUG oslo_concurrency.lockutils [None req-3c4c2b92-05bf-4f0b-8785-0b845dfa8db9 tempest-DeleteServersTestJSON-771176146 tempest-DeleteServersTestJSON-771176146-project-member] Acquiring lock "np0000007628-np0000007628" by "nova.scheduler.host_manager.HostState.update.._locked_update" {{(pid=93478) inner /opt/stack/data/venv/lib/python3.12/site-packages/oslo_concurrency/lockutils.py:512}}
Aug 18 09:26:46.891312 np0000007628 nova-scheduler[93478]: DEBUG oslo_concurrency.lockutils [None req-3c4c2b92-05bf-4f0b-8785-0b845dfa8db9 tempest-DeleteServersTestJSON-771176146 tempest-DeleteServersTestJSON-771176146-project-member] Lock "np0000007628-np0000007628" acquired by "nova.scheduler.host_manager.HostState.update.._locked_update" :: waited 0.000s {{(pid=93478) inner /opt/stack/data/venv/lib/python3.12/site-packages/oslo_concurrency/lockutils.py:525}}
Aug 18 09:26:46.891743 np0000007628 nova-scheduler[93482]: DEBUG nova.scheduler.host_manager [None req-baf10270-4484-4acf-9271-446dd63272bb tempest-ServersNegativeTestJSON-156408358 tempest-ServersNegativeTestJSON-156408358-project-member] Update host state with aggregates: [] {{(pid=93482) _locked_update /opt/stack/nova/nova/scheduler/host_manager.py:171}}
Aug 18 09:26:46.891743 np0000007628 nova-scheduler[93482]: DEBUG nova.scheduler.host_manager [None req-baf10270-4484-4acf-9271-446dd63272bb tempest-ServersNegativeTestJSON-156408358 tempest-ServersNegativeTestJSON-156408358-project-member] Update host state with service dict: {'id': 2, 'uuid': '29da7619-77b3-4e2a-a3f8-f78b5b114a23', 'host': 'np0000007628', 'binary': 'nova-compute', 'topic': 'compute', 'report_count': 2, 'disabled': False, 'disabled_reason': None, 'last_seen_up': datetime.datetime(2026, 8, 18, 9, 26, 44, tzinfo=datetime.timezone.utc), 'forced_down': False, 'version': 72, 'created_at': datetime.datetime(2026, 8, 18, 9, 24, 37, tzinfo=datetime.timezone.utc), 'updated_at': datetime.datetime(2026, 8, 18, 9, 26, 44, tzinfo=datetime.timezone.utc), 'deleted_at': None, 'deleted': False} {{(pid=93482) _locked_update /opt/stack/nova/nova/scheduler/host_manager.py:174}}
Aug 18 09:26:46.891743 np0000007628 nova-scheduler[93482]: DEBUG nova.scheduler.host_manager [None req-baf10270-4484-4acf-9271-446dd63272bb tempest-ServersNegativeTestJSON-156408358 tempest-ServersNegativeTestJSON-156408358-project-member] Update host state with instances: [] {{(pid=93482) _locked_update /opt/stack/nova/nova/scheduler/host_manager.py:177}}
Aug 18 09:26:46.891743 np0000007628 nova-scheduler[93482]: DEBUG oslo_concurrency.lockutils [None req-baf10270-4484-4acf-9271-446dd63272bb tempest-ServersNegativeTestJSON-156408358 tempest-ServersNegativeTestJSON-156408358-project-member] Lock "np0000007628-np0000007628" "released" by "nova.scheduler.host_manager.HostState.update.._locked_update" :: held 0.002s {{(pid=93482) inner /opt/stack/data/venv/lib/python3.12/site-packages/oslo_concurrency/lockutils.py:544}}
Aug 18 09:26:46.891743 np0000007628 nova-scheduler[93482]: DEBUG nova.filters [None req-baf10270-4484-4acf-9271-446dd63272bb tempest-ServersNegativeTestJSON-156408358 tempest-ServersNegativeTestJSON-156408358-project-member] Starting with 1 host(s) {{(pid=93482) get_filtered_objects /opt/stack/nova/nova/filters.py:70}}
