Jul 23 02:49:39.276683 np0000005696 nova-scheduler[96667]: DEBUG cotyledon.oslo_config_glue [-] workarounds.ensure_libvirt_rbd_instance_dir_cleanup = False {{(pid=96667) log_opt_values /opt/stack/data/venv/lib/python3.12/site-packages/oslo_config/cfg.py:3253}}
Jul 23 02:49:39.276740 np0000005696 nova-scheduler[96633]: INFO dbcounter [None req-c96bae93-23d8-46f2-bb0a-9f5c441688f5 None None] Registered counter for database nova_cell0
Jul 23 02:49:39.276770 np0000005696 nova-scheduler[96667]: DEBUG cotyledon.oslo_config_glue [-] workarounds.handle_virt_lifecycle_events = True {{(pid=96667) log_opt_values /opt/stack/data/venv/lib/python3.12/site-packages/oslo_config/cfg.py:3253}}
Jul 23 02:49:39.276770 np0000005696 nova-scheduler[96667]: DEBUG cotyledon.oslo_config_glue [-] workarounds.libvirt_disable_apic = False {{(pid=96667) log_opt_values /opt/stack/data/venv/lib/python3.12/site-packages/oslo_config/cfg.py:3253}}
Jul 23 02:49:39.276770 np0000005696 nova-scheduler[96667]: DEBUG cotyledon.oslo_config_glue [-] workarounds.never_download_image_if_on_rbd = False {{(pid=96667) log_opt_values /opt/stack/data/venv/lib/python3.12/site-packages/oslo_config/cfg.py:3253}}
Jul 23 02:49:39.276770 np0000005696 nova-scheduler[96667]: DEBUG cotyledon.oslo_config_glue [-] workarounds.qemu_monitor_announce_self_count = 3 {{(pid=96667) log_opt_values /opt/stack/data/venv/lib/python3.12/site-packages/oslo_config/cfg.py:3253}}
Jul 23 02:49:39.276770 np0000005696 nova-scheduler[96667]: DEBUG cotyledon.oslo_config_glue [-] workarounds.qemu_monitor_announce_self_interval = 1 {{(pid=96667) log_opt_values /opt/stack/data/venv/lib/python3.12/site-packages/oslo_config/cfg.py:3253}}
Jul 23 02:49:39.276770 np0000005696 nova-scheduler[96667]: DEBUG cotyledon.oslo_config_glue [-] workarounds.reserve_disk_resource_for_image_cache = False {{(pid=96667) log_opt_values /opt/stack/data/venv/lib/python3.12/site-packages/oslo_config/cfg.py:3253}}
Jul 23 02:49:39.276770 np0000005696 nova-scheduler[96667]: DEBUG cotyledon.oslo_config_glue [-] workarounds.skip_cpu_compare_at_startup = False {{(pid=96667) log_opt_values /opt/stack/data/venv/lib/python3.12/site-packages/oslo_config/cfg.py:3253}}
Jul 23 02:49:39.276770 np0000005696 nova-scheduler[96667]: DEBUG cotyledon.oslo_config_glue [-] workarounds.skip_cpu_compare_on_dest = False {{(pid=96667) log_opt_values /opt/stack/data/venv/lib/python3.12/site-packages/oslo_config/cfg.py:3253}}
Jul 23 02:49:39.276770 np0000005696 nova-scheduler[96667]: DEBUG cotyledon.oslo_config_glue [-] workarounds.skip_hypervisor_version_check_on_lm = False {{(pid=96667) log_opt_values /opt/stack/data/venv/lib/python3.12/site-packages/oslo_config/cfg.py:3253}}
Jul 23 02:49:39.276928 np0000005696 nova-scheduler[96667]: DEBUG cotyledon.oslo_config_glue [-] workarounds.skip_reserve_in_use_ironic_nodes = False {{(pid=96667) log_opt_values /opt/stack/data/venv/lib/python3.12/site-packages/oslo_config/cfg.py:3253}}
Jul 23 02:49:39.276928 np0000005696 nova-scheduler[96667]: DEBUG cotyledon.oslo_config_glue [-] workarounds.unified_limits_count_pcpu_as_vcpu = False {{(pid=96667) log_opt_values /opt/stack/data/venv/lib/python3.12/site-packages/oslo_config/cfg.py:3253}}
Jul 23 02:49:39.276928 np0000005696 nova-scheduler[96667]: DEBUG cotyledon.oslo_config_glue [-] workarounds.wait_for_vif_plugged_event_during_hard_reboot = [] {{(pid=96667) log_opt_values /opt/stack/data/venv/lib/python3.12/site-packages/oslo_config/cfg.py:3253}}
Jul 23 02:49:39.276928 np0000005696 nova-scheduler[96667]: DEBUG cotyledon.oslo_config_glue [-] wsgi.api_paste_config = /etc/nova/api-paste.ini {{(pid=96667) log_opt_values /opt/stack/data/venv/lib/python3.12/site-packages/oslo_config/cfg.py:3253}}
Jul 23 02:49:39.276928 np0000005696 nova-scheduler[96667]: DEBUG cotyledon.oslo_config_glue [-] wsgi.secure_proxy_ssl_header = None {{(pid=96667) log_opt_values /opt/stack/data/venv/lib/python3.12/site-packages/oslo_config/cfg.py:3253}}
Jul 23 02:49:39.276928 np0000005696 nova-scheduler[96667]: DEBUG cotyledon.oslo_config_glue [-] zvm.ca_file = None {{(pid=96667) log_opt_values /opt/stack/data/venv/lib/python3.12/site-packages/oslo_config/cfg.py:3253}}
Jul 23 02:49:39.276928 np0000005696 nova-scheduler[96667]: DEBUG cotyledon.oslo_config_glue [-] zvm.cloud_connector_url = None {{(pid=96667) log_opt_values /opt/stack/data/venv/lib/python3.12/site-packages/oslo_config/cfg.py:3253}}
Jul 23 02:49:39.276928 np0000005696 nova-scheduler[96667]: DEBUG cotyledon.oslo_config_glue [-] zvm.image_tmp_path = /opt/stack/data/nova/images {{(pid=96667) log_opt_values /opt/stack/data/venv/lib/python3.12/site-packages/oslo_config/cfg.py:3253}}
Jul 23 02:49:39.276928 np0000005696 nova-scheduler[96667]: DEBUG cotyledon.oslo_config_glue [-] zvm.reachable_timeout = 300 {{(pid=96667) log_opt_values /opt/stack/data/venv/lib/python3.12/site-packages/oslo_config/cfg.py:3253}}
Jul 23 02:49:39.277133 np0000005696 nova-scheduler[96667]: DEBUG cotyledon.oslo_config_glue [-] oslo_versionedobjects.fatal_exception_format_errors = False {{(pid=96667) log_opt_values /opt/stack/data/venv/lib/python3.12/site-packages/oslo_config/cfg.py:3253}}
Jul 23 02:49:39.277133 np0000005696 nova-scheduler[96667]: DEBUG cotyledon.oslo_config_glue [-] oslo_middleware.http_basic_auth_user_file = /etc/htpasswd {{(pid=96667) log_opt_values /opt/stack/data/venv/lib/python3.12/site-packages/oslo_config/cfg.py:3253}}
Jul 23 02:49:39.277133 np0000005696 nova-scheduler[96667]: DEBUG cotyledon.oslo_config_glue [-] oslo_messaging_metrics.metrics_buffer_size = 1000 {{(pid=96667) log_opt_values /opt/stack/data/venv/lib/python3.12/site-packages/oslo_config/cfg.py:3253}}
Jul 23 02:49:39.277133 np0000005696 nova-scheduler[96667]: DEBUG cotyledon.oslo_config_glue [-] oslo_messaging_metrics.metrics_enabled = False {{(pid=96667) log_opt_values /opt/stack/data/venv/lib/python3.12/site-packages/oslo_config/cfg.py:3253}}
Jul 23 02:49:39.277133 np0000005696 nova-scheduler[96667]: DEBUG cotyledon.oslo_config_glue [-] oslo_messaging_metrics.metrics_process_name = {{(pid=96667) log_opt_values /opt/stack/data/venv/lib/python3.12/site-packages/oslo_config/cfg.py:3253}}
Jul 23 02:49:39.277133 np0000005696 nova-scheduler[96667]: DEBUG cotyledon.oslo_config_glue [-] oslo_messaging_metrics.metrics_socket_file = /var/tmp/metrics_collector.sock {{(pid=96667) log_opt_values /opt/stack/data/venv/lib/python3.12/site-packages/oslo_config/cfg.py:3253}}
Jul 23 02:49:39.277133 np0000005696 nova-scheduler[96667]: DEBUG cotyledon.oslo_config_glue [-] oslo_messaging_metrics.metrics_thread_stop_timeout = 10 {{(pid=96667) log_opt_values /opt/stack/data/venv/lib/python3.12/site-packages/oslo_config/cfg.py:3253}}
Jul 23 02:49:39.277133 np0000005696 nova-scheduler[96667]: DEBUG cotyledon.oslo_config_glue [-] profiler.connection_string = messaging:// {{(pid=96667) log_opt_values /opt/stack/data/venv/lib/python3.12/site-packages/oslo_config/cfg.py:3253}}
Jul 23 02:49:39.277308 np0000005696 nova-scheduler[96667]: DEBUG cotyledon.oslo_config_glue [-] profiler.enabled = False {{(pid=96667) log_opt_values /opt/stack/data/venv/lib/python3.12/site-packages/oslo_config/cfg.py:3253}}
Jul 23 02:49:39.277308 np0000005696 nova-scheduler[96667]: DEBUG cotyledon.oslo_config_glue [-] profiler.es_doc_type = notification {{(pid=96667) log_opt_values /opt/stack/data/venv/lib/python3.12/site-packages/oslo_config/cfg.py:3253}}
Jul 23 02:49:39.277308 np0000005696 nova-scheduler[96667]: DEBUG cotyledon.oslo_config_glue [-] profiler.es_scroll_size = 10000 {{(pid=96667) log_opt_values /opt/stack/data/venv/lib/python3.12/site-packages/oslo_config/cfg.py:3253}}
Jul 23 02:49:39.277308 np0000005696 nova-scheduler[96667]: DEBUG cotyledon.oslo_config_glue [-] profiler.es_scroll_time = 2m {{(pid=96667) log_opt_values /opt/stack/data/venv/lib/python3.12/site-packages/oslo_config/cfg.py:3253}}
Jul 23 02:49:39.277308 np0000005696 nova-scheduler[96667]: DEBUG cotyledon.oslo_config_glue [-] profiler.filter_error_trace = False {{(pid=96667) log_opt_values /opt/stack/data/venv/lib/python3.12/site-packages/oslo_config/cfg.py:3253}}
Jul 23 02:49:39.277308 np0000005696 nova-scheduler[96667]: DEBUG cotyledon.oslo_config_glue [-] profiler.hmac_keys = **** {{(pid=96667) log_opt_values /opt/stack/data/venv/lib/python3.12/site-packages/oslo_config/cfg.py:3253}}
Jul 23 02:49:39.277308 np0000005696 nova-scheduler[96667]: DEBUG cotyledon.oslo_config_glue [-] profiler.sentinel_service_name = mymaster {{(pid=96667) log_opt_values /opt/stack/data/venv/lib/python3.12/site-packages/oslo_config/cfg.py:3253}}
Jul 23 02:49:39.277308 np0000005696 nova-scheduler[96667]: DEBUG cotyledon.oslo_config_glue [-] profiler.socket_timeout = 0.1 {{(pid=96667) log_opt_values /opt/stack/data/venv/lib/python3.12/site-packages/oslo_config/cfg.py:3253}}
Jul 23 02:49:39.277308 np0000005696 nova-scheduler[96667]: DEBUG cotyledon.oslo_config_glue [-] profiler.trace_requests = False {{(pid=96667) log_opt_values /opt/stack/data/venv/lib/python3.12/site-packages/oslo_config/cfg.py:3253}}
Jul 23 02:49:39.277502 np0000005696 nova-scheduler[96667]: DEBUG cotyledon.oslo_config_glue [-] profiler.trace_sqlalchemy = False {{(pid=96667) log_opt_values /opt/stack/data/venv/lib/python3.12/site-packages/oslo_config/cfg.py:3253}}
Jul 23 02:49:39.277502 np0000005696 nova-scheduler[96667]: DEBUG cotyledon.oslo_config_glue [-] profiler_jaeger.process_tags = {} {{(pid=96667) log_opt_values /opt/stack/data/venv/lib/python3.12/site-packages/oslo_config/cfg.py:3253}}
Jul 23 02:49:39.277502 np0000005696 nova-scheduler[96667]: DEBUG cotyledon.oslo_config_glue [-] profiler_jaeger.service_name_prefix = None {{(pid=96667) log_opt_values /opt/stack/data/venv/lib/python3.12/site-packages/oslo_config/cfg.py:3253}}
Jul 23 02:49:39.277502 np0000005696 nova-scheduler[96667]: DEBUG cotyledon.oslo_config_glue [-] profiler_otlp.service_name_prefix = None {{(pid=96667) log_opt_values /opt/stack/data/venv/lib/python3.12/site-packages/oslo_config/cfg.py:3253}}
Jul 23 02:49:39.277502 np0000005696 nova-scheduler[96667]: DEBUG cotyledon.oslo_config_glue [-] oslo_messaging_rabbit.amqp_auto_delete = False {{(pid=96667) log_opt_values /opt/stack/data/venv/lib/python3.12/site-packages/oslo_config/cfg.py:3253}}
Jul 23 02:49:39.277502 np0000005696 nova-scheduler[96667]: DEBUG cotyledon.oslo_config_glue [-] oslo_messaging_rabbit.amqp_durable_queues = False {{(pid=96667) log_opt_values /opt/stack/data/venv/lib/python3.12/site-packages/oslo_config/cfg.py:3253}}
Jul 23 02:49:39.277502 np0000005696 nova-scheduler[96667]: DEBUG cotyledon.oslo_config_glue [-] oslo_messaging_rabbit.conn_pool_min_size = 2 {{(pid=96667) log_opt_values /opt/stack/data/venv/lib/python3.12/site-packages/oslo_config/cfg.py:3253}}
Jul 23 02:49:39.277502 np0000005696 nova-scheduler[96667]: DEBUG cotyledon.oslo_config_glue [-] oslo_messaging_rabbit.conn_pool_ttl = 1200 {{(pid=96667) log_opt_values /opt/stack/data/venv/lib/python3.12/site-packages/oslo_config/cfg.py:3253}}
Jul 23 02:49:39.277502 np0000005696 nova-scheduler[96667]: DEBUG cotyledon.oslo_config_glue [-] oslo_messaging_rabbit.direct_mandatory_flag = True {{(pid=96667) log_opt_values /opt/stack/data/venv/lib/python3.12/site-packages/oslo_config/cfg.py:3253}}
Jul 23 02:49:39.277677 np0000005696 nova-scheduler[96667]: DEBUG cotyledon.oslo_config_glue [-] oslo_messaging_rabbit.enable_cancel_on_failover = False {{(pid=96667) log_opt_values /opt/stack/data/venv/lib/python3.12/site-packages/oslo_config/cfg.py:3253}}
Jul 23 02:49:39.277677 np0000005696 nova-scheduler[96667]: DEBUG cotyledon.oslo_config_glue [-] oslo_messaging_rabbit.heartbeat_rate = 3 {{(pid=96667) log_opt_values /opt/stack/data/venv/lib/python3.12/site-packages/oslo_config/cfg.py:3253}}
Jul 23 02:49:39.277677 np0000005696 nova-scheduler[96667]: DEBUG cotyledon.oslo_config_glue [-] oslo_messaging_rabbit.heartbeat_timeout_threshold = 60 {{(pid=96667) log_opt_values /opt/stack/data/venv/lib/python3.12/site-packages/oslo_config/cfg.py:3253}}
Jul 23 02:49:39.277677 np0000005696 nova-scheduler[96667]: DEBUG cotyledon.oslo_config_glue [-] oslo_messaging_rabbit.hostname = np0000005696 {{(pid=96667) log_opt_values /opt/stack/data/venv/lib/python3.12/site-packages/oslo_config/cfg.py:3253}}
Jul 23 02:49:39.277677 np0000005696 nova-scheduler[96667]: DEBUG cotyledon.oslo_config_glue [-] oslo_messaging_rabbit.kombu_compression = None {{(pid=96667) log_opt_values /opt/stack/data/venv/lib/python3.12/site-packages/oslo_config/cfg.py:3253}}
Jul 23 02:49:39.277677 np0000005696 nova-scheduler[96667]: DEBUG cotyledon.oslo_config_glue [-] oslo_messaging_rabbit.kombu_failover_strategy = round-robin {{(pid=96667) log_opt_values /opt/stack/data/venv/lib/python3.12/site-packages/oslo_config/cfg.py:3253}}
Jul 23 02:49:39.277677 np0000005696 nova-scheduler[96667]: DEBUG cotyledon.oslo_config_glue [-] oslo_messaging_rabbit.kombu_missing_consumer_retry_timeout = 60 {{(pid=96667) log_opt_values /opt/stack/data/venv/lib/python3.12/site-packages/oslo_config/cfg.py:3253}}
Jul 23 02:49:39.277677 np0000005696 nova-scheduler[96667]: DEBUG cotyledon.oslo_config_glue [-] oslo_messaging_rabbit.kombu_reconnect_delay = 1.0 {{(pid=96667) log_opt_values /opt/stack/data/venv/lib/python3.12/site-packages/oslo_config/cfg.py:3253}}
Jul 23 02:49:39.277677 np0000005696 nova-scheduler[96667]: DEBUG cotyledon.oslo_config_glue [-] oslo_messaging_rabbit.kombu_reconnect_splay = 0.0 {{(pid=96667) log_opt_values /opt/stack/data/venv/lib/python3.12/site-packages/oslo_config/cfg.py:3253}}
Jul 23 02:49:39.277842 np0000005696 nova-scheduler[96667]: DEBUG cotyledon.oslo_config_glue [-] oslo_messaging_rabbit.processname = nova-scheduler {{(pid=96667) log_opt_values /opt/stack/data/venv/lib/python3.12/site-packages/oslo_config/cfg.py:3253}}
Jul 23 02:49:39.277842 np0000005696 nova-scheduler[96667]: DEBUG cotyledon.oslo_config_glue [-] oslo_messaging_rabbit.rabbit_ha_queues = False {{(pid=96667) log_opt_values /opt/stack/data/venv/lib/python3.12/site-packages/oslo_config/cfg.py:3253}}
Jul 23 02:49:39.277842 np0000005696 nova-scheduler[96667]: DEBUG cotyledon.oslo_config_glue [-] oslo_messaging_rabbit.rabbit_interval_max = 30 {{(pid=96667) log_opt_values /opt/stack/data/venv/lib/python3.12/site-packages/oslo_config/cfg.py:3253}}
Jul 23 02:49:39.277842 np0000005696 nova-scheduler[96667]: DEBUG cotyledon.oslo_config_glue [-] oslo_messaging_rabbit.rabbit_login_method = AMQPLAIN {{(pid=96667) log_opt_values /opt/stack/data/venv/lib/python3.12/site-packages/oslo_config/cfg.py:3253}}
Jul 23 02:49:39.277842 np0000005696 nova-scheduler[96667]: DEBUG cotyledon.oslo_config_glue [-] oslo_messaging_rabbit.rabbit_qos_prefetch_count = 0 {{(pid=96667) log_opt_values /opt/stack/data/venv/lib/python3.12/site-packages/oslo_config/cfg.py:3253}}
Jul 23 02:49:39.277842 np0000005696 nova-scheduler[96667]: DEBUG cotyledon.oslo_config_glue [-] oslo_messaging_rabbit.rabbit_quorum_delivery_limit = 0 {{(pid=96667) log_opt_values /opt/stack/data/venv/lib/python3.12/site-packages/oslo_config/cfg.py:3253}}
Jul 23 02:49:39.277842 np0000005696 nova-scheduler[96667]: DEBUG cotyledon.oslo_config_glue [-] oslo_messaging_rabbit.rabbit_quorum_max_memory_bytes = 0 {{(pid=96667) log_opt_values /opt/stack/data/venv/lib/python3.12/site-packages/oslo_config/cfg.py:3253}}
Jul 23 02:49:39.277842 np0000005696 nova-scheduler[96667]: DEBUG cotyledon.oslo_config_glue [-] oslo_messaging_rabbit.rabbit_quorum_max_memory_length = 0 {{(pid=96667) log_opt_values /opt/stack/data/venv/lib/python3.12/site-packages/oslo_config/cfg.py:3253}}
Jul 23 02:49:39.277842 np0000005696 nova-scheduler[96667]: DEBUG cotyledon.oslo_config_glue [-] oslo_messaging_rabbit.rabbit_quorum_queue = False {{(pid=96667) log_opt_values /opt/stack/data/venv/lib/python3.12/site-packages/oslo_config/cfg.py:3253}}
Jul 23 02:49:39.278034 np0000005696 nova-scheduler[96667]: DEBUG cotyledon.oslo_config_glue [-] oslo_messaging_rabbit.rabbit_retry_backoff = 2 {{(pid=96667) log_opt_values /opt/stack/data/venv/lib/python3.12/site-packages/oslo_config/cfg.py:3253}}
Jul 23 02:49:39.278034 np0000005696 nova-scheduler[96667]: DEBUG cotyledon.oslo_config_glue [-] oslo_messaging_rabbit.rabbit_retry_interval = 1 {{(pid=96667) log_opt_values /opt/stack/data/venv/lib/python3.12/site-packages/oslo_config/cfg.py:3253}}
Jul 23 02:49:39.278034 np0000005696 nova-scheduler[96667]: DEBUG cotyledon.oslo_config_glue [-] oslo_messaging_rabbit.rabbit_stream_fanout = False {{(pid=96667) log_opt_values /opt/stack/data/venv/lib/python3.12/site-packages/oslo_config/cfg.py:3253}}
Jul 23 02:49:39.278034 np0000005696 nova-scheduler[96667]: DEBUG cotyledon.oslo_config_glue [-] oslo_messaging_rabbit.rabbit_transient_queues_ttl = 1800 {{(pid=96667) log_opt_values /opt/stack/data/venv/lib/python3.12/site-packages/oslo_config/cfg.py:3253}}
Jul 23 02:49:39.278034 np0000005696 nova-scheduler[96667]: DEBUG cotyledon.oslo_config_glue [-] oslo_messaging_rabbit.rabbit_transient_quorum_queue = False {{(pid=96667) log_opt_values /opt/stack/data/venv/lib/python3.12/site-packages/oslo_config/cfg.py:3253}}
Jul 23 02:49:39.278034 np0000005696 nova-scheduler[96667]: DEBUG cotyledon.oslo_config_glue [-] oslo_messaging_rabbit.rpc_conn_pool_size = 30 {{(pid=96667) log_opt_values /opt/stack/data/venv/lib/python3.12/site-packages/oslo_config/cfg.py:3253}}
Jul 23 02:49:39.278034 np0000005696 nova-scheduler[96667]: DEBUG cotyledon.oslo_config_glue [-] oslo_messaging_rabbit.ssl = False {{(pid=96667) log_opt_values /opt/stack/data/venv/lib/python3.12/site-packages/oslo_config/cfg.py:3253}}
Jul 23 02:49:39.278034 np0000005696 nova-scheduler[96667]: DEBUG cotyledon.oslo_config_glue [-] oslo_messaging_rabbit.ssl_ca_file = {{(pid=96667) log_opt_values /opt/stack/data/venv/lib/python3.12/site-packages/oslo_config/cfg.py:3253}}
Jul 23 02:49:39.278034 np0000005696 nova-scheduler[96667]: DEBUG cotyledon.oslo_config_glue [-] oslo_messaging_rabbit.ssl_cert_file = {{(pid=96667) log_opt_values /opt/stack/data/venv/lib/python3.12/site-packages/oslo_config/cfg.py:3253}}
Jul 23 02:49:39.278286 np0000005696 nova-scheduler[96667]: DEBUG cotyledon.oslo_config_glue [-] oslo_messaging_rabbit.ssl_enforce_fips_mode = False {{(pid=96667) log_opt_values /opt/stack/data/venv/lib/python3.12/site-packages/oslo_config/cfg.py:3253}}
Jul 23 02:49:39.278286 np0000005696 nova-scheduler[96667]: DEBUG cotyledon.oslo_config_glue [-] oslo_messaging_rabbit.ssl_enforce_hostname_verification = True {{(pid=96667) log_opt_values /opt/stack/data/venv/lib/python3.12/site-packages/oslo_config/cfg.py:3253}}
Jul 23 02:49:39.278286 np0000005696 nova-scheduler[96667]: DEBUG cotyledon.oslo_config_glue [-] oslo_messaging_rabbit.ssl_key_file = {{(pid=96667) log_opt_values /opt/stack/data/venv/lib/python3.12/site-packages/oslo_config/cfg.py:3253}}
Jul 23 02:49:39.278286 np0000005696 nova-scheduler[96667]: DEBUG cotyledon.oslo_config_glue [-] oslo_messaging_rabbit.ssl_version = {{(pid=96667) log_opt_values /opt/stack/data/venv/lib/python3.12/site-packages/oslo_config/cfg.py:3253}}
Jul 23 02:49:39.278286 np0000005696 nova-scheduler[96667]: DEBUG cotyledon.oslo_config_glue [-] oslo_messaging_rabbit.use_queue_manager = False {{(pid=96667) log_opt_values /opt/stack/data/venv/lib/python3.12/site-packages/oslo_config/cfg.py:3253}}
Jul 23 02:49:39.278286 np0000005696 nova-scheduler[96667]: DEBUG cotyledon.oslo_config_glue [-] oslo_messaging_notifications.driver = ['messagingv2'] {{(pid=96667) log_opt_values /opt/stack/data/venv/lib/python3.12/site-packages/oslo_config/cfg.py:3253}}
Jul 23 02:49:39.278286 np0000005696 nova-scheduler[96667]: DEBUG cotyledon.oslo_config_glue [-] oslo_messaging_notifications.retry = -1 {{(pid=96667) log_opt_values /opt/stack/data/venv/lib/python3.12/site-packages/oslo_config/cfg.py:3253}}
Jul 23 02:49:39.278286 np0000005696 nova-scheduler[96667]: DEBUG cotyledon.oslo_config_glue [-] oslo_messaging_notifications.topics = ['notifications'] {{(pid=96667) log_opt_values /opt/stack/data/venv/lib/python3.12/site-packages/oslo_config/cfg.py:3253}}
Jul 23 02:49:39.278286 np0000005696 nova-scheduler[96667]: DEBUG cotyledon.oslo_config_glue [-] oslo_messaging_notifications.transport_url = **** {{(pid=96667) log_opt_values /opt/stack/data/venv/lib/python3.12/site-packages/oslo_config/cfg.py:3253}}
Jul 23 02:49:39.278468 np0000005696 nova-scheduler[96667]: DEBUG cotyledon.oslo_config_glue [-] oslo_limit.auth_section = None {{(pid=96667) log_opt_values /opt/stack/data/venv/lib/python3.12/site-packages/oslo_config/cfg.py:3253}}
Jul 23 02:49:39.278468 np0000005696 nova-scheduler[96667]: DEBUG cotyledon.oslo_config_glue [-] oslo_limit.auth_type = None {{(pid=96667) log_opt_values /opt/stack/data/venv/lib/python3.12/site-packages/oslo_config/cfg.py:3253}}
Jul 23 02:49:39.278468 np0000005696 nova-scheduler[96667]: DEBUG cotyledon.oslo_config_glue [-] oslo_limit.cafile = None {{(pid=96667) log_opt_values /opt/stack/data/venv/lib/python3.12/site-packages/oslo_config/cfg.py:3253}}
Jul 23 02:49:39.278468 np0000005696 nova-scheduler[96667]: DEBUG cotyledon.oslo_config_glue [-] oslo_limit.certfile = None {{(pid=96667) log_opt_values /opt/stack/data/venv/lib/python3.12/site-packages/oslo_config/cfg.py:3253}}
Jul 23 02:49:39.278468 np0000005696 nova-scheduler[96667]: DEBUG cotyledon.oslo_config_glue [-] oslo_limit.collect_timing = False {{(pid=96667) log_opt_values /opt/stack/data/venv/lib/python3.12/site-packages/oslo_config/cfg.py:3253}}
Jul 23 02:49:39.278468 np0000005696 nova-scheduler[96667]: DEBUG cotyledon.oslo_config_glue [-] oslo_limit.connect_retries = None {{(pid=96667) log_opt_values /opt/stack/data/venv/lib/python3.12/site-packages/oslo_config/cfg.py:3253}}
Jul 23 02:49:39.278468 np0000005696 nova-scheduler[96667]: DEBUG cotyledon.oslo_config_glue [-] oslo_limit.connect_retry_delay = None {{(pid=96667) log_opt_values /opt/stack/data/venv/lib/python3.12/site-packages/oslo_config/cfg.py:3253}}
Jul 23 02:49:39.278468 np0000005696 nova-scheduler[96667]: DEBUG cotyledon.oslo_config_glue [-] oslo_limit.endpoint_id = None {{(pid=96667) log_opt_values /opt/stack/data/venv/lib/python3.12/site-packages/oslo_config/cfg.py:3253}}
Jul 23 02:49:39.278468 np0000005696 nova-scheduler[96667]: DEBUG cotyledon.oslo_config_glue [-] oslo_limit.endpoint_interface = public {{(pid=96667) log_opt_values /opt/stack/data/venv/lib/python3.12/site-packages/oslo_config/cfg.py:3253}}
Jul 23 02:49:39.278637 np0000005696 nova-scheduler[96667]: DEBUG cotyledon.oslo_config_glue [-] oslo_limit.endpoint_override = None {{(pid=96667) log_opt_values /opt/stack/data/venv/lib/python3.12/site-packages/oslo_config/cfg.py:3253}}
Jul 23 02:49:39.278637 np0000005696 nova-scheduler[96667]: DEBUG cotyledon.oslo_config_glue [-] oslo_limit.endpoint_region_name = None {{(pid=96667) log_opt_values /opt/stack/data/venv/lib/python3.12/site-packages/oslo_config/cfg.py:3253}}
Jul 23 02:49:39.278637 np0000005696 nova-scheduler[96667]: DEBUG cotyledon.oslo_config_glue [-] oslo_limit.endpoint_service_name = None {{(pid=96667) log_opt_values /opt/stack/data/venv/lib/python3.12/site-packages/oslo_config/cfg.py:3253}}
Jul 23 02:49:39.278637 np0000005696 nova-scheduler[96667]: DEBUG cotyledon.oslo_config_glue [-] oslo_limit.endpoint_service_type = None {{(pid=96667) log_opt_values /opt/stack/data/venv/lib/python3.12/site-packages/oslo_config/cfg.py:3253}}
Jul 23 02:49:39.278637 np0000005696 nova-scheduler[96667]: DEBUG cotyledon.oslo_config_glue [-] oslo_limit.insecure = False {{(pid=96667) log_opt_values /opt/stack/data/venv/lib/python3.12/site-packages/oslo_config/cfg.py:3253}}
Jul 23 02:49:39.278637 np0000005696 nova-scheduler[96667]: DEBUG cotyledon.oslo_config_glue [-] oslo_limit.keyfile = None {{(pid=96667) log_opt_values /opt/stack/data/venv/lib/python3.12/site-packages/oslo_config/cfg.py:3253}}
Jul 23 02:49:39.278637 np0000005696 nova-scheduler[96667]: DEBUG cotyledon.oslo_config_glue [-] oslo_limit.max_version = None {{(pid=96667) log_opt_values /opt/stack/data/venv/lib/python3.12/site-packages/oslo_config/cfg.py:3253}}
Jul 23 02:49:39.278637 np0000005696 nova-scheduler[96667]: DEBUG cotyledon.oslo_config_glue [-] oslo_limit.min_version = None {{(pid=96667) log_opt_values /opt/stack/data/venv/lib/python3.12/site-packages/oslo_config/cfg.py:3253}}
Jul 23 02:49:39.278637 np0000005696 nova-scheduler[96667]: DEBUG cotyledon.oslo_config_glue [-] oslo_limit.region_name = None {{(pid=96667) log_opt_values /opt/stack/data/venv/lib/python3.12/site-packages/oslo_config/cfg.py:3253}}
Jul 23 02:49:39.278803 np0000005696 nova-scheduler[96667]: DEBUG cotyledon.oslo_config_glue [-] oslo_limit.retriable_status_codes = None {{(pid=96667) log_opt_values /opt/stack/data/venv/lib/python3.12/site-packages/oslo_config/cfg.py:3253}}
Jul 23 02:49:39.278803 np0000005696 nova-scheduler[96667]: DEBUG cotyledon.oslo_config_glue [-] oslo_limit.service_name = None {{(pid=96667) log_opt_values /opt/stack/data/venv/lib/python3.12/site-packages/oslo_config/cfg.py:3253}}
Jul 23 02:49:39.278803 np0000005696 nova-scheduler[96667]: DEBUG cotyledon.oslo_config_glue [-] oslo_limit.service_type = None {{(pid=96667) log_opt_values /opt/stack/data/venv/lib/python3.12/site-packages/oslo_config/cfg.py:3253}}
Jul 23 02:49:39.278803 np0000005696 nova-scheduler[96667]: DEBUG cotyledon.oslo_config_glue [-] oslo_limit.split_loggers = False {{(pid=96667) log_opt_values /opt/stack/data/venv/lib/python3.12/site-packages/oslo_config/cfg.py:3253}}
Jul 23 02:49:39.278803 np0000005696 nova-scheduler[96667]: DEBUG cotyledon.oslo_config_glue [-] oslo_limit.status_code_retries = None {{(pid=96667) log_opt_values /opt/stack/data/venv/lib/python3.12/site-packages/oslo_config/cfg.py:3253}}
Jul 23 02:49:39.278803 np0000005696 nova-scheduler[96667]: DEBUG cotyledon.oslo_config_glue [-] oslo_limit.status_code_retry_delay = None {{(pid=96667) log_opt_values /opt/stack/data/venv/lib/python3.12/site-packages/oslo_config/cfg.py:3253}}
Jul 23 02:49:39.278803 np0000005696 nova-scheduler[96667]: DEBUG cotyledon.oslo_config_glue [-] oslo_limit.timeout = None {{(pid=96667) log_opt_values /opt/stack/data/venv/lib/python3.12/site-packages/oslo_config/cfg.py:3253}}
Jul 23 02:49:39.278803 np0000005696 nova-scheduler[96667]: DEBUG cotyledon.oslo_config_glue [-] oslo_limit.valid_interfaces = None {{(pid=96667) log_opt_values /opt/stack/data/venv/lib/python3.12/site-packages/oslo_config/cfg.py:3253}}
Jul 23 02:49:39.278803 np0000005696 nova-scheduler[96667]: DEBUG cotyledon.oslo_config_glue [-] oslo_limit.version = None {{(pid=96667) log_opt_values /opt/stack/data/venv/lib/python3.12/site-packages/oslo_config/cfg.py:3253}}
Jul 23 02:49:39.278997 np0000005696 nova-scheduler[96667]: DEBUG cotyledon.oslo_config_glue [-] oslo_reports.file_event_handler = None {{(pid=96667) log_opt_values /opt/stack/data/venv/lib/python3.12/site-packages/oslo_config/cfg.py:3253}}
Jul 23 02:49:39.278997 np0000005696 nova-scheduler[96667]: DEBUG cotyledon.oslo_config_glue [-] oslo_reports.file_event_handler_interval = 1 {{(pid=96667) log_opt_values /opt/stack/data/venv/lib/python3.12/site-packages/oslo_config/cfg.py:3253}}
Jul 23 02:49:39.278997 np0000005696 nova-scheduler[96667]: DEBUG cotyledon.oslo_config_glue [-] oslo_reports.log_dir = None {{(pid=96667) log_opt_values /opt/stack/data/venv/lib/python3.12/site-packages/oslo_config/cfg.py:3253}}
Jul 23 02:49:39.278997 np0000005696 nova-scheduler[96667]: DEBUG cotyledon.oslo_config_glue [-] ******************************************************************************** {{(pid=96667) log_opt_values /opt/stack/data/venv/lib/python3.12/site-packages/oslo_config/cfg.py:3260}}
Jul 23 02:49:39.278997 np0000005696 nova-scheduler[96667]: DEBUG cotyledon._service_worker [-] Run service ServiceWrapper(3) [96667] {{(pid=96667) wait_forever /opt/stack/data/venv/lib/python3.12/site-packages/cotyledon/_service_worker.py:218}}
Jul 23 02:49:39.278997 np0000005696 nova-scheduler[96667]: INFO nova.service [-] Starting scheduler node (version 33.1.0)
Jul 23 02:49:39.278997 np0000005696 nova-scheduler[96667]: INFO dbcounter [None req-6af03b96-85f0-4f2f-af84-289813d02548 None None] Registered counter for database nova_cell0
Jul 23 02:49:39.279160 np0000005696 nova-scheduler[96592]: DEBUG oslo_db.sqlalchemy.engines [None req-2dfef8f5-9578-4275-9420-dfc2a7d78b99 None None] MySQL server mode set to STRICT_TRANS_TABLES,STRICT_ALL_TABLES,NO_ZERO_IN_DATE,NO_ZERO_DATE,ERROR_FOR_DIVISION_BY_ZERO,TRADITIONAL,NO_ENGINE_SUBSTITUTION {{(pid=96592) _check_effective_sql_mode /opt/stack/data/venv/lib/python3.12/site-packages/oslo_db/sqlalchemy/engines.py:325}}
Jul 23 02:49:39.289346 np0000005696 nova-scheduler[96592]: DEBUG dbcounter [-] [96592] Writer thread running {{(pid=96592) stat_writer /opt/stack/data/venv/lib/python3.12/site-packages/dbcounter.py:102}}
Jul 23 02:49:39.290355 np0000005696 nova-scheduler[96661]: DEBUG oslo_db.sqlalchemy.engines [None req-e3a762f8-b882-4110-92e9-58c0d9a01a16 None None] MySQL server mode set to STRICT_TRANS_TABLES,STRICT_ALL_TABLES,NO_ZERO_IN_DATE,NO_ZERO_DATE,ERROR_FOR_DIVISION_BY_ZERO,TRADITIONAL,NO_ENGINE_SUBSTITUTION {{(pid=96661) _check_effective_sql_mode /opt/stack/data/venv/lib/python3.12/site-packages/oslo_db/sqlalchemy/engines.py:325}}
Jul 23 02:49:39.299323 np0000005696 nova-scheduler[96661]: DEBUG dbcounter [-] [96661] Writer thread running {{(pid=96661) stat_writer /opt/stack/data/venv/lib/python3.12/site-packages/dbcounter.py:102}}
Jul 23 02:49:39.307614 np0000005696 nova-scheduler[96592]: DEBUG nova.service [None req-2dfef8f5-9578-4275-9420-dfc2a7d78b99 None None] Creating RPC server for service: nova-scheduler on topic: scheduler {{(pid=96592) start /opt/stack/nova/nova/service.py:196}}
Jul 23 02:49:39.310901 np0000005696 nova-scheduler[96667]: DEBUG oslo_db.sqlalchemy.engines [None req-6af03b96-85f0-4f2f-af84-289813d02548 None None] MySQL server mode set to STRICT_TRANS_TABLES,STRICT_ALL_TABLES,NO_ZERO_IN_DATE,NO_ZERO_DATE,ERROR_FOR_DIVISION_BY_ZERO,TRADITIONAL,NO_ENGINE_SUBSTITUTION {{(pid=96667) _check_effective_sql_mode /opt/stack/data/venv/lib/python3.12/site-packages/oslo_db/sqlalchemy/engines.py:325}}
Jul 23 02:49:39.315704 np0000005696 nova-scheduler[96661]: DEBUG nova.service [None req-e3a762f8-b882-4110-92e9-58c0d9a01a16 None None] Creating RPC server for service: nova-scheduler on topic: scheduler {{(pid=96661) start /opt/stack/nova/nova/service.py:196}}
Jul 23 02:49:39.319043 np0000005696 nova-scheduler[96633]: DEBUG oslo_db.sqlalchemy.engines [None req-c96bae93-23d8-46f2-bb0a-9f5c441688f5 None None] MySQL server mode set to STRICT_TRANS_TABLES,STRICT_ALL_TABLES,NO_ZERO_IN_DATE,NO_ZERO_DATE,ERROR_FOR_DIVISION_BY_ZERO,TRADITIONAL,NO_ENGINE_SUBSTITUTION {{(pid=96633) _check_effective_sql_mode /opt/stack/data/venv/lib/python3.12/site-packages/oslo_db/sqlalchemy/engines.py:325}}
Jul 23 02:49:39.322216 np0000005696 nova-scheduler[96667]: DEBUG dbcounter [-] [96667] Writer thread running {{(pid=96667) stat_writer /opt/stack/data/venv/lib/python3.12/site-packages/dbcounter.py:102}}
Jul 23 02:49:39.325887 np0000005696 nova-scheduler[96667]: DEBUG nova.service [None req-6af03b96-85f0-4f2f-af84-289813d02548 None None] Creating RPC server for service: nova-scheduler on topic: scheduler {{(pid=96667) start /opt/stack/nova/nova/service.py:196}}
Jul 23 02:49:39.333973 np0000005696 nova-scheduler[96633]: DEBUG dbcounter [-] [96633] Writer thread running {{(pid=96633) stat_writer /opt/stack/data/venv/lib/python3.12/site-packages/dbcounter.py:102}}
Jul 23 02:49:39.338100 np0000005696 nova-scheduler[96633]: DEBUG nova.service [None req-c96bae93-23d8-46f2-bb0a-9f5c441688f5 None None] Creating RPC server for service: nova-scheduler on topic: scheduler {{(pid=96633) start /opt/stack/nova/nova/service.py:196}}
Jul 23 02:49:39.342091 np0000005696 nova-scheduler[96661]: DEBUG nova.service [None req-e3a762f8-b882-4110-92e9-58c0d9a01a16 None None] Join ServiceGroup membership for this service scheduler {{(pid=96661) start /opt/stack/nova/nova/service.py:222}}
Jul 23 02:49:39.342434 np0000005696 nova-scheduler[96661]: DEBUG nova.servicegroup.drivers.db [None req-e3a762f8-b882-4110-92e9-58c0d9a01a16 None None] DB_Driver: join new ServiceGroup member np0000005696 to the scheduler group, service = {{(pid=96661) join /opt/stack/nova/nova/servicegroup/drivers/db.py:44}}
Jul 23 02:49:39.348084 np0000005696 nova-scheduler[96592]: DEBUG nova.service [None req-2dfef8f5-9578-4275-9420-dfc2a7d78b99 None None] Join ServiceGroup membership for this service scheduler {{(pid=96592) start /opt/stack/nova/nova/service.py:222}}
Jul 23 02:49:39.348301 np0000005696 nova-scheduler[96592]: DEBUG nova.servicegroup.drivers.db [None req-2dfef8f5-9578-4275-9420-dfc2a7d78b99 None None] DB_Driver: join new ServiceGroup member np0000005696 to the scheduler group, service = {{(pid=96592) join /opt/stack/nova/nova/servicegroup/drivers/db.py:44}}
Jul 23 02:49:39.352289 np0000005696 nova-scheduler[96667]: DEBUG nova.service [None req-6af03b96-85f0-4f2f-af84-289813d02548 None None] Join ServiceGroup membership for this service scheduler {{(pid=96667) start /opt/stack/nova/nova/service.py:222}}
Jul 23 02:49:39.352645 np0000005696 nova-scheduler[96667]: DEBUG nova.servicegroup.drivers.db [None req-6af03b96-85f0-4f2f-af84-289813d02548 None None] DB_Driver: join new ServiceGroup member np0000005696 to the scheduler group, service = {{(pid=96667) join /opt/stack/nova/nova/servicegroup/drivers/db.py:44}}
Jul 23 02:49:39.364968 np0000005696 nova-scheduler[96633]: DEBUG nova.service [None req-c96bae93-23d8-46f2-bb0a-9f5c441688f5 None None] Join ServiceGroup membership for this service scheduler {{(pid=96633) start /opt/stack/nova/nova/service.py:222}}
Jul 23 02:49:39.365308 np0000005696 nova-scheduler[96633]: DEBUG nova.servicegroup.drivers.db [None req-c96bae93-23d8-46f2-bb0a-9f5c441688f5 None None] DB_Driver: join new ServiceGroup member np0000005696 to the scheduler group, service = {{(pid=96633) join /opt/stack/nova/nova/servicegroup/drivers/db.py:44}}
Jul 23 02:49:44.365901 np0000005696 nova-scheduler[96661]: DEBUG oslo.service.backend._threading.loopingcall [-] Fixed interval looping call 'nova.servicegroup.drivers.db.DbDriver._report_state' sleeping for 119.98 seconds {{(pid=96661) _run_loop /opt/stack/data/venv/lib/python3.12/site-packages/oslo_service/backend/_threading/loopingcall.py:125}}
Jul 23 02:49:44.367773 np0000005696 nova-scheduler[96633]: DEBUG oslo.service.backend._threading.loopingcall [None req-688035f7-eb78-41b5-b4ad-2c4cb1b18b1c None None] Dynamic interval looping call 'nova.service.Service.periodic_tasks' sleeping for 60.00 seconds {{(pid=96633) _run_loop /opt/stack/data/venv/lib/python3.12/site-packages/oslo_service/backend/_threading/loopingcall.py:125}}
Jul 23 02:49:44.368490 np0000005696 nova-scheduler[96592]: DEBUG oslo.service.backend._threading.loopingcall [-] Fixed interval looping call 'nova.servicegroup.drivers.db.DbDriver._report_state' sleeping for 119.98 seconds {{(pid=96592) _run_loop /opt/stack/data/venv/lib/python3.12/site-packages/oslo_service/backend/_threading/loopingcall.py:125}}
Jul 23 02:49:44.372887 np0000005696 nova-scheduler[96667]: DEBUG oslo.service.backend._threading.loopingcall [-] Fixed interval looping call 'nova.servicegroup.drivers.db.DbDriver._report_state' sleeping for 119.98 seconds {{(pid=96667) _run_loop /opt/stack/data/venv/lib/python3.12/site-packages/oslo_service/backend/_threading/loopingcall.py:125}}
Jul 23 02:49:44.378368 np0000005696 nova-scheduler[96633]: DEBUG oslo.service.backend._threading.loopingcall [-] Fixed interval looping call 'nova.servicegroup.drivers.db.DbDriver._report_state' sleeping for 119.99 seconds {{(pid=96633) _run_loop /opt/stack/data/venv/lib/python3.12/site-packages/oslo_service/backend/_threading/loopingcall.py:125}}
Jul 23 02:49:45.344968 np0000005696 nova-scheduler[96661]: DEBUG oslo.service.backend._threading.loopingcall [None req-94d85c4e-5956-4778-96ef-57ad0638cd1e None None] Dynamic interval looping call 'nova.service.Service.periodic_tasks' sleeping for 60.00 seconds {{(pid=96661) _run_loop /opt/stack/data/venv/lib/python3.12/site-packages/oslo_service/backend/_threading/loopingcall.py:125}}
Jul 23 02:49:47.864612 np0000005696 nova-scheduler[95319]: DEBUG dbcounter [-] [95319] Writing DB stats nova_api:SELECT=3 {{(pid=95319) stat_writer /opt/stack/data/venv/lib/python3.12/site-packages/dbcounter.py:115}}
Jul 23 02:49:47.992023 np0000005696 nova-scheduler[95319]: DEBUG dbcounter [-] [95319] Writing DB stats nova_cell0:SELECT=1 {{(pid=95319) stat_writer /opt/stack/data/venv/lib/python3.12/site-packages/dbcounter.py:115}}
Jul 23 02:49:48.006598 np0000005696 nova-scheduler[95319]: DEBUG dbcounter [-] [95319] Writing DB stats nova_cell1:SELECT=1 {{(pid=95319) stat_writer /opt/stack/data/venv/lib/python3.12/site-packages/dbcounter.py:115}}
Jul 23 02:49:51.350438 np0000005696 nova-scheduler[96592]: DEBUG oslo.service.backend._threading.loopingcall [None req-d03125aa-d8a5-4e8b-a096-dafd30139cf0 None None] Dynamic interval looping call 'nova.service.Service.periodic_tasks' sleeping for 60.00 seconds {{(pid=96592) _run_loop /opt/stack/data/venv/lib/python3.12/site-packages/oslo_service/backend/_threading/loopingcall.py:125}}
Jul 23 02:49:54.359470 np0000005696 nova-scheduler[96592]: DEBUG dbcounter [-] [96592] Writing DB stats nova_cell0:SELECT=4,nova_cell0:INSERT=1,nova_cell0:UPDATE=1 {{(pid=96592) stat_writer /opt/stack/data/venv/lib/python3.12/site-packages/dbcounter.py:115}}
Jul 23 02:49:54.359922 np0000005696 nova-scheduler[96661]: DEBUG dbcounter [-] [96661] Writing DB stats nova_cell0:SELECT=5,nova_cell0:INSERT=1,nova_cell0:UPDATE=1 {{(pid=96661) stat_writer /opt/stack/data/venv/lib/python3.12/site-packages/dbcounter.py:115}}
Jul 23 02:49:54.368388 np0000005696 nova-scheduler[96667]: DEBUG dbcounter [-] [96667] Writing DB stats nova_cell0:SELECT=3,nova_cell0:UPDATE=1 {{(pid=96667) stat_writer /opt/stack/data/venv/lib/python3.12/site-packages/dbcounter.py:115}}
Jul 23 02:49:54.375472 np0000005696 nova-scheduler[96633]: DEBUG dbcounter [-] [96633] Writing DB stats nova_cell0:SELECT=3 {{(pid=96633) stat_writer /opt/stack/data/venv/lib/python3.12/site-packages/dbcounter.py:115}}
Jul 23 02:50:22.355676 np0000005696 nova-scheduler[96667]: DEBUG oslo.service.backend._threading.loopingcall [None req-e2a5f9a8-a4ce-4da5-914a-723a3e0370e4 None None] Dynamic interval looping call 'nova.service.Service.periodic_tasks' sleeping for 60.00 seconds {{(pid=96667) _run_loop /opt/stack/data/venv/lib/python3.12/site-packages/oslo_service/backend/_threading/loopingcall.py:125}}
Jul 23 02:50:44.368408 np0000005696 nova-scheduler[96633]: DEBUG oslo.service.backend._threading.loopingcall [None req-688035f7-eb78-41b5-b4ad-2c4cb1b18b1c None None] Dynamic interval looping call 'nova.service.Service.periodic_tasks' sleeping for 60.00 seconds {{(pid=96633) _run_loop /opt/stack/data/venv/lib/python3.12/site-packages/oslo_service/backend/_threading/loopingcall.py:125}}
Jul 23 02:50:45.345359 np0000005696 nova-scheduler[96661]: DEBUG oslo.service.backend._threading.loopingcall [None req-94d85c4e-5956-4778-96ef-57ad0638cd1e None None] Dynamic interval looping call 'nova.service.Service.periodic_tasks' sleeping for 60.00 seconds {{(pid=96661) _run_loop /opt/stack/data/venv/lib/python3.12/site-packages/oslo_service/backend/_threading/loopingcall.py:125}}
Jul 23 02:50:51.350958 np0000005696 nova-scheduler[96592]: DEBUG oslo.service.backend._threading.loopingcall [None req-d03125aa-d8a5-4e8b-a096-dafd30139cf0 None None] Dynamic interval looping call 'nova.service.Service.periodic_tasks' sleeping for 60.00 seconds {{(pid=96592) _run_loop /opt/stack/data/venv/lib/python3.12/site-packages/oslo_service/backend/_threading/loopingcall.py:125}}
Jul 23 02:51:22.356114 np0000005696 nova-scheduler[96667]: DEBUG oslo.service.backend._threading.loopingcall [None req-e2a5f9a8-a4ce-4da5-914a-723a3e0370e4 None None] Dynamic interval looping call 'nova.service.Service.periodic_tasks' sleeping for 60.00 seconds {{(pid=96667) _run_loop /opt/stack/data/venv/lib/python3.12/site-packages/oslo_service/backend/_threading/loopingcall.py:125}}
Jul 23 02:51:44.352843 np0000005696 nova-scheduler[96661]: DEBUG oslo.service.backend._threading.loopingcall [-] Fixed interval looping call 'nova.servicegroup.drivers.db.DbDriver._report_state' sleeping for 119.99 seconds {{(pid=96661) _run_loop /opt/stack/data/venv/lib/python3.12/site-packages/oslo_service/backend/_threading/loopingcall.py:125}}
Jul 23 02:51:44.353415 np0000005696 nova-scheduler[96592]: DEBUG oslo.service.backend._threading.loopingcall [-] Fixed interval looping call 'nova.servicegroup.drivers.db.DbDriver._report_state' sleeping for 120.00 seconds {{(pid=96592) _run_loop /opt/stack/data/venv/lib/python3.12/site-packages/oslo_service/backend/_threading/loopingcall.py:125}}
Jul 23 02:51:44.360476 np0000005696 nova-scheduler[96667]: DEBUG oslo.service.backend._threading.loopingcall [-] Fixed interval looping call 'nova.servicegroup.drivers.db.DbDriver._report_state' sleeping for 119.99 seconds {{(pid=96667) _run_loop /opt/stack/data/venv/lib/python3.12/site-packages/oslo_service/backend/_threading/loopingcall.py:125}}
Jul 23 02:51:44.370482 np0000005696 nova-scheduler[96633]: DEBUG oslo.service.backend._threading.loopingcall [None req-688035f7-eb78-41b5-b4ad-2c4cb1b18b1c None None] Dynamic interval looping call 'nova.service.Service.periodic_tasks' sleeping for 60.00 seconds {{(pid=96633) _run_loop /opt/stack/data/venv/lib/python3.12/site-packages/oslo_service/backend/_threading/loopingcall.py:125}}
Jul 23 02:51:44.372343 np0000005696 nova-scheduler[96633]: DEBUG oslo.service.backend._threading.loopingcall [-] Fixed interval looping call 'nova.servicegroup.drivers.db.DbDriver._report_state' sleeping for 120.00 seconds {{(pid=96633) _run_loop /opt/stack/data/venv/lib/python3.12/site-packages/oslo_service/backend/_threading/loopingcall.py:125}}
Jul 23 02:51:45.345896 np0000005696 nova-scheduler[96661]: DEBUG oslo.service.backend._threading.loopingcall [None req-94d85c4e-5956-4778-96ef-57ad0638cd1e None None] Dynamic interval looping call 'nova.service.Service.periodic_tasks' sleeping for 60.00 seconds {{(pid=96661) _run_loop /opt/stack/data/venv/lib/python3.12/site-packages/oslo_service/backend/_threading/loopingcall.py:125}}
Jul 23 02:51:51.351895 np0000005696 nova-scheduler[96592]: DEBUG oslo.service.backend._threading.loopingcall [None req-d03125aa-d8a5-4e8b-a096-dafd30139cf0 None None] Dynamic interval looping call 'nova.service.Service.periodic_tasks' sleeping for 60.00 seconds {{(pid=96592) _run_loop /opt/stack/data/venv/lib/python3.12/site-packages/oslo_service/backend/_threading/loopingcall.py:125}}
Jul 23 02:51:54.351253 np0000005696 nova-scheduler[96661]: DEBUG dbcounter [-] [96661] Writing DB stats nova_cell0:SELECT=1,nova_cell0:UPDATE=1 {{(pid=96661) stat_writer /opt/stack/data/venv/lib/python3.12/site-packages/dbcounter.py:115}}
Jul 23 02:51:54.352670 np0000005696 nova-scheduler[96592]: DEBUG dbcounter [-] [96592] Writing DB stats nova_cell0:SELECT=1,nova_cell0:UPDATE=1 {{(pid=96592) stat_writer /opt/stack/data/venv/lib/python3.12/site-packages/dbcounter.py:115}}
Jul 23 02:51:54.357017 np0000005696 nova-scheduler[96667]: DEBUG dbcounter [-] [96667] Writing DB stats nova_cell0:SELECT=1 {{(pid=96667) stat_writer /opt/stack/data/venv/lib/python3.12/site-packages/dbcounter.py:115}}
Jul 23 02:51:54.370382 np0000005696 nova-scheduler[96633]: DEBUG dbcounter [-] [96633] Writing DB stats nova_cell0:SELECT=1 {{(pid=96633) stat_writer /opt/stack/data/venv/lib/python3.12/site-packages/dbcounter.py:115}}
Jul 23 02:52:06.560575 np0000005696 nova-scheduler[96661]: DEBUG nova.scheduler.manager [None req-6cb1fccb-f688-4a7e-85d0-48e81c3d002f tempest-DeleteServersTestJSON-396797083 tempest-DeleteServersTestJSON-396797083-project-member] Starting to schedule for instances: ['578feafa-1ccc-4b0d-8ead-995b230535e4'] {{(pid=96661) select_destinations /opt/stack/nova/nova/scheduler/manager.py:209}}
Jul 23 02:52:06.561629 np0000005696 nova-scheduler[96661]: DEBUG nova.scheduler.request_filter [None req-6cb1fccb-f688-4a7e-85d0-48e81c3d002f tempest-DeleteServersTestJSON-396797083 tempest-DeleteServersTestJSON-396797083-project-member] compute_status_filter request filter added forbidden trait COMPUTE_STATUS_DISABLED {{(pid=96661) compute_status_filter /opt/stack/nova/nova/scheduler/request_filter.py:253}}
Jul 23 02:52:06.562139 np0000005696 nova-scheduler[96661]: DEBUG nova.scheduler.request_filter [None req-6cb1fccb-f688-4a7e-85d0-48e81c3d002f tempest-DeleteServersTestJSON-396797083 tempest-DeleteServersTestJSON-396797083-project-member] Request filter 'compute_status_filter' took 0.0 seconds {{(pid=96661) wrapper /opt/stack/nova/nova/scheduler/request_filter.py:46}}
Jul 23 02:52:06.563215 np0000005696 nova-scheduler[96661]: DEBUG nova.scheduler.request_filter [None req-6cb1fccb-f688-4a7e-85d0-48e81c3d002f tempest-DeleteServersTestJSON-396797083 tempest-DeleteServersTestJSON-396797083-project-member] Request filter 'accelerators_filter' took 0.0 seconds {{(pid=96661) wrapper /opt/stack/nova/nova/scheduler/request_filter.py:46}}
Jul 23 02:52:06.563582 np0000005696 nova-scheduler[96661]: DEBUG nova.scheduler.request_filter [None req-6cb1fccb-f688-4a7e-85d0-48e81c3d002f tempest-DeleteServersTestJSON-396797083 tempest-DeleteServersTestJSON-396797083-project-member] Request filter 'packed_virtqueue_filter' took 0.0 seconds {{(pid=96661) wrapper /opt/stack/nova/nova/scheduler/request_filter.py:46}}
Jul 23 02:52:06.564044 np0000005696 nova-scheduler[96661]: DEBUG nova.scheduler.request_filter [None req-6cb1fccb-f688-4a7e-85d0-48e81c3d002f tempest-DeleteServersTestJSON-396797083 tempest-DeleteServersTestJSON-396797083-project-member] Request filter 'remote_managed_ports_filter' took 0.0 seconds {{(pid=96661) wrapper /opt/stack/nova/nova/scheduler/request_filter.py:46}}
Jul 23 02:52:06.567481 np0000005696 nova-scheduler[96661]: DEBUG nova.scheduler.request_filter [None req-6cb1fccb-f688-4a7e-85d0-48e81c3d002f tempest-DeleteServersTestJSON-396797083 tempest-DeleteServersTestJSON-396797083-project-member] ephemeral_encryption_filter skipped {{(pid=96661) ephemeral_encryption_filter /opt/stack/nova/nova/scheduler/request_filter.py:426}}
Jul 23 02:52:06.567481 np0000005696 nova-scheduler[96661]: DEBUG nova.scheduler.request_filter [None req-6cb1fccb-f688-4a7e-85d0-48e81c3d002f tempest-DeleteServersTestJSON-396797083 tempest-DeleteServersTestJSON-396797083-project-member] virtio_sound_filter skipped {{(pid=96661) virtio_sound_filter /opt/stack/nova/nova/scheduler/request_filter.py:460}}
Jul 23 02:52:06.567481 np0000005696 nova-scheduler[96661]: DEBUG nova.scheduler.request_filter [None req-6cb1fccb-f688-4a7e-85d0-48e81c3d002f tempest-DeleteServersTestJSON-396797083 tempest-DeleteServersTestJSON-396797083-project-member] tpm_secret_security_filter skipped {{(pid=96661) tpm_secret_security_filter /opt/stack/nova/nova/scheduler/request_filter.py:477}}
Jul 23 02:52:07.274583 np0000005696 nova-scheduler[96661]: INFO nova.utils [None req-6cb1fccb-f688-4a7e-85d0-48e81c3d002f tempest-DeleteServersTestJSON-396797083 tempest-DeleteServersTestJSON-396797083-project-member] The cell worker thread pool ForkProcess-3.cell_worker is initialized
Jul 23 02:52:07.274583 np0000005696 nova-scheduler[96661]: DEBUG oslo_concurrency.lockutils [None req-6cb1fccb-f688-4a7e-85d0-48e81c3d002f tempest-DeleteServersTestJSON-396797083 tempest-DeleteServersTestJSON-396797083-project-member] Acquiring lock "448332e2-d48d-449e-9b51-0ed2acd04fb0" by "nova.context.set_target_cell..get_or_set_cached_cell_and_set_connections" {{(pid=96661) inner /opt/stack/data/venv/lib/python3.12/site-packages/oslo_concurrency/lockutils.py:512}}
Jul 23 02:52:07.274583 np0000005696 nova-scheduler[96661]: DEBUG oslo_concurrency.lockutils [None req-6cb1fccb-f688-4a7e-85d0-48e81c3d002f tempest-DeleteServersTestJSON-396797083 tempest-DeleteServersTestJSON-396797083-project-member] Lock "448332e2-d48d-449e-9b51-0ed2acd04fb0" acquired by "nova.context.set_target_cell..get_or_set_cached_cell_and_set_connections" :: waited 0.000s {{(pid=96661) inner /opt/stack/data/venv/lib/python3.12/site-packages/oslo_concurrency/lockutils.py:525}}
Jul 23 02:52:07.277009 np0000005696 nova-scheduler[96661]: DEBUG oslo_concurrency.lockutils [None req-6cb1fccb-f688-4a7e-85d0-48e81c3d002f tempest-DeleteServersTestJSON-396797083 tempest-DeleteServersTestJSON-396797083-project-member] Lock "448332e2-d48d-449e-9b51-0ed2acd04fb0" "released" by "nova.context.set_target_cell..get_or_set_cached_cell_and_set_connections" :: held 0.003s {{(pid=96661) inner /opt/stack/data/venv/lib/python3.12/site-packages/oslo_concurrency/lockutils.py:544}}
Jul 23 02:52:07.285703 np0000005696 nova-scheduler[96661]: INFO dbcounter [None req-6cb1fccb-f688-4a7e-85d0-48e81c3d002f tempest-DeleteServersTestJSON-396797083 tempest-DeleteServersTestJSON-396797083-project-member] Registered counter for database nova_cell1
Jul 23 02:52:07.346769 np0000005696 nova-scheduler[96661]: DEBUG oslo_db.sqlalchemy.engines [None req-6cb1fccb-f688-4a7e-85d0-48e81c3d002f tempest-DeleteServersTestJSON-396797083 tempest-DeleteServersTestJSON-396797083-project-member] MySQL server mode set to STRICT_TRANS_TABLES,STRICT_ALL_TABLES,NO_ZERO_IN_DATE,NO_ZERO_DATE,ERROR_FOR_DIVISION_BY_ZERO,TRADITIONAL,NO_ENGINE_SUBSTITUTION {{(pid=96661) _check_effective_sql_mode /opt/stack/data/venv/lib/python3.12/site-packages/oslo_db/sqlalchemy/engines.py:325}}
Jul 23 02:52:07.355251 np0000005696 nova-scheduler[96661]: DEBUG dbcounter [-] [96661] Writer thread running {{(pid=96661) stat_writer /opt/stack/data/venv/lib/python3.12/site-packages/dbcounter.py:102}}
