Aug 13 22:04:14.856335 np0000007274 devstack@neutron-api.service[87794]: DEBUG neutron.api.extensions [None req-7406fc80-965d-4a4f-a570-65839f18a028 None None] Ext name="Uplink status propagation extension" alias="uplink-status-propagation" description="Provides ability to propagate port uplink status." updated="2018-05-31T18:00:00-00:00" {{(pid=87794) _check_extension /opt/stack/neutron/neutron/api/extensions.py:415}}
Aug 13 22:04:14.856829 np0000007274 devstack@neutron-api.service[87794]: INFO neutron.api.extensions [None req-7406fc80-965d-4a4f-a570-65839f18a028 None None] Extension uplink-status-propagation not supported by any of loaded plugins
Aug 13 22:04:14.856929 np0000007274 devstack@neutron-api.service[87794]: DEBUG neutron.api.extensions [None req-7406fc80-965d-4a4f-a570-65839f18a028 None None] Loading extension file: uplink_status_propagation_updatable.py {{(pid=87794) _load_all_extensions_from_path /opt/stack/neutron/neutron/api/extensions.py:449}}
Aug 13 22:04:14.857230 np0000007274 devstack@neutron-api.service[87794]: DEBUG neutron.api.extensions [None req-7406fc80-965d-4a4f-a570-65839f18a028 None None] Ext name="Uplink status propagation updatable extension" alias="uplink-status-propagation-updatable" description="Provides ability to update the port uplink status." updated="2024-09-03T18:00:00-00:00" {{(pid=87794) _check_extension /opt/stack/neutron/neutron/api/extensions.py:415}}
Aug 13 22:04:14.857600 np0000007274 devstack@neutron-api.service[87794]: INFO neutron.api.extensions [None req-7406fc80-965d-4a4f-a570-65839f18a028 None None] Extension uplink-status-propagation-updatable not supported by any of loaded plugins
Aug 13 22:04:14.857600 np0000007274 devstack@neutron-api.service[87794]: DEBUG neutron.api.extensions [None req-7406fc80-965d-4a4f-a570-65839f18a028 None None] Loading extension file: vlantransparent.py {{(pid=87794) _load_all_extensions_from_path /opt/stack/neutron/neutron/api/extensions.py:449}}
Aug 13 22:04:14.857893 np0000007274 devstack@neutron-api.service[87794]: DEBUG neutron.api.extensions [None req-7406fc80-965d-4a4f-a570-65839f18a028 None None] Ext name="Vlantransparent" alias="vlan-transparent" description="Provides Vlan Transparent Networks" updated="2015-03-23T09:00:00-00:00" {{(pid=87794) _check_extension /opt/stack/neutron/neutron/api/extensions.py:415}}
Aug 13 22:04:14.858091 np0000007274 devstack@neutron-api.service[87794]: INFO neutron.api.extensions [None req-7406fc80-965d-4a4f-a570-65839f18a028 None None] Loaded extension: vlan-transparent
Aug 13 22:04:14.860097 np0000007274 devstack@neutron-api.service[87794]: INFO neutron.quota.resource_registry [None req-7406fc80-965d-4a4f-a570-65839f18a028 None None] Creating instance of TrackedResource for resource:network
Aug 13 22:04:14.860333 np0000007274 devstack@neutron-api.service[87794]: INFO neutron.quota.resource_registry [None req-7406fc80-965d-4a4f-a570-65839f18a028 None None] Creating instance of TrackedResource for resource:subnet
Aug 13 22:04:14.860480 np0000007274 devstack@neutron-api.service[87794]: INFO neutron.quota.resource_registry [None req-7406fc80-965d-4a4f-a570-65839f18a028 None None] Creating instance of TrackedResource for resource:subnetpool
Aug 13 22:04:14.860626 np0000007274 devstack@neutron-api.service[87794]: INFO neutron.quota.resource_registry [None req-7406fc80-965d-4a4f-a570-65839f18a028 None None] Creating instance of TrackedResource for resource:port
Aug 13 22:04:14.862275 np0000007274 devstack@neutron-api.service[87794]: INFO neutron.quota.resource_registry [None req-7406fc80-965d-4a4f-a570-65839f18a028 None None] Creating instance of CountableResource for resource:router_route
Aug 13 22:04:14.862538 np0000007274 devstack@neutron-api.service[87794]: DEBUG neutron.api.v2.resource_helper [None req-7406fc80-965d-4a4f-a570-65839f18a028 None None] Service L3_ROUTER_NAT assigned prefix: {{(pid=87794) build_resource_info /opt/stack/neutron/neutron/api/v2/resource_helper.py:77}}
Aug 13 22:04:14.863136 np0000007274 devstack@neutron-api.service[87794]: DEBUG neutron.api.v2.resource_helper [None req-7406fc80-965d-4a4f-a570-65839f18a028 None None] Service FLAVORS assigned prefix: {{(pid=87794) build_resource_info /opt/stack/neutron/neutron/api/v2/resource_helper.py:77}}
Aug 13 22:04:14.864576 np0000007274 devstack@neutron-api.service[87794]: DEBUG neutron.api.v2.resource_helper [None req-7406fc80-965d-4a4f-a570-65839f18a028 None None] Service L3_ROUTER_NAT assigned prefix: {{(pid=87794) build_resource_info /opt/stack/neutron/neutron/api/v2/resource_helper.py:77}}
Aug 13 22:04:14.865051 np0000007274 devstack@neutron-api.service[87794]: DEBUG neutron.api.v2.resource_helper [None req-7406fc80-965d-4a4f-a570-65839f18a028 None None] Service L3_ROUTER_NAT assigned prefix: {{(pid=87794) build_resource_info /opt/stack/neutron/neutron/api/v2/resource_helper.py:77}}
Aug 13 22:04:14.865244 np0000007274 devstack@neutron-api.service[87794]: INFO neutron.quota.resource_registry [None req-7406fc80-965d-4a4f-a570-65839f18a028 None None] Creating instance of TrackedResource for resource:router
Aug 13 22:04:14.865833 np0000007274 devstack@neutron-api.service[87794]: INFO neutron.quota.resource_registry [None req-7406fc80-965d-4a4f-a570-65839f18a028 None None] Creating instance of TrackedResource for resource:floatingip
Aug 13 22:04:14.867240 np0000007274 devstack@neutron-api.service[87794]: INFO neutron.quota.resource_registry [None req-7406fc80-965d-4a4f-a570-65839f18a028 None None] Creating instance of CountableResource for resource:rbac_policy
Aug 13 22:04:14.868077 np0000007274 devstack@neutron-api.service[87794]: INFO neutron.quota.resource_registry [None req-7406fc80-965d-4a4f-a570-65839f18a028 None None] Creating instance of TrackedResource for resource:security_group
Aug 13 22:04:14.868506 np0000007274 devstack@neutron-api.service[87794]: INFO neutron.quota.resource_registry [None req-7406fc80-965d-4a4f-a570-65839f18a028 None None] Creating instance of TrackedResource for resource:security_group_rule
Aug 13 22:04:14.869299 np0000007274 devstack@neutron-api.service[87794]: DEBUG neutron.api.v2.resource_helper [None req-7406fc80-965d-4a4f-a570-65839f18a028 None None] Service CORE assigned prefix: {{(pid=87794) build_resource_info /opt/stack/neutron/neutron/api/v2/resource_helper.py:77}}
Aug 13 22:04:14.869408 np0000007274 devstack@neutron-api.service[87794]: INFO neutron.quota.resource_registry [None req-7406fc80-965d-4a4f-a570-65839f18a028 None None] Creating instance of TrackedResource for resource:subnetpool
Aug 13 22:04:14.869592 np0000007274 devstack@neutron-api.service[87794]: WARNING neutron.quota.resource_registry [None req-7406fc80-965d-4a4f-a570-65839f18a028 None None] subnetpool is already registered
Aug 13 22:04:14.870274 np0000007274 devstack@neutron-api.service[87794]: DEBUG neutron.api.v2.resource_helper [None req-7406fc80-965d-4a4f-a570-65839f18a028 None None] Service CORE assigned prefix: {{(pid=87794) build_resource_info /opt/stack/neutron/neutron/api/v2/resource_helper.py:77}}
Aug 13 22:04:14.870274 np0000007274 devstack@neutron-api.service[87794]: INFO neutron.quota.resource_registry [None req-7406fc80-965d-4a4f-a570-65839f18a028 None None] Creating instance of TrackedResource for resource:subnetpool
Aug 13 22:04:14.870540 np0000007274 devstack@neutron-api.service[87794]: WARNING neutron.quota.resource_registry [None req-7406fc80-965d-4a4f-a570-65839f18a028 None None] subnetpool is already registered
Aug 13 22:04:14.873802 np0000007274 devstack@neutron-api.service[87794]: INFO neutron.quota.resource_registry [None req-7406fc80-965d-4a4f-a570-65839f18a028 None None] Creating instance of CountableResource for resource:router_route
Aug 13 22:04:14.873974 np0000007274 devstack@neutron-api.service[87794]: WARNING neutron.quota.resource_registry [None req-7406fc80-965d-4a4f-a570-65839f18a028 None None] router_route is already registered
Aug 13 22:04:14.874223 np0000007274 devstack@neutron-api.service[87794]: DEBUG neutron.api.v2.resource_helper [None req-7406fc80-965d-4a4f-a570-65839f18a028 None None] Service L3_ROUTER_NAT assigned prefix: {{(pid=87794) build_resource_info /opt/stack/neutron/neutron/api/v2/resource_helper.py:77}}
Aug 13 22:04:14.875395 np0000007274 devstack@neutron-api.service[87794]: DEBUG neutron.api.v2.resource_helper [None req-7406fc80-965d-4a4f-a570-65839f18a028 None None] Service FLAVORS assigned prefix: {{(pid=87794) build_resource_info /opt/stack/neutron/neutron/api/v2/resource_helper.py:77}}
Aug 13 22:04:14.876226 np0000007274 devstack@neutron-api.service[87794]: DEBUG neutron.api.v2.resource_helper [None req-7406fc80-965d-4a4f-a570-65839f18a028 None None] Service L3_ROUTER_NAT assigned prefix: {{(pid=87794) build_resource_info /opt/stack/neutron/neutron/api/v2/resource_helper.py:77}}
Aug 13 22:04:14.876571 np0000007274 devstack@neutron-api.service[87794]: DEBUG neutron.api.v2.resource_helper [None req-7406fc80-965d-4a4f-a570-65839f18a028 None None] Service L3_ROUTER_NAT assigned prefix: {{(pid=87794) build_resource_info /opt/stack/neutron/neutron/api/v2/resource_helper.py:77}}
Aug 13 22:04:14.876733 np0000007274 devstack@neutron-api.service[87794]: INFO neutron.quota.resource_registry [None req-7406fc80-965d-4a4f-a570-65839f18a028 None None] Creating instance of TrackedResource for resource:router
Aug 13 22:04:14.876923 np0000007274 devstack@neutron-api.service[87794]: WARNING neutron.quota.resource_registry [None req-7406fc80-965d-4a4f-a570-65839f18a028 None None] router is already registered
Aug 13 22:04:14.877413 np0000007274 devstack@neutron-api.service[87794]: INFO neutron.quota.resource_registry [None req-7406fc80-965d-4a4f-a570-65839f18a028 None None] Creating instance of TrackedResource for resource:floatingip
Aug 13 22:04:14.877632 np0000007274 devstack@neutron-api.service[87794]: WARNING neutron.quota.resource_registry [None req-7406fc80-965d-4a4f-a570-65839f18a028 None None] floatingip is already registered
Aug 13 22:04:14.880771 np0000007274 devstack@neutron-api.service[87794]: INFO neutron.quota.resource_registry [None req-7406fc80-965d-4a4f-a570-65839f18a028 None None] Creating instance of CountableResource for resource:rbac_policy
Aug 13 22:04:14.880771 np0000007274 devstack@neutron-api.service[87794]: WARNING neutron.quota.resource_registry [None req-7406fc80-965d-4a4f-a570-65839f18a028 None None] rbac_policy is already registered
Aug 13 22:04:14.881607 np0000007274 devstack@neutron-api.service[87794]: INFO neutron.quota.resource_registry [None req-7406fc80-965d-4a4f-a570-65839f18a028 None None] Creating instance of TrackedResource for resource:security_group
Aug 13 22:04:14.881607 np0000007274 devstack@neutron-api.service[87794]: WARNING neutron.quota.resource_registry [None req-7406fc80-965d-4a4f-a570-65839f18a028 None None] security_group is already registered
Aug 13 22:04:14.882170 np0000007274 devstack@neutron-api.service[87794]: INFO neutron.quota.resource_registry [None req-7406fc80-965d-4a4f-a570-65839f18a028 None None] Creating instance of TrackedResource for resource:security_group_rule
Aug 13 22:04:14.882271 np0000007274 devstack@neutron-api.service[87794]: WARNING neutron.quota.resource_registry [None req-7406fc80-965d-4a4f-a570-65839f18a028 None None] security_group_rule is already registered
Aug 13 22:04:14.883100 np0000007274 devstack@neutron-api.service[87794]: DEBUG neutron.api.v2.resource_helper [None req-7406fc80-965d-4a4f-a570-65839f18a028 None None] Service CORE assigned prefix: {{(pid=87794) build_resource_info /opt/stack/neutron/neutron/api/v2/resource_helper.py:77}}
Aug 13 22:04:14.883285 np0000007274 devstack@neutron-api.service[87794]: INFO neutron.quota.resource_registry [None req-7406fc80-965d-4a4f-a570-65839f18a028 None None] Creating instance of TrackedResource for resource:subnetpool
Aug 13 22:04:14.883470 np0000007274 devstack@neutron-api.service[87794]: WARNING neutron.quota.resource_registry [None req-7406fc80-965d-4a4f-a570-65839f18a028 None None] subnetpool is already registered
Aug 13 22:04:14.883947 np0000007274 devstack@neutron-api.service[87794]: DEBUG neutron.api.v2.resource_helper [None req-7406fc80-965d-4a4f-a570-65839f18a028 None None] Service CORE assigned prefix: {{(pid=87794) build_resource_info /opt/stack/neutron/neutron/api/v2/resource_helper.py:77}}
Aug 13 22:04:14.884165 np0000007274 devstack@neutron-api.service[87794]: INFO neutron.quota.resource_registry [None req-7406fc80-965d-4a4f-a570-65839f18a028 None None] Creating instance of TrackedResource for resource:subnetpool
Aug 13 22:04:14.884373 np0000007274 devstack@neutron-api.service[87794]: WARNING neutron.quota.resource_registry [None req-7406fc80-965d-4a4f-a570-65839f18a028 None None] subnetpool is already registered
Aug 13 22:04:14.884878 np0000007274 devstack@neutron-api.service[87794]: DEBUG neutron.api.extensions [None req-7406fc80-965d-4a4f-a570-65839f18a028 None None] Extended resource: extensions {{(pid=87794) __init__ /opt/stack/neutron/neutron/api/extensions.py:156}}
Aug 13 22:04:14.887085 np0000007274 devstack@neutron-api.service[87794]: DEBUG neutron.api.extensions [None req-7406fc80-965d-4a4f-a570-65839f18a028 None None] Extended resource: address-groups {{(pid=87794) __init__ /opt/stack/neutron/neutron/api/extensions.py:156}}
Aug 13 22:04:14.888322 np0000007274 devstack@neutron-api.service[87794]: DEBUG neutron.api.extensions [None req-7406fc80-965d-4a4f-a570-65839f18a028 None None] Extended resource: address-scopes {{(pid=87794) __init__ /opt/stack/neutron/neutron/api/extensions.py:156}}
Aug 13 22:04:14.889235 np0000007274 devstack@neutron-api.service[87794]: DEBUG neutron.api.extensions [None req-7406fc80-965d-4a4f-a570-65839f18a028 None None] Extended resource: agents {{(pid=87794) __init__ /opt/stack/neutron/neutron/api/extensions.py:156}}
Aug 13 22:04:14.889896 np0000007274 devstack@neutron-api.service[87794]: DEBUG neutron.api.extensions [None req-7406fc80-965d-4a4f-a570-65839f18a028 None None] Extended resource: auto-allocated-topology {{(pid=87794) __init__ /opt/stack/neutron/neutron/api/extensions.py:156}}
Aug 13 22:04:14.891108 np0000007274 devstack@neutron-api.service[87794]: DEBUG neutron.api.extensions [None req-7406fc80-965d-4a4f-a570-65839f18a028 None None] Extended resource: availability_zones {{(pid=87794) __init__ /opt/stack/neutron/neutron/api/extensions.py:156}}
Aug 13 22:04:14.892066 np0000007274 devstack@neutron-api.service[87794]: DEBUG neutron.api.extensions [None req-7406fc80-965d-4a4f-a570-65839f18a028 None None] Extended resource: dhcp-networks {{(pid=87794) __init__ /opt/stack/neutron/neutron/api/extensions.py:156}}
Aug 13 22:04:14.892858 np0000007274 devstack@neutron-api.service[87794]: DEBUG neutron.api.extensions [None req-7406fc80-965d-4a4f-a570-65839f18a028 None None] Extended resource: dhcp-agents {{(pid=87794) __init__ /opt/stack/neutron/neutron/api/extensions.py:156}}
Aug 13 22:04:14.893927 np0000007274 devstack@neutron-api.service[87794]: DEBUG neutron.api.extensions [None req-7406fc80-965d-4a4f-a570-65839f18a028 None None] Extended resource: routers {{(pid=87794) __init__ /opt/stack/neutron/neutron/api/extensions.py:156}}
Aug 13 22:04:14.895428 np0000007274 devstack@neutron-api.service[87794]: DEBUG neutron.api.extensions [None req-7406fc80-965d-4a4f-a570-65839f18a028 None None] Extended resource: flavors {{(pid=87794) __init__ /opt/stack/neutron/neutron/api/extensions.py:156}}
Aug 13 22:04:14.896342 np0000007274 devstack@neutron-api.service[87794]: DEBUG neutron.api.extensions [None req-7406fc80-965d-4a4f-a570-65839f18a028 None None] Extended resource: service_profiles {{(pid=87794) __init__ /opt/stack/neutron/neutron/api/extensions.py:156}}
Aug 13 22:04:14.899851 np0000007274 devstack@neutron-api.service[87794]: DEBUG neutron.api.extensions [None req-7406fc80-965d-4a4f-a570-65839f18a028 None None] Extended resource: next_providers {{(pid=87794) __init__ /opt/stack/neutron/neutron/api/extensions.py:156}}
Aug 13 22:04:14.900717 np0000007274 devstack@neutron-api.service[87794]: DEBUG neutron.api.extensions [None req-7406fc80-965d-4a4f-a570-65839f18a028 None None] Extended resource: service_profiles {{(pid=87794) __init__ /opt/stack/neutron/neutron/api/extensions.py:156}}
Aug 13 22:04:14.900786 np0000007274 devstack@neutron-api.service[87793]: DEBUG oslo_concurrency.processutils [None req-485fa7f4-3ada-47b1-b1a3-acd1aaddad55 None None] CMD "ovsdb-client transact ssl:10.4.3.243:6641 --timeout 180 -p /opt/stack/data/CA/int-ca/private/devstack-cert.key -c /opt/stack/data/CA/int-ca/devstack-cert.crt -C /opt/stack/data/CA/int-ca/ca-chain.pem ["OVN_Northbound", {"op": "wait", "timeout": 0, "table": "Port_Group", "where": [["name", "==", "neutron_pg_drop"]], "until": "==", "rows": []}, {"op": "insert", "table": "ACL", "row": {"action": "drop", "direction": "to-lport", "match": "outport == @neutron_pg_drop && ip", "priority": 1000}, "uuid-name": "droptoport"}, {"op": "insert", "table": "ACL", "row": {"action": "drop", "direction": "from-lport", "match": "inport == @neutron_pg_drop && ip", "priority": 1000}, "uuid-name": "dropfromport"}, {"op": "insert", "table": "Port_Group", "row": {"name": "neutron_pg_drop", "acls": ["set", [["named-uuid", "droptoport"], ["named-uuid", "dropfromport"]]]}}]" returned: 0 in 0.052s {{(pid=87793) execute /opt/stack/data/venv/lib/python3.12/site-packages/oslo_concurrency/processutils.py:468}}
Aug 13 22:04:14.902285 np0000007274 devstack@neutron-api.service[87793]: DEBUG neutron_lib.callbacks.manager [None req-485fa7f4-3ada-47b1-b1a3-acd1aaddad55 None None] Publish callbacks ['neutron.plugins.ml2.drivers.ovn.mech_driver.mech_driver.OVNMechanismDriver.post_fork_initialize-876200', 'neutron.services.pvlan.drivers.ovn.driver._initialize_pvlan_pg_drop-8354010714606', 'neutron.services.ovn_l3.plugin.OVNL3RouterPlugin._post_fork_initialize-8931'] for process (None), after_init {{(pid=87793) _notify_loop /opt/stack/data/venv/lib/python3.12/site-packages/neutron_lib/callbacks/manager.py:184}}
Aug 13 22:04:14.902597 np0000007274 devstack@neutron-api.service[87794]: DEBUG neutron.api.extensions [None req-7406fc80-965d-4a4f-a570-65839f18a028 None None] Extended resource: floatingip-pools {{(pid=87794) __init__ /opt/stack/neutron/neutron/api/extensions.py:156}}
Aug 13 22:04:14.902719 np0000007274 devstack@neutron-api.service[87793]: DEBUG oslo_concurrency.lockutils [None req-485fa7f4-3ada-47b1-b1a3-acd1aaddad55 None None] Acquiring lock "singleton_lock" {{(pid=87793) lock /opt/stack/data/venv/lib/python3.12/site-packages/oslo_concurrency/lockutils.py:396}}
Aug 13 22:04:14.902856 np0000007274 devstack@neutron-api.service[87794]: DEBUG neutron.api.extensions [None req-7406fc80-965d-4a4f-a570-65839f18a028 None None] Extended resource: routers {{(pid=87794) __init__ /opt/stack/neutron/neutron/api/extensions.py:156}}
Aug 13 22:04:14.903116 np0000007274 devstack@neutron-api.service[87793]: DEBUG oslo_concurrency.lockutils [None req-485fa7f4-3ada-47b1-b1a3-acd1aaddad55 None None] Acquired lock "singleton_lock" {{(pid=87793) lock /opt/stack/data/venv/lib/python3.12/site-packages/oslo_concurrency/lockutils.py:399}}
Aug 13 22:04:14.903649 np0000007274 devstack@neutron-api.service[87793]: DEBUG oslo_concurrency.lockutils [None req-485fa7f4-3ada-47b1-b1a3-acd1aaddad55 None None] Releasing lock "singleton_lock" {{(pid=87793) lock /opt/stack/data/venv/lib/python3.12/site-packages/oslo_concurrency/lockutils.py:419}}
Aug 13 22:04:14.903961 np0000007274 devstack@neutron-api.service[87794]: DEBUG neutron.api.extensions [None req-7406fc80-965d-4a4f-a570-65839f18a028 None None] Extended resource: floatingips {{(pid=87794) __init__ /opt/stack/neutron/neutron/api/extensions.py:156}}
Aug 13 22:04:14.904709 np0000007274 devstack@neutron-api.service[87794]: DEBUG neutron.api.extensions [None req-7406fc80-965d-4a4f-a570-65839f18a028 None None] Extended resource: l3-routers {{(pid=87794) __init__ /opt/stack/neutron/neutron/api/extensions.py:156}}
Aug 13 22:04:14.905688 np0000007274 devstack@neutron-api.service[87794]: DEBUG neutron.api.extensions [None req-7406fc80-965d-4a4f-a570-65839f18a028 None None] Extended resource: l3-agents {{(pid=87794) __init__ /opt/stack/neutron/neutron/api/extensions.py:156}}
Aug 13 22:04:14.906575 np0000007274 devstack@neutron-api.service[87794]: DEBUG neutron.api.extensions [None req-7406fc80-965d-4a4f-a570-65839f18a028 None None] Extended resource: network-ip-availabilities {{(pid=87794) __init__ /opt/stack/neutron/neutron/api/extensions.py:156}}
Aug 13 22:04:14.907098 np0000007274 devstack@neutron-api.service[87793]: DEBUG neutron.plugins.ml2.drivers.ovn.mech_driver.mech_driver [None req-485fa7f4-3ada-47b1-b1a3-acd1aaddad55 None None] Hash Ring setup using WSGI start time 2026-08-13 22:04:13+00:00 {{(pid=87793) _init_hash_ring /opt/stack/neutron/neutron/plugins/ml2/drivers/ovn/mech_driver/mech_driver.py:382}}
Aug 13 22:04:14.907251 np0000007274 devstack@neutron-api.service[87794]: DEBUG neutron.api.extensions [None req-7406fc80-965d-4a4f-a570-65839f18a028 None None] Extended resource: network-ip-availabilities {{(pid=87794) __init__ /opt/stack/neutron/neutron/api/extensions.py:156}}
Aug 13 22:04:14.908157 np0000007274 devstack@neutron-api.service[87794]: DEBUG neutron.api.extensions [None req-7406fc80-965d-4a4f-a570-65839f18a028 None None] Extended resource: bindings {{(pid=87794) __init__ /opt/stack/neutron/neutron/api/extensions.py:156}}
Aug 13 22:04:14.909653 np0000007274 devstack@neutron-api.service[87794]: DEBUG neutron.api.extensions [None req-7406fc80-965d-4a4f-a570-65839f18a028 None None] Extended resource: quotas {{(pid=87794) __init__ /opt/stack/neutron/neutron/api/extensions.py:156}}
Aug 13 22:04:14.910807 np0000007274 devstack@neutron-api.service[87794]: DEBUG neutron.api.extensions [None req-7406fc80-965d-4a4f-a570-65839f18a028 None None] Extended resource: quotas {{(pid=87794) __init__ /opt/stack/neutron/neutron/api/extensions.py:156}}
Aug 13 22:04:14.912069 np0000007274 devstack@neutron-api.service[87794]: DEBUG neutron.api.extensions [None req-7406fc80-965d-4a4f-a570-65839f18a028 None None] Extended resource: rbac-policies {{(pid=87794) __init__ /opt/stack/neutron/neutron/api/extensions.py:156}}
Aug 13 22:04:14.912934 np0000007274 devstack@neutron-api.service[87794]: DEBUG neutron.api.extensions [None req-7406fc80-965d-4a4f-a570-65839f18a028 None None] Extended resource: default-security-group-rules {{(pid=87794) __init__ /opt/stack/neutron/neutron/api/extensions.py:156}}
Aug 13 22:04:14.913671 np0000007274 devstack@neutron-api.service[87794]: DEBUG neutron.api.extensions [None req-7406fc80-965d-4a4f-a570-65839f18a028 None None] Extended resource: security-groups-default-statefulness {{(pid=87794) __init__ /opt/stack/neutron/neutron/api/extensions.py:156}}
Aug 13 22:04:14.914694 np0000007274 devstack@neutron-api.service[87794]: DEBUG neutron.api.extensions [None req-7406fc80-965d-4a4f-a570-65839f18a028 None None] Extended resource: security-groups {{(pid=87794) __init__ /opt/stack/neutron/neutron/api/extensions.py:156}}
Aug 13 22:04:14.914936 np0000007274 devstack@neutron-api.service[87793]: INFO neutron.db.ovn_hash_ring_db [None req-485fa7f4-3ada-47b1-b1a3-acd1aaddad55 None None] Nodes from host "np0000007274" and group "mechanism_driver" removed from the Hash Ring created at 2026-08-13 22:04:13+00:00
Aug 13 22:04:14.915282 np0000007274 devstack@neutron-api.service[87794]: DEBUG neutron.api.extensions [None req-7406fc80-965d-4a4f-a570-65839f18a028 None None] Extended resource: security-group-rules {{(pid=87794) __init__ /opt/stack/neutron/neutron/api/extensions.py:156}}
Aug 13 22:04:14.916040 np0000007274 devstack@neutron-api.service[87794]: DEBUG neutron.api.extensions [None req-7406fc80-965d-4a4f-a570-65839f18a028 None None] Extended resource: service-providers {{(pid=87794) __init__ /opt/stack/neutron/neutron/api/extensions.py:156}}
Aug 13 22:04:14.916842 np0000007274 devstack@neutron-api.service[87794]: DEBUG neutron.api.extensions [None req-7406fc80-965d-4a4f-a570-65839f18a028 None None] Extended resource: subnetpools {{(pid=87794) __init__ /opt/stack/neutron/neutron/api/extensions.py:156}}
Aug 13 22:04:14.919290 np0000007274 devstack@neutron-api.service[87793]: INFO neutron.db.ovn_hash_ring_db [None req-485fa7f4-3ada-47b1-b1a3-acd1aaddad55 None None] Node 14795a9c8385521c9714e6a1b0a75205 from host "np0000007274" and group "mechanism_driver" added to the Hash Ring
Aug 13 22:04:14.919357 np0000007274 devstack@neutron-api.service[87794]: DEBUG neutron.api.extensions [None req-7406fc80-965d-4a4f-a570-65839f18a028 None None] Extended resource: subnetpools {{(pid=87794) __init__ /opt/stack/neutron/neutron/api/extensions.py:156}}
Aug 13 22:04:14.920249 np0000007274 devstack@neutron-api.service[87794]: DEBUG neutron.api.extensions [None req-7406fc80-965d-4a4f-a570-65839f18a028 None None] Extended resource: tags {{(pid=87794) __init__ /opt/stack/neutron/neutron/api/extensions.py:156}}
Aug 13 22:04:14.921380 np0000007274 devstack@neutron-api.service[87794]: DEBUG neutron.api.extensions [None req-7406fc80-965d-4a4f-a570-65839f18a028 None None] Extended resource: tags {{(pid=87794) __init__ /opt/stack/neutron/neutron/api/extensions.py:156}}
Aug 13 22:04:14.922570 np0000007274 devstack@neutron-api.service[87794]: DEBUG neutron.api.extensions [None req-7406fc80-965d-4a4f-a570-65839f18a028 None None] Extended resource: tags {{(pid=87794) __init__ /opt/stack/neutron/neutron/api/extensions.py:156}}
Aug 13 22:04:14.923879 np0000007274 devstack@neutron-api.service[87793]: DEBUG neutron.plugins.ml2.drivers.ovn.mech_driver.mech_driver [None req-485fa7f4-3ada-47b1-b1a3-acd1aaddad55 None None] Hash Ring setup, this worker has detected 2 OVN hash ring registers in the database {{(pid=87793) _init_hash_ring /opt/stack/neutron/neutron/plugins/ml2/drivers/ovn/mech_driver/mech_driver.py:392}}
Aug 13 22:04:14.925323 np0000007274 devstack@neutron-api.service[87794]: DEBUG neutron.api.extensions [None req-7406fc80-965d-4a4f-a570-65839f18a028 None None] Extended resource: tags {{(pid=87794) __init__ /opt/stack/neutron/neutron/api/extensions.py:156}}
Aug 13 22:04:14.926752 np0000007274 devstack@neutron-api.service[87794]: DEBUG neutron.api.extensions [None req-7406fc80-965d-4a4f-a570-65839f18a028 None None] Extended resource: tags {{(pid=87794) __init__ /opt/stack/neutron/neutron/api/extensions.py:156}}
Aug 13 22:04:14.928613 np0000007274 devstack@neutron-api.service[87794]: DEBUG neutron.api.extensions [None req-7406fc80-965d-4a4f-a570-65839f18a028 None None] Extended resource: tags {{(pid=87794) __init__ /opt/stack/neutron/neutron/api/extensions.py:156}}
Aug 13 22:04:14.929799 np0000007274 devstack@neutron-api.service[87794]: DEBUG neutron.api.extensions [None req-7406fc80-965d-4a4f-a570-65839f18a028 None None] Extended resource: tags {{(pid=87794) __init__ /opt/stack/neutron/neutron/api/extensions.py:156}}
Aug 13 22:04:14.932833 np0000007274 devstack@neutron-api.service[87794]: DEBUG neutron.api.extensions [None req-7406fc80-965d-4a4f-a570-65839f18a028 None None] Extended resource: tags {{(pid=87794) __init__ /opt/stack/neutron/neutron/api/extensions.py:156}}
Aug 13 22:04:14.933887 np0000007274 devstack@neutron-api.service[87794]: DEBUG neutron.api.extensions [None req-7406fc80-965d-4a4f-a570-65839f18a028 None None] Extended resource: tags {{(pid=87794) __init__ /opt/stack/neutron/neutron/api/extensions.py:156}}
Aug 13 22:04:14.934096 np0000007274 devstack@neutron-api.service[87793]: DEBUG neutron.plugins.ml2.drivers.ovn.mech_driver.ovsdb.maintenance [None req-485fa7f4-3ada-47b1-b1a3-acd1aaddad55 None None] Periodic task found: HashRingHealthCheckPeriodics.touch_hash_ring_node {{(pid=87793) add_periodics /opt/stack/neutron/neutron/plugins/ml2/drivers/ovn/mech_driver/ovsdb/maintenance.py:148}}
Aug 13 22:04:14.935234 np0000007274 devstack@neutron-api.service[87793]: INFO neutron.plugins.ml2.drivers.ovn.mech_driver.mech_driver [None req-485fa7f4-3ada-47b1-b1a3-acd1aaddad55 None None] Hash Ring probing thread for node 14795a9c8385521c9714e6a1b0a75205 has started
Aug 13 22:04:14.936429 np0000007274 devstack@neutron-api.service[87793]: INFO neutron.plugins.ml2.drivers.ovn.mech_driver.ovsdb.impl_idl_ovn [None req-485fa7f4-3ada-47b1-b1a3-acd1aaddad55 None None] Getting OvsdbNbOvnIdl for WorkerService with retry
Aug 13 22:04:14.937584 np0000007274 devstack@neutron-api.service[87794]: DEBUG neutron.api.extensions [None req-7406fc80-965d-4a4f-a570-65839f18a028 None None] Extended resource: tags {{(pid=87794) __init__ /opt/stack/neutron/neutron/api/extensions.py:156}}
Aug 13 22:04:14.954328 np0000007274 devstack@neutron-api.service[87794]: DEBUG neutron_lib.callbacks.manager [None req-7406fc80-965d-4a4f-a570-65839f18a028 None None] Publish callbacks ['neutron.plugins.ml2.drivers.ovn.mech_driver.mech_driver.OVNMechanismDriver.pre_fork_initialize-837052'] for process (None), before_spawn {{(pid=87794) _notify_loop /opt/stack/data/venv/lib/python3.12/site-packages/neutron_lib/callbacks/manager.py:184}}
Aug 13 22:04:14.954929 np0000007274 devstack@neutron-api.service[87794]: DEBUG oslo_concurrency.processutils [None req-7406fc80-965d-4a4f-a570-65839f18a028 None None] Running cmd (subprocess): ovsdb-client transact ssl:10.4.3.243:6641 --timeout 180 -p /opt/stack/data/CA/int-ca/private/devstack-cert.key -c /opt/stack/data/CA/int-ca/devstack-cert.crt -C /opt/stack/data/CA/int-ca/ca-chain.pem ["OVN_Northbound", {"op": "wait", "timeout": 0, "table": "Port_Group", "where": [["name", "==", "neutron_pg_drop"]], "until": "==", "rows": []}, {"op": "insert", "table": "ACL", "row": {"action": "drop", "direction": "to-lport", "match": "outport == @neutron_pg_drop && ip", "priority": 1000}, "uuid-name": "droptoport"}, {"op": "insert", "table": "ACL", "row": {"action": "drop", "direction": "from-lport", "match": "inport == @neutron_pg_drop && ip", "priority": 1000}, "uuid-name": "dropfromport"}, {"op": "insert", "table": "Port_Group", "row": {"name": "neutron_pg_drop", "acls": ["set", [["named-uuid", "droptoport"], ["named-uuid", "dropfromport"]]]}}] {{(pid=87794) execute /opt/stack/data/venv/lib/python3.12/site-packages/oslo_concurrency/processutils.py:440}}
Aug 13 22:04:15.001941 np0000007274 devstack@neutron-api.service[87793]: DEBUG ovsdbapp.backend.ovs_idl [None req-485fa7f4-3ada-47b1-b1a3-acd1aaddad55 None None] Created lookup_table index Logical_Switch.name {{(pid=87793) autocreate_indices /opt/stack/data/venv/lib/python3.12/site-packages/ovsdbapp/backend/ovs_idl/__init__.py:87}}
Aug 13 22:04:15.001941 np0000007274 devstack@neutron-api.service[87793]: DEBUG ovsdbapp.backend.ovs_idl [None req-485fa7f4-3ada-47b1-b1a3-acd1aaddad55 None None] Created lookup_table index Logical_Router.name {{(pid=87793) autocreate_indices /opt/stack/data/venv/lib/python3.12/site-packages/ovsdbapp/backend/ovs_idl/__init__.py:87}}
Aug 13 22:04:15.001941 np0000007274 devstack@neutron-api.service[87793]: DEBUG ovsdbapp.backend.ovs_idl [None req-485fa7f4-3ada-47b1-b1a3-acd1aaddad55 None None] Created lookup_table index Load_Balancer.name {{(pid=87793) autocreate_indices /opt/stack/data/venv/lib/python3.12/site-packages/ovsdbapp/backend/ovs_idl/__init__.py:87}}
Aug 13 22:04:15.002462 np0000007274 devstack@neutron-api.service[87793]: DEBUG ovsdbapp.backend.ovs_idl [None req-485fa7f4-3ada-47b1-b1a3-acd1aaddad55 None None] Created schema index Copp.name {{(pid=87793) autocreate_indices /opt/stack/data/venv/lib/python3.12/site-packages/ovsdbapp/backend/ovs_idl/__init__.py:106}}
Aug 13 22:04:15.002914 np0000007274 devstack@neutron-api.service[87793]: DEBUG ovsdbapp.backend.ovs_idl [None req-485fa7f4-3ada-47b1-b1a3-acd1aaddad55 None None] Created schema index Meter.name {{(pid=87793) autocreate_indices /opt/stack/data/venv/lib/python3.12/site-packages/ovsdbapp/backend/ovs_idl/__init__.py:106}}
Aug 13 22:04:15.003976 np0000007274 devstack@neutron-api.service[87793]: DEBUG ovsdbapp.backend.ovs_idl [None req-485fa7f4-3ada-47b1-b1a3-acd1aaddad55 None None] Created schema index Load_Balancer_Group.name {{(pid=87793) autocreate_indices /opt/stack/data/venv/lib/python3.12/site-packages/ovsdbapp/backend/ovs_idl/__init__.py:106}}
Aug 13 22:04:15.003976 np0000007274 devstack@neutron-api.service[87793]: DEBUG ovsdbapp.backend.ovs_idl [None req-485fa7f4-3ada-47b1-b1a3-acd1aaddad55 None None] Created schema index HA_Chassis_Group.name {{(pid=87793) autocreate_indices /opt/stack/data/venv/lib/python3.12/site-packages/ovsdbapp/backend/ovs_idl/__init__.py:106}}
Aug 13 22:04:15.003976 np0000007274 devstack@neutron-api.service[87793]: DEBUG ovsdbapp.backend.ovs_idl [None req-485fa7f4-3ada-47b1-b1a3-acd1aaddad55 None None] Created schema index Address_Set.name {{(pid=87793) autocreate_indices /opt/stack/data/venv/lib/python3.12/site-packages/ovsdbapp/backend/ovs_idl/__init__.py:106}}
Aug 13 22:04:15.003976 np0000007274 devstack@neutron-api.service[87793]: DEBUG ovsdbapp.backend.ovs_idl [None req-485fa7f4-3ada-47b1-b1a3-acd1aaddad55 None None] Created schema index Connection.target {{(pid=87793) autocreate_indices /opt/stack/data/venv/lib/python3.12/site-packages/ovsdbapp/backend/ovs_idl/__init__.py:106}}
Aug 13 22:04:15.003976 np0000007274 devstack@neutron-api.service[87793]: DEBUG ovsdbapp.backend.ovs_idl [None req-485fa7f4-3ada-47b1-b1a3-acd1aaddad55 None None] Created schema index Gateway_Chassis.name {{(pid=87793) autocreate_indices /opt/stack/data/venv/lib/python3.12/site-packages/ovsdbapp/backend/ovs_idl/__init__.py:106}}
Aug 13 22:04:15.003976 np0000007274 devstack@neutron-api.service[87793]: DEBUG ovsdbapp.backend.ovs_idl [None req-485fa7f4-3ada-47b1-b1a3-acd1aaddad55 None None] Created schema index Mirror.name {{(pid=87793) autocreate_indices /opt/stack/data/venv/lib/python3.12/site-packages/ovsdbapp/backend/ovs_idl/__init__.py:106}}
Aug 13 22:04:15.004431 np0000007274 devstack@neutron-api.service[87793]: DEBUG ovsdbapp.backend.ovs_idl [None req-485fa7f4-3ada-47b1-b1a3-acd1aaddad55 None None] Created schema index Chassis_Template_Var.chassis {{(pid=87793) autocreate_indices /opt/stack/data/venv/lib/python3.12/site-packages/ovsdbapp/backend/ovs_idl/__init__.py:106}}
Aug 13 22:04:15.005514 np0000007274 devstack@neutron-api.service[87793]: DEBUG ovsdbapp.backend.ovs_idl [None req-485fa7f4-3ada-47b1-b1a3-acd1aaddad55 None None] Created schema index Logical_Router_Port.name {{(pid=87793) autocreate_indices /opt/stack/data/venv/lib/python3.12/site-packages/ovsdbapp/backend/ovs_idl/__init__.py:106}}
Aug 13 22:04:15.005514 np0000007274 devstack@neutron-api.service[87793]: DEBUG ovsdbapp.backend.ovs_idl [None req-485fa7f4-3ada-47b1-b1a3-acd1aaddad55 None None] Created schema index Port_Group.name {{(pid=87793) autocreate_indices /opt/stack/data/venv/lib/python3.12/site-packages/ovsdbapp/backend/ovs_idl/__init__.py:106}}
Aug 13 22:04:15.005514 np0000007274 devstack@neutron-api.service[87793]: DEBUG ovsdbapp.backend.ovs_idl [None req-485fa7f4-3ada-47b1-b1a3-acd1aaddad55 None None] Created schema index Logical_Switch_Port.name {{(pid=87793) autocreate_indices /opt/stack/data/venv/lib/python3.12/site-packages/ovsdbapp/backend/ovs_idl/__init__.py:106}}
Aug 13 22:04:15.007565 np0000007274 devstack@neutron-api.service[87794]: DEBUG oslo_concurrency.processutils [None req-7406fc80-965d-4a4f-a570-65839f18a028 None None] CMD "ovsdb-client transact ssl:10.4.3.243:6641 --timeout 180 -p /opt/stack/data/CA/int-ca/private/devstack-cert.key -c /opt/stack/data/CA/int-ca/devstack-cert.crt -C /opt/stack/data/CA/int-ca/ca-chain.pem ["OVN_Northbound", {"op": "wait", "timeout": 0, "table": "Port_Group", "where": [["name", "==", "neutron_pg_drop"]], "until": "==", "rows": []}, {"op": "insert", "table": "ACL", "row": {"action": "drop", "direction": "to-lport", "match": "outport == @neutron_pg_drop && ip", "priority": 1000}, "uuid-name": "droptoport"}, {"op": "insert", "table": "ACL", "row": {"action": "drop", "direction": "from-lport", "match": "inport == @neutron_pg_drop && ip", "priority": 1000}, "uuid-name": "dropfromport"}, {"op": "insert", "table": "Port_Group", "row": {"name": "neutron_pg_drop", "acls": ["set", [["named-uuid", "droptoport"], ["named-uuid", "dropfromport"]]]}}]" returned: 0 in 0.052s {{(pid=87794) execute /opt/stack/data/venv/lib/python3.12/site-packages/oslo_concurrency/processutils.py:468}}
Aug 13 22:04:15.010817 np0000007274 devstack@neutron-api.service[87793]: INFO ovsdbapp.backend.ovs_idl.vlog [None req-485fa7f4-3ada-47b1-b1a3-acd1aaddad55 None None] ssl:10.4.3.243:6641: connecting...
Aug 13 22:04:15.011114 np0000007274 devstack@neutron-api.service[87794]: DEBUG neutron_lib.callbacks.manager [None req-7406fc80-965d-4a4f-a570-65839f18a028 None None] Publish callbacks ['neutron.plugins.ml2.drivers.ovn.mech_driver.mech_driver.OVNMechanismDriver.post_fork_initialize-837012', 'neutron.services.pvlan.drivers.ovn.driver._initialize_pvlan_pg_drop-8354010674086', 'neutron.services.ovn_l3.plugin.OVNL3RouterPlugin._post_fork_initialize-7759937'] for process (None), after_init {{(pid=87794) _notify_loop /opt/stack/data/venv/lib/python3.12/site-packages/neutron_lib/callbacks/manager.py:184}}
Aug 13 22:04:15.011971 np0000007274 devstack@neutron-api.service[87794]: DEBUG oslo_concurrency.lockutils [None req-7406fc80-965d-4a4f-a570-65839f18a028 None None] Acquiring lock "singleton_lock" {{(pid=87794) lock /opt/stack/data/venv/lib/python3.12/site-packages/oslo_concurrency/lockutils.py:396}}
Aug 13 22:04:15.011971 np0000007274 devstack@neutron-api.service[87794]: DEBUG oslo_concurrency.lockutils [None req-7406fc80-965d-4a4f-a570-65839f18a028 None None] Acquired lock "singleton_lock" {{(pid=87794) lock /opt/stack/data/venv/lib/python3.12/site-packages/oslo_concurrency/lockutils.py:399}}
Aug 13 22:04:15.011971 np0000007274 devstack@neutron-api.service[87794]: DEBUG oslo_concurrency.lockutils [None req-7406fc80-965d-4a4f-a570-65839f18a028 None None] Releasing lock "singleton_lock" {{(pid=87794) lock /opt/stack/data/venv/lib/python3.12/site-packages/oslo_concurrency/lockutils.py:419}}
Aug 13 22:04:15.017966 np0000007274 devstack@neutron-api.service[87793]: INFO ovsdbapp.backend.ovs_idl.vlog [None req-485fa7f4-3ada-47b1-b1a3-acd1aaddad55 None None] ssl:10.4.3.243:6641: connected
Aug 13 22:04:15.018100 np0000007274 devstack@neutron-api.service[87794]: DEBUG neutron.plugins.ml2.drivers.ovn.mech_driver.mech_driver [None req-7406fc80-965d-4a4f-a570-65839f18a028 None None] Hash Ring setup using WSGI start time 2026-08-13 22:04:13+00:00 {{(pid=87794) _init_hash_ring /opt/stack/neutron/neutron/plugins/ml2/drivers/ovn/mech_driver/mech_driver.py:382}}
Aug 13 22:04:15.031404 np0000007274 devstack@neutron-api.service[87794]: INFO neutron.db.ovn_hash_ring_db [None req-7406fc80-965d-4a4f-a570-65839f18a028 None None] Nodes from host "np0000007274" and group "mechanism_driver" removed from the Hash Ring created at 2026-08-13 22:04:13+00:00
Aug 13 22:04:15.036006 np0000007274 devstack@neutron-api.service[87794]: INFO neutron.db.ovn_hash_ring_db [None req-7406fc80-965d-4a4f-a570-65839f18a028 None None] Node b3690acfe5595eee9eb1f2e5b5f53f90 from host "np0000007274" and group "mechanism_driver" added to the Hash Ring
Aug 13 22:04:15.044260 np0000007274 devstack@neutron-api.service[87794]: DEBUG neutron.plugins.ml2.drivers.ovn.mech_driver.mech_driver [None req-7406fc80-965d-4a4f-a570-65839f18a028 None None] Hash Ring setup, this worker has detected 3 OVN hash ring registers in the database {{(pid=87794) _init_hash_ring /opt/stack/neutron/neutron/plugins/ml2/drivers/ovn/mech_driver/mech_driver.py:392}}
Aug 13 22:04:15.054473 np0000007274 devstack@neutron-api.service[87794]: DEBUG neutron.plugins.ml2.drivers.ovn.mech_driver.ovsdb.maintenance [None req-7406fc80-965d-4a4f-a570-65839f18a028 None None] Periodic task found: HashRingHealthCheckPeriodics.touch_hash_ring_node {{(pid=87794) add_periodics /opt/stack/neutron/neutron/plugins/ml2/drivers/ovn/mech_driver/ovsdb/maintenance.py:148}}
Aug 13 22:04:15.054473 np0000007274 devstack@neutron-api.service[87794]: INFO neutron.plugins.ml2.drivers.ovn.mech_driver.mech_driver [None req-7406fc80-965d-4a4f-a570-65839f18a028 None None] Hash Ring probing thread for node b3690acfe5595eee9eb1f2e5b5f53f90 has started
Aug 13 22:04:15.054656 np0000007274 devstack@neutron-api.service[87794]: INFO neutron.plugins.ml2.drivers.ovn.mech_driver.ovsdb.impl_idl_ovn [None req-7406fc80-965d-4a4f-a570-65839f18a028 None None] Getting OvsdbNbOvnIdl for WorkerService with retry
Aug 13 22:04:15.083879 np0000007274 devstack@neutron-api.service[87793]: DEBUG neutron.common.ovn.hash_ring_manager [None req-485fa7f4-3ada-47b1-b1a3-acd1aaddad55 None None] Allow caching, nodes 3>=3 {{(pid=87793) _wait_startup_before_caching /opt/stack/neutron/neutron/common/ovn/hash_ring_manager.py:71}}
Aug 13 22:04:15.091788 np0000007274 devstack@neutron-api.service[87793]: DEBUG neutron.common.ovn.hash_ring_manager [None req-485fa7f4-3ada-47b1-b1a3-acd1aaddad55 None None] Hash Ring loaded. 3 active nodes. 0 offline nodes {{(pid=87793) _load_hash_ring /opt/stack/neutron/neutron/common/ovn/hash_ring_manager.py:110}}
Aug 13 22:04:15.092089 np0000007274 devstack@neutron-api.service[87793]: DEBUG neutron.plugins.ml2.drivers.ovn.mech_driver.ovsdb.ovsdb_monitor [None req-485fa7f4-3ada-47b1-b1a3-acd1aaddad55 None None] Hash Ring: Node 14795a9c8385521c9714e6a1b0a75205 (host: np0000007274) handling event "create" for row 1d47f418-9b04-4282-8b5d-a45c04cbac04 (table: ACL) {{(pid=87793) notify /opt/stack/neutron/neutron/plugins/ml2/drivers/ovn/mech_driver/ovsdb/ovsdb_monitor.py:1099}}
Aug 13 22:04:15.092654 np0000007274 devstack@neutron-api.service[87793]: DEBUG neutron.plugins.ml2.drivers.ovn.mech_driver.ovsdb.ovsdb_monitor [None req-485fa7f4-3ada-47b1-b1a3-acd1aaddad55 None None] Hash Ring: Node 14795a9c8385521c9714e6a1b0a75205 (host: np0000007274) handling event "create" for row 22be7529-0ff7-49a0-a898-e83a104579ea (table: ACL) {{(pid=87793) notify /opt/stack/neutron/neutron/plugins/ml2/drivers/ovn/mech_driver/ovsdb/ovsdb_monitor.py:1099}}
Aug 13 22:04:15.094729 np0000007274 devstack@neutron-api.service[87793]: INFO neutron.plugins.ml2.drivers.ovn.mech_driver.ovsdb.impl_idl_ovn [None req-485fa7f4-3ada-47b1-b1a3-acd1aaddad55 None None] Getting OvsdbSbOvnIdl for WorkerService with retry
Aug 13 22:04:15.110603 np0000007274 devstack@neutron-api.service[87794]: DEBUG ovsdbapp.backend.ovs_idl [None req-7406fc80-965d-4a4f-a570-65839f18a028 None None] Created lookup_table index Logical_Switch.name {{(pid=87794) autocreate_indices /opt/stack/data/venv/lib/python3.12/site-packages/ovsdbapp/backend/ovs_idl/__init__.py:87}}
Aug 13 22:04:15.110603 np0000007274 devstack@neutron-api.service[87794]: DEBUG ovsdbapp.backend.ovs_idl [None req-7406fc80-965d-4a4f-a570-65839f18a028 None None] Created lookup_table index Logical_Router.name {{(pid=87794) autocreate_indices /opt/stack/data/venv/lib/python3.12/site-packages/ovsdbapp/backend/ovs_idl/__init__.py:87}}
Aug 13 22:04:15.110603 np0000007274 devstack@neutron-api.service[87794]: DEBUG ovsdbapp.backend.ovs_idl [None req-7406fc80-965d-4a4f-a570-65839f18a028 None None] Created lookup_table index Load_Balancer.name {{(pid=87794) autocreate_indices /opt/stack/data/venv/lib/python3.12/site-packages/ovsdbapp/backend/ovs_idl/__init__.py:87}}
Aug 13 22:04:15.110603 np0000007274 devstack@neutron-api.service[87794]: DEBUG ovsdbapp.backend.ovs_idl [None req-7406fc80-965d-4a4f-a570-65839f18a028 None None] Created schema index Copp.name {{(pid=87794) autocreate_indices /opt/stack/data/venv/lib/python3.12/site-packages/ovsdbapp/backend/ovs_idl/__init__.py:106}}
Aug 13 22:04:15.111276 np0000007274 devstack@neutron-api.service[87794]: DEBUG ovsdbapp.backend.ovs_idl [None req-7406fc80-965d-4a4f-a570-65839f18a028 None None] Created schema index Meter.name {{(pid=87794) autocreate_indices /opt/stack/data/venv/lib/python3.12/site-packages/ovsdbapp/backend/ovs_idl/__init__.py:106}}
Aug 13 22:04:15.111276 np0000007274 devstack@neutron-api.service[87794]: DEBUG ovsdbapp.backend.ovs_idl [None req-7406fc80-965d-4a4f-a570-65839f18a028 None None] Created schema index Load_Balancer_Group.name {{(pid=87794) autocreate_indices /opt/stack/data/venv/lib/python3.12/site-packages/ovsdbapp/backend/ovs_idl/__init__.py:106}}
Aug 13 22:04:15.111276 np0000007274 devstack@neutron-api.service[87794]: DEBUG ovsdbapp.backend.ovs_idl [None req-7406fc80-965d-4a4f-a570-65839f18a028 None None] Created schema index HA_Chassis_Group.name {{(pid=87794) autocreate_indices /opt/stack/data/venv/lib/python3.12/site-packages/ovsdbapp/backend/ovs_idl/__init__.py:106}}
Aug 13 22:04:15.111276 np0000007274 devstack@neutron-api.service[87794]: DEBUG ovsdbapp.backend.ovs_idl [None req-7406fc80-965d-4a4f-a570-65839f18a028 None None] Created schema index Address_Set.name {{(pid=87794) autocreate_indices /opt/stack/data/venv/lib/python3.12/site-packages/ovsdbapp/backend/ovs_idl/__init__.py:106}}
Aug 13 22:04:15.111611 np0000007274 devstack@neutron-api.service[87794]: DEBUG ovsdbapp.backend.ovs_idl [None req-7406fc80-965d-4a4f-a570-65839f18a028 None None] Created schema index Connection.target {{(pid=87794) autocreate_indices /opt/stack/data/venv/lib/python3.12/site-packages/ovsdbapp/backend/ovs_idl/__init__.py:106}}
Aug 13 22:04:15.111611 np0000007274 devstack@neutron-api.service[87794]: DEBUG ovsdbapp.backend.ovs_idl [None req-7406fc80-965d-4a4f-a570-65839f18a028 None None] Created schema index Gateway_Chassis.name {{(pid=87794) autocreate_indices /opt/stack/data/venv/lib/python3.12/site-packages/ovsdbapp/backend/ovs_idl/__init__.py:106}}
Aug 13 22:04:15.111700 np0000007274 devstack@neutron-api.service[87794]: DEBUG ovsdbapp.backend.ovs_idl [None req-7406fc80-965d-4a4f-a570-65839f18a028 None None] Created schema index Mirror.name {{(pid=87794) autocreate_indices /opt/stack/data/venv/lib/python3.12/site-packages/ovsdbapp/backend/ovs_idl/__init__.py:106}}
Aug 13 22:04:15.111769 np0000007274 devstack@neutron-api.service[87794]: DEBUG ovsdbapp.backend.ovs_idl [None req-7406fc80-965d-4a4f-a570-65839f18a028 None None] Created schema index Chassis_Template_Var.chassis {{(pid=87794) autocreate_indices /opt/stack/data/venv/lib/python3.12/site-packages/ovsdbapp/backend/ovs_idl/__init__.py:106}}
Aug 13 22:04:15.112521 np0000007274 devstack@neutron-api.service[87794]: DEBUG ovsdbapp.backend.ovs_idl [None req-7406fc80-965d-4a4f-a570-65839f18a028 None None] Created schema index Logical_Router_Port.name {{(pid=87794) autocreate_indices /opt/stack/data/venv/lib/python3.12/site-packages/ovsdbapp/backend/ovs_idl/__init__.py:106}}
Aug 13 22:04:15.112521 np0000007274 devstack@neutron-api.service[87794]: DEBUG ovsdbapp.backend.ovs_idl [None req-7406fc80-965d-4a4f-a570-65839f18a028 None None] Created schema index Port_Group.name {{(pid=87794) autocreate_indices /opt/stack/data/venv/lib/python3.12/site-packages/ovsdbapp/backend/ovs_idl/__init__.py:106}}
Aug 13 22:04:15.112521 np0000007274 devstack@neutron-api.service[87794]: DEBUG ovsdbapp.backend.ovs_idl [None req-7406fc80-965d-4a4f-a570-65839f18a028 None None] Created schema index Logical_Switch_Port.name {{(pid=87794) autocreate_indices /opt/stack/data/venv/lib/python3.12/site-packages/ovsdbapp/backend/ovs_idl/__init__.py:106}}
Aug 13 22:04:15.115706 np0000007274 devstack@neutron-api.service[87794]: INFO ovsdbapp.backend.ovs_idl.vlog [None req-7406fc80-965d-4a4f-a570-65839f18a028 None None] ssl:10.4.3.243:6641: connecting...
Aug 13 22:04:15.120789 np0000007274 devstack@neutron-api.service[87794]: INFO ovsdbapp.backend.ovs_idl.vlog [None req-7406fc80-965d-4a4f-a570-65839f18a028 None None] ssl:10.4.3.243:6641: connected
Aug 13 22:04:15.131193 np0000007274 devstack@neutron-api.service[87793]: DEBUG ovsdbapp.backend.ovs_idl [None req-485fa7f4-3ada-47b1-b1a3-acd1aaddad55 None None] Created lookup_table index Chassis.name {{(pid=87793) autocreate_indices /opt/stack/data/venv/lib/python3.12/site-packages/ovsdbapp/backend/ovs_idl/__init__.py:87}}
Aug 13 22:04:15.131358 np0000007274 devstack@neutron-api.service[87793]: DEBUG ovsdbapp.backend.ovs_idl [None req-485fa7f4-3ada-47b1-b1a3-acd1aaddad55 None None] Created lookup_table index Port_Binding.logical_port {{(pid=87793) autocreate_indices /opt/stack/data/venv/lib/python3.12/site-packages/ovsdbapp/backend/ovs_idl/__init__.py:87}}
Aug 13 22:04:15.131486 np0000007274 devstack@neutron-api.service[87793]: DEBUG ovsdbapp.backend.ovs_idl [None req-485fa7f4-3ada-47b1-b1a3-acd1aaddad55 None None] Created schema index Chassis_Private.name {{(pid=87793) autocreate_indices /opt/stack/data/venv/lib/python3.12/site-packages/ovsdbapp/backend/ovs_idl/__init__.py:106}}
Aug 13 22:04:15.131723 np0000007274 devstack@neutron-api.service[87793]: DEBUG ovsdbapp.backend.ovs_idl [None req-485fa7f4-3ada-47b1-b1a3-acd1aaddad55 None None] Created schema index Datapath_Binding.tunnel_key {{(pid=87793) autocreate_indices /opt/stack/data/venv/lib/python3.12/site-packages/ovsdbapp/backend/ovs_idl/__init__.py:106}}
Aug 13 22:04:15.135165 np0000007274 devstack@neutron-api.service[87793]: INFO ovsdbapp.backend.ovs_idl.vlog [None req-485fa7f4-3ada-47b1-b1a3-acd1aaddad55 None None] ssl:10.4.3.243:6642: connecting...
Aug 13 22:04:15.141260 np0000007274 devstack@neutron-api.service[87793]: INFO ovsdbapp.backend.ovs_idl.vlog [None req-485fa7f4-3ada-47b1-b1a3-acd1aaddad55 None None] ssl:10.4.3.243:6642: connected
Aug 13 22:04:15.156361 np0000007274 devstack@neutron-api.service[87794]: DEBUG neutron.common.ovn.hash_ring_manager [None req-7406fc80-965d-4a4f-a570-65839f18a028 None None] Allow caching, nodes 3>=3 {{(pid=87794) _wait_startup_before_caching /opt/stack/neutron/neutron/common/ovn/hash_ring_manager.py:71}}
Aug 13 22:04:15.162404 np0000007274 devstack@neutron-api.service[87794]: DEBUG neutron.common.ovn.hash_ring_manager [None req-7406fc80-965d-4a4f-a570-65839f18a028 None None] Hash Ring loaded. 3 active nodes. 0 offline nodes {{(pid=87794) _load_hash_ring /opt/stack/neutron/neutron/common/ovn/hash_ring_manager.py:110}}
