Aug 20 14:03:57.361758 np0000007859 devstack@g-api.service[99731]: DEBUG dbcounter [-] [99731] Writing DB stats glance:SELECT=40,glance:UPDATE=28,glance:DELETE=1 {{(pid=99731) stat_writer /opt/stack/data/venv/lib/python3.12/site-packages/dbcounter.py:115}}
Aug 20 14:03:57.513882 np0000007859 devstack@g-api.service[99730]: DEBUG glance.api.middleware.version_negotiation [None req-566bc594-462f-497b-8f18-393520e48984 tempest-VolumesActionsTest-71868850 tempest-VolumesActionsTest-71868850-project-member] Determining version of request: GET /v2/images/c71bea65-ee41-44a8-848a-2e264f387b7f Accept: application/json {{(pid=99730) process_request /opt/stack/glance/glance/api/middleware/version_negotiation.py:44}}
Aug 20 14:03:57.514013 np0000007859 devstack@g-api.service[99730]: DEBUG glance.api.middleware.version_negotiation [None req-566bc594-462f-497b-8f18-393520e48984 tempest-VolumesActionsTest-71868850 tempest-VolumesActionsTest-71868850-project-member] Using url versioning {{(pid=99730) process_request /opt/stack/glance/glance/api/middleware/version_negotiation.py:57}}
Aug 20 14:03:57.514156 np0000007859 devstack@g-api.service[99730]: DEBUG glance.api.middleware.version_negotiation [None req-566bc594-462f-497b-8f18-393520e48984 tempest-VolumesActionsTest-71868850 tempest-VolumesActionsTest-71868850-project-member] Matched version: v2 {{(pid=99730) process_request /opt/stack/glance/glance/api/middleware/version_negotiation.py:69}}
Aug 20 14:03:57.514395 np0000007859 devstack@g-api.service[99730]: DEBUG glance.api.middleware.version_negotiation [None req-566bc594-462f-497b-8f18-393520e48984 tempest-VolumesActionsTest-71868850 tempest-VolumesActionsTest-71868850-project-member] new path /v2/images/c71bea65-ee41-44a8-848a-2e264f387b7f {{(pid=99730) process_request /opt/stack/glance/glance/api/middleware/version_negotiation.py:70}}
Aug 20 14:03:57.536559 np0000007859 devstack@g-api.service[99730]: [pid: 99730|app: 0|req: 131/407] 127.0.0.1 () {40 vars in 834 bytes} [Thu Aug 20 14:03:57 2026] GET /v2/images/c71bea65-ee41-44a8-848a-2e264f387b7f => generated 1471 bytes in 23 msecs (HTTP/1.1 200) 4 headers in 158 bytes (1 switches on core 0)
Aug 20 14:03:57.586697 np0000007859 devstack@g-api.service[99732]: INFO glance.api.v2.image_data [None req-3f7b3b2b-4969-4622-a714-368bcc2aed33 tempest-ServerBootFromVolumeStableRescueTest-1125395601 tempest-ServerBootFromVolumeStableRescueTest-1125395601-project-member] Unable to create trust: no such option collect_timing in group [keystone_authtoken] Use the existing user token.
Aug 20 14:03:57.687181 np0000007859 devstack@g-api.service[99730]: DEBUG glance.api.middleware.version_negotiation [None req-bbd21bb1-a838-4e42-9e07-686470eb2beb tempest-ServerBootFromVolumeStableRescueTest-1125395601 tempest-ServerBootFromVolumeStableRescueTest-1125395601-project-member] Determining version of request: GET /v2/images/98b02cc5-1267-4a57-b5aa-e8693aa2fb56 Accept: application/json {{(pid=99730) process_request /opt/stack/glance/glance/api/middleware/version_negotiation.py:44}}
Aug 20 14:03:57.687642 np0000007859 devstack@g-api.service[99730]: DEBUG glance.api.middleware.version_negotiation [None req-bbd21bb1-a838-4e42-9e07-686470eb2beb tempest-ServerBootFromVolumeStableRescueTest-1125395601 tempest-ServerBootFromVolumeStableRescueTest-1125395601-project-member] Using url versioning {{(pid=99730) process_request /opt/stack/glance/glance/api/middleware/version_negotiation.py:57}}
Aug 20 14:03:57.687642 np0000007859 devstack@g-api.service[99730]: DEBUG glance.api.middleware.version_negotiation [None req-bbd21bb1-a838-4e42-9e07-686470eb2beb tempest-ServerBootFromVolumeStableRescueTest-1125395601 tempest-ServerBootFromVolumeStableRescueTest-1125395601-project-member] Matched version: v2 {{(pid=99730) process_request /opt/stack/glance/glance/api/middleware/version_negotiation.py:69}}
Aug 20 14:03:57.689339 np0000007859 devstack@g-api.service[99730]: DEBUG glance.api.middleware.version_negotiation [None req-bbd21bb1-a838-4e42-9e07-686470eb2beb tempest-ServerBootFromVolumeStableRescueTest-1125395601 tempest-ServerBootFromVolumeStableRescueTest-1125395601-project-member] new path /v2/images/98b02cc5-1267-4a57-b5aa-e8693aa2fb56 {{(pid=99730) process_request /opt/stack/glance/glance/api/middleware/version_negotiation.py:70}}
Aug 20 14:03:57.714710 np0000007859 devstack@g-api.service[99730]: [pid: 99730|app: 0|req: 132/408] 127.0.0.1 () {40 vars in 834 bytes} [Thu Aug 20 14:03:57 2026] GET /v2/images/98b02cc5-1267-4a57-b5aa-e8693aa2fb56 => generated 650 bytes in 28 msecs (HTTP/1.1 200) 4 headers in 157 bytes (1 switches on core 0)
Aug 20 14:03:58.550378 np0000007859 devstack@g-api.service[99730]: DEBUG glance.api.middleware.version_negotiation [None req-59a1b92c-75ab-4b9d-8d72-8776f6341c68 tempest-VolumesActionsTest-71868850 tempest-VolumesActionsTest-71868850-project-member] Determining version of request: GET /v2/images/c71bea65-ee41-44a8-848a-2e264f387b7f Accept: application/json {{(pid=99730) process_request /opt/stack/glance/glance/api/middleware/version_negotiation.py:44}}
Aug 20 14:03:58.551020 np0000007859 devstack@g-api.service[99730]: DEBUG glance.api.middleware.version_negotiation [None req-59a1b92c-75ab-4b9d-8d72-8776f6341c68 tempest-VolumesActionsTest-71868850 tempest-VolumesActionsTest-71868850-project-member] Using url versioning {{(pid=99730) process_request /opt/stack/glance/glance/api/middleware/version_negotiation.py:57}}
Aug 20 14:03:58.551020 np0000007859 devstack@g-api.service[99730]: DEBUG glance.api.middleware.version_negotiation [None req-59a1b92c-75ab-4b9d-8d72-8776f6341c68 tempest-VolumesActionsTest-71868850 tempest-VolumesActionsTest-71868850-project-member] Matched version: v2 {{(pid=99730) process_request /opt/stack/glance/glance/api/middleware/version_negotiation.py:69}}
Aug 20 14:03:58.551020 np0000007859 devstack@g-api.service[99730]: DEBUG glance.api.middleware.version_negotiation [None req-59a1b92c-75ab-4b9d-8d72-8776f6341c68 tempest-VolumesActionsTest-71868850 tempest-VolumesActionsTest-71868850-project-member] new path /v2/images/c71bea65-ee41-44a8-848a-2e264f387b7f {{(pid=99730) process_request /opt/stack/glance/glance/api/middleware/version_negotiation.py:70}}
Aug 20 14:03:58.565982 np0000007859 devstack@g-api.service[99732]: DEBUG glance.location [None req-3f7b3b2b-4969-4622-a714-368bcc2aed33 tempest-ServerBootFromVolumeStableRescueTest-1125395601 tempest-ServerBootFromVolumeStableRescueTest-1125395601-project-member] Enabling in-flight format inspection for qcow2 {{(pid=99732) set_data /opt/stack/glance/glance/location.py:596}}
Aug 20 14:03:58.566645 np0000007859 devstack@g-api.service[99732]: DEBUG glance_store.backend [None req-3f7b3b2b-4969-4622-a714-368bcc2aed33 tempest-ServerBootFromVolumeStableRescueTest-1125395601 tempest-ServerBootFromVolumeStableRescueTest-1125395601-project-member] Attempting to import store swift {{(pid=99732) _load_store /opt/stack/data/venv/lib/python3.12/site-packages/glance_store/backend.py:215}}
Aug 20 14:03:58.568714 np0000007859 devstack@g-api.service[99732]: DEBUG glance_store.capabilities [None req-3f7b3b2b-4969-4622-a714-368bcc2aed33 tempest-ServerBootFromVolumeStableRescueTest-1125395601 tempest-ServerBootFromVolumeStableRescueTest-1125395601-project-member] Store glance_store._drivers.swift.store.SingleTenantStore doesn't support updating dynamic storage capabilities. Please overwrite 'update_capabilities' method of the store to implement updating logics if needed. {{(pid=99732) update_capabilities /opt/stack/data/venv/lib/python3.12/site-packages/glance_store/capabilities.py:91}}
Aug 20 14:03:58.569034 np0000007859 devstack@g-api.service[99732]: DEBUG glance_store.driver [None req-3f7b3b2b-4969-4622-a714-368bcc2aed33 tempest-ServerBootFromVolumeStableRescueTest-1125395601 tempest-ServerBootFromVolumeStableRescueTest-1125395601-project-member] Late loading location class glance_store._drivers.swift.store.StoreLocation {{(pid=99732) get_store_location_class /opt/stack/data/venv/lib/python3.12/site-packages/glance_store/driver.py:134}}
Aug 20 14:03:58.569034 np0000007859 devstack@g-api.service[99732]: DEBUG glance_store.location [None req-3f7b3b2b-4969-4622-a714-368bcc2aed33 tempest-ServerBootFromVolumeStableRescueTest-1125395601 tempest-ServerBootFromVolumeStableRescueTest-1125395601-project-member] Registering scheme swift+https with {'store': , 'location_class': , 'store_entry': 'swift'} {{(pid=99732) register_scheme_map /opt/stack/data/venv/lib/python3.12/site-packages/glance_store/location.py:146}}
Aug 20 14:03:58.569161 np0000007859 devstack@g-api.service[99732]: DEBUG glance_store.location [None req-3f7b3b2b-4969-4622-a714-368bcc2aed33 tempest-ServerBootFromVolumeStableRescueTest-1125395601 tempest-ServerBootFromVolumeStableRescueTest-1125395601-project-member] Registering scheme swift+https with {'store': , 'location_class': , 'store_entry': 'swift'} {{(pid=99732) register_scheme_map /opt/stack/data/venv/lib/python3.12/site-packages/glance_store/location.py:146}}
Aug 20 14:03:58.569270 np0000007859 devstack@g-api.service[99732]: DEBUG glance_store.location [None req-3f7b3b2b-4969-4622-a714-368bcc2aed33 tempest-ServerBootFromVolumeStableRescueTest-1125395601 tempest-ServerBootFromVolumeStableRescueTest-1125395601-project-member] Registering scheme swift with {'store': , 'location_class': , 'store_entry': 'swift'} {{(pid=99732) register_scheme_map /opt/stack/data/venv/lib/python3.12/site-packages/glance_store/location.py:146}}
Aug 20 14:03:58.569414 np0000007859 devstack@g-api.service[99732]: DEBUG glance_store.location [None req-3f7b3b2b-4969-4622-a714-368bcc2aed33 tempest-ServerBootFromVolumeStableRescueTest-1125395601 tempest-ServerBootFromVolumeStableRescueTest-1125395601-project-member] Registering scheme swift+https with {'store': , 'location_class': , 'store_entry': 'swift'} {{(pid=99732) register_scheme_map /opt/stack/data/venv/lib/python3.12/site-packages/glance_store/location.py:146}}
Aug 20 14:03:58.569563 np0000007859 devstack@g-api.service[99732]: DEBUG glance_store.location [None req-3f7b3b2b-4969-4622-a714-368bcc2aed33 tempest-ServerBootFromVolumeStableRescueTest-1125395601 tempest-ServerBootFromVolumeStableRescueTest-1125395601-project-member] Registering scheme swift with {'store': , 'location_class': , 'store_entry': 'swift'} {{(pid=99732) register_scheme_map /opt/stack/data/venv/lib/python3.12/site-packages/glance_store/location.py:146}}
Aug 20 14:03:58.569744 np0000007859 devstack@g-api.service[99732]: DEBUG glance_store.location [None req-3f7b3b2b-4969-4622-a714-368bcc2aed33 tempest-ServerBootFromVolumeStableRescueTest-1125395601 tempest-ServerBootFromVolumeStableRescueTest-1125395601-project-member] Registering scheme swift+http with {'store': , 'location_class': , 'store_entry': 'swift'} {{(pid=99732) register_scheme_map /opt/stack/data/venv/lib/python3.12/site-packages/glance_store/location.py:146}}
Aug 20 14:03:58.569744 np0000007859 devstack@g-api.service[99732]: DEBUG glance_store.location [None req-3f7b3b2b-4969-4622-a714-368bcc2aed33 tempest-ServerBootFromVolumeStableRescueTest-1125395601 tempest-ServerBootFromVolumeStableRescueTest-1125395601-project-member] Registering scheme swift+https with {'store': , 'location_class': , 'store_entry': 'swift'} {{(pid=99732) register_scheme_map /opt/stack/data/venv/lib/python3.12/site-packages/glance_store/location.py:146}}
Aug 20 14:03:58.569875 np0000007859 devstack@g-api.service[99732]: DEBUG glance_store.location [None req-3f7b3b2b-4969-4622-a714-368bcc2aed33 tempest-ServerBootFromVolumeStableRescueTest-1125395601 tempest-ServerBootFromVolumeStableRescueTest-1125395601-project-member] Registering scheme swift with {'store': , 'location_class': , 'store_entry': 'swift'} {{(pid=99732) register_scheme_map /opt/stack/data/venv/lib/python3.12/site-packages/glance_store/location.py:146}}
Aug 20 14:03:58.569982 np0000007859 devstack@g-api.service[99732]: DEBUG glance_store.location [None req-3f7b3b2b-4969-4622-a714-368bcc2aed33 tempest-ServerBootFromVolumeStableRescueTest-1125395601 tempest-ServerBootFromVolumeStableRescueTest-1125395601-project-member] Registering scheme swift+http with {'store': , 'location_class': , 'store_entry': 'swift'} {{(pid=99732) register_scheme_map /opt/stack/data/venv/lib/python3.12/site-packages/glance_store/location.py:146}}
Aug 20 14:03:58.570529 np0000007859 devstack@g-api.service[99732]: DEBUG glance_store.location [None req-3f7b3b2b-4969-4622-a714-368bcc2aed33 tempest-ServerBootFromVolumeStableRescueTest-1125395601 tempest-ServerBootFromVolumeStableRescueTest-1125395601-project-member] Registering scheme swift+config with {'store': , 'location_class': , 'store_entry': 'swift'} {{(pid=99732) register_scheme_map /opt/stack/data/venv/lib/python3.12/site-packages/glance_store/location.py:146}}
Aug 20 14:03:58.582808 np0000007859 devstack@g-api.service[99730]: [pid: 99730|app: 0|req: 133/409] 127.0.0.1 () {40 vars in 834 bytes} [Thu Aug 20 14:03:58 2026] GET /v2/images/c71bea65-ee41-44a8-848a-2e264f387b7f => generated 1471 bytes in 32 msecs (HTTP/1.1 200) 4 headers in 158 bytes (1 switches on core 0)
Aug 20 14:03:58.728563 np0000007859 devstack@g-api.service[99730]: DEBUG glance.api.middleware.version_negotiation [None req-e248ad68-d3a9-4137-a07c-655e2e9599e4 tempest-ServerBootFromVolumeStableRescueTest-1125395601 tempest-ServerBootFromVolumeStableRescueTest-1125395601-project-member] Determining version of request: GET /v2/images/98b02cc5-1267-4a57-b5aa-e8693aa2fb56 Accept: application/json {{(pid=99730) process_request /opt/stack/glance/glance/api/middleware/version_negotiation.py:44}}
Aug 20 14:03:58.729124 np0000007859 devstack@g-api.service[99730]: DEBUG glance.api.middleware.version_negotiation [None req-e248ad68-d3a9-4137-a07c-655e2e9599e4 tempest-ServerBootFromVolumeStableRescueTest-1125395601 tempest-ServerBootFromVolumeStableRescueTest-1125395601-project-member] Using url versioning {{(pid=99730) process_request /opt/stack/glance/glance/api/middleware/version_negotiation.py:57}}
Aug 20 14:03:58.729124 np0000007859 devstack@g-api.service[99730]: DEBUG glance.api.middleware.version_negotiation [None req-e248ad68-d3a9-4137-a07c-655e2e9599e4 tempest-ServerBootFromVolumeStableRescueTest-1125395601 tempest-ServerBootFromVolumeStableRescueTest-1125395601-project-member] Matched version: v2 {{(pid=99730) process_request /opt/stack/glance/glance/api/middleware/version_negotiation.py:69}}
Aug 20 14:03:58.729124 np0000007859 devstack@g-api.service[99730]: DEBUG glance.api.middleware.version_negotiation [None req-e248ad68-d3a9-4137-a07c-655e2e9599e4 tempest-ServerBootFromVolumeStableRescueTest-1125395601 tempest-ServerBootFromVolumeStableRescueTest-1125395601-project-member] new path /v2/images/98b02cc5-1267-4a57-b5aa-e8693aa2fb56 {{(pid=99730) process_request /opt/stack/glance/glance/api/middleware/version_negotiation.py:70}}
Aug 20 14:03:58.745646 np0000007859 devstack@g-api.service[99730]: [pid: 99730|app: 0|req: 134/410] 127.0.0.1 () {40 vars in 834 bytes} [Thu Aug 20 14:03:58 2026] GET /v2/images/98b02cc5-1267-4a57-b5aa-e8693aa2fb56 => generated 650 bytes in 18 msecs (HTTP/1.1 200) 4 headers in 157 bytes (1 switches on core 0)
Aug 20 14:03:58.981126 np0000007859 devstack@g-api.service[99732]: DEBUG swiftclient [None req-3f7b3b2b-4969-4622-a714-368bcc2aed33 tempest-ServerBootFromVolumeStableRescueTest-1125395601 tempest-ServerBootFromVolumeStableRescueTest-1125395601-project-member] REQ: curl -i https://10.4.3.24:8080/v1/AUTH_64af6a0b60324665bee323a391049ef9/glance -I -H "X-Auth-Token: gAAAAABqhwlOgHq2..." {{(pid=99732) http_log /opt/stack/data/venv/lib/python3.12/site-packages/swiftclient/client.py:160}}
Aug 20 14:03:58.981126 np0000007859 devstack@g-api.service[99732]: DEBUG swiftclient [None req-3f7b3b2b-4969-4622-a714-368bcc2aed33 tempest-ServerBootFromVolumeStableRescueTest-1125395601 tempest-ServerBootFromVolumeStableRescueTest-1125395601-project-member] RESP STATUS: 204 No Content {{(pid=99732) http_log /opt/stack/data/venv/lib/python3.12/site-packages/swiftclient/client.py:161}}
Aug 20 14:03:58.981126 np0000007859 devstack@g-api.service[99732]: DEBUG swiftclient [None req-3f7b3b2b-4969-4622-a714-368bcc2aed33 tempest-ServerBootFromVolumeStableRescueTest-1125395601 tempest-ServerBootFromVolumeStableRescueTest-1125395601-project-member] RESP HEADERS: {'Date': 'Thu, 20 Aug 2026 14:03:58 GMT', 'Server': 'Apache/2.4.58 (Ubuntu)', 'Content-Type': 'text/plain; charset=utf-8', 'X-Container-Object-Count': '12', 'X-Container-Bytes-Used': '745668608', 'X-Timestamp': '1787234175.61383', 'Last-Modified': 'Thu, 20 Aug 2026 13:56:16 GMT', 'Accept-Ranges': 'bytes', 'X-Storage-Policy': 'Policy-0', 'X-Container-Sharding': 'False', 'Vary': 'Accept', 'X-Trans-Id': 'txbb41643bf05b43209146a-006a87094e', 'X-Openstack-Request-Id': 'txbb41643bf05b43209146a-006a87094e', 'Connection': 'close'} {{(pid=99732) http_log /opt/stack/data/venv/lib/python3.12/site-packages/swiftclient/client.py:162}}
Aug 20 14:03:58.981126 np0000007859 devstack@g-api.service[99732]: DEBUG glance_store._drivers.swift.store [None req-3f7b3b2b-4969-4622-a714-368bcc2aed33 tempest-ServerBootFromVolumeStableRescueTest-1125395601 tempest-ServerBootFromVolumeStableRescueTest-1125395601-project-member] Adding image object 'c71bea65-ee41-44a8-848a-2e264f387b7f' to Swift {{(pid=99732) add /opt/stack/data/venv/lib/python3.12/site-packages/glance_store/_drivers/swift/store.py:970}}
Aug 20 14:03:58.981126 np0000007859 devstack@g-api.service[99732]: DEBUG glance_store._drivers.swift.store [None req-3f7b3b2b-4969-4622-a714-368bcc2aed33 tempest-ServerBootFromVolumeStableRescueTest-1125395601 tempest-ServerBootFromVolumeStableRescueTest-1125395601-project-member] Cannot determine image size because it is either not provided in the request or chunked-transfer encoding is used. Adding image as a segmented object to Swift. {{(pid=99732) add /opt/stack/data/venv/lib/python3.12/site-packages/glance_store/_drivers/swift/store.py:994}}
Aug 20 14:03:58.989726 np0000007859 devstack@g-api.service[99732]: DEBUG oslo_utils.imageutils.format_inspector [None req-3f7b3b2b-4969-4622-a714-368bcc2aed33 tempest-ServerBootFromVolumeStableRescueTest-1125395601 tempest-ServerBootFromVolumeStableRescueTest-1125395601-project-member] Format inspector for vmdk does not match, excluding from consideration (Signature KDMV not found: b'QFI\xfb') {{(pid=99732) _process_chunk /opt/stack/data/venv/lib/python3.12/site-packages/oslo_utils/imageutils/format_inspector.py:1758}}
Aug 20 14:03:58.993038 np0000007859 devstack@g-api.service[99732]: DEBUG oslo_utils.imageutils.format_inspector [None req-3f7b3b2b-4969-4622-a714-368bcc2aed33 tempest-ServerBootFromVolumeStableRescueTest-1125395601 tempest-ServerBootFromVolumeStableRescueTest-1125395601-project-member] Format inspector for vhdx does not match, excluding from consideration (Region signature not found at 30000) {{(pid=99732) _process_chunk /opt/stack/data/venv/lib/python3.12/site-packages/oslo_utils/imageutils/format_inspector.py:1758}}
Aug 20 14:03:59.447012 np0000007859 devstack@g-api.service[99732]: DEBUG swiftclient [None req-3f7b3b2b-4969-4622-a714-368bcc2aed33 tempest-ServerBootFromVolumeStableRescueTest-1125395601 tempest-ServerBootFromVolumeStableRescueTest-1125395601-project-member] REQ: curl -i https://10.4.3.24:8080/v1/AUTH_64af6a0b60324665bee323a391049ef9/glance/c71bea65-ee41-44a8-848a-2e264f387b7f-00001 -X PUT -H "X-Auth-Token: gAAAAABqhwlOgHq2..." {{(pid=99732) http_log /opt/stack/data/venv/lib/python3.12/site-packages/swiftclient/client.py:160}}
Aug 20 14:03:59.447145 np0000007859 devstack@g-api.service[99732]: DEBUG swiftclient [None req-3f7b3b2b-4969-4622-a714-368bcc2aed33 tempest-ServerBootFromVolumeStableRescueTest-1125395601 tempest-ServerBootFromVolumeStableRescueTest-1125395601-project-member] RESP STATUS: 201 Created {{(pid=99732) http_log /opt/stack/data/venv/lib/python3.12/site-packages/swiftclient/client.py:161}}
Aug 20 14:03:59.447676 np0000007859 devstack@g-api.service[99732]: DEBUG swiftclient [None req-3f7b3b2b-4969-4622-a714-368bcc2aed33 tempest-ServerBootFromVolumeStableRescueTest-1125395601 tempest-ServerBootFromVolumeStableRescueTest-1125395601-project-member] RESP HEADERS: {'Date': 'Thu, 20 Aug 2026 14:03:59 GMT', 'Server': 'Apache/2.4.58 (Ubuntu)', 'Content-Type': 'text/html; charset=UTF-8', 'Content-Length': '0', 'Etag': '4fa343ee581d8d2e78533191fd1ac3e1', 'Last-Modified': 'Thu, 20 Aug 2026 14:04:00 GMT', 'X-Trans-Id': 'txa6cb0427cc2c4633a0a7c-006a87094e', 'X-Openstack-Request-Id': 'txa6cb0427cc2c4633a0a7c-006a87094e', 'Connection': 'close'} {{(pid=99732) http_log /opt/stack/data/venv/lib/python3.12/site-packages/swiftclient/client.py:162}}
Aug 20 14:03:59.447676 np0000007859 devstack@g-api.service[99732]: DEBUG glance_store._drivers.swift.store [None req-3f7b3b2b-4969-4622-a714-368bcc2aed33 tempest-ServerBootFromVolumeStableRescueTest-1125395601 tempest-ServerBootFromVolumeStableRescueTest-1125395601-project-member] Wrote chunk c71bea65-ee41-44a8-848a-2e264f387b7f-00001 (1/?) of length 23527424 to Swift returning MD5 of content: 4fa343ee581d8d2e78533191fd1ac3e1 {{(pid=99732) add /opt/stack/data/venv/lib/python3.12/site-packages/glance_store/_drivers/swift/store.py:1059}}
Aug 20 14:03:59.447902 np0000007859 devstack@g-api.service[99732]: DEBUG glance_store._drivers.swift.store [None req-3f7b3b2b-4969-4622-a714-368bcc2aed33 tempest-ServerBootFromVolumeStableRescueTest-1125395601 tempest-ServerBootFromVolumeStableRescueTest-1125395601-project-member] Not writing zero-length chunk. {{(pid=99732) add /opt/stack/data/venv/lib/python3.12/site-packages/glance_store/_drivers/swift/store.py:1028}}
Aug 20 14:03:59.456523 np0000007859 devstack@g-api.service[99731]: DEBUG swiftclient [None req-e96d5d30-8b61-4552-a5e4-868a5d1f0ed1 tempest-VolumesActionsTest-71868850 tempest-VolumesActionsTest-71868850-project-member] REQ: curl -i https://10.4.3.24:8080/v1/AUTH_64af6a0b60324665bee323a391049ef9/glance/98b02cc5-1267-4a57-b5aa-e8693aa2fb56-00004 -X PUT -H "X-Auth-Token: gAAAAABqhwlDak0h..." {{(pid=99731) http_log /opt/stack/data/venv/lib/python3.12/site-packages/swiftclient/client.py:160}}
Aug 20 14:03:59.457008 np0000007859 devstack@g-api.service[99731]: DEBUG swiftclient [None req-e96d5d30-8b61-4552-a5e4-868a5d1f0ed1 tempest-VolumesActionsTest-71868850 tempest-VolumesActionsTest-71868850-project-member] RESP STATUS: 201 Created {{(pid=99731) http_log /opt/stack/data/venv/lib/python3.12/site-packages/swiftclient/client.py:161}}
Aug 20 14:03:59.457008 np0000007859 devstack@g-api.service[99731]: DEBUG swiftclient [None req-e96d5d30-8b61-4552-a5e4-868a5d1f0ed1 tempest-VolumesActionsTest-71868850 tempest-VolumesActionsTest-71868850-project-member] RESP HEADERS: {'Date': 'Thu, 20 Aug 2026 14:03:59 GMT', 'Server': 'Apache/2.4.58 (Ubuntu)', 'Content-Type': 'text/html; charset=UTF-8', 'Content-Length': '0', 'Etag': 'eda9a9889837ac4bc81d6387d92c1bec', 'Last-Modified': 'Thu, 20 Aug 2026 14:03:57 GMT', 'X-Trans-Id': 'tx635ec11979b04fb29bac9-006a87094c', 'X-Openstack-Request-Id': 'tx635ec11979b04fb29bac9-006a87094c', 'Connection': 'close'} {{(pid=99731) http_log /opt/stack/data/venv/lib/python3.12/site-packages/swiftclient/client.py:162}}
Aug 20 14:03:59.457008 np0000007859 devstack@g-api.service[99731]: DEBUG glance_store._drivers.swift.store [None req-e96d5d30-8b61-4552-a5e4-868a5d1f0ed1 tempest-VolumesActionsTest-71868850 tempest-VolumesActionsTest-71868850-project-member] Wrote chunk 98b02cc5-1267-4a57-b5aa-e8693aa2fb56-00004 (4/?) of length 204800000 to Swift returning MD5 of content: eda9a9889837ac4bc81d6387d92c1bec {{(pid=99731) add /opt/stack/data/venv/lib/python3.12/site-packages/glance_store/_drivers/swift/store.py:1059}}
Aug 20 14:03:59.488796 np0000007859 devstack@g-api.service[99732]: DEBUG swiftclient [None req-3f7b3b2b-4969-4622-a714-368bcc2aed33 tempest-ServerBootFromVolumeStableRescueTest-1125395601 tempest-ServerBootFromVolumeStableRescueTest-1125395601-project-member] REQ: curl -i https://10.4.3.24:8080/v1/AUTH_64af6a0b60324665bee323a391049ef9/glance/c71bea65-ee41-44a8-848a-2e264f387b7f -X PUT -H "X-Object-Manifest: glance/c71bea65-ee41-44a8-848a-2e264f387b7f-" -H "X-Auth-Token: gAAAAABqhwlOgHq2..." -H "Content-Length: 0" {{(pid=99732) http_log /opt/stack/data/venv/lib/python3.12/site-packages/swiftclient/client.py:160}}
Aug 20 14:03:59.490155 np0000007859 devstack@g-api.service[99732]: DEBUG swiftclient [None req-3f7b3b2b-4969-4622-a714-368bcc2aed33 tempest-ServerBootFromVolumeStableRescueTest-1125395601 tempest-ServerBootFromVolumeStableRescueTest-1125395601-project-member] RESP STATUS: 201 Created {{(pid=99732) http_log /opt/stack/data/venv/lib/python3.12/site-packages/swiftclient/client.py:161}}
Aug 20 14:03:59.490571 np0000007859 devstack@g-api.service[99732]: DEBUG swiftclient [None req-3f7b3b2b-4969-4622-a714-368bcc2aed33 tempest-ServerBootFromVolumeStableRescueTest-1125395601 tempest-ServerBootFromVolumeStableRescueTest-1125395601-project-member] RESP HEADERS: {'Date': 'Thu, 20 Aug 2026 14:03:59 GMT', 'Server': 'Apache/2.4.58 (Ubuntu)', 'Content-Type': 'text/html; charset=UTF-8', 'Content-Length': '0', 'Etag': 'd41d8cd98f00b204e9800998ecf8427e', 'Last-Modified': 'Thu, 20 Aug 2026 14:04:00 GMT', 'X-Trans-Id': 'tx5e336076790d41de8b229-006a87094f', 'X-Openstack-Request-Id': 'tx5e336076790d41de8b229-006a87094f', 'Connection': 'close'} {{(pid=99732) http_log /opt/stack/data/venv/lib/python3.12/site-packages/swiftclient/client.py:162}}
Aug 20 14:03:59.492373 np0000007859 devstack@g-api.service[99732]: INFO glance.location [None req-3f7b3b2b-4969-4622-a714-368bcc2aed33 tempest-ServerBootFromVolumeStableRescueTest-1125395601 tempest-ServerBootFromVolumeStableRescueTest-1125395601-project-member] Image format matched and virtual size computed: 1073741824
Aug 20 14:03:59.598077 np0000007859 devstack@g-api.service[99730]: DEBUG glance.api.middleware.version_negotiation [None req-91e6e60c-7c15-480d-9331-de59342adce3 tempest-VolumesActionsTest-71868850 tempest-VolumesActionsTest-71868850-project-member] Determining version of request: GET /v2/images/c71bea65-ee41-44a8-848a-2e264f387b7f Accept: application/json {{(pid=99730) process_request /opt/stack/glance/glance/api/middleware/version_negotiation.py:44}}
Aug 20 14:03:59.599996 np0000007859 devstack@g-api.service[99730]: DEBUG glance.api.middleware.version_negotiation [None req-91e6e60c-7c15-480d-9331-de59342adce3 tempest-VolumesActionsTest-71868850 tempest-VolumesActionsTest-71868850-project-member] Using url versioning {{(pid=99730) process_request /opt/stack/glance/glance/api/middleware/version_negotiation.py:57}}
Aug 20 14:03:59.602791 np0000007859 devstack@g-api.service[99730]: DEBUG glance.api.middleware.version_negotiation [None req-91e6e60c-7c15-480d-9331-de59342adce3 tempest-VolumesActionsTest-71868850 tempest-VolumesActionsTest-71868850-project-member] Matched version: v2 {{(pid=99730) process_request /opt/stack/glance/glance/api/middleware/version_negotiation.py:69}}
Aug 20 14:03:59.602791 np0000007859 devstack@g-api.service[99730]: DEBUG glance.api.middleware.version_negotiation [None req-91e6e60c-7c15-480d-9331-de59342adce3 tempest-VolumesActionsTest-71868850 tempest-VolumesActionsTest-71868850-project-member] new path /v2/images/c71bea65-ee41-44a8-848a-2e264f387b7f {{(pid=99730) process_request /opt/stack/glance/glance/api/middleware/version_negotiation.py:70}}
Aug 20 14:03:59.610884 np0000007859 devstack@g-api.service[99732]: DEBUG glance_store.backend [None req-3f7b3b2b-4969-4622-a714-368bcc2aed33 tempest-ServerBootFromVolumeStableRescueTest-1125395601 tempest-ServerBootFromVolumeStableRescueTest-1125395601-project-member] Attempting to import store swift {{(pid=99732) _load_store /opt/stack/data/venv/lib/python3.12/site-packages/glance_store/backend.py:215}}
Aug 20 14:03:59.618286 np0000007859 devstack@g-api.service[99732]: DEBUG glance_store.capabilities [None req-3f7b3b2b-4969-4622-a714-368bcc2aed33 tempest-ServerBootFromVolumeStableRescueTest-1125395601 tempest-ServerBootFromVolumeStableRescueTest-1125395601-project-member] Store glance_store._drivers.swift.store.SingleTenantStore doesn't support updating dynamic storage capabilities. Please overwrite 'update_capabilities' method of the store to implement updating logics if needed. {{(pid=99732) update_capabilities /opt/stack/data/venv/lib/python3.12/site-packages/glance_store/capabilities.py:91}}
Aug 20 14:03:59.618636 np0000007859 devstack@g-api.service[99732]: DEBUG glance_store.driver [None req-3f7b3b2b-4969-4622-a714-368bcc2aed33 tempest-ServerBootFromVolumeStableRescueTest-1125395601 tempest-ServerBootFromVolumeStableRescueTest-1125395601-project-member] Late loading location class glance_store._drivers.swift.store.StoreLocation {{(pid=99732) get_store_location_class /opt/stack/data/venv/lib/python3.12/site-packages/glance_store/driver.py:134}}
Aug 20 14:03:59.618948 np0000007859 devstack@g-api.service[99732]: DEBUG glance_store.location [None req-3f7b3b2b-4969-4622-a714-368bcc2aed33 tempest-ServerBootFromVolumeStableRescueTest-1125395601 tempest-ServerBootFromVolumeStableRescueTest-1125395601-project-member] Registering scheme swift+https with {'store': , 'location_class': , 'store_entry': 'swift'} {{(pid=99732) register_scheme_map /opt/stack/data/venv/lib/python3.12/site-packages/glance_store/location.py:146}}
Aug 20 14:03:59.619174 np0000007859 devstack@g-api.service[99732]: DEBUG glance_store.location [None req-3f7b3b2b-4969-4622-a714-368bcc2aed33 tempest-ServerBootFromVolumeStableRescueTest-1125395601 tempest-ServerBootFromVolumeStableRescueTest-1125395601-project-member] Registering scheme swift+https with {'store': , 'location_class': , 'store_entry': 'swift'} {{(pid=99732) register_scheme_map /opt/stack/data/venv/lib/python3.12/site-packages/glance_store/location.py:146}}
Aug 20 14:03:59.619453 np0000007859 devstack@g-api.service[99732]: DEBUG glance_store.location [None req-3f7b3b2b-4969-4622-a714-368bcc2aed33 tempest-ServerBootFromVolumeStableRescueTest-1125395601 tempest-ServerBootFromVolumeStableRescueTest-1125395601-project-member] Registering scheme swift with {'store': , 'location_class': , 'store_entry': 'swift'} {{(pid=99732) register_scheme_map /opt/stack/data/venv/lib/python3.12/site-packages/glance_store/location.py:146}}
Aug 20 14:03:59.619453 np0000007859 devstack@g-api.service[99732]: DEBUG glance_store.location [None req-3f7b3b2b-4969-4622-a714-368bcc2aed33 tempest-ServerBootFromVolumeStableRescueTest-1125395601 tempest-ServerBootFromVolumeStableRescueTest-1125395601-project-member] Registering scheme swift+https with {'store': , 'location_class': , 'store_entry': 'swift'} {{(pid=99732) register_scheme_map /opt/stack/data/venv/lib/python3.12/site-packages/glance_store/location.py:146}}
Aug 20 14:03:59.619563 np0000007859 devstack@g-api.service[99732]: DEBUG glance_store.location [None req-3f7b3b2b-4969-4622-a714-368bcc2aed33 tempest-ServerBootFromVolumeStableRescueTest-1125395601 tempest-ServerBootFromVolumeStableRescueTest-1125395601-project-member] Registering scheme swift with {'store': , 'location_class': , 'store_entry': 'swift'} {{(pid=99732) register_scheme_map /opt/stack/data/venv/lib/python3.12/site-packages/glance_store/location.py:146}}
Aug 20 14:03:59.620329 np0000007859 devstack@g-api.service[99732]: DEBUG glance_store.location [None req-3f7b3b2b-4969-4622-a714-368bcc2aed33 tempest-ServerBootFromVolumeStableRescueTest-1125395601 tempest-ServerBootFromVolumeStableRescueTest-1125395601-project-member] Registering scheme swift+http with {'store': , 'location_class': , 'store_entry': 'swift'} {{(pid=99732) register_scheme_map /opt/stack/data/venv/lib/python3.12/site-packages/glance_store/location.py:146}}
Aug 20 14:03:59.620329 np0000007859 devstack@g-api.service[99732]: DEBUG glance_store.location [None req-3f7b3b2b-4969-4622-a714-368bcc2aed33 tempest-ServerBootFromVolumeStableRescueTest-1125395601 tempest-ServerBootFromVolumeStableRescueTest-1125395601-project-member] Registering scheme swift+https with {'store': , 'location_class': , 'store_entry': 'swift'} {{(pid=99732) register_scheme_map /opt/stack/data/venv/lib/python3.12/site-packages/glance_store/location.py:146}}
Aug 20 14:03:59.620329 np0000007859 devstack@g-api.service[99732]: DEBUG glance_store.location [None req-3f7b3b2b-4969-4622-a714-368bcc2aed33 tempest-ServerBootFromVolumeStableRescueTest-1125395601 tempest-ServerBootFromVolumeStableRescueTest-1125395601-project-member] Registering scheme swift with {'store': , 'location_class': , 'store_entry': 'swift'} {{(pid=99732) register_scheme_map /opt/stack/data/venv/lib/python3.12/site-packages/glance_store/location.py:146}}
Aug 20 14:03:59.620329 np0000007859 devstack@g-api.service[99732]: DEBUG glance_store.location [None req-3f7b3b2b-4969-4622-a714-368bcc2aed33 tempest-ServerBootFromVolumeStableRescueTest-1125395601 tempest-ServerBootFromVolumeStableRescueTest-1125395601-project-member] Registering scheme swift+http with {'store': , 'location_class': , 'store_entry': 'swift'} {{(pid=99732) register_scheme_map /opt/stack/data/venv/lib/python3.12/site-packages/glance_store/location.py:146}}
Aug 20 14:03:59.620329 np0000007859 devstack@g-api.service[99732]: DEBUG glance_store.location [None req-3f7b3b2b-4969-4622-a714-368bcc2aed33 tempest-ServerBootFromVolumeStableRescueTest-1125395601 tempest-ServerBootFromVolumeStableRescueTest-1125395601-project-member] Registering scheme swift+config with {'store': , 'location_class': , 'store_entry': 'swift'} {{(pid=99732) register_scheme_map /opt/stack/data/venv/lib/python3.12/site-packages/glance_store/location.py:146}}
Aug 20 14:03:59.620329 np0000007859 devstack@g-api.service[99732]: DEBUG glance_store.backend [None req-3f7b3b2b-4969-4622-a714-368bcc2aed33 tempest-ServerBootFromVolumeStableRescueTest-1125395601 tempest-ServerBootFromVolumeStableRescueTest-1125395601-project-member] Skipping store.set_acls... not implemented. {{(pid=99732) set_acls /opt/stack/data/venv/lib/python3.12/site-packages/glance_store/backend.py:507}}
Aug 20 14:03:59.624524 np0000007859 devstack@g-api.service[99732]: [pid: 99732|app: 0|req: 146/411] 127.0.0.1 () {46 vars in 1154 bytes} [Thu Aug 20 14:03:56 2026] PUT /v2/images/c71bea65-ee41-44a8-848a-2e264f387b7f/file => generated 0 bytes in 2945 msecs (HTTP/1.1 204) 4 headers in 171 bytes (1 switches on core 0)
Aug 20 14:03:59.631464 np0000007859 devstack@g-api.service[99730]: [pid: 99730|app: 0|req: 135/412] 127.0.0.1 () {40 vars in 834 bytes} [Thu Aug 20 14:03:59 2026] GET /v2/images/c71bea65-ee41-44a8-848a-2e264f387b7f => generated 1641 bytes in 34 msecs (HTTP/1.1 200) 4 headers in 158 bytes (1 switches on core 0)
Aug 20 14:03:59.643689 np0000007859 devstack@g-api.service[99732]: DEBUG glance.api.middleware.version_negotiation [None req-3f7b3b2b-4969-4622-a714-368bcc2aed33 tempest-ServerBootFromVolumeStableRescueTest-1125395601 tempest-ServerBootFromVolumeStableRescueTest-1125395601-project-member] Determining version of request: GET /v2/images/c71bea65-ee41-44a8-848a-2e264f387b7f Accept: application/json {{(pid=99732) process_request /opt/stack/glance/glance/api/middleware/version_negotiation.py:44}}
Aug 20 14:03:59.643963 np0000007859 devstack@g-api.service[99732]: DEBUG glance.api.middleware.version_negotiation [None req-3f7b3b2b-4969-4622-a714-368bcc2aed33 tempest-ServerBootFromVolumeStableRescueTest-1125395601 tempest-ServerBootFromVolumeStableRescueTest-1125395601-project-member] Using url versioning {{(pid=99732) process_request /opt/stack/glance/glance/api/middleware/version_negotiation.py:57}}
Aug 20 14:03:59.645088 np0000007859 devstack@g-api.service[99732]: DEBUG glance.api.middleware.version_negotiation [None req-3f7b3b2b-4969-4622-a714-368bcc2aed33 tempest-ServerBootFromVolumeStableRescueTest-1125395601 tempest-ServerBootFromVolumeStableRescueTest-1125395601-project-member] Matched version: v2 {{(pid=99732) process_request /opt/stack/glance/glance/api/middleware/version_negotiation.py:69}}
Aug 20 14:03:59.645088 np0000007859 devstack@g-api.service[99732]: DEBUG glance.api.middleware.version_negotiation [None req-3f7b3b2b-4969-4622-a714-368bcc2aed33 tempest-ServerBootFromVolumeStableRescueTest-1125395601 tempest-ServerBootFromVolumeStableRescueTest-1125395601-project-member] new path /v2/images/c71bea65-ee41-44a8-848a-2e264f387b7f {{(pid=99732) process_request /opt/stack/glance/glance/api/middleware/version_negotiation.py:70}}
Aug 20 14:03:59.674001 np0000007859 devstack@g-api.service[99732]: [pid: 99732|app: 0|req: 147/413] 127.0.0.1 () {40 vars in 834 bytes} [Thu Aug 20 14:03:59 2026] GET /v2/images/c71bea65-ee41-44a8-848a-2e264f387b7f => generated 1641 bytes in 31 msecs (HTTP/1.1 200) 4 headers in 158 bytes (1 switches on core 0)
Aug 20 14:03:59.735701 np0000007859 devstack@g-api.service[99730]: DEBUG glance.api.middleware.version_negotiation [None req-7763e28c-49aa-4d9b-9586-57dbffcf6937 tempest-ServerBootFromVolumeStableRescueTest-1125395601 tempest-ServerBootFromVolumeStableRescueTest-1125395601-project-member] Determining version of request: GET /v2/images/c71bea65-ee41-44a8-848a-2e264f387b7f Accept: */* {{(pid=99730) process_request /opt/stack/glance/glance/api/middleware/version_negotiation.py:44}}
Aug 20 14:03:59.735701 np0000007859 devstack@g-api.service[99730]: DEBUG glance.api.middleware.version_negotiation [None req-7763e28c-49aa-4d9b-9586-57dbffcf6937 tempest-ServerBootFromVolumeStableRescueTest-1125395601 tempest-ServerBootFromVolumeStableRescueTest-1125395601-project-member] Using url versioning {{(pid=99730) process_request /opt/stack/glance/glance/api/middleware/version_negotiation.py:57}}
Aug 20 14:03:59.735701 np0000007859 devstack@g-api.service[99730]: DEBUG glance.api.middleware.version_negotiation [None req-7763e28c-49aa-4d9b-9586-57dbffcf6937 tempest-ServerBootFromVolumeStableRescueTest-1125395601 tempest-ServerBootFromVolumeStableRescueTest-1125395601-project-member] Matched version: v2 {{(pid=99730) process_request /opt/stack/glance/glance/api/middleware/version_negotiation.py:69}}
Aug 20 14:03:59.735701 np0000007859 devstack@g-api.service[99730]: DEBUG glance.api.middleware.version_negotiation [None req-7763e28c-49aa-4d9b-9586-57dbffcf6937 tempest-ServerBootFromVolumeStableRescueTest-1125395601 tempest-ServerBootFromVolumeStableRescueTest-1125395601-project-member] new path /v2/images/c71bea65-ee41-44a8-848a-2e264f387b7f {{(pid=99730) process_request /opt/stack/glance/glance/api/middleware/version_negotiation.py:70}}
Aug 20 14:03:59.765155 np0000007859 devstack@g-api.service[99732]: DEBUG glance.api.middleware.version_negotiation [None req-8ce3303a-42dd-429e-a59f-0e1ea0a9abb1 tempest-ServerBootFromVolumeStableRescueTest-1125395601 tempest-ServerBootFromVolumeStableRescueTest-1125395601-project-member] Determining version of request: GET /v2/images/98b02cc5-1267-4a57-b5aa-e8693aa2fb56 Accept: application/json {{(pid=99732) process_request /opt/stack/glance/glance/api/middleware/version_negotiation.py:44}}
Aug 20 14:03:59.765155 np0000007859 devstack@g-api.service[99732]: DEBUG glance.api.middleware.version_negotiation [None req-8ce3303a-42dd-429e-a59f-0e1ea0a9abb1 tempest-ServerBootFromVolumeStableRescueTest-1125395601 tempest-ServerBootFromVolumeStableRescueTest-1125395601-project-member] Using url versioning {{(pid=99732) process_request /opt/stack/glance/glance/api/middleware/version_negotiation.py:57}}
Aug 20 14:03:59.765155 np0000007859 devstack@g-api.service[99732]: DEBUG glance.api.middleware.version_negotiation [None req-8ce3303a-42dd-429e-a59f-0e1ea0a9abb1 tempest-ServerBootFromVolumeStableRescueTest-1125395601 tempest-ServerBootFromVolumeStableRescueTest-1125395601-project-member] Matched version: v2 {{(pid=99732) process_request /opt/stack/glance/glance/api/middleware/version_negotiation.py:69}}
Aug 20 14:03:59.765155 np0000007859 devstack@g-api.service[99732]: DEBUG glance.api.middleware.version_negotiation [None req-8ce3303a-42dd-429e-a59f-0e1ea0a9abb1 tempest-ServerBootFromVolumeStableRescueTest-1125395601 tempest-ServerBootFromVolumeStableRescueTest-1125395601-project-member] new path /v2/images/98b02cc5-1267-4a57-b5aa-e8693aa2fb56 {{(pid=99732) process_request /opt/stack/glance/glance/api/middleware/version_negotiation.py:70}}
Aug 20 14:03:59.787377 np0000007859 devstack@g-api.service[99730]: [pid: 99730|app: 0|req: 136/414] 127.0.0.1 () {44 vars in 1111 bytes} [Thu Aug 20 14:03:59 2026] GET /v2/images/c71bea65-ee41-44a8-848a-2e264f387b7f => generated 1641 bytes in 52 msecs (HTTP/1.1 200) 4 headers in 158 bytes (1 switches on core 0)
Aug 20 14:03:59.803176 np0000007859 devstack@g-api.service[99732]: [pid: 99732|app: 0|req: 148/415] 127.0.0.1 () {40 vars in 834 bytes} [Thu Aug 20 14:03:59 2026] GET /v2/images/98b02cc5-1267-4a57-b5aa-e8693aa2fb56 => generated 650 bytes in 39 msecs (HTTP/1.1 200) 4 headers in 157 bytes (1 switches on core 0)
Aug 20 14:03:59.873476 np0000007859 devstack@g-api.service[99730]: DEBUG glance.api.middleware.version_negotiation [None req-3f7b3b2b-4969-4622-a714-368bcc2aed33 tempest-ServerBootFromVolumeStableRescueTest-1125395601 tempest-ServerBootFromVolumeStableRescueTest-1125395601-project-member] Determining version of request: GET /v2/schemas/image Accept: */* {{(pid=99730) process_request /opt/stack/glance/glance/api/middleware/version_negotiation.py:44}}
Aug 20 14:03:59.873685 np0000007859 devstack@g-api.service[99730]: DEBUG glance.api.middleware.version_negotiation [None req-3f7b3b2b-4969-4622-a714-368bcc2aed33 tempest-ServerBootFromVolumeStableRescueTest-1125395601 tempest-ServerBootFromVolumeStableRescueTest-1125395601-project-member] Using url versioning {{(pid=99730) process_request /opt/stack/glance/glance/api/middleware/version_negotiation.py:57}}
Aug 20 14:03:59.873915 np0000007859 devstack@g-api.service[99730]: DEBUG glance.api.middleware.version_negotiation [None req-3f7b3b2b-4969-4622-a714-368bcc2aed33 tempest-ServerBootFromVolumeStableRescueTest-1125395601 tempest-ServerBootFromVolumeStableRescueTest-1125395601-project-member] Matched version: v2 {{(pid=99730) process_request /opt/stack/glance/glance/api/middleware/version_negotiation.py:69}}
Aug 20 14:03:59.874084 np0000007859 devstack@g-api.service[99730]: DEBUG glance.api.middleware.version_negotiation [None req-3f7b3b2b-4969-4622-a714-368bcc2aed33 tempest-ServerBootFromVolumeStableRescueTest-1125395601 tempest-ServerBootFromVolumeStableRescueTest-1125395601-project-member] new path /v2/schemas/image {{(pid=99730) process_request /opt/stack/glance/glance/api/middleware/version_negotiation.py:70}}
Aug 20 14:03:59.902369 np0000007859 devstack@g-api.service[99730]: [pid: 99730|app: 0|req: 137/416] 127.0.0.1 () {44 vars in 1051 bytes} [Thu Aug 20 14:03:59 2026] GET /v2/schemas/image => generated 6083 bytes in 28 msecs (HTTP/1.1 200) 4 headers in 158 bytes (1 switches on core 0)
Aug 20 14:04:00.822024 np0000007859 devstack@g-api.service[99732]: DEBUG glance.api.middleware.version_negotiation [None req-38ffc85d-d499-46a4-a538-d04f17911a70 tempest-VolumesActionsTest-71868850 tempest-VolumesActionsTest-71868850-project-member] Determining version of request: GET /v2/images/98b02cc5-1267-4a57-b5aa-e8693aa2fb56 Accept: application/json {{(pid=99732) process_request /opt/stack/glance/glance/api/middleware/version_negotiation.py:44}}
Aug 20 14:04:00.822438 np0000007859 devstack@g-api.service[99732]: DEBUG glance.api.middleware.version_negotiation [None req-38ffc85d-d499-46a4-a538-d04f17911a70 tempest-VolumesActionsTest-71868850 tempest-VolumesActionsTest-71868850-project-member] Using url versioning {{(pid=99732) process_request /opt/stack/glance/glance/api/middleware/version_negotiation.py:57}}
Aug 20 14:04:00.823698 np0000007859 devstack@g-api.service[99732]: DEBUG glance.api.middleware.version_negotiation [None req-38ffc85d-d499-46a4-a538-d04f17911a70 tempest-VolumesActionsTest-71868850 tempest-VolumesActionsTest-71868850-project-member] Matched version: v2 {{(pid=99732) process_request /opt/stack/glance/glance/api/middleware/version_negotiation.py:69}}
Aug 20 14:04:00.823698 np0000007859 devstack@g-api.service[99732]: DEBUG glance.api.middleware.version_negotiation [None req-38ffc85d-d499-46a4-a538-d04f17911a70 tempest-VolumesActionsTest-71868850 tempest-VolumesActionsTest-71868850-project-member] new path /v2/images/98b02cc5-1267-4a57-b5aa-e8693aa2fb56 {{(pid=99732) process_request /opt/stack/glance/glance/api/middleware/version_negotiation.py:70}}
Aug 20 14:04:00.854010 np0000007859 devstack@g-api.service[99732]: [pid: 99732|app: 0|req: 149/417] 127.0.0.1 () {40 vars in 834 bytes} [Thu Aug 20 14:04:00 2026] GET /v2/images/98b02cc5-1267-4a57-b5aa-e8693aa2fb56 => generated 650 bytes in 32 msecs (HTTP/1.1 200) 4 headers in 157 bytes (1 switches on core 0)
Aug 20 14:04:01.867354 np0000007859 devstack@g-api.service[99730]: DEBUG glance.api.middleware.version_negotiation [None req-3f7b3b2b-4969-4622-a714-368bcc2aed33 tempest-ServerBootFromVolumeStableRescueTest-1125395601 tempest-ServerBootFromVolumeStableRescueTest-1125395601-project-member] Determining version of request: GET /v2/images/98b02cc5-1267-4a57-b5aa-e8693aa2fb56 Accept: application/json {{(pid=99730) process_request /opt/stack/glance/glance/api/middleware/version_negotiation.py:44}}
Aug 20 14:04:01.867917 np0000007859 devstack@g-api.service[99730]: DEBUG glance.api.middleware.version_negotiation [None req-3f7b3b2b-4969-4622-a714-368bcc2aed33 tempest-ServerBootFromVolumeStableRescueTest-1125395601 tempest-ServerBootFromVolumeStableRescueTest-1125395601-project-member] Using url versioning {{(pid=99730) process_request /opt/stack/glance/glance/api/middleware/version_negotiation.py:57}}
Aug 20 14:04:01.867917 np0000007859 devstack@g-api.service[99730]: DEBUG glance.api.middleware.version_negotiation [None req-3f7b3b2b-4969-4622-a714-368bcc2aed33 tempest-ServerBootFromVolumeStableRescueTest-1125395601 tempest-ServerBootFromVolumeStableRescueTest-1125395601-project-member] Matched version: v2 {{(pid=99730) process_request /opt/stack/glance/glance/api/middleware/version_negotiation.py:69}}
Aug 20 14:04:01.868049 np0000007859 devstack@g-api.service[99730]: DEBUG glance.api.middleware.version_negotiation [None req-3f7b3b2b-4969-4622-a714-368bcc2aed33 tempest-ServerBootFromVolumeStableRescueTest-1125395601 tempest-ServerBootFromVolumeStableRescueTest-1125395601-project-member] new path /v2/images/98b02cc5-1267-4a57-b5aa-e8693aa2fb56 {{(pid=99730) process_request /opt/stack/glance/glance/api/middleware/version_negotiation.py:70}}
Aug 20 14:04:01.883491 np0000007859 devstack@g-api.service[99730]: [pid: 99730|app: 0|req: 138/418] 127.0.0.1 () {40 vars in 834 bytes} [Thu Aug 20 14:04:01 2026] GET /v2/images/98b02cc5-1267-4a57-b5aa-e8693aa2fb56 => generated 650 bytes in 16 msecs (HTTP/1.1 200) 4 headers in 157 bytes (1 switches on core 0)
Aug 20 14:04:01.965197 np0000007859 devstack@g-api.service[99732]: DEBUG glance.api.middleware.version_negotiation [None req-92580343-a961-4f57-a1e5-b0954a58269f tempest-VolumesActionsTest-71868850 tempest-VolumesActionsTest-71868850-project-member] Determining version of request: GET /v2/images/94c5a91d-e691-491e-9d99-414963d3b5d4 Accept: */* {{(pid=99732) process_request /opt/stack/glance/glance/api/middleware/version_negotiation.py:44}}
Aug 20 14:04:01.965197 np0000007859 devstack@g-api.service[99732]: DEBUG glance.api.middleware.version_negotiation [None req-92580343-a961-4f57-a1e5-b0954a58269f tempest-VolumesActionsTest-71868850 tempest-VolumesActionsTest-71868850-project-member] Using url versioning {{(pid=99732) process_request /opt/stack/glance/glance/api/middleware/version_negotiation.py:57}}
Aug 20 14:04:01.965197 np0000007859 devstack@g-api.service[99732]: DEBUG glance.api.middleware.version_negotiation [None req-92580343-a961-4f57-a1e5-b0954a58269f tempest-VolumesActionsTest-71868850 tempest-VolumesActionsTest-71868850-project-member] Matched version: v2 {{(pid=99732) process_request /opt/stack/glance/glance/api/middleware/version_negotiation.py:69}}
Aug 20 14:04:01.965711 np0000007859 devstack@g-api.service[99732]: DEBUG glance.api.middleware.version_negotiation [None req-92580343-a961-4f57-a1e5-b0954a58269f tempest-VolumesActionsTest-71868850 tempest-VolumesActionsTest-71868850-project-member] new path /v2/images/94c5a91d-e691-491e-9d99-414963d3b5d4 {{(pid=99732) process_request /opt/stack/glance/glance/api/middleware/version_negotiation.py:70}}
Aug 20 14:04:01.982639 np0000007859 devstack@g-api.service[99732]: [pid: 99732|app: 0|req: 150/419] 127.0.0.1 () {44 vars in 1111 bytes} [Thu Aug 20 14:04:01 2026] GET /v2/images/94c5a91d-e691-491e-9d99-414963d3b5d4 => generated 1044 bytes in 18 msecs (HTTP/1.1 200) 4 headers in 158 bytes (1 switches on core 0)
Aug 20 14:04:02.050096 np0000007859 devstack@g-api.service[99730]: DEBUG glance.api.middleware.version_negotiation [None req-401d4160-b548-434e-9c12-803abb52dd2e tempest-VolumesActionsTest-71868850 tempest-VolumesActionsTest-71868850-project-member] Determining version of request: GET /v2/schemas/image Accept: */* {{(pid=99730) process_request /opt/stack/glance/glance/api/middleware/version_negotiation.py:44}}
Aug 20 14:04:02.050096 np0000007859 devstack@g-api.service[99730]: DEBUG glance.api.middleware.version_negotiation [None req-401d4160-b548-434e-9c12-803abb52dd2e tempest-VolumesActionsTest-71868850 tempest-VolumesActionsTest-71868850-project-member] Using url versioning {{(pid=99730) process_request /opt/stack/glance/glance/api/middleware/version_negotiation.py:57}}
Aug 20 14:04:02.050654 np0000007859 devstack@g-api.service[99730]: DEBUG glance.api.middleware.version_negotiation [None req-401d4160-b548-434e-9c12-803abb52dd2e tempest-VolumesActionsTest-71868850 tempest-VolumesActionsTest-71868850-project-member] Matched version: v2 {{(pid=99730) process_request /opt/stack/glance/glance/api/middleware/version_negotiation.py:69}}
