Aug 20 13:55:46.118533 np0000007859 nova-scheduler[93424]: DEBUG cotyledon.oslo_config_glue [-] oslo_messaging_rabbit.rabbit_qos_prefetch_count = 0 {{(pid=93424) log_opt_values /opt/stack/data/venv/lib/python3.12/site-packages/oslo_config/cfg.py:3560}}
Aug 20 13:55:46.118582 np0000007859 nova-scheduler[93424]: DEBUG cotyledon.oslo_config_glue [-] oslo_messaging_rabbit.rabbit_quorum_delivery_limit = 0 {{(pid=93424) log_opt_values /opt/stack/data/venv/lib/python3.12/site-packages/oslo_config/cfg.py:3560}}
Aug 20 13:55:46.118621 np0000007859 nova-scheduler[93424]: DEBUG cotyledon.oslo_config_glue [-] oslo_messaging_rabbit.rabbit_quorum_max_memory_bytes = 0 {{(pid=93424) log_opt_values /opt/stack/data/venv/lib/python3.12/site-packages/oslo_config/cfg.py:3560}}
Aug 20 13:55:46.118652 np0000007859 nova-scheduler[93424]: DEBUG cotyledon.oslo_config_glue [-] oslo_messaging_rabbit.rabbit_quorum_max_memory_length = 0 {{(pid=93424) log_opt_values /opt/stack/data/venv/lib/python3.12/site-packages/oslo_config/cfg.py:3560}}
Aug 20 13:55:46.118690 np0000007859 nova-scheduler[93424]: DEBUG cotyledon.oslo_config_glue [-] oslo_messaging_rabbit.rabbit_quorum_queue = False {{(pid=93424) log_opt_values /opt/stack/data/venv/lib/python3.12/site-packages/oslo_config/cfg.py:3560}}
Aug 20 13:55:46.118745 np0000007859 nova-scheduler[93424]: DEBUG cotyledon.oslo_config_glue [-] oslo_messaging_rabbit.rabbit_retry_backoff = 2 {{(pid=93424) log_opt_values /opt/stack/data/venv/lib/python3.12/site-packages/oslo_config/cfg.py:3560}}
Aug 20 13:55:46.118796 np0000007859 nova-scheduler[93424]: DEBUG cotyledon.oslo_config_glue [-] oslo_messaging_rabbit.rabbit_retry_interval = 1 {{(pid=93424) log_opt_values /opt/stack/data/venv/lib/python3.12/site-packages/oslo_config/cfg.py:3560}}
Aug 20 13:55:46.118836 np0000007859 nova-scheduler[93424]: DEBUG cotyledon.oslo_config_glue [-] oslo_messaging_rabbit.rabbit_stream_fanout = False {{(pid=93424) log_opt_values /opt/stack/data/venv/lib/python3.12/site-packages/oslo_config/cfg.py:3560}}
Aug 20 13:55:46.118872 np0000007859 nova-scheduler[93424]: DEBUG cotyledon.oslo_config_glue [-] oslo_messaging_rabbit.rabbit_transient_queues_ttl = 1800 {{(pid=93424) log_opt_values /opt/stack/data/venv/lib/python3.12/site-packages/oslo_config/cfg.py:3560}}
Aug 20 13:55:46.118908 np0000007859 nova-scheduler[93424]: DEBUG cotyledon.oslo_config_glue [-] oslo_messaging_rabbit.rabbit_transient_quorum_queue = False {{(pid=93424) log_opt_values /opt/stack/data/venv/lib/python3.12/site-packages/oslo_config/cfg.py:3560}}
Aug 20 13:55:46.118954 np0000007859 nova-scheduler[93424]: DEBUG cotyledon.oslo_config_glue [-] oslo_messaging_rabbit.rpc_conn_pool_size = 30 {{(pid=93424) log_opt_values /opt/stack/data/venv/lib/python3.12/site-packages/oslo_config/cfg.py:3560}}
Aug 20 13:55:46.118992 np0000007859 nova-scheduler[93424]: DEBUG cotyledon.oslo_config_glue [-] oslo_messaging_rabbit.ssl = False {{(pid=93424) log_opt_values /opt/stack/data/venv/lib/python3.12/site-packages/oslo_config/cfg.py:3560}}
Aug 20 13:55:46.119023 np0000007859 nova-scheduler[93424]: DEBUG cotyledon.oslo_config_glue [-] oslo_messaging_rabbit.ssl_ca_file = {{(pid=93424) log_opt_values /opt/stack/data/venv/lib/python3.12/site-packages/oslo_config/cfg.py:3560}}
Aug 20 13:55:46.119068 np0000007859 nova-scheduler[93424]: DEBUG cotyledon.oslo_config_glue [-] oslo_messaging_rabbit.ssl_cert_file = {{(pid=93424) log_opt_values /opt/stack/data/venv/lib/python3.12/site-packages/oslo_config/cfg.py:3560}}
Aug 20 13:55:46.119104 np0000007859 nova-scheduler[93424]: DEBUG cotyledon.oslo_config_glue [-] oslo_messaging_rabbit.ssl_enforce_fips_mode = False {{(pid=93424) log_opt_values /opt/stack/data/venv/lib/python3.12/site-packages/oslo_config/cfg.py:3560}}
Aug 20 13:55:46.119154 np0000007859 nova-scheduler[93424]: DEBUG cotyledon.oslo_config_glue [-] oslo_messaging_rabbit.ssl_enforce_hostname_verification = True {{(pid=93424) log_opt_values /opt/stack/data/venv/lib/python3.12/site-packages/oslo_config/cfg.py:3560}}
Aug 20 13:55:46.119198 np0000007859 nova-scheduler[93424]: DEBUG cotyledon.oslo_config_glue [-] oslo_messaging_rabbit.ssl_key_file = {{(pid=93424) log_opt_values /opt/stack/data/venv/lib/python3.12/site-packages/oslo_config/cfg.py:3560}}
Aug 20 13:55:46.119242 np0000007859 nova-scheduler[93424]: DEBUG cotyledon.oslo_config_glue [-] oslo_messaging_rabbit.ssl_version = {{(pid=93424) log_opt_values /opt/stack/data/venv/lib/python3.12/site-packages/oslo_config/cfg.py:3560}}
Aug 20 13:55:46.119275 np0000007859 nova-scheduler[93424]: DEBUG cotyledon.oslo_config_glue [-] oslo_messaging_rabbit.use_queue_manager = False {{(pid=93424) log_opt_values /opt/stack/data/venv/lib/python3.12/site-packages/oslo_config/cfg.py:3560}}
Aug 20 13:55:46.119359 np0000007859 nova-scheduler[93424]: DEBUG cotyledon.oslo_config_glue [-] oslo_messaging_notifications.driver = ['messagingv2'] {{(pid=93424) log_opt_values /opt/stack/data/venv/lib/python3.12/site-packages/oslo_config/cfg.py:3560}}
Aug 20 13:55:46.119416 np0000007859 nova-scheduler[93424]: DEBUG cotyledon.oslo_config_glue [-] oslo_messaging_notifications.retry = -1 {{(pid=93424) log_opt_values /opt/stack/data/venv/lib/python3.12/site-packages/oslo_config/cfg.py:3560}}
Aug 20 13:55:46.119481 np0000007859 nova-scheduler[93424]: DEBUG cotyledon.oslo_config_glue [-] oslo_messaging_notifications.topics = ['notifications'] {{(pid=93424) log_opt_values /opt/stack/data/venv/lib/python3.12/site-packages/oslo_config/cfg.py:3560}}
Aug 20 13:55:46.119544 np0000007859 nova-scheduler[93424]: DEBUG cotyledon.oslo_config_glue [-] oslo_messaging_notifications.transport_url = **** {{(pid=93424) log_opt_values /opt/stack/data/venv/lib/python3.12/site-packages/oslo_config/cfg.py:3560}}
Aug 20 13:55:46.119605 np0000007859 nova-scheduler[93424]: DEBUG cotyledon.oslo_config_glue [-] oslo_limit.auth_section = None {{(pid=93424) log_opt_values /opt/stack/data/venv/lib/python3.12/site-packages/oslo_config/cfg.py:3560}}
Aug 20 13:55:46.119649 np0000007859 nova-scheduler[93424]: DEBUG cotyledon.oslo_config_glue [-] oslo_limit.auth_type = None {{(pid=93424) log_opt_values /opt/stack/data/venv/lib/python3.12/site-packages/oslo_config/cfg.py:3560}}
Aug 20 13:55:46.119692 np0000007859 nova-scheduler[93424]: DEBUG cotyledon.oslo_config_glue [-] oslo_limit.cafile = None {{(pid=93424) log_opt_values /opt/stack/data/venv/lib/python3.12/site-packages/oslo_config/cfg.py:3560}}
Aug 20 13:55:46.119729 np0000007859 nova-scheduler[93424]: DEBUG cotyledon.oslo_config_glue [-] oslo_limit.certfile = None {{(pid=93424) log_opt_values /opt/stack/data/venv/lib/python3.12/site-packages/oslo_config/cfg.py:3560}}
Aug 20 13:55:46.119766 np0000007859 nova-scheduler[93424]: DEBUG cotyledon.oslo_config_glue [-] oslo_limit.collect_timing = False {{(pid=93424) log_opt_values /opt/stack/data/venv/lib/python3.12/site-packages/oslo_config/cfg.py:3560}}
Aug 20 13:55:46.119812 np0000007859 nova-scheduler[93424]: DEBUG cotyledon.oslo_config_glue [-] oslo_limit.connect_retries = None {{(pid=93424) log_opt_values /opt/stack/data/venv/lib/python3.12/site-packages/oslo_config/cfg.py:3560}}
Aug 20 13:55:46.119873 np0000007859 nova-scheduler[93424]: DEBUG cotyledon.oslo_config_glue [-] oslo_limit.connect_retry_delay = None {{(pid=93424) log_opt_values /opt/stack/data/venv/lib/python3.12/site-packages/oslo_config/cfg.py:3560}}
Aug 20 13:55:46.119931 np0000007859 nova-scheduler[93424]: DEBUG cotyledon.oslo_config_glue [-] oslo_limit.endpoint_id = None {{(pid=93424) log_opt_values /opt/stack/data/venv/lib/python3.12/site-packages/oslo_config/cfg.py:3560}}
Aug 20 13:55:46.119980 np0000007859 nova-scheduler[93424]: DEBUG cotyledon.oslo_config_glue [-] oslo_limit.endpoint_interface = public {{(pid=93424) log_opt_values /opt/stack/data/venv/lib/python3.12/site-packages/oslo_config/cfg.py:3560}}
Aug 20 13:55:46.120018 np0000007859 nova-scheduler[93424]: DEBUG cotyledon.oslo_config_glue [-] oslo_limit.endpoint_override = None {{(pid=93424) log_opt_values /opt/stack/data/venv/lib/python3.12/site-packages/oslo_config/cfg.py:3560}}
Aug 20 13:55:46.120054 np0000007859 nova-scheduler[93424]: DEBUG cotyledon.oslo_config_glue [-] oslo_limit.endpoint_region_name = None {{(pid=93424) log_opt_values /opt/stack/data/venv/lib/python3.12/site-packages/oslo_config/cfg.py:3560}}
Aug 20 13:55:46.120091 np0000007859 nova-scheduler[93424]: DEBUG cotyledon.oslo_config_glue [-] oslo_limit.endpoint_service_name = None {{(pid=93424) log_opt_values /opt/stack/data/venv/lib/python3.12/site-packages/oslo_config/cfg.py:3560}}
Aug 20 13:55:46.120121 np0000007859 nova-scheduler[93424]: DEBUG cotyledon.oslo_config_glue [-] oslo_limit.endpoint_service_type = None {{(pid=93424) log_opt_values /opt/stack/data/venv/lib/python3.12/site-packages/oslo_config/cfg.py:3560}}
Aug 20 13:55:46.120171 np0000007859 nova-scheduler[93424]: DEBUG cotyledon.oslo_config_glue [-] oslo_limit.insecure = False {{(pid=93424) log_opt_values /opt/stack/data/venv/lib/python3.12/site-packages/oslo_config/cfg.py:3560}}
Aug 20 13:55:46.120214 np0000007859 nova-scheduler[93424]: DEBUG cotyledon.oslo_config_glue [-] oslo_limit.keyfile = None {{(pid=93424) log_opt_values /opt/stack/data/venv/lib/python3.12/site-packages/oslo_config/cfg.py:3560}}
Aug 20 13:55:46.120246 np0000007859 nova-scheduler[93424]: DEBUG cotyledon.oslo_config_glue [-] oslo_limit.max_version = None {{(pid=93424) log_opt_values /opt/stack/data/venv/lib/python3.12/site-packages/oslo_config/cfg.py:3560}}
Aug 20 13:55:46.120276 np0000007859 nova-scheduler[93424]: DEBUG cotyledon.oslo_config_glue [-] oslo_limit.min_version = None {{(pid=93424) log_opt_values /opt/stack/data/venv/lib/python3.12/site-packages/oslo_config/cfg.py:3560}}
Aug 20 13:55:46.120335 np0000007859 nova-scheduler[93424]: DEBUG cotyledon.oslo_config_glue [-] oslo_limit.region_name = None {{(pid=93424) log_opt_values /opt/stack/data/venv/lib/python3.12/site-packages/oslo_config/cfg.py:3560}}
Aug 20 13:55:46.120383 np0000007859 nova-scheduler[93424]: DEBUG cotyledon.oslo_config_glue [-] oslo_limit.retriable_status_codes = None {{(pid=93424) log_opt_values /opt/stack/data/venv/lib/python3.12/site-packages/oslo_config/cfg.py:3560}}
Aug 20 13:55:46.120467 np0000007859 nova-scheduler[93424]: DEBUG cotyledon.oslo_config_glue [-] oslo_limit.service_name = None {{(pid=93424) log_opt_values /opt/stack/data/venv/lib/python3.12/site-packages/oslo_config/cfg.py:3560}}
Aug 20 13:55:46.120527 np0000007859 nova-scheduler[93424]: DEBUG cotyledon.oslo_config_glue [-] oslo_limit.service_type = None {{(pid=93424) log_opt_values /opt/stack/data/venv/lib/python3.12/site-packages/oslo_config/cfg.py:3560}}
Aug 20 13:55:46.120568 np0000007859 nova-scheduler[93424]: DEBUG cotyledon.oslo_config_glue [-] oslo_limit.split_loggers = False {{(pid=93424) log_opt_values /opt/stack/data/venv/lib/python3.12/site-packages/oslo_config/cfg.py:3560}}
Aug 20 13:55:46.120601 np0000007859 nova-scheduler[93424]: DEBUG cotyledon.oslo_config_glue [-] oslo_limit.status_code_retries = None {{(pid=93424) log_opt_values /opt/stack/data/venv/lib/python3.12/site-packages/oslo_config/cfg.py:3560}}
Aug 20 13:55:46.120637 np0000007859 nova-scheduler[93424]: DEBUG cotyledon.oslo_config_glue [-] oslo_limit.status_code_retry_delay = None {{(pid=93424) log_opt_values /opt/stack/data/venv/lib/python3.12/site-packages/oslo_config/cfg.py:3560}}
Aug 20 13:55:46.120675 np0000007859 nova-scheduler[93424]: DEBUG cotyledon.oslo_config_glue [-] oslo_limit.timeout = None {{(pid=93424) log_opt_values /opt/stack/data/venv/lib/python3.12/site-packages/oslo_config/cfg.py:3560}}
Aug 20 13:55:46.120711 np0000007859 nova-scheduler[93424]: DEBUG cotyledon.oslo_config_glue [-] oslo_limit.valid_interfaces = None {{(pid=93424) log_opt_values /opt/stack/data/venv/lib/python3.12/site-packages/oslo_config/cfg.py:3560}}
Aug 20 13:55:46.120771 np0000007859 nova-scheduler[93424]: DEBUG cotyledon.oslo_config_glue [-] oslo_limit.version = None {{(pid=93424) log_opt_values /opt/stack/data/venv/lib/python3.12/site-packages/oslo_config/cfg.py:3560}}
Aug 20 13:55:46.120853 np0000007859 nova-scheduler[93424]: DEBUG cotyledon.oslo_config_glue [-] oslo_reports.file_event_handler = None {{(pid=93424) log_opt_values /opt/stack/data/venv/lib/python3.12/site-packages/oslo_config/cfg.py:3560}}
Aug 20 13:55:46.120905 np0000007859 nova-scheduler[93424]: DEBUG cotyledon.oslo_config_glue [-] oslo_reports.file_event_handler_interval = 1 {{(pid=93424) log_opt_values /opt/stack/data/venv/lib/python3.12/site-packages/oslo_config/cfg.py:3560}}
Aug 20 13:55:46.120976 np0000007859 nova-scheduler[93424]: DEBUG cotyledon.oslo_config_glue [-] oslo_reports.log_dir = None {{(pid=93424) log_opt_values /opt/stack/data/venv/lib/python3.12/site-packages/oslo_config/cfg.py:3560}}
Aug 20 13:55:46.121022 np0000007859 nova-scheduler[93424]: DEBUG cotyledon.oslo_config_glue [-] ******************************************************************************** {{(pid=93424) log_opt_values /opt/stack/data/venv/lib/python3.12/site-packages/oslo_config/cfg.py:3567}}
Aug 20 13:55:46.121156 np0000007859 nova-scheduler[93424]: DEBUG cotyledon._service_worker [-] Run service ServiceWrapper(1) [93424] {{(pid=93424) wait_forever /opt/stack/data/venv/lib/python3.12/site-packages/cotyledon/_service_worker.py:218}}
Aug 20 13:55:46.123674 np0000007859 nova-scheduler[93424]: INFO nova.service [-] Starting scheduler node (version 33.1.0)
Aug 20 13:55:46.128449 np0000007859 nova-scheduler[93424]: INFO dbcounter [None req-4e9846b8-3b27-4dec-8850-bef804640dfb None None] Registered counter for database nova_cell0
Aug 20 13:55:46.140258 np0000007859 nova-scheduler[93422]: DEBUG nova.service [None req-c0f097d4-b5d2-4c68-ae5a-48005334e5b0 None None] Creating RPC server for service: nova-scheduler on topic: scheduler {{(pid=93422) start /opt/stack/nova/nova/service.py:262}}
Aug 20 13:55:46.148014 np0000007859 nova-scheduler[93428]: DEBUG oslo_db.sqlalchemy.engines [None req-db593e98-b378-42a0-9b55-681ad8a719b0 None None] MySQL server mode set to STRICT_TRANS_TABLES,STRICT_ALL_TABLES,NO_ZERO_IN_DATE,NO_ZERO_DATE,ERROR_FOR_DIVISION_BY_ZERO,TRADITIONAL,NO_ENGINE_SUBSTITUTION {{(pid=93428) _check_effective_sql_mode /opt/stack/data/venv/lib/python3.12/site-packages/oslo_db/sqlalchemy/engines.py:325}}
Aug 20 13:55:46.157058 np0000007859 nova-scheduler[93428]: DEBUG dbcounter [-] [93428] Writer thread running {{(pid=93428) stat_writer /opt/stack/data/venv/lib/python3.12/site-packages/dbcounter.py:102}}
Aug 20 13:55:46.159905 np0000007859 nova-scheduler[93428]: DEBUG nova.service [None req-db593e98-b378-42a0-9b55-681ad8a719b0 None None] Creating RPC server for service: nova-scheduler on topic: scheduler {{(pid=93428) start /opt/stack/nova/nova/service.py:262}}
Aug 20 13:55:46.162794 np0000007859 nova-scheduler[93422]: DEBUG nova.service [None req-c0f097d4-b5d2-4c68-ae5a-48005334e5b0 None None] Join ServiceGroup membership for this service scheduler {{(pid=93422) start /opt/stack/nova/nova/service.py:288}}
Aug 20 13:55:46.163828 np0000007859 nova-scheduler[93422]: DEBUG nova.servicegroup.drivers.db [None req-c0f097d4-b5d2-4c68-ae5a-48005334e5b0 None None] DB_Driver: join new ServiceGroup member np0000007859 to the scheduler group, service = {{(pid=93422) join /opt/stack/nova/nova/servicegroup/drivers/db.py:44}}
Aug 20 13:55:46.173472 np0000007859 nova-scheduler[93424]: DEBUG oslo_db.sqlalchemy.engines [None req-4e9846b8-3b27-4dec-8850-bef804640dfb None None] MySQL server mode set to STRICT_TRANS_TABLES,STRICT_ALL_TABLES,NO_ZERO_IN_DATE,NO_ZERO_DATE,ERROR_FOR_DIVISION_BY_ZERO,TRADITIONAL,NO_ENGINE_SUBSTITUTION {{(pid=93424) _check_effective_sql_mode /opt/stack/data/venv/lib/python3.12/site-packages/oslo_db/sqlalchemy/engines.py:325}}
Aug 20 13:55:46.176666 np0000007859 nova-scheduler[93428]: DEBUG nova.service [None req-db593e98-b378-42a0-9b55-681ad8a719b0 None None] Join ServiceGroup membership for this service scheduler {{(pid=93428) start /opt/stack/nova/nova/service.py:288}}
Aug 20 13:55:46.176863 np0000007859 nova-scheduler[93428]: DEBUG nova.servicegroup.drivers.db [None req-db593e98-b378-42a0-9b55-681ad8a719b0 None None] DB_Driver: join new ServiceGroup member np0000007859 to the scheduler group, service = {{(pid=93428) join /opt/stack/nova/nova/servicegroup/drivers/db.py:44}}
Aug 20 13:55:46.185597 np0000007859 nova-scheduler[93424]: DEBUG dbcounter [-] [93424] Writer thread running {{(pid=93424) stat_writer /opt/stack/data/venv/lib/python3.12/site-packages/dbcounter.py:102}}
Aug 20 13:55:46.189478 np0000007859 nova-scheduler[93424]: DEBUG nova.service [None req-4e9846b8-3b27-4dec-8850-bef804640dfb None None] Creating RPC server for service: nova-scheduler on topic: scheduler {{(pid=93424) start /opt/stack/nova/nova/service.py:262}}
Aug 20 13:55:46.208322 np0000007859 nova-scheduler[93424]: DEBUG nova.service [None req-4e9846b8-3b27-4dec-8850-bef804640dfb None None] Join ServiceGroup membership for this service scheduler {{(pid=93424) start /opt/stack/nova/nova/service.py:288}}
Aug 20 13:55:46.208583 np0000007859 nova-scheduler[93424]: DEBUG nova.servicegroup.drivers.db [None req-4e9846b8-3b27-4dec-8850-bef804640dfb None None] DB_Driver: join new ServiceGroup member np0000007859 to the scheduler group, service = {{(pid=93424) join /opt/stack/nova/nova/servicegroup/drivers/db.py:44}}
Aug 20 13:55:50.210532 np0000007859 nova-scheduler[93424]: DEBUG oslo.service.backend._threading.loopingcall [None req-d2ed3316-6bd5-4031-981a-f116f59929c3 None None] Dynamic interval looping call 'nova.service.Service.periodic_tasks' sleeping for 60.00 seconds {{(pid=93424) _run_loop /opt/stack/data/venv/lib/python3.12/site-packages/oslo_service/backend/_threading/loopingcall.py:125}}
Aug 20 13:55:51.178446 np0000007859 nova-scheduler[93422]: DEBUG oslo.service.backend._threading.loopingcall [-] Fixed interval looping call 'nova.servicegroup.drivers.db.DbDriver._report_state' sleeping for 119.99 seconds {{(pid=93422) _run_loop /opt/stack/data/venv/lib/python3.12/site-packages/oslo_service/backend/_threading/loopingcall.py:125}}
Aug 20 13:55:51.186630 np0000007859 nova-scheduler[93428]: DEBUG oslo.service.backend._threading.loopingcall [-] Fixed interval looping call 'nova.servicegroup.drivers.db.DbDriver._report_state' sleeping for 119.99 seconds {{(pid=93428) _run_loop /opt/stack/data/venv/lib/python3.12/site-packages/oslo_service/backend/_threading/loopingcall.py:125}}
Aug 20 13:55:51.221844 np0000007859 nova-scheduler[93424]: DEBUG oslo.service.backend._threading.loopingcall [-] Fixed interval looping call 'nova.servicegroup.drivers.db.DbDriver._report_state' sleeping for 119.99 seconds {{(pid=93424) _run_loop /opt/stack/data/venv/lib/python3.12/site-packages/oslo_service/backend/_threading/loopingcall.py:125}}
Aug 20 13:55:54.757180 np0000007859 nova-scheduler[92224]: DEBUG dbcounter [-] [92224] Writing DB stats nova_api:SELECT=3 {{(pid=92224) stat_writer /opt/stack/data/venv/lib/python3.12/site-packages/dbcounter.py:115}}
Aug 20 13:55:54.889386 np0000007859 nova-scheduler[92224]: DEBUG dbcounter [-] [92224] Writing DB stats nova_cell0:SELECT=1 {{(pid=92224) stat_writer /opt/stack/data/venv/lib/python3.12/site-packages/dbcounter.py:115}}
Aug 20 13:55:54.900566 np0000007859 nova-scheduler[92224]: DEBUG dbcounter [-] [92224] Writing DB stats nova_cell1:SELECT=1 {{(pid=92224) stat_writer /opt/stack/data/venv/lib/python3.12/site-packages/dbcounter.py:115}}
Aug 20 13:56:01.175374 np0000007859 nova-scheduler[93422]: DEBUG dbcounter [-] [93422] Writing DB stats nova_cell0:SELECT=4,nova_cell0:INSERT=1,nova_cell0:UPDATE=1 {{(pid=93422) stat_writer /opt/stack/data/venv/lib/python3.12/site-packages/dbcounter.py:115}}
Aug 20 13:56:01.184330 np0000007859 nova-scheduler[93428]: DEBUG dbcounter [-] [93428] Writing DB stats nova_cell0:SELECT=3 {{(pid=93428) stat_writer /opt/stack/data/venv/lib/python3.12/site-packages/dbcounter.py:115}}
Aug 20 13:56:01.218667 np0000007859 nova-scheduler[93424]: DEBUG dbcounter [-] [93424] Writing DB stats nova_cell0:SELECT=3 {{(pid=93424) stat_writer /opt/stack/data/venv/lib/python3.12/site-packages/dbcounter.py:115}}
Aug 20 13:56:20.179274 np0000007859 nova-scheduler[93428]: DEBUG oslo.service.backend._threading.loopingcall [None req-37651732-d359-4aa2-9cbe-b0e5bc208208 None None] Dynamic interval looping call 'nova.service.Service.periodic_tasks' sleeping for 60.00 seconds {{(pid=93428) _run_loop /opt/stack/data/venv/lib/python3.12/site-packages/oslo_service/backend/_threading/loopingcall.py:125}}
Aug 20 13:56:41.166669 np0000007859 nova-scheduler[93422]: DEBUG oslo.service.backend._threading.loopingcall [None req-8cad2bbc-0aa6-4d2a-8872-244d09886f53 None None] Dynamic interval looping call 'nova.service.Service.periodic_tasks' sleeping for 60.00 seconds {{(pid=93422) _run_loop /opt/stack/data/venv/lib/python3.12/site-packages/oslo_service/backend/_threading/loopingcall.py:125}}
Aug 20 13:56:50.211173 np0000007859 nova-scheduler[93424]: DEBUG oslo.service.backend._threading.loopingcall [None req-d2ed3316-6bd5-4031-981a-f116f59929c3 None None] Dynamic interval looping call 'nova.service.Service.periodic_tasks' sleeping for 60.00 seconds {{(pid=93424) _run_loop /opt/stack/data/venv/lib/python3.12/site-packages/oslo_service/backend/_threading/loopingcall.py:125}}
Aug 20 13:57:20.179752 np0000007859 nova-scheduler[93428]: DEBUG oslo.service.backend._threading.loopingcall [None req-37651732-d359-4aa2-9cbe-b0e5bc208208 None None] Dynamic interval looping call 'nova.service.Service.periodic_tasks' sleeping for 60.00 seconds {{(pid=93428) _run_loop /opt/stack/data/venv/lib/python3.12/site-packages/oslo_service/backend/_threading/loopingcall.py:125}}
Aug 20 13:57:41.167508 np0000007859 nova-scheduler[93422]: DEBUG oslo.service.backend._threading.loopingcall [None req-8cad2bbc-0aa6-4d2a-8872-244d09886f53 None None] Dynamic interval looping call 'nova.service.Service.periodic_tasks' sleeping for 60.00 seconds {{(pid=93422) _run_loop /opt/stack/data/venv/lib/python3.12/site-packages/oslo_service/backend/_threading/loopingcall.py:125}}
Aug 20 13:57:50.211701 np0000007859 nova-scheduler[93424]: DEBUG oslo.service.backend._threading.loopingcall [None req-d2ed3316-6bd5-4031-981a-f116f59929c3 None None] Dynamic interval looping call 'nova.service.Service.periodic_tasks' sleeping for 60.00 seconds {{(pid=93424) _run_loop /opt/stack/data/venv/lib/python3.12/site-packages/oslo_service/backend/_threading/loopingcall.py:125}}
Aug 20 13:57:51.175237 np0000007859 nova-scheduler[93422]: DEBUG oslo.service.backend._threading.loopingcall [-] Fixed interval looping call 'nova.servicegroup.drivers.db.DbDriver._report_state' sleeping for 119.99 seconds {{(pid=93422) _run_loop /opt/stack/data/venv/lib/python3.12/site-packages/oslo_service/backend/_threading/loopingcall.py:125}}
Aug 20 13:57:51.180770 np0000007859 nova-scheduler[93428]: DEBUG oslo.service.backend._threading.loopingcall [-] Fixed interval looping call 'nova.servicegroup.drivers.db.DbDriver._report_state' sleeping for 120.00 seconds {{(pid=93428) _run_loop /opt/stack/data/venv/lib/python3.12/site-packages/oslo_service/backend/_threading/loopingcall.py:125}}
Aug 20 13:57:51.215317 np0000007859 nova-scheduler[93424]: DEBUG oslo.service.backend._threading.loopingcall [-] Fixed interval looping call 'nova.servicegroup.drivers.db.DbDriver._report_state' sleeping for 120.00 seconds {{(pid=93424) _run_loop /opt/stack/data/venv/lib/python3.12/site-packages/oslo_service/backend/_threading/loopingcall.py:125}}
Aug 20 13:58:01.171972 np0000007859 nova-scheduler[93422]: DEBUG dbcounter [-] [93422] Writing DB stats nova_cell0:SELECT=1,nova_cell0:UPDATE=1 {{(pid=93422) stat_writer /opt/stack/data/venv/lib/python3.12/site-packages/dbcounter.py:115}}
Aug 20 13:58:01.178835 np0000007859 nova-scheduler[93428]: DEBUG dbcounter [-] [93428] Writing DB stats nova_cell0:SELECT=1 {{(pid=93428) stat_writer /opt/stack/data/venv/lib/python3.12/site-packages/dbcounter.py:115}}
Aug 20 13:58:01.216623 np0000007859 nova-scheduler[93424]: DEBUG dbcounter [-] [93424] Writing DB stats nova_cell0:SELECT=1 {{(pid=93424) stat_writer /opt/stack/data/venv/lib/python3.12/site-packages/dbcounter.py:115}}
Aug 20 13:58:20.071590 np0000007859 nova-scheduler[93422]: DEBUG nova.scheduler.manager [None req-92a29e1c-41bf-4484-920c-a985b5a325f1 tempest-ServerActionsTestOtherB-1157402536 tempest-ServerActionsTestOtherB-1157402536-project-member] Starting to schedule for instances: ['7284d4c1-a152-480b-b7bf-4d116210fdc7'] {{(pid=93422) select_destinations /opt/stack/nova/nova/scheduler/manager.py:197}}
Aug 20 13:58:20.074013 np0000007859 nova-scheduler[93422]: DEBUG nova.scheduler.request_filter [None req-92a29e1c-41bf-4484-920c-a985b5a325f1 tempest-ServerActionsTestOtherB-1157402536 tempest-ServerActionsTestOtherB-1157402536-project-member] compute_status_filter request filter added forbidden trait COMPUTE_STATUS_DISABLED {{(pid=93422) compute_status_filter /opt/stack/nova/nova/scheduler/request_filter.py:253}}
Aug 20 13:58:20.074013 np0000007859 nova-scheduler[93422]: DEBUG nova.scheduler.request_filter [None req-92a29e1c-41bf-4484-920c-a985b5a325f1 tempest-ServerActionsTestOtherB-1157402536 tempest-ServerActionsTestOtherB-1157402536-project-member] Request filter 'compute_status_filter' took 0.0 seconds {{(pid=93422) wrapper /opt/stack/nova/nova/scheduler/request_filter.py:46}}
Aug 20 13:58:20.074013 np0000007859 nova-scheduler[93422]: DEBUG nova.scheduler.request_filter [None req-92a29e1c-41bf-4484-920c-a985b5a325f1 tempest-ServerActionsTestOtherB-1157402536 tempest-ServerActionsTestOtherB-1157402536-project-member] Request filter 'accelerators_filter' took 0.0 seconds {{(pid=93422) wrapper /opt/stack/nova/nova/scheduler/request_filter.py:46}}
Aug 20 13:58:20.074013 np0000007859 nova-scheduler[93422]: DEBUG nova.scheduler.request_filter [None req-92a29e1c-41bf-4484-920c-a985b5a325f1 tempest-ServerActionsTestOtherB-1157402536 tempest-ServerActionsTestOtherB-1157402536-project-member] Request filter 'packed_virtqueue_filter' took 0.0 seconds {{(pid=93422) wrapper /opt/stack/nova/nova/scheduler/request_filter.py:46}}
Aug 20 13:58:20.074013 np0000007859 nova-scheduler[93422]: DEBUG nova.scheduler.request_filter [None req-92a29e1c-41bf-4484-920c-a985b5a325f1 tempest-ServerActionsTestOtherB-1157402536 tempest-ServerActionsTestOtherB-1157402536-project-member] Request filter 'remote_managed_ports_filter' took 0.0 seconds {{(pid=93422) wrapper /opt/stack/nova/nova/scheduler/request_filter.py:46}}
Aug 20 13:58:20.074291 np0000007859 nova-scheduler[93422]: DEBUG nova.scheduler.request_filter [None req-92a29e1c-41bf-4484-920c-a985b5a325f1 tempest-ServerActionsTestOtherB-1157402536 tempest-ServerActionsTestOtherB-1157402536-project-member] ephemeral_encryption_filter skipped {{(pid=93422) ephemeral_encryption_filter /opt/stack/nova/nova/scheduler/request_filter.py:426}}
Aug 20 13:58:20.074291 np0000007859 nova-scheduler[93422]: DEBUG nova.scheduler.request_filter [None req-92a29e1c-41bf-4484-920c-a985b5a325f1 tempest-ServerActionsTestOtherB-1157402536 tempest-ServerActionsTestOtherB-1157402536-project-member] virtio_sound_filter skipped {{(pid=93422) virtio_sound_filter /opt/stack/nova/nova/scheduler/request_filter.py:460}}
Aug 20 13:58:20.074291 np0000007859 nova-scheduler[93422]: DEBUG nova.scheduler.request_filter [None req-92a29e1c-41bf-4484-920c-a985b5a325f1 tempest-ServerActionsTestOtherB-1157402536 tempest-ServerActionsTestOtherB-1157402536-project-member] tpm_secret_security_filter skipped {{(pid=93422) tpm_secret_security_filter /opt/stack/nova/nova/scheduler/request_filter.py:477}}
Aug 20 13:58:20.180203 np0000007859 nova-scheduler[93428]: DEBUG oslo.service.backend._threading.loopingcall [None req-37651732-d359-4aa2-9cbe-b0e5bc208208 None None] Dynamic interval looping call 'nova.service.Service.periodic_tasks' sleeping for 60.00 seconds {{(pid=93428) _run_loop /opt/stack/data/venv/lib/python3.12/site-packages/oslo_service/backend/_threading/loopingcall.py:125}}
Aug 20 13:58:20.289180 np0000007859 nova-scheduler[93428]: DEBUG nova.scheduler.manager [None req-1707504f-d6e8-45e7-a77a-8d9c5e10430d tempest-ImageDependencyTests-288058980 tempest-ImageDependencyTests-288058980-project-member] Starting to schedule for instances: ['95d5fb8a-48a1-4a0c-9b44-5092e0702f45'] {{(pid=93428) select_destinations /opt/stack/nova/nova/scheduler/manager.py:197}}
Aug 20 13:58:20.292332 np0000007859 nova-scheduler[93428]: DEBUG nova.scheduler.request_filter [None req-1707504f-d6e8-45e7-a77a-8d9c5e10430d tempest-ImageDependencyTests-288058980 tempest-ImageDependencyTests-288058980-project-member] compute_status_filter request filter added forbidden trait COMPUTE_STATUS_DISABLED {{(pid=93428) compute_status_filter /opt/stack/nova/nova/scheduler/request_filter.py:253}}
Aug 20 13:58:20.292332 np0000007859 nova-scheduler[93428]: DEBUG nova.scheduler.request_filter [None req-1707504f-d6e8-45e7-a77a-8d9c5e10430d tempest-ImageDependencyTests-288058980 tempest-ImageDependencyTests-288058980-project-member] Request filter 'compute_status_filter' took 0.0 seconds {{(pid=93428) wrapper /opt/stack/nova/nova/scheduler/request_filter.py:46}}
Aug 20 13:58:20.292332 np0000007859 nova-scheduler[93428]: DEBUG nova.scheduler.request_filter [None req-1707504f-d6e8-45e7-a77a-8d9c5e10430d tempest-ImageDependencyTests-288058980 tempest-ImageDependencyTests-288058980-project-member] Request filter 'accelerators_filter' took 0.0 seconds {{(pid=93428) wrapper /opt/stack/nova/nova/scheduler/request_filter.py:46}}
Aug 20 13:58:20.292332 np0000007859 nova-scheduler[93428]: DEBUG nova.scheduler.request_filter [None req-1707504f-d6e8-45e7-a77a-8d9c5e10430d tempest-ImageDependencyTests-288058980 tempest-ImageDependencyTests-288058980-project-member] Request filter 'packed_virtqueue_filter' took 0.0 seconds {{(pid=93428) wrapper /opt/stack/nova/nova/scheduler/request_filter.py:46}}
Aug 20 13:58:20.292332 np0000007859 nova-scheduler[93428]: DEBUG nova.scheduler.request_filter [None req-1707504f-d6e8-45e7-a77a-8d9c5e10430d tempest-ImageDependencyTests-288058980 tempest-ImageDependencyTests-288058980-project-member] Request filter 'remote_managed_ports_filter' took 0.0 seconds {{(pid=93428) wrapper /opt/stack/nova/nova/scheduler/request_filter.py:46}}
Aug 20 13:58:20.295415 np0000007859 nova-scheduler[93428]: DEBUG nova.scheduler.request_filter [None req-1707504f-d6e8-45e7-a77a-8d9c5e10430d tempest-ImageDependencyTests-288058980 tempest-ImageDependencyTests-288058980-project-member] ephemeral_encryption_filter skipped {{(pid=93428) ephemeral_encryption_filter /opt/stack/nova/nova/scheduler/request_filter.py:426}}
Aug 20 13:58:20.295415 np0000007859 nova-scheduler[93428]: DEBUG nova.scheduler.request_filter [None req-1707504f-d6e8-45e7-a77a-8d9c5e10430d tempest-ImageDependencyTests-288058980 tempest-ImageDependencyTests-288058980-project-member] virtio_sound_filter skipped {{(pid=93428) virtio_sound_filter /opt/stack/nova/nova/scheduler/request_filter.py:460}}
Aug 20 13:58:20.295415 np0000007859 nova-scheduler[93428]: DEBUG nova.scheduler.request_filter [None req-1707504f-d6e8-45e7-a77a-8d9c5e10430d tempest-ImageDependencyTests-288058980 tempest-ImageDependencyTests-288058980-project-member] tpm_secret_security_filter skipped {{(pid=93428) tpm_secret_security_filter /opt/stack/nova/nova/scheduler/request_filter.py:477}}
Aug 20 13:58:20.573119 np0000007859 nova-scheduler[93428]: INFO nova.utils [None req-1707504f-d6e8-45e7-a77a-8d9c5e10430d tempest-ImageDependencyTests-288058980 tempest-ImageDependencyTests-288058980-project-member] The cell worker thread pool ForkProcess-3.cell_worker is initialized
Aug 20 13:58:20.573119 np0000007859 nova-scheduler[93428]: DEBUG oslo_concurrency.lockutils [None req-1707504f-d6e8-45e7-a77a-8d9c5e10430d tempest-ImageDependencyTests-288058980 tempest-ImageDependencyTests-288058980-project-member] Acquiring lock "b40d6a25-975b-43bf-8568-6d84c049db22" by "nova.context.set_target_cell..get_or_set_cached_cell_and_set_connections" {{(pid=93428) inner /opt/stack/data/venv/lib/python3.12/site-packages/oslo_concurrency/lockutils.py:512}}
Aug 20 13:58:20.573119 np0000007859 nova-scheduler[93428]: DEBUG oslo_concurrency.lockutils [None req-1707504f-d6e8-45e7-a77a-8d9c5e10430d tempest-ImageDependencyTests-288058980 tempest-ImageDependencyTests-288058980-project-member] Lock "b40d6a25-975b-43bf-8568-6d84c049db22" acquired by "nova.context.set_target_cell..get_or_set_cached_cell_and_set_connections" :: waited 0.000s {{(pid=93428) inner /opt/stack/data/venv/lib/python3.12/site-packages/oslo_concurrency/lockutils.py:525}}
Aug 20 13:58:20.573656 np0000007859 nova-scheduler[93428]: DEBUG oslo_concurrency.lockutils [None req-1707504f-d6e8-45e7-a77a-8d9c5e10430d tempest-ImageDependencyTests-288058980 tempest-ImageDependencyTests-288058980-project-member] Lock "b40d6a25-975b-43bf-8568-6d84c049db22" "released" by "nova.context.set_target_cell..get_or_set_cached_cell_and_set_connections" :: held 0.001s {{(pid=93428) inner /opt/stack/data/venv/lib/python3.12/site-packages/oslo_concurrency/lockutils.py:544}}
Aug 20 13:58:20.575973 np0000007859 nova-scheduler[93428]: INFO dbcounter [None req-1707504f-d6e8-45e7-a77a-8d9c5e10430d tempest-ImageDependencyTests-288058980 tempest-ImageDependencyTests-288058980-project-member] Registered counter for database nova_cell1
Aug 20 13:58:20.610534 np0000007859 nova-scheduler[93428]: DEBUG oslo_db.sqlalchemy.engines [None req-1707504f-d6e8-45e7-a77a-8d9c5e10430d tempest-ImageDependencyTests-288058980 tempest-ImageDependencyTests-288058980-project-member] MySQL server mode set to STRICT_TRANS_TABLES,STRICT_ALL_TABLES,NO_ZERO_IN_DATE,NO_ZERO_DATE,ERROR_FOR_DIVISION_BY_ZERO,TRADITIONAL,NO_ENGINE_SUBSTITUTION {{(pid=93428) _check_effective_sql_mode /opt/stack/data/venv/lib/python3.12/site-packages/oslo_db/sqlalchemy/engines.py:325}}
Aug 20 13:58:20.617273 np0000007859 nova-scheduler[93428]: DEBUG dbcounter [-] [93428] Writer thread running {{(pid=93428) stat_writer /opt/stack/data/venv/lib/python3.12/site-packages/dbcounter.py:102}}
Aug 20 13:58:20.630382 np0000007859 nova-scheduler[93428]: DEBUG oslo_db.sqlalchemy.engines [None req-1707504f-d6e8-45e7-a77a-8d9c5e10430d tempest-ImageDependencyTests-288058980 tempest-ImageDependencyTests-288058980-project-member] Parent process 92224 forked (93428) with an open database connection, which is being discarded and recreated. {{(pid=93428) checkout /opt/stack/data/venv/lib/python3.12/site-packages/oslo_db/sqlalchemy/engines.py:402}}
Aug 20 13:58:20.674970 np0000007859 nova-scheduler[93422]: INFO nova.utils [None req-92a29e1c-41bf-4484-920c-a985b5a325f1 tempest-ServerActionsTestOtherB-1157402536 tempest-ServerActionsTestOtherB-1157402536-project-member] The cell worker thread pool ForkProcess-1.cell_worker is initialized
Aug 20 13:58:20.675488 np0000007859 nova-scheduler[93422]: DEBUG oslo_concurrency.lockutils [None req-92a29e1c-41bf-4484-920c-a985b5a325f1 tempest-ServerActionsTestOtherB-1157402536 tempest-ServerActionsTestOtherB-1157402536-project-member] Acquiring lock "b40d6a25-975b-43bf-8568-6d84c049db22" by "nova.context.set_target_cell..get_or_set_cached_cell_and_set_connections" {{(pid=93422) inner /opt/stack/data/venv/lib/python3.12/site-packages/oslo_concurrency/lockutils.py:512}}
Aug 20 13:58:20.675737 np0000007859 nova-scheduler[93422]: DEBUG oslo_concurrency.lockutils [None req-92a29e1c-41bf-4484-920c-a985b5a325f1 tempest-ServerActionsTestOtherB-1157402536 tempest-ServerActionsTestOtherB-1157402536-project-member] Lock "b40d6a25-975b-43bf-8568-6d84c049db22" acquired by "nova.context.set_target_cell..get_or_set_cached_cell_and_set_connections" :: waited 0.000s {{(pid=93422) inner /opt/stack/data/venv/lib/python3.12/site-packages/oslo_concurrency/lockutils.py:525}}
Aug 20 13:58:20.676662 np0000007859 nova-scheduler[93428]: DEBUG dbcounter [-] [93428] Writer thread running {{(pid=93428) stat_writer /opt/stack/data/venv/lib/python3.12/site-packages/dbcounter.py:102}}
Aug 20 13:58:20.677227 np0000007859 nova-scheduler[93422]: DEBUG oslo_concurrency.lockutils [None req-92a29e1c-41bf-4484-920c-a985b5a325f1 tempest-ServerActionsTestOtherB-1157402536 tempest-ServerActionsTestOtherB-1157402536-project-member] Lock "b40d6a25-975b-43bf-8568-6d84c049db22" "released" by "nova.context.set_target_cell..get_or_set_cached_cell_and_set_connections" :: held 0.001s {{(pid=93422) inner /opt/stack/data/venv/lib/python3.12/site-packages/oslo_concurrency/lockutils.py:544}}
Aug 20 13:58:20.679944 np0000007859 nova-scheduler[93422]: INFO dbcounter [None req-92a29e1c-41bf-4484-920c-a985b5a325f1 tempest-ServerActionsTestOtherB-1157402536 tempest-ServerActionsTestOtherB-1157402536-project-member] Registered counter for database nova_cell1
Aug 20 13:58:20.681405 np0000007859 nova-scheduler[93428]: DEBUG oslo_concurrency.lockutils [None req-1707504f-d6e8-45e7-a77a-8d9c5e10430d tempest-ImageDependencyTests-288058980 tempest-ImageDependencyTests-288058980-project-member] Acquiring lock "b40d6a25-975b-43bf-8568-6d84c049db22" by "nova.context.set_target_cell..get_or_set_cached_cell_and_set_connections" {{(pid=93428) inner /opt/stack/data/venv/lib/python3.12/site-packages/oslo_concurrency/lockutils.py:512}}
Aug 20 13:58:20.681612 np0000007859 nova-scheduler[93428]: DEBUG oslo_concurrency.lockutils [None req-1707504f-d6e8-45e7-a77a-8d9c5e10430d tempest-ImageDependencyTests-288058980 tempest-ImageDependencyTests-288058980-project-member] Lock "b40d6a25-975b-43bf-8568-6d84c049db22" acquired by "nova.context.set_target_cell..get_or_set_cached_cell_and_set_connections" :: waited 0.000s {{(pid=93428) inner /opt/stack/data/venv/lib/python3.12/site-packages/oslo_concurrency/lockutils.py:525}}
Aug 20 13:58:20.681773 np0000007859 nova-scheduler[93428]: DEBUG oslo_concurrency.lockutils [None req-1707504f-d6e8-45e7-a77a-8d9c5e10430d tempest-ImageDependencyTests-288058980 tempest-ImageDependencyTests-288058980-project-member] Lock "b40d6a25-975b-43bf-8568-6d84c049db22" "released" by "nova.context.set_target_cell..get_or_set_cached_cell_and_set_connections" :: held 0.000s {{(pid=93428) inner /opt/stack/data/venv/lib/python3.12/site-packages/oslo_concurrency/lockutils.py:544}}
Aug 20 13:58:20.688522 np0000007859 nova-scheduler[93428]: DEBUG oslo_concurrency.lockutils [None req-1707504f-d6e8-45e7-a77a-8d9c5e10430d tempest-ImageDependencyTests-288058980 tempest-ImageDependencyTests-288058980-project-member] Acquiring lock "np0000007859-np0000007859" by "nova.scheduler.host_manager.HostState.update.._locked_update" {{(pid=93428) inner /opt/stack/data/venv/lib/python3.12/site-packages/oslo_concurrency/lockutils.py:512}}
Aug 20 13:58:20.688522 np0000007859 nova-scheduler[93428]: DEBUG oslo_concurrency.lockutils [None req-1707504f-d6e8-45e7-a77a-8d9c5e10430d tempest-ImageDependencyTests-288058980 tempest-ImageDependencyTests-288058980-project-member] Lock "np0000007859-np0000007859" acquired by "nova.scheduler.host_manager.HostState.update.._locked_update" :: waited 0.000s {{(pid=93428) inner /opt/stack/data/venv/lib/python3.12/site-packages/oslo_concurrency/lockutils.py:525}}
Aug 20 13:58:20.689802 np0000007859 nova-scheduler[93428]: DEBUG nova.scheduler.host_manager [None req-1707504f-d6e8-45e7-a77a-8d9c5e10430d tempest-ImageDependencyTests-288058980 tempest-ImageDependencyTests-288058980-project-member] Update host state from compute node: ComputeNode(cpu_allocation_ratio=4.0,cpu_info='{"arch": "x86_64", "model": "EPYC-Milan", "vendor": "AMD", "topology": {"cells": 1, "sockets": 16, "cores": 1, "threads": 1}, "maxphysaddr": {"mode": "emulate", "bits": 40}, "features": ["arat", "rdtscp", "v-vmsave-vmload", "pclmuldq", "rdpid", "hypervisor", "pcid", "mca", "rdctl-no", "clflushopt", "avx2", "x2apic", "mtrr", "pschange-mc-no", "pge", "fsgsbase", "syscall", "amd-stibp", "vaes", "virt-ssbd", "skip-l1dfl-vmentry", "misalignsse", "mce", "ssse3", "pdpe1gb", "amd-psfd", "nrip-save", "clwb", "f16c", "stibp", "amd-ssbd", "rdseed", "cx8", "nx", "sse4.1", "fsrm", "vme", "xsavec", "pni", "vpclmulqdq", "smep", "pse", "bmi1", "topoext", "mmxext", "abm", "perfctr_core", "cmp_legacy", "pae", "ssbd", "cr8legacy", "svme-addr-chk", "fma", "xsaves", "arch-capabilities", "xsaveopt", "null-sel-clr-base", "fxsr", "tsc-deadline", "invpcid", "sep", "bmi2", "cx16", "adx", "sse4a", "flushbyasid", "pku", "no-nested-data-bp", "lfence-always-serializing", "npt", "clflush", "fxsr_opt", "mmx", "cmov", "de", "sse", "vmcb-clean", "rdrand", "xgetbv1", "vgif", "avx", "aes", "smap", "tsc-scale", "sse4.2", "svm", "spec-ctrl", "popcnt", "fpu", "movbe", "stibp-always-on", "ibpb", "xsaveerptr", "xsave", "gds-no", "osvw", "lbrv", "pse36", "umip", "apic", "erms", "tsc_adjust", "lm", "pfthreshold", "tsc", "pat", "lahf_lm", "mds-no", "ibrs", "sse2", "pause-filter", "clzero", "msr", "3dnowprefetch", "sha-ni", "wbnoinvd"]}',created_at=2026-08-20T13:56:07Z,current_workload=0,deleted=False,deleted_at=None,disk_allocation_ratio=1.0,disk_available_least=73,free_disk_gb=95,free_ram_mb=62765,host='np0000007859',host_ip=10.4.3.24,hypervisor_hostname='np0000007859',hypervisor_type='QEMU',hypervisor_version=8002002,id=1,local_gb=95,local_gb_used=0,mapped=1,memory_mb=63277,memory_mb_used=512,metrics='[]',numa_topology='{"nova_object.name": "NUMATopology", "nova_object.namespace": "nova", "nova_object.version": "1.2", "nova_object.data": {"cells": [{"nova_object.name": "NUMACell", "nova_object.namespace": "nova", "nova_object.version": "1.5", "nova_object.data": {"id": 0, "cpuset": [0, 1, 2, 3, 4, 5, 6, 7, 8, 9, 10, 11, 12, 13, 14, 15], "pcpuset": [0, 1, 2, 3, 4, 5, 6, 7, 8, 9, 10, 11, 12, 13, 14, 15], "memory": 63277, "cpu_usage": 0, "memory_usage": 0, "pinned_cpus": [], "siblings": [[6], [12], [2], [15], [5], [11], [8], [14], [4], [1], [7], [10], [0], [13], [3], [9]], "mempages": [{"nova_object.name": "NUMAPagesTopology", "nova_object.namespace": "nova", "nova_object.version": "1.1", "nova_object.data": {"size_kb": 4, "total": 16177929, "used": 0, "reserved": 0}, "nova_object.changes": ["total", "used", "reserved", "size_kb"]}, {"nova_object.name": "NUMAPagesTopology", "nova_object.namespace": "nova", "nova_object.version": "1.1", "nova_object.data": {"size_kb": 2048, "total": 41, "used": 0, "reserved": 0}, "nova_object.changes": ["total", "used", "reserved", "size_kb"]}, {"nova_object.name": "NUMAPagesTopology", "nova_object.namespace": "nova", "nova_object.version": "1.1", "nova_object.data": {"size_kb": 1048576, "total": 0, "used": 0, "reserved": 0}, "nova_object.changes": ["total", "used", "reserved", "size_kb"]}], "network_metadata": {"nova_object.name": "NetworkMetadata", "nova_object.namespace": "nova", "nova_object.version": "1.0", "nova_object.data": {"physnets": [], "tunneled": false}, "nova_object.changes": ["physnets", "tunneled"]}, "socket": null}, "nova_object.changes": ["pcpuset", "memory", "id", "memory_usage", "siblings", "cpu_usage", "socket", "cpuset", "network_metadata", "mempages", "pinned_cpus"]}]}, "nova_object.changes": ["cells"]}',pci_device_pools=PciDevicePoolList,ram_allocation_ratio=1.0,running_vms=0,service_id=2,stats={failed_builds='0',uptime=' 13:57:55 up 14 min, 2 users, load average: 1.42, 1.32, 0.78
Aug 20 13:58:20.689802 np0000007859 nova-scheduler[93428]: '},supported_hv_specs=[HVSpec,HVSpec,HVSpec,HVSpec,HVSpec,HVSpec,HVSpec,HVSpec,HVSpec,HVSpec,HVSpec,HVSpec,HVSpec,HVSpec,HVSpec,HVSpec,HVSpec,HVSpec,HVSpec,HVSpec,HVSpec,HVSpec,HVSpec,HVSpec,HVSpec],updated_at=2026-08-20T13:57:56Z,uuid=d7cdcf5f-a308-4d38-bc1e-532bd08e2cca,vcpus=16,vcpus_used=0) {{(pid=93428) _locked_update /opt/stack/nova/nova/scheduler/host_manager.py:168}}
Aug 20 13:58:20.690859 np0000007859 nova-scheduler[93428]: DEBUG nova.scheduler.host_manager [None req-1707504f-d6e8-45e7-a77a-8d9c5e10430d tempest-ImageDependencyTests-288058980 tempest-ImageDependencyTests-288058980-project-member] Update host state with aggregates: [] {{(pid=93428) _locked_update /opt/stack/nova/nova/scheduler/host_manager.py:171}}
Aug 20 13:58:20.690859 np0000007859 nova-scheduler[93428]: DEBUG nova.scheduler.host_manager [None req-1707504f-d6e8-45e7-a77a-8d9c5e10430d tempest-ImageDependencyTests-288058980 tempest-ImageDependencyTests-288058980-project-member] Update host state with service dict: {'id': 2, 'uuid': '9d1d9576-4409-4ad4-b919-57c437c1a818', 'host': 'np0000007859', 'binary': 'nova-compute', 'topic': 'compute', 'report_count': 2, 'disabled': False, 'disabled_reason': None, 'last_seen_up': datetime.datetime(2026, 8, 20, 13, 58, 14, tzinfo=datetime.timezone.utc), 'forced_down': False, 'version': 72, 'created_at': datetime.datetime(2026, 8, 20, 13, 56, 7, tzinfo=datetime.timezone.utc), 'updated_at': datetime.datetime(2026, 8, 20, 13, 58, 14, tzinfo=datetime.timezone.utc), 'deleted_at': None, 'deleted': False} {{(pid=93428) _locked_update /opt/stack/nova/nova/scheduler/host_manager.py:174}}
Aug 20 13:58:20.691014 np0000007859 nova-scheduler[93428]: DEBUG nova.scheduler.host_manager [None req-1707504f-d6e8-45e7-a77a-8d9c5e10430d tempest-ImageDependencyTests-288058980 tempest-ImageDependencyTests-288058980-project-member] Update host state with instances: [] {{(pid=93428) _locked_update /opt/stack/nova/nova/scheduler/host_manager.py:177}}
Aug 20 13:58:20.691065 np0000007859 nova-scheduler[93428]: DEBUG oslo_concurrency.lockutils [None req-1707504f-d6e8-45e7-a77a-8d9c5e10430d tempest-ImageDependencyTests-288058980 tempest-ImageDependencyTests-288058980-project-member] Lock "np0000007859-np0000007859" "released" by "nova.scheduler.host_manager.HostState.update.._locked_update" :: held 0.003s {{(pid=93428) inner /opt/stack/data/venv/lib/python3.12/site-packages/oslo_concurrency/lockutils.py:544}}
Aug 20 13:58:20.692337 np0000007859 nova-scheduler[93428]: DEBUG nova.filters [None req-1707504f-d6e8-45e7-a77a-8d9c5e10430d tempest-ImageDependencyTests-288058980 tempest-ImageDependencyTests-288058980-project-member] Starting with 1 host(s) {{(pid=93428) get_filtered_objects /opt/stack/nova/nova/filters.py:70}}
Aug 20 13:58:20.692337 np0000007859 nova-scheduler[93428]: DEBUG nova.filters [None req-1707504f-d6e8-45e7-a77a-8d9c5e10430d tempest-ImageDependencyTests-288058980 tempest-ImageDependencyTests-288058980-project-member] Filter ComputeFilter returned 1 host(s) {{(pid=93428) get_filtered_objects /opt/stack/nova/nova/filters.py:102}}
Aug 20 13:58:20.692463 np0000007859 nova-scheduler[93428]: DEBUG nova.filters [None req-1707504f-d6e8-45e7-a77a-8d9c5e10430d tempest-ImageDependencyTests-288058980 tempest-ImageDependencyTests-288058980-project-member] Filter ComputeCapabilitiesFilter returned 1 host(s) {{(pid=93428) get_filtered_objects /opt/stack/nova/nova/filters.py:102}}
Aug 20 13:58:20.692720 np0000007859 nova-scheduler[93428]: DEBUG nova.filters [None req-1707504f-d6e8-45e7-a77a-8d9c5e10430d tempest-ImageDependencyTests-288058980 tempest-ImageDependencyTests-288058980-project-member] Filter ImagePropertiesFilter returned 1 host(s) {{(pid=93428) get_filtered_objects /opt/stack/nova/nova/filters.py:102}}
Aug 20 13:58:20.692885 np0000007859 nova-scheduler[93428]: DEBUG nova.filters [None req-1707504f-d6e8-45e7-a77a-8d9c5e10430d tempest-ImageDependencyTests-288058980 tempest-ImageDependencyTests-288058980-project-member] Filter ServerGroupAntiAffinityFilter returned 1 host(s) {{(pid=93428) get_filtered_objects /opt/stack/nova/nova/filters.py:102}}
Aug 20 13:58:20.693053 np0000007859 nova-scheduler[93428]: DEBUG nova.filters [None req-1707504f-d6e8-45e7-a77a-8d9c5e10430d tempest-ImageDependencyTests-288058980 tempest-ImageDependencyTests-288058980-project-member] Filter ServerGroupAffinityFilter returned 1 host(s) {{(pid=93428) get_filtered_objects /opt/stack/nova/nova/filters.py:102}}
Aug 20 13:58:20.693203 np0000007859 nova-scheduler[93428]: DEBUG nova.filters [None req-1707504f-d6e8-45e7-a77a-8d9c5e10430d tempest-ImageDependencyTests-288058980 tempest-ImageDependencyTests-288058980-project-member] Filter SameHostFilter returned 1 host(s) {{(pid=93428) get_filtered_objects /opt/stack/nova/nova/filters.py:102}}
Aug 20 13:58:20.693368 np0000007859 nova-scheduler[93428]: DEBUG nova.filters [None req-1707504f-d6e8-45e7-a77a-8d9c5e10430d tempest-ImageDependencyTests-288058980 tempest-ImageDependencyTests-288058980-project-member] Filter DifferentHostFilter returned 1 host(s) {{(pid=93428) get_filtered_objects /opt/stack/nova/nova/filters.py:102}}
Aug 20 13:58:20.693555 np0000007859 nova-scheduler[93428]: DEBUG nova.scheduler.manager [None req-1707504f-d6e8-45e7-a77a-8d9c5e10430d tempest-ImageDependencyTests-288058980 tempest-ImageDependencyTests-288058980-project-member] Filtered [(np0000007859, np0000007859) ram: 62765MB disk: 74752MB io_ops: 0 instances: 0, allocation_candidates: 1] {{(pid=93428) _get_sorted_hosts /opt/stack/nova/nova/scheduler/manager.py:730}}
Aug 20 13:58:20.693835 np0000007859 nova-scheduler[93428]: DEBUG nova.scheduler.manager [None req-1707504f-d6e8-45e7-a77a-8d9c5e10430d tempest-ImageDependencyTests-288058980 tempest-ImageDependencyTests-288058980-project-member] Weighed [WeighedHost [host: (np0000007859, np0000007859) ram: 62765MB disk: 74752MB io_ops: 0 instances: 0, allocation_candidates: 1, weight: 0.0]] {{(pid=93428) _get_sorted_hosts /opt/stack/nova/nova/scheduler/manager.py:752}}
Aug 20 13:58:20.694012 np0000007859 nova-scheduler[93428]: DEBUG nova.scheduler.utils [None req-1707504f-d6e8-45e7-a77a-8d9c5e10430d tempest-ImageDependencyTests-288058980 tempest-ImageDependencyTests-288058980-project-member] Attempting to claim resources in the placement API for instance 95d5fb8a-48a1-4a0c-9b44-5092e0702f45 {{(pid=93428) claim_resources /opt/stack/nova/nova/scheduler/utils.py:1345}}
