Aug 20 13:55:51.112399 np0000007859 nova-conductor[95911]: DEBUG cotyledon.oslo_config_glue [-] oslo_messaging_rabbit.rabbit_qos_prefetch_count = 0 {{(pid=95911) log_opt_values /opt/stack/data/venv/lib/python3.12/site-packages/oslo_config/cfg.py:3560}}
Aug 20 13:55:51.112399 np0000007859 nova-conductor[95911]: DEBUG cotyledon.oslo_config_glue [-] oslo_messaging_rabbit.rabbit_quorum_delivery_limit = 0 {{(pid=95911) log_opt_values /opt/stack/data/venv/lib/python3.12/site-packages/oslo_config/cfg.py:3560}}
Aug 20 13:55:51.112399 np0000007859 nova-conductor[95911]: DEBUG cotyledon.oslo_config_glue [-] oslo_messaging_rabbit.rabbit_quorum_max_memory_bytes = 0 {{(pid=95911) log_opt_values /opt/stack/data/venv/lib/python3.12/site-packages/oslo_config/cfg.py:3560}}
Aug 20 13:55:51.112399 np0000007859 nova-conductor[95911]: DEBUG cotyledon.oslo_config_glue [-] oslo_messaging_rabbit.rabbit_quorum_max_memory_length = 0 {{(pid=95911) log_opt_values /opt/stack/data/venv/lib/python3.12/site-packages/oslo_config/cfg.py:3560}}
Aug 20 13:55:51.112677 np0000007859 nova-conductor[95911]: DEBUG cotyledon.oslo_config_glue [-] oslo_messaging_rabbit.rabbit_quorum_queue = False {{(pid=95911) log_opt_values /opt/stack/data/venv/lib/python3.12/site-packages/oslo_config/cfg.py:3560}}
Aug 20 13:55:51.112677 np0000007859 nova-conductor[95911]: DEBUG cotyledon.oslo_config_glue [-] oslo_messaging_rabbit.rabbit_retry_backoff = 2 {{(pid=95911) log_opt_values /opt/stack/data/venv/lib/python3.12/site-packages/oslo_config/cfg.py:3560}}
Aug 20 13:55:51.112677 np0000007859 nova-conductor[95911]: DEBUG cotyledon.oslo_config_glue [-] oslo_messaging_rabbit.rabbit_retry_interval = 1 {{(pid=95911) log_opt_values /opt/stack/data/venv/lib/python3.12/site-packages/oslo_config/cfg.py:3560}}
Aug 20 13:55:51.112677 np0000007859 nova-conductor[95911]: DEBUG cotyledon.oslo_config_glue [-] oslo_messaging_rabbit.rabbit_stream_fanout = False {{(pid=95911) log_opt_values /opt/stack/data/venv/lib/python3.12/site-packages/oslo_config/cfg.py:3560}}
Aug 20 13:55:51.112677 np0000007859 nova-conductor[95911]: DEBUG cotyledon.oslo_config_glue [-] oslo_messaging_rabbit.rabbit_transient_queues_ttl = 1800 {{(pid=95911) log_opt_values /opt/stack/data/venv/lib/python3.12/site-packages/oslo_config/cfg.py:3560}}
Aug 20 13:55:51.112677 np0000007859 nova-conductor[95911]: DEBUG cotyledon.oslo_config_glue [-] oslo_messaging_rabbit.rabbit_transient_quorum_queue = False {{(pid=95911) log_opt_values /opt/stack/data/venv/lib/python3.12/site-packages/oslo_config/cfg.py:3560}}
Aug 20 13:55:51.112677 np0000007859 nova-conductor[95911]: DEBUG cotyledon.oslo_config_glue [-] oslo_messaging_rabbit.rpc_conn_pool_size = 30 {{(pid=95911) log_opt_values /opt/stack/data/venv/lib/python3.12/site-packages/oslo_config/cfg.py:3560}}
Aug 20 13:55:51.112677 np0000007859 nova-conductor[95911]: DEBUG cotyledon.oslo_config_glue [-] oslo_messaging_rabbit.ssl = False {{(pid=95911) log_opt_values /opt/stack/data/venv/lib/python3.12/site-packages/oslo_config/cfg.py:3560}}
Aug 20 13:55:51.112677 np0000007859 nova-conductor[95911]: DEBUG cotyledon.oslo_config_glue [-] oslo_messaging_rabbit.ssl_ca_file = {{(pid=95911) log_opt_values /opt/stack/data/venv/lib/python3.12/site-packages/oslo_config/cfg.py:3560}}
Aug 20 13:55:51.112953 np0000007859 nova-conductor[95911]: DEBUG cotyledon.oslo_config_glue [-] oslo_messaging_rabbit.ssl_cert_file = {{(pid=95911) log_opt_values /opt/stack/data/venv/lib/python3.12/site-packages/oslo_config/cfg.py:3560}}
Aug 20 13:55:51.112953 np0000007859 nova-conductor[95911]: DEBUG cotyledon.oslo_config_glue [-] oslo_messaging_rabbit.ssl_enforce_fips_mode = False {{(pid=95911) log_opt_values /opt/stack/data/venv/lib/python3.12/site-packages/oslo_config/cfg.py:3560}}
Aug 20 13:55:51.112953 np0000007859 nova-conductor[95911]: DEBUG cotyledon.oslo_config_glue [-] oslo_messaging_rabbit.ssl_enforce_hostname_verification = True {{(pid=95911) log_opt_values /opt/stack/data/venv/lib/python3.12/site-packages/oslo_config/cfg.py:3560}}
Aug 20 13:55:51.112953 np0000007859 nova-conductor[95911]: DEBUG cotyledon.oslo_config_glue [-] oslo_messaging_rabbit.ssl_key_file = {{(pid=95911) log_opt_values /opt/stack/data/venv/lib/python3.12/site-packages/oslo_config/cfg.py:3560}}
Aug 20 13:55:51.112953 np0000007859 nova-conductor[95911]: DEBUG cotyledon.oslo_config_glue [-] oslo_messaging_rabbit.ssl_version = {{(pid=95911) log_opt_values /opt/stack/data/venv/lib/python3.12/site-packages/oslo_config/cfg.py:3560}}
Aug 20 13:55:51.112953 np0000007859 nova-conductor[95911]: DEBUG cotyledon.oslo_config_glue [-] oslo_messaging_rabbit.use_queue_manager = False {{(pid=95911) log_opt_values /opt/stack/data/venv/lib/python3.12/site-packages/oslo_config/cfg.py:3560}}
Aug 20 13:55:51.112953 np0000007859 nova-conductor[95911]: DEBUG cotyledon.oslo_config_glue [-] oslo_messaging_notifications.driver = ['messagingv2'] {{(pid=95911) log_opt_values /opt/stack/data/venv/lib/python3.12/site-packages/oslo_config/cfg.py:3560}}
Aug 20 13:55:51.112953 np0000007859 nova-conductor[95911]: DEBUG cotyledon.oslo_config_glue [-] oslo_messaging_notifications.retry = -1 {{(pid=95911) log_opt_values /opt/stack/data/venv/lib/python3.12/site-packages/oslo_config/cfg.py:3560}}
Aug 20 13:55:51.112953 np0000007859 nova-conductor[95911]: DEBUG cotyledon.oslo_config_glue [-] oslo_messaging_notifications.topics = ['notifications'] {{(pid=95911) log_opt_values /opt/stack/data/venv/lib/python3.12/site-packages/oslo_config/cfg.py:3560}}
Aug 20 13:55:51.113142 np0000007859 nova-conductor[95911]: DEBUG cotyledon.oslo_config_glue [-] oslo_messaging_notifications.transport_url = **** {{(pid=95911) log_opt_values /opt/stack/data/venv/lib/python3.12/site-packages/oslo_config/cfg.py:3560}}
Aug 20 13:55:51.113142 np0000007859 nova-conductor[95911]: DEBUG cotyledon.oslo_config_glue [-] oslo_limit.auth_section = None {{(pid=95911) log_opt_values /opt/stack/data/venv/lib/python3.12/site-packages/oslo_config/cfg.py:3560}}
Aug 20 13:55:51.113142 np0000007859 nova-conductor[95911]: DEBUG cotyledon.oslo_config_glue [-] oslo_limit.auth_type = None {{(pid=95911) log_opt_values /opt/stack/data/venv/lib/python3.12/site-packages/oslo_config/cfg.py:3560}}
Aug 20 13:55:51.113142 np0000007859 nova-conductor[95911]: DEBUG cotyledon.oslo_config_glue [-] oslo_limit.cafile = None {{(pid=95911) log_opt_values /opt/stack/data/venv/lib/python3.12/site-packages/oslo_config/cfg.py:3560}}
Aug 20 13:55:51.113142 np0000007859 nova-conductor[95911]: DEBUG cotyledon.oslo_config_glue [-] oslo_limit.certfile = None {{(pid=95911) log_opt_values /opt/stack/data/venv/lib/python3.12/site-packages/oslo_config/cfg.py:3560}}
Aug 20 13:55:51.113142 np0000007859 nova-conductor[95911]: DEBUG cotyledon.oslo_config_glue [-] oslo_limit.collect_timing = False {{(pid=95911) log_opt_values /opt/stack/data/venv/lib/python3.12/site-packages/oslo_config/cfg.py:3560}}
Aug 20 13:55:51.113142 np0000007859 nova-conductor[95911]: DEBUG cotyledon.oslo_config_glue [-] oslo_limit.connect_retries = None {{(pid=95911) log_opt_values /opt/stack/data/venv/lib/python3.12/site-packages/oslo_config/cfg.py:3560}}
Aug 20 13:55:51.113142 np0000007859 nova-conductor[95911]: DEBUG cotyledon.oslo_config_glue [-] oslo_limit.connect_retry_delay = None {{(pid=95911) log_opt_values /opt/stack/data/venv/lib/python3.12/site-packages/oslo_config/cfg.py:3560}}
Aug 20 13:55:51.113142 np0000007859 nova-conductor[95911]: DEBUG cotyledon.oslo_config_glue [-] oslo_limit.endpoint_id = None {{(pid=95911) log_opt_values /opt/stack/data/venv/lib/python3.12/site-packages/oslo_config/cfg.py:3560}}
Aug 20 13:55:51.113349 np0000007859 nova-conductor[95911]: DEBUG cotyledon.oslo_config_glue [-] oslo_limit.endpoint_interface = public {{(pid=95911) log_opt_values /opt/stack/data/venv/lib/python3.12/site-packages/oslo_config/cfg.py:3560}}
Aug 20 13:55:51.113349 np0000007859 nova-conductor[95911]: DEBUG cotyledon.oslo_config_glue [-] oslo_limit.endpoint_override = None {{(pid=95911) log_opt_values /opt/stack/data/venv/lib/python3.12/site-packages/oslo_config/cfg.py:3560}}
Aug 20 13:55:51.113349 np0000007859 nova-conductor[95911]: DEBUG cotyledon.oslo_config_glue [-] oslo_limit.endpoint_region_name = None {{(pid=95911) log_opt_values /opt/stack/data/venv/lib/python3.12/site-packages/oslo_config/cfg.py:3560}}
Aug 20 13:55:51.113349 np0000007859 nova-conductor[95911]: DEBUG cotyledon.oslo_config_glue [-] oslo_limit.endpoint_service_name = None {{(pid=95911) log_opt_values /opt/stack/data/venv/lib/python3.12/site-packages/oslo_config/cfg.py:3560}}
Aug 20 13:55:51.113349 np0000007859 nova-conductor[95911]: DEBUG cotyledon.oslo_config_glue [-] oslo_limit.endpoint_service_type = None {{(pid=95911) log_opt_values /opt/stack/data/venv/lib/python3.12/site-packages/oslo_config/cfg.py:3560}}
Aug 20 13:55:51.113349 np0000007859 nova-conductor[95911]: DEBUG cotyledon.oslo_config_glue [-] oslo_limit.insecure = False {{(pid=95911) log_opt_values /opt/stack/data/venv/lib/python3.12/site-packages/oslo_config/cfg.py:3560}}
Aug 20 13:55:51.113349 np0000007859 nova-conductor[95911]: DEBUG cotyledon.oslo_config_glue [-] oslo_limit.keyfile = None {{(pid=95911) log_opt_values /opt/stack/data/venv/lib/python3.12/site-packages/oslo_config/cfg.py:3560}}
Aug 20 13:55:51.113349 np0000007859 nova-conductor[95911]: DEBUG cotyledon.oslo_config_glue [-] oslo_limit.max_version = None {{(pid=95911) log_opt_values /opt/stack/data/venv/lib/python3.12/site-packages/oslo_config/cfg.py:3560}}
Aug 20 13:55:51.113349 np0000007859 nova-conductor[95911]: DEBUG cotyledon.oslo_config_glue [-] oslo_limit.min_version = None {{(pid=95911) log_opt_values /opt/stack/data/venv/lib/python3.12/site-packages/oslo_config/cfg.py:3560}}
Aug 20 13:55:51.113596 np0000007859 nova-conductor[95911]: DEBUG cotyledon.oslo_config_glue [-] oslo_limit.region_name = None {{(pid=95911) log_opt_values /opt/stack/data/venv/lib/python3.12/site-packages/oslo_config/cfg.py:3560}}
Aug 20 13:55:51.113596 np0000007859 nova-conductor[95911]: DEBUG cotyledon.oslo_config_glue [-] oslo_limit.retriable_status_codes = None {{(pid=95911) log_opt_values /opt/stack/data/venv/lib/python3.12/site-packages/oslo_config/cfg.py:3560}}
Aug 20 13:55:51.113596 np0000007859 nova-conductor[95911]: DEBUG cotyledon.oslo_config_glue [-] oslo_limit.service_name = None {{(pid=95911) log_opt_values /opt/stack/data/venv/lib/python3.12/site-packages/oslo_config/cfg.py:3560}}
Aug 20 13:55:51.113596 np0000007859 nova-conductor[95911]: DEBUG cotyledon.oslo_config_glue [-] oslo_limit.service_type = None {{(pid=95911) log_opt_values /opt/stack/data/venv/lib/python3.12/site-packages/oslo_config/cfg.py:3560}}
Aug 20 13:55:51.113596 np0000007859 nova-conductor[95911]: DEBUG cotyledon.oslo_config_glue [-] oslo_limit.split_loggers = False {{(pid=95911) log_opt_values /opt/stack/data/venv/lib/python3.12/site-packages/oslo_config/cfg.py:3560}}
Aug 20 13:55:51.113596 np0000007859 nova-conductor[95911]: DEBUG cotyledon.oslo_config_glue [-] oslo_limit.status_code_retries = None {{(pid=95911) log_opt_values /opt/stack/data/venv/lib/python3.12/site-packages/oslo_config/cfg.py:3560}}
Aug 20 13:55:51.113596 np0000007859 nova-conductor[95911]: DEBUG cotyledon.oslo_config_glue [-] oslo_limit.status_code_retry_delay = None {{(pid=95911) log_opt_values /opt/stack/data/venv/lib/python3.12/site-packages/oslo_config/cfg.py:3560}}
Aug 20 13:55:51.113596 np0000007859 nova-conductor[95911]: DEBUG cotyledon.oslo_config_glue [-] oslo_limit.timeout = None {{(pid=95911) log_opt_values /opt/stack/data/venv/lib/python3.12/site-packages/oslo_config/cfg.py:3560}}
Aug 20 13:55:51.113596 np0000007859 nova-conductor[95911]: DEBUG cotyledon.oslo_config_glue [-] oslo_limit.valid_interfaces = None {{(pid=95911) log_opt_values /opt/stack/data/venv/lib/python3.12/site-packages/oslo_config/cfg.py:3560}}
Aug 20 13:55:51.113774 np0000007859 nova-conductor[95911]: DEBUG cotyledon.oslo_config_glue [-] oslo_limit.version = None {{(pid=95911) log_opt_values /opt/stack/data/venv/lib/python3.12/site-packages/oslo_config/cfg.py:3560}}
Aug 20 13:55:51.113774 np0000007859 nova-conductor[95911]: DEBUG cotyledon.oslo_config_glue [-] oslo_reports.file_event_handler = None {{(pid=95911) log_opt_values /opt/stack/data/venv/lib/python3.12/site-packages/oslo_config/cfg.py:3560}}
Aug 20 13:55:51.113774 np0000007859 nova-conductor[95911]: DEBUG cotyledon.oslo_config_glue [-] oslo_reports.file_event_handler_interval = 1 {{(pid=95911) log_opt_values /opt/stack/data/venv/lib/python3.12/site-packages/oslo_config/cfg.py:3560}}
Aug 20 13:55:51.113774 np0000007859 nova-conductor[95911]: DEBUG cotyledon.oslo_config_glue [-] oslo_reports.log_dir = None {{(pid=95911) log_opt_values /opt/stack/data/venv/lib/python3.12/site-packages/oslo_config/cfg.py:3560}}
Aug 20 13:55:51.113774 np0000007859 nova-conductor[95911]: DEBUG cotyledon.oslo_config_glue [-] ******************************************************************************** {{(pid=95911) log_opt_values /opt/stack/data/venv/lib/python3.12/site-packages/oslo_config/cfg.py:3567}}
Aug 20 13:55:51.113774 np0000007859 nova-conductor[95911]: DEBUG cotyledon._service_worker [-] Run service ServiceWrapper(2) [95911] {{(pid=95911) wait_forever /opt/stack/data/venv/lib/python3.12/site-packages/cotyledon/_service_worker.py:218}}
Aug 20 13:55:51.113774 np0000007859 nova-conductor[95911]: INFO nova.service [-] Starting conductor node (version 33.1.0)
Aug 20 13:55:51.113774 np0000007859 nova-conductor[95911]: INFO dbcounter [None req-026d42cf-74a1-486a-b7ae-bb86c1f4444c None None] Registered counter for database nova_cell0
Aug 20 13:55:51.119089 np0000007859 nova-conductor[95862]: DEBUG oslo_db.sqlalchemy.engines [None req-394ea705-3d9b-40d0-bc70-5ba13e851a9b None None] MySQL server mode set to STRICT_TRANS_TABLES,STRICT_ALL_TABLES,NO_ZERO_IN_DATE,NO_ZERO_DATE,ERROR_FOR_DIVISION_BY_ZERO,TRADITIONAL,NO_ENGINE_SUBSTITUTION {{(pid=95862) _check_effective_sql_mode /opt/stack/data/venv/lib/python3.12/site-packages/oslo_db/sqlalchemy/engines.py:325}}
Aug 20 13:55:51.125147 np0000007859 nova-conductor[95865]: DEBUG oslo_db.sqlalchemy.engines [None req-c0ce72d0-d1d2-4ff2-bdde-3d9cce547998 None None] MySQL server mode set to STRICT_TRANS_TABLES,STRICT_ALL_TABLES,NO_ZERO_IN_DATE,NO_ZERO_DATE,ERROR_FOR_DIVISION_BY_ZERO,TRADITIONAL,NO_ENGINE_SUBSTITUTION {{(pid=95865) _check_effective_sql_mode /opt/stack/data/venv/lib/python3.12/site-packages/oslo_db/sqlalchemy/engines.py:325}}
Aug 20 13:55:51.127289 np0000007859 nova-conductor[95862]: DEBUG dbcounter [-] [95862] Writer thread running {{(pid=95862) stat_writer /opt/stack/data/venv/lib/python3.12/site-packages/dbcounter.py:102}}
Aug 20 13:55:51.133908 np0000007859 nova-conductor[95865]: DEBUG dbcounter [-] [95865] Writer thread running {{(pid=95865) stat_writer /opt/stack/data/venv/lib/python3.12/site-packages/dbcounter.py:102}}
Aug 20 13:55:51.140362 np0000007859 nova-conductor[95862]: DEBUG nova.service [None req-394ea705-3d9b-40d0-bc70-5ba13e851a9b None None] Creating RPC server for service: nova-conductor on topic: conductor {{(pid=95862) start /opt/stack/nova/nova/service.py:262}}
Aug 20 13:55:51.143864 np0000007859 nova-conductor[95911]: DEBUG oslo_db.sqlalchemy.engines [None req-026d42cf-74a1-486a-b7ae-bb86c1f4444c None None] MySQL server mode set to STRICT_TRANS_TABLES,STRICT_ALL_TABLES,NO_ZERO_IN_DATE,NO_ZERO_DATE,ERROR_FOR_DIVISION_BY_ZERO,TRADITIONAL,NO_ENGINE_SUBSTITUTION {{(pid=95911) _check_effective_sql_mode /opt/stack/data/venv/lib/python3.12/site-packages/oslo_db/sqlalchemy/engines.py:325}}
Aug 20 13:55:51.154618 np0000007859 nova-conductor[95911]: DEBUG dbcounter [-] [95911] Writer thread running {{(pid=95911) stat_writer /opt/stack/data/venv/lib/python3.12/site-packages/dbcounter.py:102}}
Aug 20 13:55:51.157519 np0000007859 nova-conductor[95911]: DEBUG nova.service [None req-026d42cf-74a1-486a-b7ae-bb86c1f4444c None None] Creating RPC server for service: nova-conductor on topic: conductor {{(pid=95911) start /opt/stack/nova/nova/service.py:262}}
Aug 20 13:55:51.157683 np0000007859 nova-conductor[95865]: DEBUG nova.service [None req-c0ce72d0-d1d2-4ff2-bdde-3d9cce547998 None None] Creating RPC server for service: nova-conductor on topic: conductor {{(pid=95865) start /opt/stack/nova/nova/service.py:262}}
Aug 20 13:55:51.161314 np0000007859 nova-conductor[95862]: DEBUG nova.service [None req-394ea705-3d9b-40d0-bc70-5ba13e851a9b None None] Join ServiceGroup membership for this service conductor {{(pid=95862) start /opt/stack/nova/nova/service.py:288}}
Aug 20 13:55:51.161519 np0000007859 nova-conductor[95862]: DEBUG nova.servicegroup.drivers.db [None req-394ea705-3d9b-40d0-bc70-5ba13e851a9b None None] DB_Driver: join new ServiceGroup member np0000007859 to the conductor group, service = {{(pid=95862) join /opt/stack/nova/nova/servicegroup/drivers/db.py:44}}
Aug 20 13:55:51.175248 np0000007859 nova-conductor[95911]: DEBUG nova.service [None req-026d42cf-74a1-486a-b7ae-bb86c1f4444c None None] Join ServiceGroup membership for this service conductor {{(pid=95911) start /opt/stack/nova/nova/service.py:288}}
Aug 20 13:55:51.175509 np0000007859 nova-conductor[95911]: DEBUG nova.servicegroup.drivers.db [None req-026d42cf-74a1-486a-b7ae-bb86c1f4444c None None] DB_Driver: join new ServiceGroup member np0000007859 to the conductor group, service = {{(pid=95911) join /opt/stack/nova/nova/servicegroup/drivers/db.py:44}}
Aug 20 13:55:51.180359 np0000007859 nova-conductor[95865]: DEBUG nova.service [None req-c0ce72d0-d1d2-4ff2-bdde-3d9cce547998 None None] Join ServiceGroup membership for this service conductor {{(pid=95865) start /opt/stack/nova/nova/service.py:288}}
Aug 20 13:55:51.180561 np0000007859 nova-conductor[95865]: DEBUG nova.servicegroup.drivers.db [None req-c0ce72d0-d1d2-4ff2-bdde-3d9cce547998 None None] DB_Driver: join new ServiceGroup member np0000007859 to the conductor group, service = {{(pid=95865) join /opt/stack/nova/nova/servicegroup/drivers/db.py:44}}
Aug 20 13:55:56.174973 np0000007859 nova-conductor[95862]: DEBUG oslo.service.backend._threading.loopingcall [-] Fixed interval looping call 'nova.servicegroup.drivers.db.DbDriver._report_state' sleeping for 119.99 seconds {{(pid=95862) _run_loop /opt/stack/data/venv/lib/python3.12/site-packages/oslo_service/backend/_threading/loopingcall.py:125}}
Aug 20 13:55:56.186655 np0000007859 nova-conductor[95911]: DEBUG oslo.service.backend._threading.loopingcall [-] Fixed interval looping call 'nova.servicegroup.drivers.db.DbDriver._report_state' sleeping for 119.99 seconds {{(pid=95911) _run_loop /opt/stack/data/venv/lib/python3.12/site-packages/oslo_service/backend/_threading/loopingcall.py:125}}
Aug 20 13:55:56.191571 np0000007859 nova-conductor[95865]: DEBUG oslo.service.backend._threading.loopingcall [-] Fixed interval looping call 'nova.servicegroup.drivers.db.DbDriver._report_state' sleeping for 119.99 seconds {{(pid=95865) _run_loop /opt/stack/data/venv/lib/python3.12/site-packages/oslo_service/backend/_threading/loopingcall.py:125}}
Aug 20 13:55:59.780083 np0000007859 nova-conductor[94351]: DEBUG dbcounter [-] [94351] Writing DB stats nova_api:SELECT=1 {{(pid=94351) stat_writer /opt/stack/data/venv/lib/python3.12/site-packages/dbcounter.py:115}}
Aug 20 13:55:59.891676 np0000007859 nova-conductor[94351]: DEBUG dbcounter [-] [94351] Writing DB stats nova_cell0:SELECT=1 {{(pid=94351) stat_writer /opt/stack/data/venv/lib/python3.12/site-packages/dbcounter.py:115}}
Aug 20 13:55:59.896647 np0000007859 nova-conductor[94351]: DEBUG dbcounter [-] [94351] Writing DB stats nova_cell1:SELECT=1 {{(pid=94351) stat_writer /opt/stack/data/venv/lib/python3.12/site-packages/dbcounter.py:115}}
Aug 20 13:56:06.170245 np0000007859 nova-conductor[95862]: DEBUG dbcounter [-] [95862] Writing DB stats nova_cell0:SELECT=4,nova_cell0:INSERT=1,nova_cell0:UPDATE=1 {{(pid=95862) stat_writer /opt/stack/data/venv/lib/python3.12/site-packages/dbcounter.py:115}}
Aug 20 13:56:06.186088 np0000007859 nova-conductor[95911]: DEBUG dbcounter [-] [95911] Writing DB stats nova_cell0:SELECT=3 {{(pid=95911) stat_writer /opt/stack/data/venv/lib/python3.12/site-packages/dbcounter.py:115}}
Aug 20 13:56:06.192575 np0000007859 nova-conductor[95865]: DEBUG dbcounter [-] [95865] Writing DB stats nova_cell0:SELECT=5,nova_cell0:INSERT=1 {{(pid=95865) stat_writer /opt/stack/data/venv/lib/python3.12/site-packages/dbcounter.py:115}}
Aug 20 13:56:26.177627 np0000007859 nova-conductor[95911]: DEBUG oslo.service.backend._threading.loopingcall [None req-b6f0afba-b5ac-40bd-b8f3-2dbf6b80b290 None None] Dynamic interval looping call 'nova.service.Service.periodic_tasks' sleeping for 60.00 seconds {{(pid=95911) _run_loop /opt/stack/data/venv/lib/python3.12/site-packages/oslo_service/backend/_threading/loopingcall.py:125}}
Aug 20 13:56:26.183394 np0000007859 nova-conductor[95865]: DEBUG oslo.service.backend._threading.loopingcall [None req-1b2621de-a5a9-4ca7-9403-a76b56bdef5d None None] Dynamic interval looping call 'nova.service.Service.periodic_tasks' sleeping for 60.00 seconds {{(pid=95865) _run_loop /opt/stack/data/venv/lib/python3.12/site-packages/oslo_service/backend/_threading/loopingcall.py:125}}
Aug 20 13:56:49.162853 np0000007859 nova-conductor[95862]: DEBUG oslo.service.backend._threading.loopingcall [None req-ba1aaada-394c-421d-be79-3442bcadb6f3 None None] Dynamic interval looping call 'nova.service.Service.periodic_tasks' sleeping for 60.00 seconds {{(pid=95862) _run_loop /opt/stack/data/venv/lib/python3.12/site-packages/oslo_service/backend/_threading/loopingcall.py:125}}
Aug 20 13:57:26.178150 np0000007859 nova-conductor[95911]: DEBUG oslo.service.backend._threading.loopingcall [None req-b6f0afba-b5ac-40bd-b8f3-2dbf6b80b290 None None] Dynamic interval looping call 'nova.service.Service.periodic_tasks' sleeping for 60.00 seconds {{(pid=95911) _run_loop /opt/stack/data/venv/lib/python3.12/site-packages/oslo_service/backend/_threading/loopingcall.py:125}}
Aug 20 13:57:26.182873 np0000007859 nova-conductor[95865]: DEBUG oslo.service.backend._threading.loopingcall [None req-1b2621de-a5a9-4ca7-9403-a76b56bdef5d None None] Dynamic interval looping call 'nova.service.Service.periodic_tasks' sleeping for 60.00 seconds {{(pid=95865) _run_loop /opt/stack/data/venv/lib/python3.12/site-packages/oslo_service/backend/_threading/loopingcall.py:125}}
Aug 20 13:57:49.163247 np0000007859 nova-conductor[95862]: DEBUG oslo.service.backend._threading.loopingcall [None req-ba1aaada-394c-421d-be79-3442bcadb6f3 None None] Dynamic interval looping call 'nova.service.Service.periodic_tasks' sleeping for 60.00 seconds {{(pid=95862) _run_loop /opt/stack/data/venv/lib/python3.12/site-packages/oslo_service/backend/_threading/loopingcall.py:125}}
Aug 20 13:57:56.170747 np0000007859 nova-conductor[95862]: DEBUG oslo.service.backend._threading.loopingcall [-] Fixed interval looping call 'nova.servicegroup.drivers.db.DbDriver._report_state' sleeping for 119.99 seconds {{(pid=95862) _run_loop /opt/stack/data/venv/lib/python3.12/site-packages/oslo_service/backend/_threading/loopingcall.py:125}}
Aug 20 13:57:56.180313 np0000007859 nova-conductor[95911]: DEBUG oslo.service.backend._threading.loopingcall [-] Fixed interval looping call 'nova.servicegroup.drivers.db.DbDriver._report_state' sleeping for 120.00 seconds {{(pid=95911) _run_loop /opt/stack/data/venv/lib/python3.12/site-packages/oslo_service/backend/_threading/loopingcall.py:125}}
Aug 20 13:57:56.189086 np0000007859 nova-conductor[95865]: DEBUG oslo.service.backend._threading.loopingcall [-] Fixed interval looping call 'nova.servicegroup.drivers.db.DbDriver._report_state' sleeping for 119.99 seconds {{(pid=95865) _run_loop /opt/stack/data/venv/lib/python3.12/site-packages/oslo_service/backend/_threading/loopingcall.py:125}}
Aug 20 13:58:06.168261 np0000007859 nova-conductor[95862]: DEBUG dbcounter [-] [95862] Writing DB stats nova_cell0:SELECT=1,nova_cell0:UPDATE=1 {{(pid=95862) stat_writer /opt/stack/data/venv/lib/python3.12/site-packages/dbcounter.py:115}}
Aug 20 13:58:06.178813 np0000007859 nova-conductor[95911]: DEBUG dbcounter [-] [95911] Writing DB stats nova_cell0:SELECT=1 {{(pid=95911) stat_writer /opt/stack/data/venv/lib/python3.12/site-packages/dbcounter.py:115}}
Aug 20 13:58:06.185017 np0000007859 nova-conductor[95865]: DEBUG dbcounter [-] [95865] Writing DB stats nova_cell0:SELECT=1 {{(pid=95865) stat_writer /opt/stack/data/venv/lib/python3.12/site-packages/dbcounter.py:115}}
Aug 20 13:58:20.008933 np0000007859 nova-conductor[95862]: DEBUG oslo_db.sqlalchemy.engines [None req-92a29e1c-41bf-4484-920c-a985b5a325f1 tempest-ServerActionsTestOtherB-1157402536 tempest-ServerActionsTestOtherB-1157402536-project-member] Parent process 94351 forked (95862) with an open database connection, which is being discarded and recreated. {{(pid=95862) checkout /opt/stack/data/venv/lib/python3.12/site-packages/oslo_db/sqlalchemy/engines.py:402}}
Aug 20 13:58:20.045238 np0000007859 nova-conductor[95862]: DEBUG dbcounter [-] [95862] Writer thread running {{(pid=95862) stat_writer /opt/stack/data/venv/lib/python3.12/site-packages/dbcounter.py:102}}
Aug 20 13:58:20.264667 np0000007859 nova-conductor[95911]: DEBUG dbcounter [-] [95911] Writer thread running {{(pid=95911) stat_writer /opt/stack/data/venv/lib/python3.12/site-packages/dbcounter.py:102}}
Aug 20 13:58:20.895574 np0000007859 nova-conductor[95911]: DEBUG nova.conductor.manager [None req-1707504f-d6e8-45e7-a77a-8d9c5e10430d tempest-ImageDependencyTests-288058980 tempest-ImageDependencyTests-288058980-project-member] Took 0.63 seconds to select destinations for 1 instance(s). {{(pid=95911) _schedule_instances /opt/stack/nova/nova/conductor/manager.py:956}}
Aug 20 13:58:20.934362 np0000007859 nova-conductor[95911]: DEBUG oslo_concurrency.lockutils [None req-1707504f-d6e8-45e7-a77a-8d9c5e10430d tempest-ImageDependencyTests-288058980 tempest-ImageDependencyTests-288058980-project-member] Acquiring lock "b40d6a25-975b-43bf-8568-6d84c049db22" by "nova.context.set_target_cell..get_or_set_cached_cell_and_set_connections" {{(pid=95911) inner /opt/stack/data/venv/lib/python3.12/site-packages/oslo_concurrency/lockutils.py:512}}
Aug 20 13:58:20.934362 np0000007859 nova-conductor[95911]: DEBUG oslo_concurrency.lockutils [None req-1707504f-d6e8-45e7-a77a-8d9c5e10430d tempest-ImageDependencyTests-288058980 tempest-ImageDependencyTests-288058980-project-member] Lock "b40d6a25-975b-43bf-8568-6d84c049db22" acquired by "nova.context.set_target_cell..get_or_set_cached_cell_and_set_connections" :: waited 0.000s {{(pid=95911) inner /opt/stack/data/venv/lib/python3.12/site-packages/oslo_concurrency/lockutils.py:525}}
Aug 20 13:58:20.935581 np0000007859 nova-conductor[95911]: DEBUG oslo_concurrency.lockutils [None req-1707504f-d6e8-45e7-a77a-8d9c5e10430d tempest-ImageDependencyTests-288058980 tempest-ImageDependencyTests-288058980-project-member] Lock "b40d6a25-975b-43bf-8568-6d84c049db22" "released" by "nova.context.set_target_cell..get_or_set_cached_cell_and_set_connections" :: held 0.001s {{(pid=95911) inner /opt/stack/data/venv/lib/python3.12/site-packages/oslo_concurrency/lockutils.py:544}}
Aug 20 13:58:20.938660 np0000007859 nova-conductor[95911]: INFO dbcounter [None req-1707504f-d6e8-45e7-a77a-8d9c5e10430d tempest-ImageDependencyTests-288058980 tempest-ImageDependencyTests-288058980-project-member] Registered counter for database nova_cell1
Aug 20 13:58:20.981656 np0000007859 nova-conductor[95911]: DEBUG oslo_db.sqlalchemy.engines [None req-1707504f-d6e8-45e7-a77a-8d9c5e10430d tempest-ImageDependencyTests-288058980 tempest-ImageDependencyTests-288058980-project-member] MySQL server mode set to STRICT_TRANS_TABLES,STRICT_ALL_TABLES,NO_ZERO_IN_DATE,NO_ZERO_DATE,ERROR_FOR_DIVISION_BY_ZERO,TRADITIONAL,NO_ENGINE_SUBSTITUTION {{(pid=95911) _check_effective_sql_mode /opt/stack/data/venv/lib/python3.12/site-packages/oslo_db/sqlalchemy/engines.py:325}}
Aug 20 13:58:20.987682 np0000007859 nova-conductor[95911]: DEBUG dbcounter [-] [95911] Writer thread running {{(pid=95911) stat_writer /opt/stack/data/venv/lib/python3.12/site-packages/dbcounter.py:102}}
Aug 20 13:58:20.996120 np0000007859 nova-conductor[95862]: DEBUG nova.conductor.manager [None req-92a29e1c-41bf-4484-920c-a985b5a325f1 tempest-ServerActionsTestOtherB-1157402536 tempest-ServerActionsTestOtherB-1157402536-project-member] Took 0.95 seconds to select destinations for 1 instance(s). {{(pid=95862) _schedule_instances /opt/stack/nova/nova/conductor/manager.py:956}}
Aug 20 13:58:21.024945 np0000007859 nova-conductor[95862]: DEBUG oslo_concurrency.lockutils [None req-92a29e1c-41bf-4484-920c-a985b5a325f1 tempest-ServerActionsTestOtherB-1157402536 tempest-ServerActionsTestOtherB-1157402536-project-member] Acquiring lock "b40d6a25-975b-43bf-8568-6d84c049db22" by "nova.context.set_target_cell..get_or_set_cached_cell_and_set_connections" {{(pid=95862) inner /opt/stack/data/venv/lib/python3.12/site-packages/oslo_concurrency/lockutils.py:512}}
Aug 20 13:58:21.025951 np0000007859 nova-conductor[95862]: DEBUG oslo_concurrency.lockutils [None req-92a29e1c-41bf-4484-920c-a985b5a325f1 tempest-ServerActionsTestOtherB-1157402536 tempest-ServerActionsTestOtherB-1157402536-project-member] Lock "b40d6a25-975b-43bf-8568-6d84c049db22" acquired by "nova.context.set_target_cell..get_or_set_cached_cell_and_set_connections" :: waited 0.000s {{(pid=95862) inner /opt/stack/data/venv/lib/python3.12/site-packages/oslo_concurrency/lockutils.py:525}}
Aug 20 13:58:21.026805 np0000007859 nova-conductor[95862]: DEBUG oslo_concurrency.lockutils [None req-92a29e1c-41bf-4484-920c-a985b5a325f1 tempest-ServerActionsTestOtherB-1157402536 tempest-ServerActionsTestOtherB-1157402536-project-member] Lock "b40d6a25-975b-43bf-8568-6d84c049db22" "released" by "nova.context.set_target_cell..get_or_set_cached_cell_and_set_connections" :: held 0.001s {{(pid=95862) inner /opt/stack/data/venv/lib/python3.12/site-packages/oslo_concurrency/lockutils.py:544}}
Aug 20 13:58:21.029000 np0000007859 nova-conductor[95862]: INFO dbcounter [None req-92a29e1c-41bf-4484-920c-a985b5a325f1 tempest-ServerActionsTestOtherB-1157402536 tempest-ServerActionsTestOtherB-1157402536-project-member] Registered counter for database nova_cell1
Aug 20 13:58:21.052679 np0000007859 nova-conductor[95911]: INFO nova.utils [None req-1707504f-d6e8-45e7-a77a-8d9c5e10430d tempest-ImageDependencyTests-288058980 tempest-ImageDependencyTests-288058980-project-member] The cell worker thread pool ForkProcess-3.cell_worker is initialized
Aug 20 13:58:21.053078 np0000007859 nova-conductor[95911]: DEBUG oslo_concurrency.lockutils [None req-1707504f-d6e8-45e7-a77a-8d9c5e10430d tempest-ImageDependencyTests-288058980 tempest-ImageDependencyTests-288058980-project-member] Acquiring lock "00000000-0000-0000-0000-000000000000" by "nova.context.set_target_cell..get_or_set_cached_cell_and_set_connections" {{(pid=95911) inner /opt/stack/data/venv/lib/python3.12/site-packages/oslo_concurrency/lockutils.py:512}}
Aug 20 13:58:21.053194 np0000007859 nova-conductor[95911]: DEBUG oslo_concurrency.lockutils [None req-1707504f-d6e8-45e7-a77a-8d9c5e10430d tempest-ImageDependencyTests-288058980 tempest-ImageDependencyTests-288058980-project-member] Lock "00000000-0000-0000-0000-000000000000" acquired by "nova.context.set_target_cell..get_or_set_cached_cell_and_set_connections" :: waited 0.000s {{(pid=95911) inner /opt/stack/data/venv/lib/python3.12/site-packages/oslo_concurrency/lockutils.py:525}}
Aug 20 13:58:21.053670 np0000007859 nova-conductor[95911]: DEBUG oslo_concurrency.lockutils [None req-1707504f-d6e8-45e7-a77a-8d9c5e10430d tempest-ImageDependencyTests-288058980 tempest-ImageDependencyTests-288058980-project-member] Lock "00000000-0000-0000-0000-000000000000" "released" by "nova.context.set_target_cell..get_or_set_cached_cell_and_set_connections" :: held 0.000s {{(pid=95911) inner /opt/stack/data/venv/lib/python3.12/site-packages/oslo_concurrency/lockutils.py:544}}
Aug 20 13:58:21.054570 np0000007859 nova-conductor[95911]: DEBUG oslo_concurrency.lockutils [None req-1707504f-d6e8-45e7-a77a-8d9c5e10430d tempest-ImageDependencyTests-288058980 tempest-ImageDependencyTests-288058980-project-member] Acquiring lock "b40d6a25-975b-43bf-8568-6d84c049db22" by "nova.context.set_target_cell..get_or_set_cached_cell_and_set_connections" {{(pid=95911) inner /opt/stack/data/venv/lib/python3.12/site-packages/oslo_concurrency/lockutils.py:512}}
Aug 20 13:58:21.056562 np0000007859 nova-conductor[95911]: INFO dbcounter [None req-1707504f-d6e8-45e7-a77a-8d9c5e10430d tempest-ImageDependencyTests-288058980 tempest-ImageDependencyTests-288058980-project-member] Registered counter for database nova_cell0
Aug 20 13:58:21.057495 np0000007859 nova-conductor[95911]: DEBUG oslo_concurrency.lockutils [None req-1707504f-d6e8-45e7-a77a-8d9c5e10430d tempest-ImageDependencyTests-288058980 tempest-ImageDependencyTests-288058980-project-member] Lock "b40d6a25-975b-43bf-8568-6d84c049db22" acquired by "nova.context.set_target_cell..get_or_set_cached_cell_and_set_connections" :: waited 0.001s {{(pid=95911) inner /opt/stack/data/venv/lib/python3.12/site-packages/oslo_concurrency/lockutils.py:525}}
Aug 20 13:58:21.057720 np0000007859 nova-conductor[95911]: DEBUG oslo_concurrency.lockutils [None req-1707504f-d6e8-45e7-a77a-8d9c5e10430d tempest-ImageDependencyTests-288058980 tempest-ImageDependencyTests-288058980-project-member] Lock "b40d6a25-975b-43bf-8568-6d84c049db22" "released" by "nova.context.set_target_cell..get_or_set_cached_cell_and_set_connections" :: held 0.002s {{(pid=95911) inner /opt/stack/data/venv/lib/python3.12/site-packages/oslo_concurrency/lockutils.py:544}}
Aug 20 13:58:21.066222 np0000007859 nova-conductor[95862]: DEBUG oslo_db.sqlalchemy.engines [None req-92a29e1c-41bf-4484-920c-a985b5a325f1 tempest-ServerActionsTestOtherB-1157402536 tempest-ServerActionsTestOtherB-1157402536-project-member] MySQL server mode set to STRICT_TRANS_TABLES,STRICT_ALL_TABLES,NO_ZERO_IN_DATE,NO_ZERO_DATE,ERROR_FOR_DIVISION_BY_ZERO,TRADITIONAL,NO_ENGINE_SUBSTITUTION {{(pid=95862) _check_effective_sql_mode /opt/stack/data/venv/lib/python3.12/site-packages/oslo_db/sqlalchemy/engines.py:325}}
Aug 20 13:58:21.073441 np0000007859 nova-conductor[95862]: DEBUG dbcounter [-] [95862] Writer thread running {{(pid=95862) stat_writer /opt/stack/data/venv/lib/python3.12/site-packages/dbcounter.py:102}}
Aug 20 13:58:21.099270 np0000007859 nova-conductor[95911]: DEBUG oslo_db.sqlalchemy.engines [None req-1707504f-d6e8-45e7-a77a-8d9c5e10430d tempest-ImageDependencyTests-288058980 tempest-ImageDependencyTests-288058980-project-member] MySQL server mode set to STRICT_TRANS_TABLES,STRICT_ALL_TABLES,NO_ZERO_IN_DATE,NO_ZERO_DATE,ERROR_FOR_DIVISION_BY_ZERO,TRADITIONAL,NO_ENGINE_SUBSTITUTION {{(pid=95911) _check_effective_sql_mode /opt/stack/data/venv/lib/python3.12/site-packages/oslo_db/sqlalchemy/engines.py:325}}
Aug 20 13:58:21.105373 np0000007859 nova-conductor[95911]: DEBUG dbcounter [-] [95911] Writer thread running {{(pid=95911) stat_writer /opt/stack/data/venv/lib/python3.12/site-packages/dbcounter.py:102}}
Aug 20 13:58:21.116358 np0000007859 nova-conductor[95911]: DEBUG nova.quota [None req-1707504f-d6e8-45e7-a77a-8d9c5e10430d tempest-ImageDependencyTests-288058980 tempest-ImageDependencyTests-288058980-project-member] Getting quotas for project 7df4f61f22f54ce286b6142a49aed96a. Resources: {'ram', 'instances', 'cores'} {{(pid=95911) _get_quotas /opt/stack/nova/nova/quota.py:389}}
Aug 20 13:58:21.119174 np0000007859 nova-conductor[95911]: DEBUG nova.quota [None req-1707504f-d6e8-45e7-a77a-8d9c5e10430d tempest-ImageDependencyTests-288058980 tempest-ImageDependencyTests-288058980-project-member] Getting quotas for user a92417f63c6944d390aae12f30ee1d7c and project 7df4f61f22f54ce286b6142a49aed96a. Resources: {'ram', 'instances', 'cores'} {{(pid=95911) _get_quotas /opt/stack/nova/nova/quota.py:379}}
Aug 20 13:58:21.125028 np0000007859 nova-conductor[95911]: DEBUG nova.conductor.manager [None req-1707504f-d6e8-45e7-a77a-8d9c5e10430d tempest-ImageDependencyTests-288058980 tempest-ImageDependencyTests-288058980-project-member] [instance: 95d5fb8a-48a1-4a0c-9b44-5092e0702f45] Selected host: np0000007859; Selected node: np0000007859; Alternates: [] {{(pid=95911) schedule_and_build_instances /opt/stack/nova/nova/conductor/manager.py:1772}}
Aug 20 13:58:21.125503 np0000007859 nova-conductor[95911]: DEBUG oslo_concurrency.lockutils [None req-1707504f-d6e8-45e7-a77a-8d9c5e10430d tempest-ImageDependencyTests-288058980 tempest-ImageDependencyTests-288058980-project-member] Acquiring lock "b40d6a25-975b-43bf-8568-6d84c049db22" by "nova.context.set_target_cell..get_or_set_cached_cell_and_set_connections" {{(pid=95911) inner /opt/stack/data/venv/lib/python3.12/site-packages/oslo_concurrency/lockutils.py:512}}
Aug 20 13:58:21.125632 np0000007859 nova-conductor[95911]: DEBUG oslo_concurrency.lockutils [None req-1707504f-d6e8-45e7-a77a-8d9c5e10430d tempest-ImageDependencyTests-288058980 tempest-ImageDependencyTests-288058980-project-member] Lock "b40d6a25-975b-43bf-8568-6d84c049db22" acquired by "nova.context.set_target_cell..get_or_set_cached_cell_and_set_connections" :: waited 0.000s {{(pid=95911) inner /opt/stack/data/venv/lib/python3.12/site-packages/oslo_concurrency/lockutils.py:525}}
Aug 20 13:58:21.125735 np0000007859 nova-conductor[95911]: DEBUG oslo_concurrency.lockutils [None req-1707504f-d6e8-45e7-a77a-8d9c5e10430d tempest-ImageDependencyTests-288058980 tempest-ImageDependencyTests-288058980-project-member] Lock "b40d6a25-975b-43bf-8568-6d84c049db22" "released" by "nova.context.set_target_cell..get_or_set_cached_cell_and_set_connections" :: held 0.000s {{(pid=95911) inner /opt/stack/data/venv/lib/python3.12/site-packages/oslo_concurrency/lockutils.py:544}}
Aug 20 13:58:21.134234 np0000007859 nova-conductor[95911]: DEBUG nova.conductor.manager [None req-1707504f-d6e8-45e7-a77a-8d9c5e10430d tempest-ImageDependencyTests-288058980 tempest-ImageDependencyTests-288058980-project-member] [instance: 95d5fb8a-48a1-4a0c-9b44-5092e0702f45] block_device_mapping [BlockDeviceMapping(attachment_id=53c59c65-ff58-42ba-b855-f4ac644a119f,boot_index=0,connection_info=None,created_at=,delete_on_termination=True,deleted=,deleted_at=,destination_type='volume',device_name=None,device_type=None,disk_bus=None,encrypted=False,encryption_format=None,encryption_options=None,encryption_secret_uuid=None,guest_format=None,id=,image_id=None,instance=,instance_uuid=,no_device=False,snapshot_id=None,source_type='volume',tag=None,updated_at=,uuid=,volume_id='9a38e91a-8465-47e8-89ac-45c4371fd4a7',volume_size=1,volume_type=None)] {{(pid=95911) _create_block_device_mapping /opt/stack/nova/nova/conductor/manager.py:1517}}
Aug 20 13:58:21.135554 np0000007859 nova-conductor[95911]: DEBUG oslo_concurrency.lockutils [None req-1707504f-d6e8-45e7-a77a-8d9c5e10430d tempest-ImageDependencyTests-288058980 tempest-ImageDependencyTests-288058980-project-member] Acquiring lock "b40d6a25-975b-43bf-8568-6d84c049db22" by "nova.context.set_target_cell..get_or_set_cached_cell_and_set_connections" {{(pid=95911) inner /opt/stack/data/venv/lib/python3.12/site-packages/oslo_concurrency/lockutils.py:512}}
Aug 20 13:58:21.135904 np0000007859 nova-conductor[95911]: DEBUG oslo_concurrency.lockutils [None req-1707504f-d6e8-45e7-a77a-8d9c5e10430d tempest-ImageDependencyTests-288058980 tempest-ImageDependencyTests-288058980-project-member] Lock "b40d6a25-975b-43bf-8568-6d84c049db22" acquired by "nova.context.set_target_cell..get_or_set_cached_cell_and_set_connections" :: waited 0.000s {{(pid=95911) inner /opt/stack/data/venv/lib/python3.12/site-packages/oslo_concurrency/lockutils.py:525}}
Aug 20 13:58:21.135904 np0000007859 nova-conductor[95911]: DEBUG oslo_concurrency.lockutils [None req-1707504f-d6e8-45e7-a77a-8d9c5e10430d tempest-ImageDependencyTests-288058980 tempest-ImageDependencyTests-288058980-project-member] Lock "b40d6a25-975b-43bf-8568-6d84c049db22" "released" by "nova.context.set_target_cell..get_or_set_cached_cell_and_set_connections" :: held 0.000s {{(pid=95911) inner /opt/stack/data/venv/lib/python3.12/site-packages/oslo_concurrency/lockutils.py:544}}
Aug 20 13:58:21.142380 np0000007859 nova-conductor[95862]: INFO nova.utils [None req-92a29e1c-41bf-4484-920c-a985b5a325f1 tempest-ServerActionsTestOtherB-1157402536 tempest-ServerActionsTestOtherB-1157402536-project-member] The cell worker thread pool ForkProcess-1.cell_worker is initialized
Aug 20 13:58:21.142734 np0000007859 nova-conductor[95862]: DEBUG oslo_concurrency.lockutils [None req-92a29e1c-41bf-4484-920c-a985b5a325f1 tempest-ServerActionsTestOtherB-1157402536 tempest-ServerActionsTestOtherB-1157402536-project-member] Acquiring lock "00000000-0000-0000-0000-000000000000" by "nova.context.set_target_cell..get_or_set_cached_cell_and_set_connections" {{(pid=95862) inner /opt/stack/data/venv/lib/python3.12/site-packages/oslo_concurrency/lockutils.py:512}}
Aug 20 13:58:21.142901 np0000007859 nova-conductor[95862]: DEBUG oslo_concurrency.lockutils [None req-92a29e1c-41bf-4484-920c-a985b5a325f1 tempest-ServerActionsTestOtherB-1157402536 tempest-ServerActionsTestOtherB-1157402536-project-member] Lock "00000000-0000-0000-0000-000000000000" acquired by "nova.context.set_target_cell..get_or_set_cached_cell_and_set_connections" :: waited 0.000s {{(pid=95862) inner /opt/stack/data/venv/lib/python3.12/site-packages/oslo_concurrency/lockutils.py:525}}
Aug 20 13:58:21.143915 np0000007859 nova-conductor[95862]: DEBUG oslo_concurrency.lockutils [None req-92a29e1c-41bf-4484-920c-a985b5a325f1 tempest-ServerActionsTestOtherB-1157402536 tempest-ServerActionsTestOtherB-1157402536-project-member] Lock "00000000-0000-0000-0000-000000000000" "released" by "nova.context.set_target_cell..get_or_set_cached_cell_and_set_connections" :: held 0.000s {{(pid=95862) inner /opt/stack/data/venv/lib/python3.12/site-packages/oslo_concurrency/lockutils.py:544}}
Aug 20 13:58:21.144898 np0000007859 nova-conductor[95862]: DEBUG oslo_concurrency.lockutils [None req-92a29e1c-41bf-4484-920c-a985b5a325f1 tempest-ServerActionsTestOtherB-1157402536 tempest-ServerActionsTestOtherB-1157402536-project-member] Acquiring lock "b40d6a25-975b-43bf-8568-6d84c049db22" by "nova.context.set_target_cell..get_or_set_cached_cell_and_set_connections" {{(pid=95862) inner /opt/stack/data/venv/lib/python3.12/site-packages/oslo_concurrency/lockutils.py:512}}
Aug 20 13:58:21.145060 np0000007859 nova-conductor[95862]: DEBUG oslo_concurrency.lockutils [None req-92a29e1c-41bf-4484-920c-a985b5a325f1 tempest-ServerActionsTestOtherB-1157402536 tempest-ServerActionsTestOtherB-1157402536-project-member] Lock "b40d6a25-975b-43bf-8568-6d84c049db22" acquired by "nova.context.set_target_cell..get_or_set_cached_cell_and_set_connections" :: waited 0.000s {{(pid=95862) inner /opt/stack/data/venv/lib/python3.12/site-packages/oslo_concurrency/lockutils.py:525}}
Aug 20 13:58:21.146539 np0000007859 nova-conductor[95862]: INFO dbcounter [None req-92a29e1c-41bf-4484-920c-a985b5a325f1 tempest-ServerActionsTestOtherB-1157402536 tempest-ServerActionsTestOtherB-1157402536-project-member] Registered counter for database nova_cell0
Aug 20 13:58:21.147646 np0000007859 nova-conductor[95862]: DEBUG oslo_concurrency.lockutils [None req-92a29e1c-41bf-4484-920c-a985b5a325f1 tempest-ServerActionsTestOtherB-1157402536 tempest-ServerActionsTestOtherB-1157402536-project-member] Lock "b40d6a25-975b-43bf-8568-6d84c049db22" "released" by "nova.context.set_target_cell..get_or_set_cached_cell_and_set_connections" :: held 0.001s {{(pid=95862) inner /opt/stack/data/venv/lib/python3.12/site-packages/oslo_concurrency/lockutils.py:544}}
Aug 20 13:58:21.169279 np0000007859 nova-conductor[95911]: DEBUG oslo_concurrency.lockutils [None req-1707504f-d6e8-45e7-a77a-8d9c5e10430d tempest-ImageDependencyTests-288058980 tempest-ImageDependencyTests-288058980-project-member] Acquiring lock "b40d6a25-975b-43bf-8568-6d84c049db22" by "nova.context.set_target_cell..get_or_set_cached_cell_and_set_connections" {{(pid=95911) inner /opt/stack/data/venv/lib/python3.12/site-packages/oslo_concurrency/lockutils.py:512}}
Aug 20 13:58:21.169510 np0000007859 nova-conductor[95911]: DEBUG oslo_concurrency.lockutils [None req-1707504f-d6e8-45e7-a77a-8d9c5e10430d tempest-ImageDependencyTests-288058980 tempest-ImageDependencyTests-288058980-project-member] Lock "b40d6a25-975b-43bf-8568-6d84c049db22" acquired by "nova.context.set_target_cell..get_or_set_cached_cell_and_set_connections" :: waited 0.000s {{(pid=95911) inner /opt/stack/data/venv/lib/python3.12/site-packages/oslo_concurrency/lockutils.py:525}}
Aug 20 13:58:21.169594 np0000007859 nova-conductor[95911]: DEBUG oslo_concurrency.lockutils [None req-1707504f-d6e8-45e7-a77a-8d9c5e10430d tempest-ImageDependencyTests-288058980 tempest-ImageDependencyTests-288058980-project-member] Lock "b40d6a25-975b-43bf-8568-6d84c049db22" "released" by "nova.context.set_target_cell..get_or_set_cached_cell_and_set_connections" :: held 0.000s {{(pid=95911) inner /opt/stack/data/venv/lib/python3.12/site-packages/oslo_concurrency/lockutils.py:544}}
Aug 20 13:58:21.169786 np0000007859 nova-conductor[95911]: DEBUG oslo_concurrency.lockutils [None req-1707504f-d6e8-45e7-a77a-8d9c5e10430d tempest-ImageDependencyTests-288058980 tempest-ImageDependencyTests-288058980-project-member] Acquiring lock "compute-rpcapi-router" {{(pid=95911) lock /opt/stack/data/venv/lib/python3.12/site-packages/oslo_concurrency/lockutils.py:396}}
Aug 20 13:58:21.169902 np0000007859 nova-conductor[95911]: DEBUG oslo_concurrency.lockutils [None req-1707504f-d6e8-45e7-a77a-8d9c5e10430d tempest-ImageDependencyTests-288058980 tempest-ImageDependencyTests-288058980-project-member] Acquired lock "compute-rpcapi-router" {{(pid=95911) lock /opt/stack/data/venv/lib/python3.12/site-packages/oslo_concurrency/lockutils.py:399}}
Aug 20 13:58:21.170367 np0000007859 nova-conductor[95911]: DEBUG oslo_concurrency.lockutils [None req-933abef5-f366-4440-b3a3-bf3f42202694 None None] Acquiring lock "00000000-0000-0000-0000-000000000000" by "nova.context.set_target_cell..get_or_set_cached_cell_and_set_connections" {{(pid=95911) inner /opt/stack/data/venv/lib/python3.12/site-packages/oslo_concurrency/lockutils.py:512}}
Aug 20 13:58:21.170553 np0000007859 nova-conductor[95911]: DEBUG oslo_concurrency.lockutils [None req-933abef5-f366-4440-b3a3-bf3f42202694 None None] Lock "00000000-0000-0000-0000-000000000000" acquired by "nova.context.set_target_cell..get_or_set_cached_cell_and_set_connections" :: waited 0.000s {{(pid=95911) inner /opt/stack/data/venv/lib/python3.12/site-packages/oslo_concurrency/lockutils.py:525}}
Aug 20 13:58:21.170697 np0000007859 nova-conductor[95911]: DEBUG oslo_concurrency.lockutils [None req-933abef5-f366-4440-b3a3-bf3f42202694 None None] Lock "00000000-0000-0000-0000-000000000000" "released" by "nova.context.set_target_cell..get_or_set_cached_cell_and_set_connections" :: held 0.000s {{(pid=95911) inner /opt/stack/data/venv/lib/python3.12/site-packages/oslo_concurrency/lockutils.py:544}}
Aug 20 13:58:21.171362 np0000007859 nova-conductor[95911]: DEBUG oslo_concurrency.lockutils [None req-933abef5-f366-4440-b3a3-bf3f42202694 None None] Acquiring lock "b40d6a25-975b-43bf-8568-6d84c049db22" by "nova.context.set_target_cell..get_or_set_cached_cell_and_set_connections" {{(pid=95911) inner /opt/stack/data/venv/lib/python3.12/site-packages/oslo_concurrency/lockutils.py:512}}
Aug 20 13:58:21.172582 np0000007859 nova-conductor[95911]: DEBUG oslo_concurrency.lockutils [None req-933abef5-f366-4440-b3a3-bf3f42202694 None None] Lock "b40d6a25-975b-43bf-8568-6d84c049db22" acquired by "nova.context.set_target_cell..get_or_set_cached_cell_and_set_connections" :: waited 0.001s {{(pid=95911) inner /opt/stack/data/venv/lib/python3.12/site-packages/oslo_concurrency/lockutils.py:525}}
Aug 20 13:58:21.172731 np0000007859 nova-conductor[95911]: DEBUG oslo_concurrency.lockutils [None req-933abef5-f366-4440-b3a3-bf3f42202694 None None] Lock "b40d6a25-975b-43bf-8568-6d84c049db22" "released" by "nova.context.set_target_cell..get_or_set_cached_cell_and_set_connections" :: held 0.000s {{(pid=95911) inner /opt/stack/data/venv/lib/python3.12/site-packages/oslo_concurrency/lockutils.py:544}}
Aug 20 13:58:21.180805 np0000007859 nova-conductor[95911]: INFO nova.compute.rpcapi [None req-933abef5-f366-4440-b3a3-bf3f42202694 None None] Automatically selected compute RPC version 6.5 from minimum service version 72
Aug 20 13:58:21.181559 np0000007859 nova-conductor[95911]: DEBUG oslo_concurrency.lockutils [None req-933abef5-f366-4440-b3a3-bf3f42202694 None None] Releasing lock "compute-rpcapi-router" {{(pid=95911) lock /opt/stack/data/venv/lib/python3.12/site-packages/oslo_concurrency/lockutils.py:419}}
Aug 20 13:58:21.189720 np0000007859 nova-conductor[95862]: DEBUG oslo_db.sqlalchemy.engines [None req-92a29e1c-41bf-4484-920c-a985b5a325f1 tempest-ServerActionsTestOtherB-1157402536 tempest-ServerActionsTestOtherB-1157402536-project-member] MySQL server mode set to STRICT_TRANS_TABLES,STRICT_ALL_TABLES,NO_ZERO_IN_DATE,NO_ZERO_DATE,ERROR_FOR_DIVISION_BY_ZERO,TRADITIONAL,NO_ENGINE_SUBSTITUTION {{(pid=95862) _check_effective_sql_mode /opt/stack/data/venv/lib/python3.12/site-packages/oslo_db/sqlalchemy/engines.py:325}}
Aug 20 13:58:21.196603 np0000007859 nova-conductor[95862]: DEBUG dbcounter [-] [95862] Writer thread running {{(pid=95862) stat_writer /opt/stack/data/venv/lib/python3.12/site-packages/dbcounter.py:102}}
Aug 20 13:58:21.213629 np0000007859 nova-conductor[95862]: DEBUG nova.quota [None req-92a29e1c-41bf-4484-920c-a985b5a325f1 tempest-ServerActionsTestOtherB-1157402536 tempest-ServerActionsTestOtherB-1157402536-project-member] Getting quotas for project 639b9b83c5ef4f29a6bbf0f68667b078. Resources: {'ram', 'instances', 'cores'} {{(pid=95862) _get_quotas /opt/stack/nova/nova/quota.py:389}}
