Aug 20 13:55:21.063138 np0000007859 devstack@neutron-api.service[87595]: DEBUG neutron.plugins.ml2.drivers.ovn.mech_driver.ovsdb.ovsdb_monitor [None req-1117fd11-ac71-48b2-9049-b4f96d31c9af None None] Hash Ring: Node 30c68e2e65795d2b9bcc7fbe8d48d93f (host: np0000007859) handling event "create" for row 968d209b-a483-4d54-89a9-ec8422c11a99 (table: ACL) {{(pid=87595) notify /opt/stack/neutron/neutron/plugins/ml2/drivers/ovn/mech_driver/ovsdb/ovsdb_monitor.py:1099}}
Aug 20 13:55:21.063448 np0000007859 devstack@neutron-api.service[87595]: DEBUG neutron.plugins.ml2.drivers.ovn.mech_driver.ovsdb.ovsdb_monitor [None req-1117fd11-ac71-48b2-9049-b4f96d31c9af None None] Hash Ring: Node 30c68e2e65795d2b9bcc7fbe8d48d93f (host: np0000007859) handling event "create" for row 92b3610e-e9f1-42c9-b63f-46ebefee0921 (table: Port_Group) {{(pid=87595) notify /opt/stack/neutron/neutron/plugins/ml2/drivers/ovn/mech_driver/ovsdb/ovsdb_monitor.py:1099}}
Aug 20 13:55:21.064496 np0000007859 devstack@neutron-api.service[87595]: INFO neutron.plugins.ml2.drivers.ovn.mech_driver.ovsdb.impl_idl_ovn [None req-1117fd11-ac71-48b2-9049-b4f96d31c9af None None] Getting OvsdbSbOvnIdl for WorkerService with retry
Aug 20 13:55:21.094539 np0000007859 devstack@neutron-api.service[87593]: DEBUG neutron.common.ovn.hash_ring_manager [None req-635b8b8e-c061-4aff-a118-bcb19f335df5 None None] Allow caching, nodes 3>=3 {{(pid=87593) _wait_startup_before_caching /opt/stack/neutron/neutron/common/ovn/hash_ring_manager.py:71}}
Aug 20 13:55:21.099374 np0000007859 devstack@neutron-api.service[87595]: DEBUG ovsdbapp.backend.ovs_idl [None req-1117fd11-ac71-48b2-9049-b4f96d31c9af None None] Created lookup_table index Chassis.name {{(pid=87595) autocreate_indices /opt/stack/data/venv/lib/python3.12/site-packages/ovsdbapp/backend/ovs_idl/__init__.py:87}}
Aug 20 13:55:21.099527 np0000007859 devstack@neutron-api.service[87595]: DEBUG ovsdbapp.backend.ovs_idl [None req-1117fd11-ac71-48b2-9049-b4f96d31c9af None None] Created lookup_table index Port_Binding.logical_port {{(pid=87595) autocreate_indices /opt/stack/data/venv/lib/python3.12/site-packages/ovsdbapp/backend/ovs_idl/__init__.py:87}}
Aug 20 13:55:21.099636 np0000007859 devstack@neutron-api.service[87595]: DEBUG ovsdbapp.backend.ovs_idl [None req-1117fd11-ac71-48b2-9049-b4f96d31c9af None None] Created schema index Chassis_Private.name {{(pid=87595) autocreate_indices /opt/stack/data/venv/lib/python3.12/site-packages/ovsdbapp/backend/ovs_idl/__init__.py:106}}
Aug 20 13:55:21.099782 np0000007859 devstack@neutron-api.service[87595]: DEBUG ovsdbapp.backend.ovs_idl [None req-1117fd11-ac71-48b2-9049-b4f96d31c9af None None] Created schema index Datapath_Binding.tunnel_key {{(pid=87595) autocreate_indices /opt/stack/data/venv/lib/python3.12/site-packages/ovsdbapp/backend/ovs_idl/__init__.py:106}}
Aug 20 13:55:21.100079 np0000007859 devstack@neutron-api.service[87593]: DEBUG neutron.common.ovn.hash_ring_manager [None req-635b8b8e-c061-4aff-a118-bcb19f335df5 None None] Hash Ring loaded. 3 active nodes. 0 offline nodes {{(pid=87593) _load_hash_ring /opt/stack/neutron/neutron/common/ovn/hash_ring_manager.py:110}}
Aug 20 13:55:21.100298 np0000007859 devstack@neutron-api.service[87593]: DEBUG neutron.plugins.ml2.drivers.ovn.mech_driver.ovsdb.ovsdb_monitor [None req-635b8b8e-c061-4aff-a118-bcb19f335df5 None None] Hash Ring: Node c95812d528a057f894115fe32794ed68 (host: np0000007859) handling event "create" for row c115ee40-127e-4115-96f4-3ef60757b9fe (table: Chassis) {{(pid=87593) notify /opt/stack/neutron/neutron/plugins/ml2/drivers/ovn/mech_driver/ovsdb/ovsdb_monitor.py:1099}}
Aug 20 13:55:21.101422 np0000007859 devstack@neutron-api.service[87593]: DEBUG ovsdbapp.backend.ovs_idl.event [None req-635b8b8e-c061-4aff-a118-bcb19f335df5 None None] Matched CREATE: ChassisBandwidthConfigEvent(events=('create', 'update'), table='Chassis', conditions=None, old_conditions=None), priority=20 to row=Chassis(uuid=c115ee40-127e-4115-96f4-3ef60757b9fe, encaps=[2db118f1-d6bd-48fa-a3f3-6365a7be8a7f], external_ids={}, hostname='np0000007859', name='9012841c-7052-4373-857a-82276c13889b', nb_cfg=0, other_config={'ct-commit-nat-v2': 'true', 'ct-commit-to-zone': 'true', 'ct-next-zone': 'true', 'ct-no-masked-label': 'true', 'ct-state-save': 'true', 'datapath-type': 'system', 'fdb-timestamp': 'true', 'iface-types': 'afxdp,afxdp-nonpmd,bareudp,erspan,geneve,gre,gtpu,internal,ip6erspan,ip6gre,lisp,patch,srv6,stt,system,tap,vxlan', 'is-interconn': 'false', 'ls-dpg-column': 'true', 'mac-binding-timestamp': 'true', 'ovn-bridge-mappings': 'public:br-ex', 'ovn-chassis-mac-mappings': '', 'ovn-cms-options': 'enable-chassis-as-gw', 'ovn-ct-lb-related': 'true', 'ovn-enable-lflow-cache': 'true', 'ovn-limit-lflow-cache': '', 'ovn-memlimit-lflow-cache-kb': '', 'ovn-monitor-all': 'false', 'ovn-trim-limit-lflow-cache': '', 'ovn-trim-timeout-ms': '', 'ovn-trim-wmark-perc-lflow-cache': '', 'port-up-notif': 'true'}, transport_zones=[], vtep_logical_switches=[]) old= {{(pid=87593) matches /opt/stack/data/venv/lib/python3.12/site-packages/ovsdbapp/backend/ovs_idl/event.py:55}}
Aug 20 13:55:21.102374 np0000007859 devstack@neutron-api.service[87593]: DEBUG ovsdbapp.backend.ovs_idl.event [None req-635b8b8e-c061-4aff-a118-bcb19f335df5 None None] Matched CREATE: ChassisAgentWriteEvent(events=('create', 'update'), table='Chassis_Private', conditions=None, old_conditions=None), priority=20 to row=Chassis_Private(uuid=a9952113-c65a-4747-9631-41033291d826, chassis=c115ee40-127e-4115-96f4-3ef60757b9fe, external_ids={'neutron:ovn-bridge': 'br-int', 'neutron:ovn-neutron-agent-id': '839193dd-91f7-5146-ab53-b75cb026331b', 'neutron:ovn-neutron-agent-sb-cfg': '0'}, name='9012841c-7052-4373-857a-82276c13889b', nb_cfg=0, nb_cfg_timestamp=0) old= {{(pid=87593) matches /opt/stack/data/venv/lib/python3.12/site-packages/ovsdbapp/backend/ovs_idl/event.py:55}}
Aug 20 13:55:21.102976 np0000007859 devstack@neutron-api.service[87593]: DEBUG ovsdbapp.backend.ovs_idl.event [None req-635b8b8e-c061-4aff-a118-bcb19f335df5 None None] Matched CREATE: ChassisOVNAgentWriteEvent(events=('create', 'update'), table='Chassis_Private', conditions=None, old_conditions=None), priority=20 to row=Chassis_Private(uuid=a9952113-c65a-4747-9631-41033291d826, chassis=c115ee40-127e-4115-96f4-3ef60757b9fe, external_ids={'neutron:ovn-bridge': 'br-int', 'neutron:ovn-neutron-agent-id': '839193dd-91f7-5146-ab53-b75cb026331b', 'neutron:ovn-neutron-agent-sb-cfg': '0'}, name='9012841c-7052-4373-857a-82276c13889b', nb_cfg=0, nb_cfg_timestamp=0) old= {{(pid=87593) matches /opt/stack/data/venv/lib/python3.12/site-packages/ovsdbapp/backend/ovs_idl/event.py:55}}
Aug 20 13:55:21.103320 np0000007859 devstack@neutron-api.service[87593]: DEBUG neutron.plugins.ml2.drivers.ovn.mech_driver.ovsdb.ovsdb_monitor [None req-635b8b8e-c061-4aff-a118-bcb19f335df5 None None] Hash Ring: Node c95812d528a057f894115fe32794ed68 (host: np0000007859) handling event "create" for row a9952113-c65a-4747-9631-41033291d826 (table: Chassis_Private) {{(pid=87593) notify /opt/stack/neutron/neutron/plugins/ml2/drivers/ovn/mech_driver/ovsdb/ovsdb_monitor.py:1099}}
Aug 20 13:55:21.103540 np0000007859 devstack@neutron-api.service[87593]: DEBUG neutron.plugins.ml2.drivers.ovn.mech_driver.ovsdb.ovsdb_monitor [None req-635b8b8e-c061-4aff-a118-bcb19f335df5 None None] Hash Ring: Node c95812d528a057f894115fe32794ed68 (host: np0000007859) handling event "create" for row 2db118f1-d6bd-48fa-a3f3-6365a7be8a7f (table: Encap) {{(pid=87593) notify /opt/stack/neutron/neutron/plugins/ml2/drivers/ovn/mech_driver/ovsdb/ovsdb_monitor.py:1099}}
Aug 20 13:55:21.104112 np0000007859 devstack@neutron-api.service[87595]: INFO ovsdbapp.backend.ovs_idl.vlog [None req-1117fd11-ac71-48b2-9049-b4f96d31c9af None None] ssl:10.4.3.24:6642: connecting...
Aug 20 13:55:21.104945 np0000007859 devstack@neutron-api.service[87593]: INFO neutron.plugins.ml2.drivers.ovn.mech_driver.mech_driver [None req-635b8b8e-c061-4aff-a118-bcb19f335df5 None None] WorkerService process has finished the post initialization
Aug 20 13:55:21.105581 np0000007859 devstack@neutron-api.service[87593]: DEBUG oslo_concurrency.processutils [None req-635b8b8e-c061-4aff-a118-bcb19f335df5 None None] Running cmd (subprocess): ovsdb-client transact ssl:10.4.3.24:6641 --timeout 180 -p /opt/stack/data/CA/int-ca/private/devstack-cert.key -c /opt/stack/data/CA/int-ca/devstack-cert.crt -C /opt/stack/data/CA/int-ca/ca-chain.pem ["OVN_Northbound", {"op": "wait", "timeout": 0, "table": "Port_Group", "where": [["name", "==", "pvlan_pg_drop"]], "until": "==", "rows": []}, {"op": "insert", "table": "ACL", "row": {"action": "drop", "direction": "to-lport", "match": "outport == @pvlan_pg_drop && ip", "priority": 1010}, "uuid-name": "pvlandroptoport"}, {"op": "insert", "table": "ACL", "row": {"action": "drop", "direction": "from-lport", "match": "inport == @pvlan_pg_drop && ip", "priority": 1010}, "uuid-name": "pvlandropfromport"}, {"op": "insert", "table": "Port_Group", "row": {"name": "pvlan_pg_drop", "acls": ["set", [["named-uuid", "pvlandroptoport"], ["named-uuid", "pvlandropfromport"]]]}}] {{(pid=87593) execute /opt/stack/data/venv/lib/python3.12/site-packages/oslo_concurrency/processutils.py:440}}
Aug 20 13:55:21.106132 np0000007859 devstack@neutron-api.service[87593]: INFO neutron.plugins.ml2.drivers.ovn.mech_driver.ovsdb.extensions.qos [-] Starting OVNClientQosExtension
Aug 20 13:55:21.108962 np0000007859 devstack@neutron-api.service[87595]: INFO ovsdbapp.backend.ovs_idl.vlog [None req-1117fd11-ac71-48b2-9049-b4f96d31c9af None None] ssl:10.4.3.24:6642: connected
Aug 20 13:55:21.113584 np0000007859 devstack@neutron-api.service[87593]: INFO neutron.plugins.ml2.drivers.ovn.mech_driver.ovsdb.extensions.placement [-] Starting OVNClientPlacementExtension
Aug 20 13:55:21.131478 np0000007859 devstack@neutron-api.service[87595]: DEBUG neutron.common.ovn.hash_ring_manager [None req-1117fd11-ac71-48b2-9049-b4f96d31c9af None None] Allow caching, nodes 3>=3 {{(pid=87595) _wait_startup_before_caching /opt/stack/neutron/neutron/common/ovn/hash_ring_manager.py:71}}
Aug 20 13:55:21.135939 np0000007859 devstack@neutron-api.service[87595]: DEBUG neutron.common.ovn.hash_ring_manager [None req-1117fd11-ac71-48b2-9049-b4f96d31c9af None None] Hash Ring loaded. 3 active nodes. 0 offline nodes {{(pid=87595) _load_hash_ring /opt/stack/neutron/neutron/common/ovn/hash_ring_manager.py:110}}
Aug 20 13:55:21.136578 np0000007859 devstack@neutron-api.service[87595]: DEBUG ovsdbapp.backend.ovs_idl.event [None req-1117fd11-ac71-48b2-9049-b4f96d31c9af None None] Matched CREATE: ChassisAgentWriteEvent(events=('create', 'update'), table='Chassis_Private', conditions=None, old_conditions=None), priority=20 to row=Chassis_Private(uuid=a9952113-c65a-4747-9631-41033291d826, chassis=c115ee40-127e-4115-96f4-3ef60757b9fe, external_ids={'neutron:ovn-bridge': 'br-int', 'neutron:ovn-neutron-agent-id': '839193dd-91f7-5146-ab53-b75cb026331b', 'neutron:ovn-neutron-agent-sb-cfg': '0'}, name='9012841c-7052-4373-857a-82276c13889b', nb_cfg=0, nb_cfg_timestamp=0) old= {{(pid=87595) matches /opt/stack/data/venv/lib/python3.12/site-packages/ovsdbapp/backend/ovs_idl/event.py:55}}
Aug 20 13:55:21.136984 np0000007859 devstack@neutron-api.service[87595]: DEBUG ovsdbapp.backend.ovs_idl.event [None req-1117fd11-ac71-48b2-9049-b4f96d31c9af None None] Matched CREATE: ChassisOVNAgentWriteEvent(events=('create', 'update'), table='Chassis_Private', conditions=None, old_conditions=None), priority=20 to row=Chassis_Private(uuid=a9952113-c65a-4747-9631-41033291d826, chassis=c115ee40-127e-4115-96f4-3ef60757b9fe, external_ids={'neutron:ovn-bridge': 'br-int', 'neutron:ovn-neutron-agent-id': '839193dd-91f7-5146-ab53-b75cb026331b', 'neutron:ovn-neutron-agent-sb-cfg': '0'}, name='9012841c-7052-4373-857a-82276c13889b', nb_cfg=0, nb_cfg_timestamp=0) old= {{(pid=87595) matches /opt/stack/data/venv/lib/python3.12/site-packages/ovsdbapp/backend/ovs_idl/event.py:55}}
Aug 20 13:55:21.138364 np0000007859 devstack@neutron-api.service[87593]: DEBUG oslo_concurrency.processutils [None req-635b8b8e-c061-4aff-a118-bcb19f335df5 None None] CMD "ovsdb-client transact ssl:10.4.3.24:6641 --timeout 180 -p /opt/stack/data/CA/int-ca/private/devstack-cert.key -c /opt/stack/data/CA/int-ca/devstack-cert.crt -C /opt/stack/data/CA/int-ca/ca-chain.pem ["OVN_Northbound", {"op": "wait", "timeout": 0, "table": "Port_Group", "where": [["name", "==", "pvlan_pg_drop"]], "until": "==", "rows": []}, {"op": "insert", "table": "ACL", "row": {"action": "drop", "direction": "to-lport", "match": "outport == @pvlan_pg_drop && ip", "priority": 1010}, "uuid-name": "pvlandroptoport"}, {"op": "insert", "table": "ACL", "row": {"action": "drop", "direction": "from-lport", "match": "inport == @pvlan_pg_drop && ip", "priority": 1010}, "uuid-name": "pvlandropfromport"}, {"op": "insert", "table": "Port_Group", "row": {"name": "pvlan_pg_drop", "acls": ["set", [["named-uuid", "pvlandroptoport"], ["named-uuid", "pvlandropfromport"]]]}}]" returned: 0 in 0.033s {{(pid=87593) execute /opt/stack/data/venv/lib/python3.12/site-packages/oslo_concurrency/processutils.py:468}}
Aug 20 13:55:21.138854 np0000007859 devstack@neutron-api.service[87595]: INFO neutron.plugins.ml2.drivers.ovn.mech_driver.mech_driver [None req-1117fd11-ac71-48b2-9049-b4f96d31c9af None None] WorkerService process has finished the post initialization
Aug 20 13:55:21.139277 np0000007859 devstack@neutron-api.service[87595]: DEBUG oslo_concurrency.processutils [None req-1117fd11-ac71-48b2-9049-b4f96d31c9af None None] Running cmd (subprocess): ovsdb-client transact ssl:10.4.3.24:6641 --timeout 180 -p /opt/stack/data/CA/int-ca/private/devstack-cert.key -c /opt/stack/data/CA/int-ca/devstack-cert.crt -C /opt/stack/data/CA/int-ca/ca-chain.pem ["OVN_Northbound", {"op": "wait", "timeout": 0, "table": "Port_Group", "where": [["name", "==", "pvlan_pg_drop"]], "until": "==", "rows": []}, {"op": "insert", "table": "ACL", "row": {"action": "drop", "direction": "to-lport", "match": "outport == @pvlan_pg_drop && ip", "priority": 1010}, "uuid-name": "pvlandroptoport"}, {"op": "insert", "table": "ACL", "row": {"action": "drop", "direction": "from-lport", "match": "inport == @pvlan_pg_drop && ip", "priority": 1010}, "uuid-name": "pvlandropfromport"}, {"op": "insert", "table": "Port_Group", "row": {"name": "pvlan_pg_drop", "acls": ["set", [["named-uuid", "pvlandroptoport"], ["named-uuid", "pvlandropfromport"]]]}}] {{(pid=87595) execute /opt/stack/data/venv/lib/python3.12/site-packages/oslo_concurrency/processutils.py:440}}
Aug 20 13:55:21.140881 np0000007859 devstack@neutron-api.service[87593]: WSGI app 0 (mountpoint='') ready in 7 seconds on interpreter 0x70ed3aea4668 pid: 87593 (default app)
Aug 20 13:55:21.163137 np0000007859 devstack@neutron-api.service[87595]: DEBUG oslo_concurrency.processutils [None req-1117fd11-ac71-48b2-9049-b4f96d31c9af None None] CMD "ovsdb-client transact ssl:10.4.3.24:6641 --timeout 180 -p /opt/stack/data/CA/int-ca/private/devstack-cert.key -c /opt/stack/data/CA/int-ca/devstack-cert.crt -C /opt/stack/data/CA/int-ca/ca-chain.pem ["OVN_Northbound", {"op": "wait", "timeout": 0, "table": "Port_Group", "where": [["name", "==", "pvlan_pg_drop"]], "until": "==", "rows": []}, {"op": "insert", "table": "ACL", "row": {"action": "drop", "direction": "to-lport", "match": "outport == @pvlan_pg_drop && ip", "priority": 1010}, "uuid-name": "pvlandroptoport"}, {"op": "insert", "table": "ACL", "row": {"action": "drop", "direction": "from-lport", "match": "inport == @pvlan_pg_drop && ip", "priority": 1010}, "uuid-name": "pvlandropfromport"}, {"op": "insert", "table": "Port_Group", "row": {"name": "pvlan_pg_drop", "acls": ["set", [["named-uuid", "pvlandroptoport"], ["named-uuid", "pvlandropfromport"]]]}}]" returned: 0 in 0.024s {{(pid=87595) execute /opt/stack/data/venv/lib/python3.12/site-packages/oslo_concurrency/processutils.py:468}}
Aug 20 13:55:21.165328 np0000007859 devstack@neutron-api.service[87595]: WSGI app 0 (mountpoint='') ready in 7 seconds on interpreter 0x70ed3aea4668 pid: 87595 (default app)
Aug 20 13:55:21.728413 np0000007859 devstack@neutron-api.service[87594]: DEBUG neutron.common.ovn.hash_ring_manager [-] Allow caching, nodes 3>=3 {{(pid=87594) _wait_startup_before_caching /opt/stack/neutron/neutron/common/ovn/hash_ring_manager.py:71}}
Aug 20 13:55:21.728802 np0000007859 devstack@neutron-api.service[87594]: DEBUG neutron.plugins.ml2.drivers.ovn.mech_driver.ovsdb.ovsdb_monitor [-] Hash Ring: Node a743b75bbac257339caf4983dfe3a73a (host: np0000007859) handling event "update" for row 4e8a8189-4f4a-48c7-bec1-b6486e6bebf6 (table: Connection) {{(pid=87594) notify /opt/stack/neutron/neutron/plugins/ml2/drivers/ovn/mech_driver/ovsdb/ovsdb_monitor.py:1099}}
Aug 20 13:55:24.242286 np0000007859 devstack@neutron-api.service[87594]: DEBUG neutron.plugins.ml2.drivers.ovn.mech_driver.ovsdb.ovsdb_monitor [-] Hash Ring: Node a743b75bbac257339caf4983dfe3a73a (host: np0000007859) handling event "update" for row 4e8a8189-4f4a-48c7-bec1-b6486e6bebf6 (table: Connection) {{(pid=87594) notify /opt/stack/neutron/neutron/plugins/ml2/drivers/ovn/mech_driver/ovsdb/ovsdb_monitor.py:1099}}
Aug 20 13:55:24.870152 np0000007859 devstack@neutron-api.service[87594]: DEBUG neutron.api.wsgi [None req-f24fd134-ad83-49c9-871d-1a076b847483 admin admin] Missing Content-Type {{(pid=87594) get_content_type /opt/stack/neutron/neutron/api/wsgi.py:80}}
Aug 20 13:55:24.870737 np0000007859 devstack@neutron-api.service[87594]: DEBUG neutron.api.wsgi [None req-f24fd134-ad83-49c9-871d-1a076b847483 admin admin] https://10.4.3.24/networking/v2.0/extensions returned with HTTP 200 {{(pid=87594) __call__ /opt/stack/neutron/neutron/api/wsgi.py:540}}
Aug 20 13:55:24.871091 np0000007859 devstack@neutron-api.service[87594]: [pid: 87594|app: 0|req: 2/2] 10.4.3.24 () {64 vars in 1285 bytes} [Thu Aug 20 13:55:24 2026] GET /networking/v2.0/extensions => generated 16171 bytes in 554 msecs (HTTP/1.1 200) 4 headers in 159 bytes (1 switches on core 0)
Aug 20 13:55:25.247092 np0000007859 devstack@neutron-api.service[87593]: DEBUG neutron.api.v2.base [None req-9b30349a-8244-4cfc-b26b-bbbe1eee16b6 admin admin] Request body: {'subnetpool': {'name': 'shared-default-subnetpool-v4', 'default_prefixlen': 26, 'prefixes': ['10.1.0.0/20'], 'shared': True, 'is_default': True}} {{(pid=87593) prepare_request_body /opt/stack/neutron/neutron/api/v2/base.py:727}}
Aug 20 13:55:25.435171 np0000007859 devstack@neutron-api.service[87593]: DEBUG neutron.policy [None req-9b30349a-8244-4cfc-b26b-bbbe1eee16b6 admin admin] Loaded default policies from ['neutron'] under neutron.policies entry points {{(pid=87593) register_rules /opt/stack/neutron/neutron/policy.py:65}}
Aug 20 13:55:25.563497 np0000007859 devstack@neutron-api.service[87593]: DEBUG neutron_lib.callbacks.manager [None req-9b30349a-8244-4cfc-b26b-bbbe1eee16b6 admin admin] Publish callbacks ['neutron.objects.securitygroup.RbacNeutronDbObjectMixin.validate_rbac_policy_change-1404784197451', 'neutron.objects.address_group.RbacNeutronDbObjectMixin.validate_rbac_policy_change-1404784104567', 'neutron.objects.network.RbacNeutronDbObjectMixin.validate_rbac_policy_change-1404784231223', 'neutron.objects.qos.policy.RbacNeutronDbObjectMixin.validate_rbac_policy_change-1404784215801', 'neutron.objects.subnetpool.RbacNeutronDbObjectMixin.validate_rbac_policy_change-1404783916403', 'neutron.objects.address_scope.RbacNeutronDbObjectMixin.validate_rbac_policy_change-1404784254677', 'neutron.plugins.ml2.plugin.External_net_db_mixin._process_ext_policy_create-8264796', 'neutron.plugins.ml2.plugin.NeutronDbPluginV2.validate_network_rbac_policy_change-8269896'] for rbac-policy (None), before_create {{(pid=87593) _notify_loop /opt/stack/data/venv/lib/python3.12/site-packages/neutron_lib/callbacks/manager.py:184}}
Aug 20 13:55:25.599608 np0000007859 devstack@neutron-api.service[87593]: DEBUG neutron_lib.callbacks.manager [None req-9b30349a-8244-4cfc-b26b-bbbe1eee16b6 admin admin] Publish callbacks [] for subnetpool (None), before_response {{(pid=87593) _notify_loop /opt/stack/data/venv/lib/python3.12/site-packages/neutron_lib/callbacks/manager.py:184}}
Aug 20 13:55:25.600204 np0000007859 devstack@neutron-api.service[87593]: [pid: 87593|app: 0|req: 1/3] 10.4.3.24 () {68 vars in 1329 bytes} [Thu Aug 20 13:55:25 2026] POST /networking/v2.0/subnetpools => generated 533 bytes in 441 msecs (HTTP/1.1 201) 4 headers in 162 bytes (1 switches on core 0)
Aug 20 13:55:25.898603 np0000007859 devstack@neutron-api.service[87595]: DEBUG neutron.api.v2.base [None req-5c2c8fc4-3921-44ab-ac38-4cef51a09335 admin admin] Request body: {'subnetpool': {'name': 'shared-default-subnetpool-v6', 'default_prefixlen': 64, 'prefixes': ['fd4a:6c7f:ea55::/56'], 'shared': True, 'is_default': True}} {{(pid=87595) prepare_request_body /opt/stack/neutron/neutron/api/v2/base.py:727}}
Aug 20 13:55:26.043122 np0000007859 devstack@neutron-api.service[87595]: DEBUG neutron.policy [None req-5c2c8fc4-3921-44ab-ac38-4cef51a09335 admin admin] Loaded default policies from ['neutron'] under neutron.policies entry points {{(pid=87595) register_rules /opt/stack/neutron/neutron/policy.py:65}}
Aug 20 13:55:26.166320 np0000007859 devstack@neutron-api.service[87595]: DEBUG neutron_lib.callbacks.manager [None req-5c2c8fc4-3921-44ab-ac38-4cef51a09335 admin admin] Publish callbacks ['neutron.objects.securitygroup.RbacNeutronDbObjectMixin.validate_rbac_policy_change-1404784129003', 'neutron.objects.address_group.RbacNeutronDbObjectMixin.validate_rbac_policy_change-1404784302924', 'neutron.objects.network.RbacNeutronDbObjectMixin.validate_rbac_policy_change-1404784231167', 'neutron.objects.qos.policy.RbacNeutronDbObjectMixin.validate_rbac_policy_change-1404784214575', 'neutron.objects.subnetpool.RbacNeutronDbObjectMixin.validate_rbac_policy_change-1404784263232', 'neutron.objects.address_scope.RbacNeutronDbObjectMixin.validate_rbac_policy_change-1404784253460', 'neutron.plugins.ml2.plugin.External_net_db_mixin._process_ext_policy_create-6680447', 'neutron.plugins.ml2.plugin.NeutronDbPluginV2.validate_network_rbac_policy_change-6619923'] for rbac-policy (None), before_create {{(pid=87595) _notify_loop /opt/stack/data/venv/lib/python3.12/site-packages/neutron_lib/callbacks/manager.py:184}}
Aug 20 13:55:26.209071 np0000007859 devstack@neutron-api.service[87595]: DEBUG neutron_lib.callbacks.manager [None req-5c2c8fc4-3921-44ab-ac38-4cef51a09335 admin admin] Publish callbacks [] for subnetpool (None), before_response {{(pid=87595) _notify_loop /opt/stack/data/venv/lib/python3.12/site-packages/neutron_lib/callbacks/manager.py:184}}
Aug 20 13:55:26.209597 np0000007859 devstack@neutron-api.service[87595]: [pid: 87595|app: 0|req: 1/4] 10.4.3.24 () {68 vars in 1329 bytes} [Thu Aug 20 13:55:25 2026] POST /networking/v2.0/subnetpools => generated 543 bytes in 399 msecs (HTTP/1.1 201) 4 headers in 162 bytes (1 switches on core 0)
Aug 20 13:55:26.445096 np0000007859 devstack@neutron-api.service[87594]: DEBUG neutron.api.v2.base [None req-9cc9bbfa-05e4-4509-a475-438e12f19c4a admin admin] Request body: {'network': {'name': 'private', 'admin_state_up': True}} {{(pid=87594) prepare_request_body /opt/stack/neutron/neutron/api/v2/base.py:727}}
Aug 20 13:55:26.477502 np0000007859 devstack@neutron-api.service[87594]: DEBUG neutron.pecan_wsgi.hooks.quota_enforcement [None req-9cc9bbfa-05e4-4509-a475-438e12f19c4a admin admin] Made reservation on behalf of cfca4195d66349c5921f51e5c790926a for: {'network': 1} {{(pid=87594) before /opt/stack/neutron/neutron/pecan_wsgi/hooks/quota_enforcement.py:66}}
Aug 20 13:55:26.631290 np0000007859 devstack@neutron-api.service[87594]: DEBUG neutron.policy [None req-9cc9bbfa-05e4-4509-a475-438e12f19c4a admin admin] Loaded default policies from ['neutron'] under neutron.policies entry points {{(pid=87594) register_rules /opt/stack/neutron/neutron/policy.py:65}}
Aug 20 13:55:26.716325 np0000007859 devstack@neutron-api.service[87594]: DEBUG neutron_lib.callbacks.manager [None req-9cc9bbfa-05e4-4509-a475-438e12f19c4a admin admin] Publish callbacks ['neutron.plugins.ml2.plugin.SecurityGroupDbMixin._ensure_default_security_group_handler-1416'] for network (None), before_create {{(pid=87594) _notify_loop /opt/stack/data/venv/lib/python3.12/site-packages/neutron_lib/callbacks/manager.py:184}}
Aug 20 13:55:26.734660 np0000007859 devstack@neutron-api.service[87594]: DEBUG neutron_lib.callbacks.manager [None req-9cc9bbfa-05e4-4509-a475-438e12f19c4a admin admin] Publish callbacks [] for security_group (None), before_create {{(pid=87594) _notify_loop /opt/stack/data/venv/lib/python3.12/site-packages/neutron_lib/callbacks/manager.py:184}}
Aug 20 13:55:26.828737 np0000007859 devstack@neutron-api.service[87594]: DEBUG neutron_lib.callbacks.manager [None req-9cc9bbfa-05e4-4509-a475-438e12f19c4a admin admin] Publish callbacks ['neutron.plugins.ml2.drivers.ovn.mech_driver.mech_driver.OVNMechanismDriver._create_security_group_precommit-171736'] for security_group (faec01a0-753a-4943-8bea-78319cef116a), precommit_create {{(pid=87594) _notify_loop /opt/stack/data/venv/lib/python3.12/site-packages/neutron_lib/callbacks/manager.py:184}}
Aug 20 13:55:26.828935 np0000007859 devstack@neutron-api.service[87594]: DEBUG neutron.db.ovn_revision_numbers_db [None req-9cc9bbfa-05e4-4509-a475-438e12f19c4a admin admin] create_initial_revision uuid=faec01a0-753a-4943-8bea-78319cef116a, type=security_groups, rev=-1 {{(pid=87594) create_initial_revision /opt/stack/neutron/neutron/db/ovn_revision_numbers_db.py:98}}
Aug 20 13:55:26.831105 np0000007859 devstack@neutron-api.service[87594]: DEBUG neutron.db.ovn_revision_numbers_db [None req-9cc9bbfa-05e4-4509-a475-438e12f19c4a admin admin] create_initial_revision uuid=69940cbb-cc28-4fdd-9646-411a71475451, type=security_group_rules, rev=-1 {{(pid=87594) create_initial_revision /opt/stack/neutron/neutron/db/ovn_revision_numbers_db.py:98}}
Aug 20 13:55:26.832295 np0000007859 devstack@neutron-api.service[87594]: DEBUG neutron.db.ovn_revision_numbers_db [None req-9cc9bbfa-05e4-4509-a475-438e12f19c4a admin admin] create_initial_revision uuid=70376a52-d579-4d7c-982a-3ee3283afe18, type=security_group_rules, rev=-1 {{(pid=87594) create_initial_revision /opt/stack/neutron/neutron/db/ovn_revision_numbers_db.py:98}}
Aug 20 13:55:26.833264 np0000007859 devstack@neutron-api.service[87594]: DEBUG neutron.db.ovn_revision_numbers_db [None req-9cc9bbfa-05e4-4509-a475-438e12f19c4a admin admin] create_initial_revision uuid=c429671a-8a5f-4c44-bfca-7503d9f7e758, type=security_group_rules, rev=-1 {{(pid=87594) create_initial_revision /opt/stack/neutron/neutron/db/ovn_revision_numbers_db.py:98}}
Aug 20 13:55:26.834151 np0000007859 devstack@neutron-api.service[87594]: DEBUG neutron.db.ovn_revision_numbers_db [None req-9cc9bbfa-05e4-4509-a475-438e12f19c4a admin admin] create_initial_revision uuid=f7b29737-01a0-44c2-a78b-7223abedd537, type=security_group_rules, rev=-1 {{(pid=87594) create_initial_revision /opt/stack/neutron/neutron/db/ovn_revision_numbers_db.py:98}}
Aug 20 13:55:26.839541 np0000007859 devstack@neutron-api.service[87594]: DEBUG neutron_lib.callbacks.manager [None req-9cc9bbfa-05e4-4509-a475-438e12f19c4a admin admin] Publish callbacks ['neutron.plugins.ml2.drivers.ovn.mech_driver.mech_driver.OVNMechanismDriver._create_security_group-171730', 'neutron.plugins.ml2.ovo_rpc._ObjectChangeHandler.handle_event-1059157'] for security_group (faec01a0-753a-4943-8bea-78319cef116a), after_create {{(pid=87594) _notify_loop /opt/stack/data/venv/lib/python3.12/site-packages/neutron_lib/callbacks/manager.py:184}}
Aug 20 13:55:26.840544 np0000007859 devstack@neutron-api.service[87594]: DEBUG ovsdbapp.backend.ovs_idl.transaction [-] Running txn n=1 command(idx=0): PgAddCommand(_result=None, name=pg_faec01a0_753a_4943_8bea_78319cef116a, may_exist=False, columns={'acls': [], 'external_ids': {'neutron:security_group_id': 'faec01a0-753a-4943-8bea-78319cef116a'}}) {{(pid=87594) do_commit /opt/stack/data/venv/lib/python3.12/site-packages/ovsdbapp/backend/ovs_idl/transaction.py:89}}
Aug 20 13:55:26.841857 np0000007859 devstack@neutron-api.service[87594]: DEBUG ovsdbapp.backend.ovs_idl.transaction [-] Running txn n=1 command(idx=1): PgAclAddCommand(_result=None, entity=pg_faec01a0_753a_4943_8bea_78319cef116a, direction=from-lport, priority=1002, match=inport == @pg_faec01a0_753a_4943_8bea_78319cef116a && ip6, action=allow-related, log=False, may_exist=True, severity=[], name=[], meter=[], external_ids={'neutron:security_group_rule_id': '69940cbb-cc28-4fdd-9646-411a71475451'}) {{(pid=87594) do_commit /opt/stack/data/venv/lib/python3.12/site-packages/ovsdbapp/backend/ovs_idl/transaction.py:89}}
Aug 20 13:55:26.842252 np0000007859 devstack@neutron-api.service[87594]: DEBUG ovsdbapp.backend.ovs_idl.transaction [-] Running txn n=1 command(idx=2): PgAclAddCommand(_result=None, entity=pg_faec01a0_753a_4943_8bea_78319cef116a, direction=to-lport, priority=1002, match=outport == @pg_faec01a0_753a_4943_8bea_78319cef116a && ip4 && ip4.src == $pg_faec01a0_753a_4943_8bea_78319cef116a_ip4, action=allow-related, log=False, may_exist=True, severity=[], name=[], meter=[], external_ids={'neutron:security_group_rule_id': '70376a52-d579-4d7c-982a-3ee3283afe18'}) {{(pid=87594) do_commit /opt/stack/data/venv/lib/python3.12/site-packages/ovsdbapp/backend/ovs_idl/transaction.py:89}}
Aug 20 13:55:26.842567 np0000007859 devstack@neutron-api.service[87594]: DEBUG ovsdbapp.backend.ovs_idl.transaction [-] Running txn n=1 command(idx=3): PgAclAddCommand(_result=None, entity=pg_faec01a0_753a_4943_8bea_78319cef116a, direction=to-lport, priority=1002, match=outport == @pg_faec01a0_753a_4943_8bea_78319cef116a && ip6 && ip6.src == $pg_faec01a0_753a_4943_8bea_78319cef116a_ip6, action=allow-related, log=False, may_exist=True, severity=[], name=[], meter=[], external_ids={'neutron:security_group_rule_id': 'c429671a-8a5f-4c44-bfca-7503d9f7e758'}) {{(pid=87594) do_commit /opt/stack/data/venv/lib/python3.12/site-packages/ovsdbapp/backend/ovs_idl/transaction.py:89}}
Aug 20 13:55:26.842832 np0000007859 devstack@neutron-api.service[87594]: DEBUG ovsdbapp.backend.ovs_idl.transaction [-] Running txn n=1 command(idx=4): PgAclAddCommand(_result=None, entity=pg_faec01a0_753a_4943_8bea_78319cef116a, direction=from-lport, priority=1002, match=inport == @pg_faec01a0_753a_4943_8bea_78319cef116a && ip4, action=allow-related, log=False, may_exist=True, severity=[], name=[], meter=[], external_ids={'neutron:security_group_rule_id': 'f7b29737-01a0-44c2-a78b-7223abedd537'}) {{(pid=87594) do_commit /opt/stack/data/venv/lib/python3.12/site-packages/ovsdbapp/backend/ovs_idl/transaction.py:89}}
Aug 20 13:55:26.849201 np0000007859 devstack@neutron-api.service[87594]: DEBUG neutron.plugins.ml2.drivers.ovn.mech_driver.ovsdb.ovsdb_monitor [-] Hash Ring: Node a743b75bbac257339caf4983dfe3a73a (host: np0000007859) handling event "create" for row 0733f572-7fa0-4d61-a02a-11203f43005e (table: ACL) {{(pid=87594) notify /opt/stack/neutron/neutron/plugins/ml2/drivers/ovn/mech_driver/ovsdb/ovsdb_monitor.py:1099}}
Aug 20 13:55:26.849462 np0000007859 devstack@neutron-api.service[87594]: DEBUG neutron.plugins.ml2.drivers.ovn.mech_driver.ovsdb.ovsdb_monitor [-] Hash Ring: Node a743b75bbac257339caf4983dfe3a73a (host: np0000007859) handling event "create" for row 266770f1-673a-488f-b803-5aaf93df5993 (table: ACL) {{(pid=87594) notify /opt/stack/neutron/neutron/plugins/ml2/drivers/ovn/mech_driver/ovsdb/ovsdb_monitor.py:1099}}
Aug 20 13:55:26.849664 np0000007859 devstack@neutron-api.service[87594]: DEBUG neutron.plugins.ml2.drivers.ovn.mech_driver.ovsdb.ovsdb_monitor [-] Hash Ring: Node a743b75bbac257339caf4983dfe3a73a (host: np0000007859) handling event "create" for row 502fcd99-0808-43ae-adf2-de558ba5897c (table: ACL) {{(pid=87594) notify /opt/stack/neutron/neutron/plugins/ml2/drivers/ovn/mech_driver/ovsdb/ovsdb_monitor.py:1099}}
Aug 20 13:55:26.849838 np0000007859 devstack@neutron-api.service[87594]: DEBUG neutron.plugins.ml2.drivers.ovn.mech_driver.ovsdb.ovsdb_monitor [-] Hash Ring: Node a743b75bbac257339caf4983dfe3a73a (host: np0000007859) handling event "create" for row ff69d9ec-b1aa-4f03-a962-e4917ad2d7c1 (table: ACL) {{(pid=87594) notify /opt/stack/neutron/neutron/plugins/ml2/drivers/ovn/mech_driver/ovsdb/ovsdb_monitor.py:1099}}
Aug 20 13:55:26.849970 np0000007859 devstack@neutron-api.service[87594]: DEBUG neutron.plugins.ml2.drivers.ovn.mech_driver.ovsdb.ovsdb_monitor [-] Hash Ring: Node a743b75bbac257339caf4983dfe3a73a (host: np0000007859) handling event "create" for row d2328954-c27b-47b3-b411-23aa98f92ecd (table: Port_Group) {{(pid=87594) notify /opt/stack/neutron/neutron/plugins/ml2/drivers/ovn/mech_driver/ovsdb/ovsdb_monitor.py:1099}}
Aug 20 13:55:26.850049 np0000007859 devstack@neutron-api.service[87593]: DEBUG neutron.plugins.ml2.drivers.ovn.mech_driver.ovsdb.ovsdb_monitor [-] Hash Ring: Node c95812d528a057f894115fe32794ed68 (host: np0000007859) handling event "create" for row 266770f1-673a-488f-b803-5aaf93df5993 (table: ACL) {{(pid=87593) notify /opt/stack/neutron/neutron/plugins/ml2/drivers/ovn/mech_driver/ovsdb/ovsdb_monitor.py:1099}}
Aug 20 13:55:26.850368 np0000007859 devstack@neutron-api.service[87593]: DEBUG neutron.plugins.ml2.drivers.ovn.mech_driver.ovsdb.ovsdb_monitor [-] Hash Ring: Node c95812d528a057f894115fe32794ed68 (host: np0000007859) handling event "create" for row 502fcd99-0808-43ae-adf2-de558ba5897c (table: ACL) {{(pid=87593) notify /opt/stack/neutron/neutron/plugins/ml2/drivers/ovn/mech_driver/ovsdb/ovsdb_monitor.py:1099}}
Aug 20 13:55:26.851350 np0000007859 devstack@neutron-api.service[87595]: DEBUG neutron.plugins.ml2.drivers.ovn.mech_driver.ovsdb.ovsdb_monitor [-] Hash Ring: Node 30c68e2e65795d2b9bcc7fbe8d48d93f (host: np0000007859) handling event "create" for row ff69d9ec-b1aa-4f03-a962-e4917ad2d7c1 (table: ACL) {{(pid=87595) notify /opt/stack/neutron/neutron/plugins/ml2/drivers/ovn/mech_driver/ovsdb/ovsdb_monitor.py:1099}}
Aug 20 13:55:26.871214 np0000007859 devstack@neutron-api.service[87594]: INFO neutron.db.ovn_revision_numbers_db [None req-9cc9bbfa-05e4-4509-a475-438e12f19c4a admin admin] Successfully bumped revision number for resource faec01a0-753a-4943-8bea-78319cef116a (type: security_groups) to 1
Aug 20 13:55:26.885081 np0000007859 devstack@neutron-api.service[87594]: INFO neutron.db.ovn_revision_numbers_db [None req-9cc9bbfa-05e4-4509-a475-438e12f19c4a admin admin] Successfully bumped revision number for resource 69940cbb-cc28-4fdd-9646-411a71475451 (type: security_group_rules) to 0
Aug 20 13:55:26.896559 np0000007859 devstack@neutron-api.service[87594]: INFO neutron.db.ovn_revision_numbers_db [None req-9cc9bbfa-05e4-4509-a475-438e12f19c4a admin admin] Successfully bumped revision number for resource 70376a52-d579-4d7c-982a-3ee3283afe18 (type: security_group_rules) to 0
Aug 20 13:55:26.907587 np0000007859 devstack@neutron-api.service[87594]: INFO neutron.db.ovn_revision_numbers_db [None req-9cc9bbfa-05e4-4509-a475-438e12f19c4a admin admin] Successfully bumped revision number for resource c429671a-8a5f-4c44-bfca-7503d9f7e758 (type: security_group_rules) to 0
Aug 20 13:55:26.919691 np0000007859 devstack@neutron-api.service[87594]: INFO neutron.db.ovn_revision_numbers_db [None req-9cc9bbfa-05e4-4509-a475-438e12f19c4a admin admin] Successfully bumped revision number for resource f7b29737-01a0-44c2-a78b-7223abedd537 (type: security_group_rules) to 0
Aug 20 13:55:26.940122 np0000007859 devstack@neutron-api.service[87594]: DEBUG neutron.api.rpc.handlers.resources_rpc [None req-9cc9bbfa-05e4-4509-a475-438e12f19c4a admin admin] Pushing event updated for resources: {'SecurityGroup': ['ID=faec01a0-753a-4943-8bea-78319cef116a,revision_number=1']} {{(pid=87594) push /opt/stack/neutron/neutron/api/rpc/handlers/resources_rpc.py:237}}
Aug 20 13:55:26.946794 np0000007859 devstack@neutron-api.service[87594]: DEBUG ovsdbapp.backend.ovs_idl.transaction [-] Running txn n=1 command(idx=0): CheckLivenessCommand(_result=None) {{(pid=87594) do_commit /opt/stack/data/venv/lib/python3.12/site-packages/ovsdbapp/backend/ovs_idl/transaction.py:89}}
Aug 20 13:55:26.948416 np0000007859 devstack@neutron-api.service[87594]: DEBUG neutron.plugins.ml2.drivers.ovn.mech_driver.ovsdb.ovsdb_monitor [-] Hash Ring: Node a743b75bbac257339caf4983dfe3a73a (host: np0000007859) handling event "update" for row d95b52ea-f25b-4b7c-8769-b8fa07c8a27e (table: NB_Global) {{(pid=87594) notify /opt/stack/neutron/neutron/plugins/ml2/drivers/ovn/mech_driver/ovsdb/ovsdb_monitor.py:1099}}
Aug 20 13:55:26.951481 np0000007859 devstack@neutron-api.service[87594]: DEBUG neutron.api.rpc.callbacks.version_manager [None req-9cc9bbfa-05e4-4509-a475-438e12f19c4a admin admin] Tracked resource versions report:
Aug 20 13:55:26.951481 np0000007859 devstack@neutron-api.service[87594]: pushed versions:
Aug 20 13:55:26.951481 np0000007859 devstack@neutron-api.service[87594]: { 'AddressGroup': {'1.2'},
Aug 20 13:55:26.951481 np0000007859 devstack@neutron-api.service[87594]: 'Agent': {'1.1'},
Aug 20 13:55:26.951481 np0000007859 devstack@neutron-api.service[87594]: 'ConntrackHelper': {'1.0'},
Aug 20 13:55:26.951481 np0000007859 devstack@neutron-api.service[87594]: 'LocalIPAssociation': {'1.0'},
Aug 20 13:55:26.951481 np0000007859 devstack@neutron-api.service[87594]: 'Log': {'1.0'},
Aug 20 13:55:26.951481 np0000007859 devstack@neutron-api.service[87594]: 'NDPProxy': {'1.0'},
Aug 20 13:55:26.951481 np0000007859 devstack@neutron-api.service[87594]: 'Network': {'1.3'},
Aug 20 13:55:26.951481 np0000007859 devstack@neutron-api.service[87594]: 'Port': {'1.11'},
Aug 20 13:55:26.951481 np0000007859 devstack@neutron-api.service[87594]: 'PortForwarding': {'1.3'},
Aug 20 13:55:26.951481 np0000007859 devstack@neutron-api.service[87594]: 'QosPolicy': {'1.10'},
Aug 20 13:55:26.951481 np0000007859 devstack@neutron-api.service[87594]: 'SecurityGroup': {'1.6'},
Aug 20 13:55:26.951481 np0000007859 devstack@neutron-api.service[87594]: 'SecurityGroupRule': {'1.3'},
Aug 20 13:55:26.951481 np0000007859 devstack@neutron-api.service[87594]: 'SubPort': {'1.0'},
Aug 20 13:55:26.951481 np0000007859 devstack@neutron-api.service[87594]: 'Subnet': {'1.2'},
Aug 20 13:55:26.951481 np0000007859 devstack@neutron-api.service[87594]: 'Trunk': {'1.1'}}
Aug 20 13:55:26.951481 np0000007859 devstack@neutron-api.service[87594]: consumer versions:
Aug 20 13:55:26.951481 np0000007859 devstack@neutron-api.service[87594]: {}
Aug 20 13:55:26.951481 np0000007859 devstack@neutron-api.service[87594]: {{(pid=87594) report /opt/stack/neutron/neutron/api/rpc/callbacks/version_manager.py:183}}
Aug 20 13:55:26.954245 np0000007859 devstack@neutron-api.service[87595]: DEBUG ovsdbapp.backend.ovs_idl.event [-] Matched UPDATE: ChassisAgentWriteEvent(events=('create', 'update'), table='Chassis_Private', conditions=None, old_conditions=None), priority=20 to row=Chassis_Private(uuid=a9952113-c65a-4747-9631-41033291d826, chassis=c115ee40-127e-4115-96f4-3ef60757b9fe, external_ids={'neutron:ovn-bridge': 'br-int', 'neutron:ovn-neutron-agent-id': '839193dd-91f7-5146-ab53-b75cb026331b', 'neutron:ovn-neutron-agent-sb-cfg': '0'}, name='9012841c-7052-4373-857a-82276c13889b', nb_cfg=1, nb_cfg_timestamp=1787234126949) old=Chassis_Private(uuid=a9952113-c65a-4747-9631-41033291d826, nb_cfg=0, nb_cfg_timestamp=0) {{(pid=87595) matches /opt/stack/data/venv/lib/python3.12/site-packages/ovsdbapp/backend/ovs_idl/event.py:55}}
Aug 20 13:55:26.955479 np0000007859 devstack@neutron-api.service[87593]: DEBUG ovsdbapp.backend.ovs_idl.event [-] Matched UPDATE: ChassisAgentWriteEvent(events=('create', 'update'), table='Chassis_Private', conditions=None, old_conditions=None), priority=20 to row=Chassis_Private(uuid=a9952113-c65a-4747-9631-41033291d826, chassis=c115ee40-127e-4115-96f4-3ef60757b9fe, external_ids={'neutron:ovn-bridge': 'br-int', 'neutron:ovn-neutron-agent-id': '839193dd-91f7-5146-ab53-b75cb026331b', 'neutron:ovn-neutron-agent-sb-cfg': '0'}, name='9012841c-7052-4373-857a-82276c13889b', nb_cfg=1, nb_cfg_timestamp=1787234126949) old=Chassis_Private(uuid=a9952113-c65a-4747-9631-41033291d826, nb_cfg=0, nb_cfg_timestamp=0) {{(pid=87593) matches /opt/stack/data/venv/lib/python3.12/site-packages/ovsdbapp/backend/ovs_idl/event.py:55}}
Aug 20 13:55:26.956641 np0000007859 devstack@neutron-api.service[87593]: DEBUG neutron.plugins.ml2.drivers.ovn.mech_driver.ovsdb.ovsdb_monitor [-] Hash Ring: Node c95812d528a057f894115fe32794ed68 (host: np0000007859) handling event "update" for row a9952113-c65a-4747-9631-41033291d826 (table: Chassis_Private) {{(pid=87593) notify /opt/stack/neutron/neutron/plugins/ml2/drivers/ovn/mech_driver/ovsdb/ovsdb_monitor.py:1099}}
Aug 20 13:55:26.958088 np0000007859 devstack@neutron-api.service[87594]: DEBUG ovsdbapp.backend.ovs_idl.event [-] Matched UPDATE: ChassisAgentWriteEvent(events=('create', 'update'), table='Chassis_Private', conditions=None, old_conditions=None), priority=20 to row=Chassis_Private(uuid=a9952113-c65a-4747-9631-41033291d826, chassis=c115ee40-127e-4115-96f4-3ef60757b9fe, external_ids={'neutron:ovn-bridge': 'br-int', 'neutron:ovn-neutron-agent-id': '839193dd-91f7-5146-ab53-b75cb026331b', 'neutron:ovn-neutron-agent-sb-cfg': '0'}, name='9012841c-7052-4373-857a-82276c13889b', nb_cfg=1, nb_cfg_timestamp=1787234126949) old=Chassis_Private(uuid=a9952113-c65a-4747-9631-41033291d826, nb_cfg=0, nb_cfg_timestamp=0) {{(pid=87594) matches /opt/stack/data/venv/lib/python3.12/site-packages/ovsdbapp/backend/ovs_idl/event.py:55}}
Aug 20 13:55:26.960080 np0000007859 devstack@neutron-api.service[87593]: DEBUG ovsdbapp.backend.ovs_idl.event [-] Matched UPDATE: ChassisOVNAgentWriteEvent(events=('create', 'update'), table='Chassis_Private', conditions=None, old_conditions=None), priority=20 to row=Chassis_Private(uuid=a9952113-c65a-4747-9631-41033291d826, chassis=c115ee40-127e-4115-96f4-3ef60757b9fe, external_ids={'neutron:ovn-bridge': 'br-int', 'neutron:ovn-neutron-agent-id': '839193dd-91f7-5146-ab53-b75cb026331b', 'neutron:ovn-neutron-agent-sb-cfg': '1'}, name='9012841c-7052-4373-857a-82276c13889b', nb_cfg=1, nb_cfg_timestamp=1787234126949) old=Chassis_Private(uuid=a9952113-c65a-4747-9631-41033291d826, external_ids={'neutron:ovn-bridge': 'br-int', 'neutron:ovn-neutron-agent-id': '839193dd-91f7-5146-ab53-b75cb026331b', 'neutron:ovn-neutron-agent-sb-cfg': '0'}) {{(pid=87593) matches /opt/stack/data/venv/lib/python3.12/site-packages/ovsdbapp/backend/ovs_idl/event.py:55}}
Aug 20 13:55:26.960322 np0000007859 devstack@neutron-api.service[87594]: DEBUG neutron.plugins.ml2.drivers.ovn.mech_driver.ovsdb.ovsdb_monitor [-] Hash Ring: Node a743b75bbac257339caf4983dfe3a73a (host: np0000007859) handling event "update" for row d95b52ea-f25b-4b7c-8769-b8fa07c8a27e (table: NB_Global) {{(pid=87594) notify /opt/stack/neutron/neutron/plugins/ml2/drivers/ovn/mech_driver/ovsdb/ovsdb_monitor.py:1099}}
Aug 20 13:55:26.960401 np0000007859 devstack@neutron-api.service[87593]: DEBUG neutron.plugins.ml2.drivers.ovn.mech_driver.ovsdb.ovsdb_monitor [-] Hash Ring: Node c95812d528a057f894115fe32794ed68 (host: np0000007859) handling event "update" for row a9952113-c65a-4747-9631-41033291d826 (table: Chassis_Private) {{(pid=87593) notify /opt/stack/neutron/neutron/plugins/ml2/drivers/ovn/mech_driver/ovsdb/ovsdb_monitor.py:1099}}
Aug 20 13:55:26.960521 np0000007859 devstack@neutron-api.service[87595]: DEBUG ovsdbapp.backend.ovs_idl.event [-] Matched UPDATE: ChassisOVNAgentWriteEvent(events=('create', 'update'), table='Chassis_Private', conditions=None, old_conditions=None), priority=20 to row=Chassis_Private(uuid=a9952113-c65a-4747-9631-41033291d826, chassis=c115ee40-127e-4115-96f4-3ef60757b9fe, external_ids={'neutron:ovn-bridge': 'br-int', 'neutron:ovn-neutron-agent-id': '839193dd-91f7-5146-ab53-b75cb026331b', 'neutron:ovn-neutron-agent-sb-cfg': '1'}, name='9012841c-7052-4373-857a-82276c13889b', nb_cfg=1, nb_cfg_timestamp=1787234126949) old=Chassis_Private(uuid=a9952113-c65a-4747-9631-41033291d826, external_ids={'neutron:ovn-bridge': 'br-int', 'neutron:ovn-neutron-agent-id': '839193dd-91f7-5146-ab53-b75cb026331b', 'neutron:ovn-neutron-agent-sb-cfg': '0'}) {{(pid=87595) matches /opt/stack/data/venv/lib/python3.12/site-packages/ovsdbapp/backend/ovs_idl/event.py:55}}
Aug 20 13:55:26.962911 np0000007859 devstack@neutron-api.service[87594]: DEBUG neutron.plugins.ml2.drivers.ovn.mech_driver.ovsdb.ovsdb_monitor [-] Hash Ring: Node a743b75bbac257339caf4983dfe3a73a (host: np0000007859) handling event "update" for row d95b52ea-f25b-4b7c-8769-b8fa07c8a27e (table: NB_Global) {{(pid=87594) notify /opt/stack/neutron/neutron/plugins/ml2/drivers/ovn/mech_driver/ovsdb/ovsdb_monitor.py:1099}}
Aug 20 13:55:26.963798 np0000007859 devstack@neutron-api.service[87594]: DEBUG neutron.plugins.ml2.drivers.ovn.mech_driver.ovsdb.ovsdb_monitor [-] Hash Ring: Node a743b75bbac257339caf4983dfe3a73a (host: np0000007859) handling event "update" for row d95b52ea-f25b-4b7c-8769-b8fa07c8a27e (table: NB_Global) {{(pid=87594) notify /opt/stack/neutron/neutron/plugins/ml2/drivers/ovn/mech_driver/ovsdb/ovsdb_monitor.py:1099}}
Aug 20 13:55:26.965978 np0000007859 devstack@neutron-api.service[87594]: DEBUG neutron.common.ovn.hash_ring_manager [-] Allow caching, nodes 3>=3 {{(pid=87594) _wait_startup_before_caching /opt/stack/neutron/neutron/common/ovn/hash_ring_manager.py:71}}
Aug 20 13:55:26.966264 np0000007859 devstack@neutron-api.service[87594]: DEBUG neutron.plugins.ml2.drivers.ovn.mech_driver.ovsdb.ovsdb_monitor [-] Hash Ring: Node a743b75bbac257339caf4983dfe3a73a (host: np0000007859) handling event "update" for row a9952113-c65a-4747-9631-41033291d826 (table: Chassis_Private) {{(pid=87594) notify /opt/stack/neutron/neutron/plugins/ml2/drivers/ovn/mech_driver/ovsdb/ovsdb_monitor.py:1099}}
Aug 20 13:55:26.969256 np0000007859 devstack@neutron-api.service[87594]: DEBUG ovsdbapp.backend.ovs_idl.event [-] Matched UPDATE: ChassisOVNAgentWriteEvent(events=('create', 'update'), table='Chassis_Private', conditions=None, old_conditions=None), priority=20 to row=Chassis_Private(uuid=a9952113-c65a-4747-9631-41033291d826, chassis=c115ee40-127e-4115-96f4-3ef60757b9fe, external_ids={'neutron:ovn-bridge': 'br-int', 'neutron:ovn-neutron-agent-id': '839193dd-91f7-5146-ab53-b75cb026331b', 'neutron:ovn-neutron-agent-sb-cfg': '1'}, name='9012841c-7052-4373-857a-82276c13889b', nb_cfg=1, nb_cfg_timestamp=1787234126949) old=Chassis_Private(uuid=a9952113-c65a-4747-9631-41033291d826, external_ids={'neutron:ovn-bridge': 'br-int', 'neutron:ovn-neutron-agent-id': '839193dd-91f7-5146-ab53-b75cb026331b', 'neutron:ovn-neutron-agent-sb-cfg': '0'}) {{(pid=87594) matches /opt/stack/data/venv/lib/python3.12/site-packages/ovsdbapp/backend/ovs_idl/event.py:55}}
Aug 20 13:55:26.969733 np0000007859 devstack@neutron-api.service[87594]: DEBUG neutron.plugins.ml2.drivers.ovn.mech_driver.ovsdb.ovsdb_monitor [-] Hash Ring: Node a743b75bbac257339caf4983dfe3a73a (host: np0000007859) handling event "update" for row a9952113-c65a-4747-9631-41033291d826 (table: Chassis_Private) {{(pid=87594) notify /opt/stack/neutron/neutron/plugins/ml2/drivers/ovn/mech_driver/ovsdb/ovsdb_monitor.py:1099}}
Aug 20 13:55:27.015751 np0000007859 devstack@neutron-api.service[87594]: DEBUG neutron.plugins.ml2.drivers.helpers [None req-9cc9bbfa-05e4-4509-a475-438e12f19c4a admin admin] geneve segment allocate from pool success with {'geneve_vni': 62415} {{(pid=87594) allocate_partially_specified_segment /opt/stack/neutron/neutron/plugins/ml2/drivers/helpers.py:142}}
Aug 20 13:55:27.026623 np0000007859 devstack@neutron-api.service[87594]: DEBUG neutron_lib.callbacks.manager [None req-9cc9bbfa-05e4-4509-a475-438e12f19c4a admin admin] Publish callbacks ['neutron.services.segments.db._add_segment_host_mapping_for_segment-7760255040202', 'neutron.plugins.ml2.plugin.Ml2Plugin._handle_segment_change-273724'] for segment (1bbdec0b-fb46-4e91-9ea0-06700f16d29b), precommit_create {{(pid=87594) _notify_loop /opt/stack/data/venv/lib/python3.12/site-packages/neutron_lib/callbacks/manager.py:184}}
Aug 20 13:55:27.026789 np0000007859 devstack@neutron-api.service[87594]: INFO neutron.db.segments_db [None req-9cc9bbfa-05e4-4509-a475-438e12f19c4a admin admin] Added segment 1bbdec0b-fb46-4e91-9ea0-06700f16d29b of type geneve for network a3dcd92b-555b-44e8-af6d-f5efe9aa1032
Aug 20 13:55:27.067604 np0000007859 devstack@neutron-api.service[87594]: DEBUG neutron_lib.callbacks.manager [None req-9cc9bbfa-05e4-4509-a475-438e12f19c4a admin admin] Publish callbacks ['neutron.services.auto_allocate.db._ensure_external_network_default_value_callback-7760253308942'] for network (a3dcd92b-555b-44e8-af6d-f5efe9aa1032), precommit_create {{(pid=87594) _notify_loop /opt/stack/data/venv/lib/python3.12/site-packages/neutron_lib/callbacks/manager.py:184}}
Aug 20 13:55:27.083334 np0000007859 devstack@neutron-api.service[87594]: DEBUG neutron.plugins.ml2.drivers.ovn.mech_driver.mech_driver [None req-9cc9bbfa-05e4-4509-a475-438e12f19c4a admin admin] Validating network segment with type geneve, segmentation ID 62415, physical network None {{(pid=87594) _validate_network_segments /opt/stack/neutron/neutron/plugins/ml2/drivers/ovn/mech_driver/mech_driver.py:624}}
Aug 20 13:55:27.083504 np0000007859 devstack@neutron-api.service[87594]: DEBUG neutron.db.ovn_revision_numbers_db [None req-9cc9bbfa-05e4-4509-a475-438e12f19c4a admin admin] create_initial_revision uuid=a3dcd92b-555b-44e8-af6d-f5efe9aa1032, type=networks, rev=-1 {{(pid=87594) create_initial_revision /opt/stack/neutron/neutron/db/ovn_revision_numbers_db.py:98}}
