Jun 30 12:32:23.984635 np0000003980 nova-scheduler[96364]: DEBUG cotyledon.oslo_config_glue [-] profiler.filter_error_trace = False {{(pid=96364) log_opt_values /opt/stack/data/venv/lib/python3.12/site-packages/oslo_config/cfg.py:3253}}
Jun 30 12:32:23.984635 np0000003980 nova-scheduler[96364]: DEBUG cotyledon.oslo_config_glue [-] profiler.hmac_keys = **** {{(pid=96364) log_opt_values /opt/stack/data/venv/lib/python3.12/site-packages/oslo_config/cfg.py:3253}}
Jun 30 12:32:23.984635 np0000003980 nova-scheduler[96364]: DEBUG cotyledon.oslo_config_glue [-] profiler.sentinel_service_name = mymaster {{(pid=96364) log_opt_values /opt/stack/data/venv/lib/python3.12/site-packages/oslo_config/cfg.py:3253}}
Jun 30 12:32:23.984635 np0000003980 nova-scheduler[96364]: DEBUG cotyledon.oslo_config_glue [-] profiler.socket_timeout = 0.1 {{(pid=96364) log_opt_values /opt/stack/data/venv/lib/python3.12/site-packages/oslo_config/cfg.py:3253}}
Jun 30 12:32:23.984635 np0000003980 nova-scheduler[96364]: DEBUG cotyledon.oslo_config_glue [-] profiler.trace_requests = False {{(pid=96364) log_opt_values /opt/stack/data/venv/lib/python3.12/site-packages/oslo_config/cfg.py:3253}}
Jun 30 12:32:23.984635 np0000003980 nova-scheduler[96364]: DEBUG cotyledon.oslo_config_glue [-] profiler.trace_sqlalchemy = False {{(pid=96364) log_opt_values /opt/stack/data/venv/lib/python3.12/site-packages/oslo_config/cfg.py:3253}}
Jun 30 12:32:23.984635 np0000003980 nova-scheduler[96364]: DEBUG cotyledon.oslo_config_glue [-] profiler_jaeger.process_tags = {} {{(pid=96364) log_opt_values /opt/stack/data/venv/lib/python3.12/site-packages/oslo_config/cfg.py:3253}}
Jun 30 12:32:23.984635 np0000003980 nova-scheduler[96364]: DEBUG cotyledon.oslo_config_glue [-] profiler_jaeger.service_name_prefix = None {{(pid=96364) log_opt_values /opt/stack/data/venv/lib/python3.12/site-packages/oslo_config/cfg.py:3253}}
Jun 30 12:32:23.984818 np0000003980 nova-scheduler[96364]: DEBUG cotyledon.oslo_config_glue [-] profiler_otlp.service_name_prefix = None {{(pid=96364) log_opt_values /opt/stack/data/venv/lib/python3.12/site-packages/oslo_config/cfg.py:3253}}
Jun 30 12:32:23.984818 np0000003980 nova-scheduler[96364]: DEBUG cotyledon.oslo_config_glue [-] oslo_messaging_rabbit.amqp_auto_delete = False {{(pid=96364) log_opt_values /opt/stack/data/venv/lib/python3.12/site-packages/oslo_config/cfg.py:3253}}
Jun 30 12:32:23.984818 np0000003980 nova-scheduler[96364]: DEBUG cotyledon.oslo_config_glue [-] oslo_messaging_rabbit.amqp_durable_queues = False {{(pid=96364) log_opt_values /opt/stack/data/venv/lib/python3.12/site-packages/oslo_config/cfg.py:3253}}
Jun 30 12:32:23.984818 np0000003980 nova-scheduler[96364]: DEBUG cotyledon.oslo_config_glue [-] oslo_messaging_rabbit.conn_pool_min_size = 2 {{(pid=96364) log_opt_values /opt/stack/data/venv/lib/python3.12/site-packages/oslo_config/cfg.py:3253}}
Jun 30 12:32:23.984818 np0000003980 nova-scheduler[96364]: DEBUG cotyledon.oslo_config_glue [-] oslo_messaging_rabbit.conn_pool_ttl = 1200 {{(pid=96364) log_opt_values /opt/stack/data/venv/lib/python3.12/site-packages/oslo_config/cfg.py:3253}}
Jun 30 12:32:23.984818 np0000003980 nova-scheduler[96364]: DEBUG cotyledon.oslo_config_glue [-] oslo_messaging_rabbit.direct_mandatory_flag = True {{(pid=96364) log_opt_values /opt/stack/data/venv/lib/python3.12/site-packages/oslo_config/cfg.py:3253}}
Jun 30 12:32:23.984818 np0000003980 nova-scheduler[96364]: DEBUG cotyledon.oslo_config_glue [-] oslo_messaging_rabbit.enable_cancel_on_failover = False {{(pid=96364) log_opt_values /opt/stack/data/venv/lib/python3.12/site-packages/oslo_config/cfg.py:3253}}
Jun 30 12:32:23.984818 np0000003980 nova-scheduler[96364]: DEBUG cotyledon.oslo_config_glue [-] oslo_messaging_rabbit.heartbeat_rate = 3 {{(pid=96364) log_opt_values /opt/stack/data/venv/lib/python3.12/site-packages/oslo_config/cfg.py:3253}}
Jun 30 12:32:23.984818 np0000003980 nova-scheduler[96364]: DEBUG cotyledon.oslo_config_glue [-] oslo_messaging_rabbit.heartbeat_timeout_threshold = 60 {{(pid=96364) log_opt_values /opt/stack/data/venv/lib/python3.12/site-packages/oslo_config/cfg.py:3253}}
Jun 30 12:32:23.984988 np0000003980 nova-scheduler[96364]: DEBUG cotyledon.oslo_config_glue [-] oslo_messaging_rabbit.hostname = np0000003980 {{(pid=96364) log_opt_values /opt/stack/data/venv/lib/python3.12/site-packages/oslo_config/cfg.py:3253}}
Jun 30 12:32:23.984988 np0000003980 nova-scheduler[96364]: DEBUG cotyledon.oslo_config_glue [-] oslo_messaging_rabbit.kombu_compression = None {{(pid=96364) log_opt_values /opt/stack/data/venv/lib/python3.12/site-packages/oslo_config/cfg.py:3253}}
Jun 30 12:32:23.984988 np0000003980 nova-scheduler[96364]: DEBUG cotyledon.oslo_config_glue [-] oslo_messaging_rabbit.kombu_failover_strategy = round-robin {{(pid=96364) log_opt_values /opt/stack/data/venv/lib/python3.12/site-packages/oslo_config/cfg.py:3253}}
Jun 30 12:32:23.984988 np0000003980 nova-scheduler[96364]: DEBUG cotyledon.oslo_config_glue [-] oslo_messaging_rabbit.kombu_missing_consumer_retry_timeout = 60 {{(pid=96364) log_opt_values /opt/stack/data/venv/lib/python3.12/site-packages/oslo_config/cfg.py:3253}}
Jun 30 12:32:23.984988 np0000003980 nova-scheduler[96364]: DEBUG cotyledon.oslo_config_glue [-] oslo_messaging_rabbit.kombu_reconnect_delay = 1.0 {{(pid=96364) log_opt_values /opt/stack/data/venv/lib/python3.12/site-packages/oslo_config/cfg.py:3253}}
Jun 30 12:32:23.984988 np0000003980 nova-scheduler[96364]: DEBUG cotyledon.oslo_config_glue [-] oslo_messaging_rabbit.kombu_reconnect_splay = 0.0 {{(pid=96364) log_opt_values /opt/stack/data/venv/lib/python3.12/site-packages/oslo_config/cfg.py:3253}}
Jun 30 12:32:23.984988 np0000003980 nova-scheduler[96364]: DEBUG cotyledon.oslo_config_glue [-] oslo_messaging_rabbit.processname = nova-scheduler {{(pid=96364) log_opt_values /opt/stack/data/venv/lib/python3.12/site-packages/oslo_config/cfg.py:3253}}
Jun 30 12:32:23.984988 np0000003980 nova-scheduler[96364]: DEBUG cotyledon.oslo_config_glue [-] oslo_messaging_rabbit.rabbit_ha_queues = False {{(pid=96364) log_opt_values /opt/stack/data/venv/lib/python3.12/site-packages/oslo_config/cfg.py:3253}}
Jun 30 12:32:23.984988 np0000003980 nova-scheduler[96364]: DEBUG cotyledon.oslo_config_glue [-] oslo_messaging_rabbit.rabbit_interval_max = 30 {{(pid=96364) log_opt_values /opt/stack/data/venv/lib/python3.12/site-packages/oslo_config/cfg.py:3253}}
Jun 30 12:32:23.985183 np0000003980 nova-scheduler[96364]: DEBUG cotyledon.oslo_config_glue [-] oslo_messaging_rabbit.rabbit_login_method = AMQPLAIN {{(pid=96364) log_opt_values /opt/stack/data/venv/lib/python3.12/site-packages/oslo_config/cfg.py:3253}}
Jun 30 12:32:23.985183 np0000003980 nova-scheduler[96364]: DEBUG cotyledon.oslo_config_glue [-] oslo_messaging_rabbit.rabbit_qos_prefetch_count = 0 {{(pid=96364) log_opt_values /opt/stack/data/venv/lib/python3.12/site-packages/oslo_config/cfg.py:3253}}
Jun 30 12:32:23.985183 np0000003980 nova-scheduler[96364]: DEBUG cotyledon.oslo_config_glue [-] oslo_messaging_rabbit.rabbit_quorum_delivery_limit = 0 {{(pid=96364) log_opt_values /opt/stack/data/venv/lib/python3.12/site-packages/oslo_config/cfg.py:3253}}
Jun 30 12:32:23.985183 np0000003980 nova-scheduler[96364]: DEBUG cotyledon.oslo_config_glue [-] oslo_messaging_rabbit.rabbit_quorum_max_memory_bytes = 0 {{(pid=96364) log_opt_values /opt/stack/data/venv/lib/python3.12/site-packages/oslo_config/cfg.py:3253}}
Jun 30 12:32:23.985183 np0000003980 nova-scheduler[96364]: DEBUG cotyledon.oslo_config_glue [-] oslo_messaging_rabbit.rabbit_quorum_max_memory_length = 0 {{(pid=96364) log_opt_values /opt/stack/data/venv/lib/python3.12/site-packages/oslo_config/cfg.py:3253}}
Jun 30 12:32:23.985183 np0000003980 nova-scheduler[96364]: DEBUG cotyledon.oslo_config_glue [-] oslo_messaging_rabbit.rabbit_quorum_queue = False {{(pid=96364) log_opt_values /opt/stack/data/venv/lib/python3.12/site-packages/oslo_config/cfg.py:3253}}
Jun 30 12:32:23.985183 np0000003980 nova-scheduler[96364]: DEBUG cotyledon.oslo_config_glue [-] oslo_messaging_rabbit.rabbit_retry_backoff = 2 {{(pid=96364) log_opt_values /opt/stack/data/venv/lib/python3.12/site-packages/oslo_config/cfg.py:3253}}
Jun 30 12:32:23.985183 np0000003980 nova-scheduler[96364]: DEBUG cotyledon.oslo_config_glue [-] oslo_messaging_rabbit.rabbit_retry_interval = 1 {{(pid=96364) log_opt_values /opt/stack/data/venv/lib/python3.12/site-packages/oslo_config/cfg.py:3253}}
Jun 30 12:32:23.985183 np0000003980 nova-scheduler[96364]: DEBUG cotyledon.oslo_config_glue [-] oslo_messaging_rabbit.rabbit_stream_fanout = False {{(pid=96364) log_opt_values /opt/stack/data/venv/lib/python3.12/site-packages/oslo_config/cfg.py:3253}}
Jun 30 12:32:23.985359 np0000003980 nova-scheduler[96364]: DEBUG cotyledon.oslo_config_glue [-] oslo_messaging_rabbit.rabbit_transient_queues_ttl = 1800 {{(pid=96364) log_opt_values /opt/stack/data/venv/lib/python3.12/site-packages/oslo_config/cfg.py:3253}}
Jun 30 12:32:23.985359 np0000003980 nova-scheduler[96364]: DEBUG cotyledon.oslo_config_glue [-] oslo_messaging_rabbit.rabbit_transient_quorum_queue = False {{(pid=96364) log_opt_values /opt/stack/data/venv/lib/python3.12/site-packages/oslo_config/cfg.py:3253}}
Jun 30 12:32:23.985359 np0000003980 nova-scheduler[96364]: DEBUG cotyledon.oslo_config_glue [-] oslo_messaging_rabbit.rpc_conn_pool_size = 30 {{(pid=96364) log_opt_values /opt/stack/data/venv/lib/python3.12/site-packages/oslo_config/cfg.py:3253}}
Jun 30 12:32:23.985359 np0000003980 nova-scheduler[96364]: DEBUG cotyledon.oslo_config_glue [-] oslo_messaging_rabbit.ssl = False {{(pid=96364) log_opt_values /opt/stack/data/venv/lib/python3.12/site-packages/oslo_config/cfg.py:3253}}
Jun 30 12:32:23.985359 np0000003980 nova-scheduler[96364]: DEBUG cotyledon.oslo_config_glue [-] oslo_messaging_rabbit.ssl_ca_file = {{(pid=96364) log_opt_values /opt/stack/data/venv/lib/python3.12/site-packages/oslo_config/cfg.py:3253}}
Jun 30 12:32:23.985359 np0000003980 nova-scheduler[96364]: DEBUG cotyledon.oslo_config_glue [-] oslo_messaging_rabbit.ssl_cert_file = {{(pid=96364) log_opt_values /opt/stack/data/venv/lib/python3.12/site-packages/oslo_config/cfg.py:3253}}
Jun 30 12:32:23.985359 np0000003980 nova-scheduler[96364]: DEBUG cotyledon.oslo_config_glue [-] oslo_messaging_rabbit.ssl_enforce_fips_mode = False {{(pid=96364) log_opt_values /opt/stack/data/venv/lib/python3.12/site-packages/oslo_config/cfg.py:3253}}
Jun 30 12:32:23.985359 np0000003980 nova-scheduler[96364]: DEBUG cotyledon.oslo_config_glue [-] oslo_messaging_rabbit.ssl_enforce_hostname_verification = True {{(pid=96364) log_opt_values /opt/stack/data/venv/lib/python3.12/site-packages/oslo_config/cfg.py:3253}}
Jun 30 12:32:23.985359 np0000003980 nova-scheduler[96364]: DEBUG cotyledon.oslo_config_glue [-] oslo_messaging_rabbit.ssl_key_file = {{(pid=96364) log_opt_values /opt/stack/data/venv/lib/python3.12/site-packages/oslo_config/cfg.py:3253}}
Jun 30 12:32:23.985528 np0000003980 nova-scheduler[96364]: DEBUG cotyledon.oslo_config_glue [-] oslo_messaging_rabbit.ssl_version = {{(pid=96364) log_opt_values /opt/stack/data/venv/lib/python3.12/site-packages/oslo_config/cfg.py:3253}}
Jun 30 12:32:23.985528 np0000003980 nova-scheduler[96364]: DEBUG cotyledon.oslo_config_glue [-] oslo_messaging_rabbit.use_queue_manager = False {{(pid=96364) log_opt_values /opt/stack/data/venv/lib/python3.12/site-packages/oslo_config/cfg.py:3253}}
Jun 30 12:32:23.985528 np0000003980 nova-scheduler[96364]: DEBUG cotyledon.oslo_config_glue [-] oslo_messaging_notifications.driver = ['messagingv2'] {{(pid=96364) log_opt_values /opt/stack/data/venv/lib/python3.12/site-packages/oslo_config/cfg.py:3253}}
Jun 30 12:32:23.985528 np0000003980 nova-scheduler[96364]: DEBUG cotyledon.oslo_config_glue [-] oslo_messaging_notifications.retry = -1 {{(pid=96364) log_opt_values /opt/stack/data/venv/lib/python3.12/site-packages/oslo_config/cfg.py:3253}}
Jun 30 12:32:23.985528 np0000003980 nova-scheduler[96364]: DEBUG cotyledon.oslo_config_glue [-] oslo_messaging_notifications.topics = ['notifications'] {{(pid=96364) log_opt_values /opt/stack/data/venv/lib/python3.12/site-packages/oslo_config/cfg.py:3253}}
Jun 30 12:32:23.985528 np0000003980 nova-scheduler[96364]: DEBUG cotyledon.oslo_config_glue [-] oslo_messaging_notifications.transport_url = **** {{(pid=96364) log_opt_values /opt/stack/data/venv/lib/python3.12/site-packages/oslo_config/cfg.py:3253}}
Jun 30 12:32:23.985528 np0000003980 nova-scheduler[96364]: DEBUG cotyledon.oslo_config_glue [-] oslo_limit.auth_section = None {{(pid=96364) log_opt_values /opt/stack/data/venv/lib/python3.12/site-packages/oslo_config/cfg.py:3253}}
Jun 30 12:32:23.985528 np0000003980 nova-scheduler[96364]: DEBUG cotyledon.oslo_config_glue [-] oslo_limit.auth_type = None {{(pid=96364) log_opt_values /opt/stack/data/venv/lib/python3.12/site-packages/oslo_config/cfg.py:3253}}
Jun 30 12:32:23.985528 np0000003980 nova-scheduler[96364]: DEBUG cotyledon.oslo_config_glue [-] oslo_limit.cafile = None {{(pid=96364) log_opt_values /opt/stack/data/venv/lib/python3.12/site-packages/oslo_config/cfg.py:3253}}
Jun 30 12:32:23.985719 np0000003980 nova-scheduler[96364]: DEBUG cotyledon.oslo_config_glue [-] oslo_limit.certfile = None {{(pid=96364) log_opt_values /opt/stack/data/venv/lib/python3.12/site-packages/oslo_config/cfg.py:3253}}
Jun 30 12:32:23.985719 np0000003980 nova-scheduler[96364]: DEBUG cotyledon.oslo_config_glue [-] oslo_limit.collect_timing = False {{(pid=96364) log_opt_values /opt/stack/data/venv/lib/python3.12/site-packages/oslo_config/cfg.py:3253}}
Jun 30 12:32:23.985719 np0000003980 nova-scheduler[96364]: DEBUG cotyledon.oslo_config_glue [-] oslo_limit.connect_retries = None {{(pid=96364) log_opt_values /opt/stack/data/venv/lib/python3.12/site-packages/oslo_config/cfg.py:3253}}
Jun 30 12:32:23.985719 np0000003980 nova-scheduler[96364]: DEBUG cotyledon.oslo_config_glue [-] oslo_limit.connect_retry_delay = None {{(pid=96364) log_opt_values /opt/stack/data/venv/lib/python3.12/site-packages/oslo_config/cfg.py:3253}}
Jun 30 12:32:23.985719 np0000003980 nova-scheduler[96364]: DEBUG cotyledon.oslo_config_glue [-] oslo_limit.endpoint_id = None {{(pid=96364) log_opt_values /opt/stack/data/venv/lib/python3.12/site-packages/oslo_config/cfg.py:3253}}
Jun 30 12:32:23.985719 np0000003980 nova-scheduler[96364]: DEBUG cotyledon.oslo_config_glue [-] oslo_limit.endpoint_interface = public {{(pid=96364) log_opt_values /opt/stack/data/venv/lib/python3.12/site-packages/oslo_config/cfg.py:3253}}
Jun 30 12:32:23.985719 np0000003980 nova-scheduler[96364]: DEBUG cotyledon.oslo_config_glue [-] oslo_limit.endpoint_override = None {{(pid=96364) log_opt_values /opt/stack/data/venv/lib/python3.12/site-packages/oslo_config/cfg.py:3253}}
Jun 30 12:32:23.985719 np0000003980 nova-scheduler[96364]: DEBUG cotyledon.oslo_config_glue [-] oslo_limit.endpoint_region_name = None {{(pid=96364) log_opt_values /opt/stack/data/venv/lib/python3.12/site-packages/oslo_config/cfg.py:3253}}
Jun 30 12:32:23.985719 np0000003980 nova-scheduler[96364]: DEBUG cotyledon.oslo_config_glue [-] oslo_limit.endpoint_service_name = None {{(pid=96364) log_opt_values /opt/stack/data/venv/lib/python3.12/site-packages/oslo_config/cfg.py:3253}}
Jun 30 12:32:23.985894 np0000003980 nova-scheduler[96364]: DEBUG cotyledon.oslo_config_glue [-] oslo_limit.endpoint_service_type = None {{(pid=96364) log_opt_values /opt/stack/data/venv/lib/python3.12/site-packages/oslo_config/cfg.py:3253}}
Jun 30 12:32:23.985894 np0000003980 nova-scheduler[96364]: DEBUG cotyledon.oslo_config_glue [-] oslo_limit.insecure = False {{(pid=96364) log_opt_values /opt/stack/data/venv/lib/python3.12/site-packages/oslo_config/cfg.py:3253}}
Jun 30 12:32:23.985894 np0000003980 nova-scheduler[96364]: DEBUG cotyledon.oslo_config_glue [-] oslo_limit.keyfile = None {{(pid=96364) log_opt_values /opt/stack/data/venv/lib/python3.12/site-packages/oslo_config/cfg.py:3253}}
Jun 30 12:32:23.985894 np0000003980 nova-scheduler[96364]: DEBUG cotyledon.oslo_config_glue [-] oslo_limit.max_version = None {{(pid=96364) log_opt_values /opt/stack/data/venv/lib/python3.12/site-packages/oslo_config/cfg.py:3253}}
Jun 30 12:32:23.985894 np0000003980 nova-scheduler[96364]: DEBUG cotyledon.oslo_config_glue [-] oslo_limit.min_version = None {{(pid=96364) log_opt_values /opt/stack/data/venv/lib/python3.12/site-packages/oslo_config/cfg.py:3253}}
Jun 30 12:32:23.985894 np0000003980 nova-scheduler[96364]: DEBUG cotyledon.oslo_config_glue [-] oslo_limit.region_name = None {{(pid=96364) log_opt_values /opt/stack/data/venv/lib/python3.12/site-packages/oslo_config/cfg.py:3253}}
Jun 30 12:32:23.985894 np0000003980 nova-scheduler[96364]: DEBUG cotyledon.oslo_config_glue [-] oslo_limit.retriable_status_codes = None {{(pid=96364) log_opt_values /opt/stack/data/venv/lib/python3.12/site-packages/oslo_config/cfg.py:3253}}
Jun 30 12:32:23.985894 np0000003980 nova-scheduler[96364]: DEBUG cotyledon.oslo_config_glue [-] oslo_limit.service_name = None {{(pid=96364) log_opt_values /opt/stack/data/venv/lib/python3.12/site-packages/oslo_config/cfg.py:3253}}
Jun 30 12:32:23.985894 np0000003980 nova-scheduler[96364]: DEBUG cotyledon.oslo_config_glue [-] oslo_limit.service_type = None {{(pid=96364) log_opt_values /opt/stack/data/venv/lib/python3.12/site-packages/oslo_config/cfg.py:3253}}
Jun 30 12:32:23.986067 np0000003980 nova-scheduler[96364]: DEBUG cotyledon.oslo_config_glue [-] oslo_limit.split_loggers = False {{(pid=96364) log_opt_values /opt/stack/data/venv/lib/python3.12/site-packages/oslo_config/cfg.py:3253}}
Jun 30 12:32:23.986067 np0000003980 nova-scheduler[96364]: DEBUG cotyledon.oslo_config_glue [-] oslo_limit.status_code_retries = None {{(pid=96364) log_opt_values /opt/stack/data/venv/lib/python3.12/site-packages/oslo_config/cfg.py:3253}}
Jun 30 12:32:23.986067 np0000003980 nova-scheduler[96364]: DEBUG cotyledon.oslo_config_glue [-] oslo_limit.status_code_retry_delay = None {{(pid=96364) log_opt_values /opt/stack/data/venv/lib/python3.12/site-packages/oslo_config/cfg.py:3253}}
Jun 30 12:32:23.986067 np0000003980 nova-scheduler[96364]: DEBUG cotyledon.oslo_config_glue [-] oslo_limit.timeout = None {{(pid=96364) log_opt_values /opt/stack/data/venv/lib/python3.12/site-packages/oslo_config/cfg.py:3253}}
Jun 30 12:32:23.986067 np0000003980 nova-scheduler[96364]: DEBUG cotyledon.oslo_config_glue [-] oslo_limit.valid_interfaces = None {{(pid=96364) log_opt_values /opt/stack/data/venv/lib/python3.12/site-packages/oslo_config/cfg.py:3253}}
Jun 30 12:32:23.986067 np0000003980 nova-scheduler[96364]: DEBUG cotyledon.oslo_config_glue [-] oslo_limit.version = None {{(pid=96364) log_opt_values /opt/stack/data/venv/lib/python3.12/site-packages/oslo_config/cfg.py:3253}}
Jun 30 12:32:23.986067 np0000003980 nova-scheduler[96364]: DEBUG cotyledon.oslo_config_glue [-] oslo_reports.file_event_handler = None {{(pid=96364) log_opt_values /opt/stack/data/venv/lib/python3.12/site-packages/oslo_config/cfg.py:3253}}
Jun 30 12:32:23.986067 np0000003980 nova-scheduler[96364]: DEBUG cotyledon.oslo_config_glue [-] oslo_reports.file_event_handler_interval = 1 {{(pid=96364) log_opt_values /opt/stack/data/venv/lib/python3.12/site-packages/oslo_config/cfg.py:3253}}
Jun 30 12:32:23.986067 np0000003980 nova-scheduler[96364]: DEBUG cotyledon.oslo_config_glue [-] oslo_reports.log_dir = None {{(pid=96364) log_opt_values /opt/stack/data/venv/lib/python3.12/site-packages/oslo_config/cfg.py:3253}}
Jun 30 12:32:23.986262 np0000003980 nova-scheduler[96364]: DEBUG cotyledon.oslo_config_glue [-] ******************************************************************************** {{(pid=96364) log_opt_values /opt/stack/data/venv/lib/python3.12/site-packages/oslo_config/cfg.py:3260}}
Jun 30 12:32:23.986262 np0000003980 nova-scheduler[96364]: DEBUG cotyledon._service_worker [-] Run service ServiceWrapper(3) [96364] {{(pid=96364) wait_forever /opt/stack/data/venv/lib/python3.12/site-packages/cotyledon/_service_worker.py:218}}
Jun 30 12:32:23.986262 np0000003980 nova-scheduler[96364]: INFO nova.service [-] Starting scheduler node (version 33.1.0)
Jun 30 12:32:23.986262 np0000003980 nova-scheduler[96364]: INFO dbcounter [None req-dc9b1a46-60f8-4286-afcc-ab6a97830e39 None None] Registered counter for database nova_cell0
Jun 30 12:32:23.986343 np0000003980 nova-scheduler[96354]: DEBUG oslo_db.sqlalchemy.engines [None req-651eebdc-cf9a-4fed-8aec-3bbeaed1a69a None None] MySQL server mode set to STRICT_TRANS_TABLES,STRICT_ALL_TABLES,NO_ZERO_IN_DATE,NO_ZERO_DATE,ERROR_FOR_DIVISION_BY_ZERO,TRADITIONAL,NO_ENGINE_SUBSTITUTION {{(pid=96354) _check_effective_sql_mode /opt/stack/data/venv/lib/python3.12/site-packages/oslo_db/sqlalchemy/engines.py:325}}
Jun 30 12:32:23.986374 np0000003980 nova-scheduler[96356]: DEBUG oslo_db.sqlalchemy.engines [None req-236361ef-7e37-41a5-8197-7da4a21741c6 None None] MySQL server mode set to STRICT_TRANS_TABLES,STRICT_ALL_TABLES,NO_ZERO_IN_DATE,NO_ZERO_DATE,ERROR_FOR_DIVISION_BY_ZERO,TRADITIONAL,NO_ENGINE_SUBSTITUTION {{(pid=96356) _check_effective_sql_mode /opt/stack/data/venv/lib/python3.12/site-packages/oslo_db/sqlalchemy/engines.py:325}}
Jun 30 12:32:23.987415 np0000003980 nova-scheduler[96354]: DEBUG dbcounter [-] [96354] Writer thread running {{(pid=96354) stat_writer /opt/stack/data/venv/lib/python3.12/site-packages/dbcounter.py:102}}
Jun 30 12:32:23.988002 np0000003980 nova-scheduler[96358]: DEBUG oslo_db.sqlalchemy.engines [None req-d69cb9ca-0526-428e-aa1a-ac30d1f1ae73 None None] MySQL server mode set to STRICT_TRANS_TABLES,STRICT_ALL_TABLES,NO_ZERO_IN_DATE,NO_ZERO_DATE,ERROR_FOR_DIVISION_BY_ZERO,TRADITIONAL,NO_ENGINE_SUBSTITUTION {{(pid=96358) _check_effective_sql_mode /opt/stack/data/venv/lib/python3.12/site-packages/oslo_db/sqlalchemy/engines.py:325}}
Jun 30 12:32:23.992557 np0000003980 nova-scheduler[96356]: DEBUG dbcounter [-] [96356] Writer thread running {{(pid=96356) stat_writer /opt/stack/data/venv/lib/python3.12/site-packages/dbcounter.py:102}}
Jun 30 12:32:23.999033 np0000003980 nova-scheduler[96358]: DEBUG dbcounter [-] [96358] Writer thread running {{(pid=96358) stat_writer /opt/stack/data/venv/lib/python3.12/site-packages/dbcounter.py:102}}
Jun 30 12:32:24.004467 np0000003980 nova-scheduler[96354]: DEBUG nova.service [None req-651eebdc-cf9a-4fed-8aec-3bbeaed1a69a None None] Creating RPC server for service: nova-scheduler on topic: scheduler {{(pid=96354) start /opt/stack/nova/nova/service.py:196}}
Jun 30 12:32:24.008860 np0000003980 nova-scheduler[96356]: DEBUG nova.service [None req-236361ef-7e37-41a5-8197-7da4a21741c6 None None] Creating RPC server for service: nova-scheduler on topic: scheduler {{(pid=96356) start /opt/stack/nova/nova/service.py:196}}
Jun 30 12:32:24.015785 np0000003980 nova-scheduler[96358]: DEBUG nova.service [None req-d69cb9ca-0526-428e-aa1a-ac30d1f1ae73 None None] Creating RPC server for service: nova-scheduler on topic: scheduler {{(pid=96358) start /opt/stack/nova/nova/service.py:196}}
Jun 30 12:32:24.022839 np0000003980 nova-scheduler[96364]: DEBUG oslo_db.sqlalchemy.engines [None req-dc9b1a46-60f8-4286-afcc-ab6a97830e39 None None] MySQL server mode set to STRICT_TRANS_TABLES,STRICT_ALL_TABLES,NO_ZERO_IN_DATE,NO_ZERO_DATE,ERROR_FOR_DIVISION_BY_ZERO,TRADITIONAL,NO_ENGINE_SUBSTITUTION {{(pid=96364) _check_effective_sql_mode /opt/stack/data/venv/lib/python3.12/site-packages/oslo_db/sqlalchemy/engines.py:325}}
Jun 30 12:32:24.035209 np0000003980 nova-scheduler[96354]: DEBUG nova.service [None req-651eebdc-cf9a-4fed-8aec-3bbeaed1a69a None None] Join ServiceGroup membership for this service scheduler {{(pid=96354) start /opt/stack/nova/nova/service.py:222}}
Jun 30 12:32:24.035422 np0000003980 nova-scheduler[96354]: DEBUG nova.servicegroup.drivers.db [None req-651eebdc-cf9a-4fed-8aec-3bbeaed1a69a None None] DB_Driver: join new ServiceGroup member np0000003980 to the scheduler group, service = {{(pid=96354) join /opt/stack/nova/nova/servicegroup/drivers/db.py:44}}
Jun 30 12:32:24.036028 np0000003980 nova-scheduler[96358]: DEBUG nova.service [None req-d69cb9ca-0526-428e-aa1a-ac30d1f1ae73 None None] Join ServiceGroup membership for this service scheduler {{(pid=96358) start /opt/stack/nova/nova/service.py:222}}
Jun 30 12:32:24.036098 np0000003980 nova-scheduler[96358]: DEBUG nova.servicegroup.drivers.db [None req-d69cb9ca-0526-428e-aa1a-ac30d1f1ae73 None None] DB_Driver: join new ServiceGroup member np0000003980 to the scheduler group, service = {{(pid=96358) join /opt/stack/nova/nova/servicegroup/drivers/db.py:44}}
Jun 30 12:32:24.036209 np0000003980 nova-scheduler[96364]: DEBUG dbcounter [-] [96364] Writer thread running {{(pid=96364) stat_writer /opt/stack/data/venv/lib/python3.12/site-packages/dbcounter.py:102}}
Jun 30 12:32:24.037537 np0000003980 nova-scheduler[96356]: DEBUG nova.service [None req-236361ef-7e37-41a5-8197-7da4a21741c6 None None] Join ServiceGroup membership for this service scheduler {{(pid=96356) start /opt/stack/nova/nova/service.py:222}}
Jun 30 12:32:24.038138 np0000003980 nova-scheduler[96356]: DEBUG nova.servicegroup.drivers.db [None req-236361ef-7e37-41a5-8197-7da4a21741c6 None None] DB_Driver: join new ServiceGroup member np0000003980 to the scheduler group, service = {{(pid=96356) join /opt/stack/nova/nova/servicegroup/drivers/db.py:44}}
Jun 30 12:32:24.039639 np0000003980 nova-scheduler[96364]: DEBUG nova.service [None req-dc9b1a46-60f8-4286-afcc-ab6a97830e39 None None] Creating RPC server for service: nova-scheduler on topic: scheduler {{(pid=96364) start /opt/stack/nova/nova/service.py:196}}
Jun 30 12:32:24.057876 np0000003980 nova-scheduler[96364]: DEBUG nova.service [None req-dc9b1a46-60f8-4286-afcc-ab6a97830e39 None None] Join ServiceGroup membership for this service scheduler {{(pid=96364) start /opt/stack/nova/nova/service.py:222}}
Jun 30 12:32:24.058133 np0000003980 nova-scheduler[96364]: DEBUG nova.servicegroup.drivers.db [None req-dc9b1a46-60f8-4286-afcc-ab6a97830e39 None None] DB_Driver: join new ServiceGroup member np0000003980 to the scheduler group, service = {{(pid=96364) join /opt/stack/nova/nova/servicegroup/drivers/db.py:44}}
Jun 30 12:32:29.050572 np0000003980 nova-scheduler[96358]: DEBUG oslo.service.backend._threading.loopingcall [-] Fixed interval looping call 'nova.servicegroup.drivers.db.DbDriver._report_state' sleeping for 119.99 seconds {{(pid=96358) _run_loop /opt/stack/data/venv/lib/python3.12/site-packages/oslo_service/backend/_threading/loopingcall.py:125}}
Jun 30 12:32:29.051042 np0000003980 nova-scheduler[96354]: DEBUG oslo.service.backend._threading.loopingcall [-] Fixed interval looping call 'nova.servicegroup.drivers.db.DbDriver._report_state' sleeping for 119.99 seconds {{(pid=96354) _run_loop /opt/stack/data/venv/lib/python3.12/site-packages/oslo_service/backend/_threading/loopingcall.py:125}}
Jun 30 12:32:29.051662 np0000003980 nova-scheduler[96356]: DEBUG oslo.service.backend._threading.loopingcall [-] Fixed interval looping call 'nova.servicegroup.drivers.db.DbDriver._report_state' sleeping for 119.99 seconds {{(pid=96356) _run_loop /opt/stack/data/venv/lib/python3.12/site-packages/oslo_service/backend/_threading/loopingcall.py:125}}
Jun 30 12:32:29.068104 np0000003980 nova-scheduler[96364]: DEBUG oslo.service.backend._threading.loopingcall [-] Fixed interval looping call 'nova.servicegroup.drivers.db.DbDriver._report_state' sleeping for 119.99 seconds {{(pid=96364) _run_loop /opt/stack/data/venv/lib/python3.12/site-packages/oslo_service/backend/_threading/loopingcall.py:125}}
Jun 30 12:32:30.038021 np0000003980 nova-scheduler[96358]: DEBUG oslo.service.backend._threading.loopingcall [None req-e90d102e-0f74-4102-9d62-d2f4d6c3ed26 None None] Dynamic interval looping call 'nova.service.Service.periodic_tasks' sleeping for 60.00 seconds {{(pid=96358) _run_loop /opt/stack/data/venv/lib/python3.12/site-packages/oslo_service/backend/_threading/loopingcall.py:125}}
Jun 30 12:32:32.532537 np0000003980 nova-scheduler[95161]: DEBUG dbcounter [-] [95161] Writing DB stats nova_api:SELECT=3 {{(pid=95161) stat_writer /opt/stack/data/venv/lib/python3.12/site-packages/dbcounter.py:115}}
Jun 30 12:32:32.661141 np0000003980 nova-scheduler[95161]: DEBUG dbcounter [-] [95161] Writing DB stats nova_cell0:SELECT=1 {{(pid=95161) stat_writer /opt/stack/data/venv/lib/python3.12/site-packages/dbcounter.py:115}}
Jun 30 12:32:32.668232 np0000003980 nova-scheduler[95161]: DEBUG dbcounter [-] [95161] Writing DB stats nova_cell1:SELECT=1 {{(pid=95161) stat_writer /opt/stack/data/venv/lib/python3.12/site-packages/dbcounter.py:115}}
Jun 30 12:32:33.060170 np0000003980 nova-scheduler[96364]: DEBUG oslo.service.backend._threading.loopingcall [None req-3f0c62d9-aa16-4160-87b4-a35a55ecebb9 None None] Dynamic interval looping call 'nova.service.Service.periodic_tasks' sleeping for 60.00 seconds {{(pid=96364) _run_loop /opt/stack/data/venv/lib/python3.12/site-packages/oslo_service/backend/_threading/loopingcall.py:125}}
Jun 30 12:32:39.043274 np0000003980 nova-scheduler[96358]: DEBUG dbcounter [-] [96358] Writing DB stats nova_cell0:SELECT=4,nova_cell0:INSERT=1,nova_cell0:UPDATE=1 {{(pid=96358) stat_writer /opt/stack/data/venv/lib/python3.12/site-packages/dbcounter.py:115}}
Jun 30 12:32:39.049172 np0000003980 nova-scheduler[96354]: DEBUG dbcounter [-] [96354] Writing DB stats nova_cell0:SELECT=4,nova_cell0:INSERT=1,nova_cell0:UPDATE=1 {{(pid=96354) stat_writer /opt/stack/data/venv/lib/python3.12/site-packages/dbcounter.py:115}}
Jun 30 12:32:39.049462 np0000003980 nova-scheduler[96356]: DEBUG dbcounter [-] [96356] Writing DB stats nova_cell0:SELECT=5,nova_cell0:INSERT=1,nova_cell0:UPDATE=1 {{(pid=96356) stat_writer /opt/stack/data/venv/lib/python3.12/site-packages/dbcounter.py:115}}
Jun 30 12:32:39.065851 np0000003980 nova-scheduler[96364]: DEBUG dbcounter [-] [96364] Writing DB stats nova_cell0:SELECT=3 {{(pid=96364) stat_writer /opt/stack/data/venv/lib/python3.12/site-packages/dbcounter.py:115}}
Jun 30 12:32:50.037868 np0000003980 nova-scheduler[96354]: DEBUG oslo.service.backend._threading.loopingcall [None req-c46561f3-e03a-42fb-abf7-0aef3ab4f5ec None None] Dynamic interval looping call 'nova.service.Service.periodic_tasks' sleeping for 60.00 seconds {{(pid=96354) _run_loop /opt/stack/data/venv/lib/python3.12/site-packages/oslo_service/backend/_threading/loopingcall.py:125}}
Jun 30 12:33:13.040175 np0000003980 nova-scheduler[96356]: DEBUG oslo.service.backend._threading.loopingcall [None req-4993d425-3393-4038-9253-6b677c129484 None None] Dynamic interval looping call 'nova.service.Service.periodic_tasks' sleeping for 60.00 seconds {{(pid=96356) _run_loop /opt/stack/data/venv/lib/python3.12/site-packages/oslo_service/backend/_threading/loopingcall.py:125}}
Jun 30 12:33:30.038652 np0000003980 nova-scheduler[96358]: DEBUG oslo.service.backend._threading.loopingcall [None req-e90d102e-0f74-4102-9d62-d2f4d6c3ed26 None None] Dynamic interval looping call 'nova.service.Service.periodic_tasks' sleeping for 60.00 seconds {{(pid=96358) _run_loop /opt/stack/data/venv/lib/python3.12/site-packages/oslo_service/backend/_threading/loopingcall.py:125}}
Jun 30 12:33:33.060656 np0000003980 nova-scheduler[96364]: DEBUG oslo.service.backend._threading.loopingcall [None req-3f0c62d9-aa16-4160-87b4-a35a55ecebb9 None None] Dynamic interval looping call 'nova.service.Service.periodic_tasks' sleeping for 60.00 seconds {{(pid=96364) _run_loop /opt/stack/data/venv/lib/python3.12/site-packages/oslo_service/backend/_threading/loopingcall.py:125}}
Jun 30 12:33:50.038383 np0000003980 nova-scheduler[96354]: DEBUG oslo.service.backend._threading.loopingcall [None req-c46561f3-e03a-42fb-abf7-0aef3ab4f5ec None None] Dynamic interval looping call 'nova.service.Service.periodic_tasks' sleeping for 60.00 seconds {{(pid=96354) _run_loop /opt/stack/data/venv/lib/python3.12/site-packages/oslo_service/backend/_threading/loopingcall.py:125}}
Jun 30 12:34:13.040599 np0000003980 nova-scheduler[96356]: DEBUG oslo.service.backend._threading.loopingcall [None req-4993d425-3393-4038-9253-6b677c129484 None None] Dynamic interval looping call 'nova.service.Service.periodic_tasks' sleeping for 60.00 seconds {{(pid=96356) _run_loop /opt/stack/data/venv/lib/python3.12/site-packages/oslo_service/backend/_threading/loopingcall.py:125}}
Jun 30 12:34:29.047871 np0000003980 nova-scheduler[96358]: DEBUG oslo.service.backend._threading.loopingcall [-] Fixed interval looping call 'nova.servicegroup.drivers.db.DbDriver._report_state' sleeping for 119.99 seconds {{(pid=96358) _run_loop /opt/stack/data/venv/lib/python3.12/site-packages/oslo_service/backend/_threading/loopingcall.py:125}}
Jun 30 12:34:29.048586 np0000003980 nova-scheduler[96354]: DEBUG oslo.service.backend._threading.loopingcall [-] Fixed interval looping call 'nova.servicegroup.drivers.db.DbDriver._report_state' sleeping for 119.99 seconds {{(pid=96354) _run_loop /opt/stack/data/venv/lib/python3.12/site-packages/oslo_service/backend/_threading/loopingcall.py:125}}
Jun 30 12:34:29.048978 np0000003980 nova-scheduler[96356]: DEBUG oslo.service.backend._threading.loopingcall [-] Fixed interval looping call 'nova.servicegroup.drivers.db.DbDriver._report_state' sleeping for 119.99 seconds {{(pid=96356) _run_loop /opt/stack/data/venv/lib/python3.12/site-packages/oslo_service/backend/_threading/loopingcall.py:125}}
Jun 30 12:34:29.062505 np0000003980 nova-scheduler[96364]: DEBUG oslo.service.backend._threading.loopingcall [-] Fixed interval looping call 'nova.servicegroup.drivers.db.DbDriver._report_state' sleeping for 120.00 seconds {{(pid=96364) _run_loop /opt/stack/data/venv/lib/python3.12/site-packages/oslo_service/backend/_threading/loopingcall.py:125}}
Jun 30 12:34:30.039238 np0000003980 nova-scheduler[96358]: DEBUG oslo.service.backend._threading.loopingcall [None req-e90d102e-0f74-4102-9d62-d2f4d6c3ed26 None None] Dynamic interval looping call 'nova.service.Service.periodic_tasks' sleeping for 60.00 seconds {{(pid=96358) _run_loop /opt/stack/data/venv/lib/python3.12/site-packages/oslo_service/backend/_threading/loopingcall.py:125}}
Jun 30 12:34:33.061584 np0000003980 nova-scheduler[96364]: DEBUG oslo.service.backend._threading.loopingcall [None req-3f0c62d9-aa16-4160-87b4-a35a55ecebb9 None None] Dynamic interval looping call 'nova.service.Service.periodic_tasks' sleeping for 60.00 seconds {{(pid=96364) _run_loop /opt/stack/data/venv/lib/python3.12/site-packages/oslo_service/backend/_threading/loopingcall.py:125}}
Jun 30 12:34:39.043966 np0000003980 nova-scheduler[96358]: DEBUG dbcounter [-] [96358] Writing DB stats nova_cell0:SELECT=1,nova_cell0:UPDATE=1 {{(pid=96358) stat_writer /opt/stack/data/venv/lib/python3.12/site-packages/dbcounter.py:115}}
Jun 30 12:34:39.044566 np0000003980 nova-scheduler[96354]: DEBUG dbcounter [-] [96354] Writing DB stats nova_cell0:SELECT=1,nova_cell0:UPDATE=1 {{(pid=96354) stat_writer /opt/stack/data/venv/lib/python3.12/site-packages/dbcounter.py:115}}
Jun 30 12:34:39.045462 np0000003980 nova-scheduler[96356]: DEBUG dbcounter [-] [96356] Writing DB stats nova_cell0:SELECT=1,nova_cell0:UPDATE=1 {{(pid=96356) stat_writer /opt/stack/data/venv/lib/python3.12/site-packages/dbcounter.py:115}}
Jun 30 12:34:39.061309 np0000003980 nova-scheduler[96364]: DEBUG dbcounter [-] [96364] Writing DB stats nova_cell0:SELECT=1 {{(pid=96364) stat_writer /opt/stack/data/venv/lib/python3.12/site-packages/dbcounter.py:115}}
Jun 30 12:34:45.192513 np0000003980 nova-scheduler[96354]: DEBUG nova.scheduler.manager [None req-03b875e8-3c18-483e-9fd6-e794bdb483fc tempest-ServerBootFromVolumeStableRescueTest-128170304 tempest-ServerBootFromVolumeStableRescueTest-128170304-project-member] Starting to schedule for instances: ['e931975d-abd5-43eb-9118-025106529958'] {{(pid=96354) select_destinations /opt/stack/nova/nova/scheduler/manager.py:209}}
Jun 30 12:34:45.193126 np0000003980 nova-scheduler[96354]: DEBUG nova.scheduler.request_filter [None req-03b875e8-3c18-483e-9fd6-e794bdb483fc tempest-ServerBootFromVolumeStableRescueTest-128170304 tempest-ServerBootFromVolumeStableRescueTest-128170304-project-member] compute_status_filter request filter added forbidden trait COMPUTE_STATUS_DISABLED {{(pid=96354) compute_status_filter /opt/stack/nova/nova/scheduler/request_filter.py:253}}
Jun 30 12:34:45.193126 np0000003980 nova-scheduler[96354]: DEBUG nova.scheduler.request_filter [None req-03b875e8-3c18-483e-9fd6-e794bdb483fc tempest-ServerBootFromVolumeStableRescueTest-128170304 tempest-ServerBootFromVolumeStableRescueTest-128170304-project-member] Request filter 'compute_status_filter' took 0.0 seconds {{(pid=96354) wrapper /opt/stack/nova/nova/scheduler/request_filter.py:46}}
Jun 30 12:34:45.193603 np0000003980 nova-scheduler[96354]: DEBUG nova.scheduler.request_filter [None req-03b875e8-3c18-483e-9fd6-e794bdb483fc tempest-ServerBootFromVolumeStableRescueTest-128170304 tempest-ServerBootFromVolumeStableRescueTest-128170304-project-member] Request filter 'accelerators_filter' took 0.0 seconds {{(pid=96354) wrapper /opt/stack/nova/nova/scheduler/request_filter.py:46}}
Jun 30 12:34:45.193603 np0000003980 nova-scheduler[96354]: DEBUG nova.scheduler.request_filter [None req-03b875e8-3c18-483e-9fd6-e794bdb483fc tempest-ServerBootFromVolumeStableRescueTest-128170304 tempest-ServerBootFromVolumeStableRescueTest-128170304-project-member] Request filter 'packed_virtqueue_filter' took 0.0 seconds {{(pid=96354) wrapper /opt/stack/nova/nova/scheduler/request_filter.py:46}}
Jun 30 12:34:45.194224 np0000003980 nova-scheduler[96354]: DEBUG nova.scheduler.request_filter [None req-03b875e8-3c18-483e-9fd6-e794bdb483fc tempest-ServerBootFromVolumeStableRescueTest-128170304 tempest-ServerBootFromVolumeStableRescueTest-128170304-project-member] Request filter 'remote_managed_ports_filter' took 0.0 seconds {{(pid=96354) wrapper /opt/stack/nova/nova/scheduler/request_filter.py:46}}
Jun 30 12:34:45.194704 np0000003980 nova-scheduler[96354]: DEBUG nova.scheduler.request_filter [None req-03b875e8-3c18-483e-9fd6-e794bdb483fc tempest-ServerBootFromVolumeStableRescueTest-128170304 tempest-ServerBootFromVolumeStableRescueTest-128170304-project-member] ephemeral_encryption_filter skipped {{(pid=96354) ephemeral_encryption_filter /opt/stack/nova/nova/scheduler/request_filter.py:426}}
Jun 30 12:34:45.195034 np0000003980 nova-scheduler[96354]: DEBUG nova.scheduler.request_filter [None req-03b875e8-3c18-483e-9fd6-e794bdb483fc tempest-ServerBootFromVolumeStableRescueTest-128170304 tempest-ServerBootFromVolumeStableRescueTest-128170304-project-member] virtio_sound_filter skipped {{(pid=96354) virtio_sound_filter /opt/stack/nova/nova/scheduler/request_filter.py:460}}
Jun 30 12:34:45.195209 np0000003980 nova-scheduler[96354]: DEBUG nova.scheduler.request_filter [None req-03b875e8-3c18-483e-9fd6-e794bdb483fc tempest-ServerBootFromVolumeStableRescueTest-128170304 tempest-ServerBootFromVolumeStableRescueTest-128170304-project-member] tpm_secret_security_filter skipped {{(pid=96354) tpm_secret_security_filter /opt/stack/nova/nova/scheduler/request_filter.py:477}}
Jun 30 12:34:45.809208 np0000003980 nova-scheduler[96354]: INFO nova.utils [None req-03b875e8-3c18-483e-9fd6-e794bdb483fc tempest-ServerBootFromVolumeStableRescueTest-128170304 tempest-ServerBootFromVolumeStableRescueTest-128170304-project-member] The cell worker thread pool ForkProcess-1.cell_worker is initialized
Jun 30 12:34:45.809512 np0000003980 nova-scheduler[96354]: DEBUG oslo_concurrency.lockutils [None req-03b875e8-3c18-483e-9fd6-e794bdb483fc tempest-ServerBootFromVolumeStableRescueTest-128170304 tempest-ServerBootFromVolumeStableRescueTest-128170304-project-member] Acquiring lock "51bcf099-efbe-4922-8ffe-c2a40b7a35a2" by "nova.context.set_target_cell..get_or_set_cached_cell_and_set_connections" {{(pid=96354) inner /opt/stack/data/venv/lib/python3.12/site-packages/oslo_concurrency/lockutils.py:511}}
Jun 30 12:34:45.809752 np0000003980 nova-scheduler[96354]: DEBUG oslo_concurrency.lockutils [None req-03b875e8-3c18-483e-9fd6-e794bdb483fc tempest-ServerBootFromVolumeStableRescueTest-128170304 tempest-ServerBootFromVolumeStableRescueTest-128170304-project-member] Lock "51bcf099-efbe-4922-8ffe-c2a40b7a35a2" acquired by "nova.context.set_target_cell..get_or_set_cached_cell_and_set_connections" :: waited 0.000s {{(pid=96354) inner /opt/stack/data/venv/lib/python3.12/site-packages/oslo_concurrency/lockutils.py:524}}
Jun 30 12:34:45.811075 np0000003980 nova-scheduler[96354]: DEBUG oslo_concurrency.lockutils [None req-03b875e8-3c18-483e-9fd6-e794bdb483fc tempest-ServerBootFromVolumeStableRescueTest-128170304 tempest-ServerBootFromVolumeStableRescueTest-128170304-project-member] Lock "51bcf099-efbe-4922-8ffe-c2a40b7a35a2" "released" by "nova.context.set_target_cell..get_or_set_cached_cell_and_set_connections" :: held 0.001s {{(pid=96354) inner /opt/stack/data/venv/lib/python3.12/site-packages/oslo_concurrency/lockutils.py:543}}
Jun 30 12:34:45.813040 np0000003980 nova-scheduler[96354]: INFO dbcounter [None req-03b875e8-3c18-483e-9fd6-e794bdb483fc tempest-ServerBootFromVolumeStableRescueTest-128170304 tempest-ServerBootFromVolumeStableRescueTest-128170304-project-member] Registered counter for database nova_cell1
Jun 30 12:34:45.854171 np0000003980 nova-scheduler[96354]: DEBUG oslo_db.sqlalchemy.engines [None req-03b875e8-3c18-483e-9fd6-e794bdb483fc tempest-ServerBootFromVolumeStableRescueTest-128170304 tempest-ServerBootFromVolumeStableRescueTest-128170304-project-member] MySQL server mode set to STRICT_TRANS_TABLES,STRICT_ALL_TABLES,NO_ZERO_IN_DATE,NO_ZERO_DATE,ERROR_FOR_DIVISION_BY_ZERO,TRADITIONAL,NO_ENGINE_SUBSTITUTION {{(pid=96354) _check_effective_sql_mode /opt/stack/data/venv/lib/python3.12/site-packages/oslo_db/sqlalchemy/engines.py:325}}
Jun 30 12:34:45.864502 np0000003980 nova-scheduler[96354]: DEBUG dbcounter [-] [96354] Writer thread running {{(pid=96354) stat_writer /opt/stack/data/venv/lib/python3.12/site-packages/dbcounter.py:102}}
Jun 30 12:34:45.883091 np0000003980 nova-scheduler[96354]: DEBUG oslo_db.sqlalchemy.engines [None req-03b875e8-3c18-483e-9fd6-e794bdb483fc tempest-ServerBootFromVolumeStableRescueTest-128170304 tempest-ServerBootFromVolumeStableRescueTest-128170304-project-member] Parent process 95161 forked (96354) with an open database connection, which is being discarded and recreated. {{(pid=96354) checkout /opt/stack/data/venv/lib/python3.12/site-packages/oslo_db/sqlalchemy/engines.py:402}}
Jun 30 12:34:45.934952 np0000003980 nova-scheduler[96354]: DEBUG dbcounter [-] [96354] Writer thread running {{(pid=96354) stat_writer /opt/stack/data/venv/lib/python3.12/site-packages/dbcounter.py:102}}
Jun 30 12:34:45.938762 np0000003980 nova-scheduler[96354]: DEBUG oslo_concurrency.lockutils [None req-03b875e8-3c18-483e-9fd6-e794bdb483fc tempest-ServerBootFromVolumeStableRescueTest-128170304 tempest-ServerBootFromVolumeStableRescueTest-128170304-project-member] Acquiring lock "51bcf099-efbe-4922-8ffe-c2a40b7a35a2" by "nova.context.set_target_cell..get_or_set_cached_cell_and_set_connections" {{(pid=96354) inner /opt/stack/data/venv/lib/python3.12/site-packages/oslo_concurrency/lockutils.py:511}}
Jun 30 12:34:45.939122 np0000003980 nova-scheduler[96354]: DEBUG oslo_concurrency.lockutils [None req-03b875e8-3c18-483e-9fd6-e794bdb483fc tempest-ServerBootFromVolumeStableRescueTest-128170304 tempest-ServerBootFromVolumeStableRescueTest-128170304-project-member] Lock "51bcf099-efbe-4922-8ffe-c2a40b7a35a2" acquired by "nova.context.set_target_cell..get_or_set_cached_cell_and_set_connections" :: waited 0.000s {{(pid=96354) inner /opt/stack/data/venv/lib/python3.12/site-packages/oslo_concurrency/lockutils.py:524}}
Jun 30 12:34:45.939602 np0000003980 nova-scheduler[96354]: DEBUG oslo_concurrency.lockutils [None req-03b875e8-3c18-483e-9fd6-e794bdb483fc tempest-ServerBootFromVolumeStableRescueTest-128170304 tempest-ServerBootFromVolumeStableRescueTest-128170304-project-member] Lock "51bcf099-efbe-4922-8ffe-c2a40b7a35a2" "released" by "nova.context.set_target_cell..get_or_set_cached_cell_and_set_connections" :: held 0.000s {{(pid=96354) inner /opt/stack/data/venv/lib/python3.12/site-packages/oslo_concurrency/lockutils.py:543}}
Jun 30 12:34:45.942894 np0000003980 nova-scheduler[96354]: DEBUG oslo_concurrency.lockutils [None req-03b875e8-3c18-483e-9fd6-e794bdb483fc tempest-ServerBootFromVolumeStableRescueTest-128170304 tempest-ServerBootFromVolumeStableRescueTest-128170304-project-member] Acquiring lock "np0000003980-np0000003980" by "nova.scheduler.host_manager.HostState.update.._locked_update" {{(pid=96354) inner /opt/stack/data/venv/lib/python3.12/site-packages/oslo_concurrency/lockutils.py:511}}
Jun 30 12:34:45.943233 np0000003980 nova-scheduler[96354]: DEBUG oslo_concurrency.lockutils [None req-03b875e8-3c18-483e-9fd6-e794bdb483fc tempest-ServerBootFromVolumeStableRescueTest-128170304 tempest-ServerBootFromVolumeStableRescueTest-128170304-project-member] Lock "np0000003980-np0000003980" acquired by "nova.scheduler.host_manager.HostState.update.._locked_update" :: waited 0.000s {{(pid=96354) inner /opt/stack/data/venv/lib/python3.12/site-packages/oslo_concurrency/lockutils.py:524}}
Jun 30 12:34:45.944394 np0000003980 nova-scheduler[96354]: DEBUG nova.scheduler.host_manager [None req-03b875e8-3c18-483e-9fd6-e794bdb483fc tempest-ServerBootFromVolumeStableRescueTest-128170304 tempest-ServerBootFromVolumeStableRescueTest-128170304-project-member] Update host state from compute node: ComputeNode(cpu_allocation_ratio=4.0,cpu_info='{"arch": "x86_64", "model": "EPYC-Milan", "vendor": "AMD", "topology": {"cells": 1, "sockets": 16, "cores": 1, "threads": 1}, "maxphysaddr": {"mode": "emulate", "bits": 40}, "features": ["fsgsbase", "ibpb", "stibp-always-on", "clzero", "pcid", "pfthreshold", "mca", "sse4.2", "npt", "amd-psfd", "sse", "rdpid", "abm", "mds-no", "pku", "svm", "vaes", "rdtscp", "xsaveerptr", "3dnowprefetch", "rdseed", "smep", "popcnt", "sse4a", "mce", "ssse3", "pni", "mmx", "de", "cx16", "pclmuldq", "virt-ssbd", "sep", "syscall", "xsavec", "xsave", "vme", "lbrv", "lm", "lfence-always-serializing", "avx2", "ssbd", "f16c", "nrip-save", "skip-l1dfl-vmentry", "xsaves", "fxsr_opt", "tsc-deadline", "smap", "x2apic", "perfctr_core", "null-sel-clr-base", "pge", "xsaveopt", "fma", "bmi1", "gds-no", "pschange-mc-no", "invpcid", "tsc-scale", "spec-ctrl", "amd-ssbd", "v-vmsave-vmload", "avx", "hypervisor", "apic", "no-nested-data-bp", "osvw", "adx", "stibp", "cmp_legacy", "movbe", "bmi2", "pause-filter", "mmxext", "flushbyasid", "sse2", "sse4.1", "umip", "pse36", "ibrs", "tsc_adjust", "pse", "pdpe1gb", "fsrm", "nx", "pae", "rdrand", "vpclmulqdq", "mtrr", "amd-stibp", "cmov", "cx8", "topoext", "misalignsse", "erms", "wbnoinvd", "arat", "svme-addr-chk", "vgif", "fpu", "clflushopt", "clwb", "pat", "aes", "clflush", "arch-capabilities", "cr8legacy", "tsc", "lahf_lm", "vmcb-clean", "sha-ni", "xgetbv1", "fxsr", "msr", "rdctl-no"]}',created_at=2026-06-30T12:32:49Z,current_workload=0,deleted=False,deleted_at=None,disk_allocation_ratio=1.0,disk_available_least=75,free_disk_gb=95,free_ram_mb=63789,host='np0000003980',host_ip=10.4.3.188,hypervisor_hostname='np0000003980',hypervisor_type='QEMU',hypervisor_version=8002002,id=1,local_gb=95,local_gb_used=0,mapped=1,memory_mb=64301,memory_mb_used=512,metrics='[]',numa_topology='{"nova_object.name": "NUMATopology", "nova_object.namespace": "nova", "nova_object.version": "1.2", "nova_object.data": {"cells": [{"nova_object.name": "NUMACell", "nova_object.namespace": "nova", "nova_object.version": "1.5", "nova_object.data": {"id": 0, "cpuset": [0, 1, 2, 3, 4, 5, 6, 7, 8, 9, 10, 11, 12, 13, 14, 15], "pcpuset": [0, 1, 2, 3, 4, 5, 6, 7, 8, 9, 10, 11, 12, 13, 14, 15], "memory": 64301, "cpu_usage": 0, "memory_usage": 0, "pinned_cpus": [], "siblings": [[6], [12], [2], [15], [5], [11], [8], [14], [4], [1], [7], [10], [0], [13], [3], [9]], "mempages": [{"nova_object.name": "NUMAPagesTopology", "nova_object.namespace": "nova", "nova_object.version": "1.1", "nova_object.data": {"size_kb": 4, "total": 16461070, "used": 0, "reserved": 0}, "nova_object.changes": ["size_kb", "total", "used", "reserved"]}, {"nova_object.name": "NUMAPagesTopology", "nova_object.namespace": "nova", "nova_object.version": "1.1", "nova_object.data": {"size_kb": 2048, "total": 0, "used": 0, "reserved": 0}, "nova_object.changes": ["size_kb", "total", "used", "reserved"]}, {"nova_object.name": "NUMAPagesTopology", "nova_object.namespace": "nova", "nova_object.version": "1.1", "nova_object.data": {"size_kb": 1048576, "total": 0, "used": 0, "reserved": 0}, "nova_object.changes": ["size_kb", "total", "used", "reserved"]}], "network_metadata": {"nova_object.name": "NetworkMetadata", "nova_object.namespace": "nova", "nova_object.version": "1.0", "nova_object.data": {"physnets": [], "tunneled": false}, "nova_object.changes": ["tunneled", "physnets"]}, "socket": null}, "nova_object.changes": ["id", "cpu_usage", "memory", "pinned_cpus", "cpuset", "pcpuset", "siblings", "memory_usage", "mempages", "socket", "network_metadata"]}]}, "nova_object.changes": ["cells"]}',pci_device_pools=PciDevicePoolList,ram_allocation_ratio=1.0,running_vms=0,service_id=2,stats={failed_builds='0',uptime=' 12:34:34 up 25 min, 2 users, load average: 1.80, 1.54, 0.88
Jun 30 12:34:45.944394 np0000003980 nova-scheduler[96354]: '},supported_hv_specs=[HVSpec,HVSpec,HVSpec,HVSpec,HVSpec,HVSpec,HVSpec,HVSpec,HVSpec,HVSpec,HVSpec,HVSpec,HVSpec,HVSpec,HVSpec,HVSpec,HVSpec,HVSpec,HVSpec,HVSpec,HVSpec,HVSpec,HVSpec,HVSpec,HVSpec],updated_at=2026-06-30T12:34:37Z,uuid=1a36e62d-f542-4474-a53b-a464215a0b46,vcpus=16,vcpus_used=0) {{(pid=96354) _locked_update /opt/stack/nova/nova/scheduler/host_manager.py:168}}
