Jun 30 12:31:58.141556 np0000003980 devstack@neutron-api.service[90512]: DEBUG neutron.api.extensions [None req-4e59a72a-bc2b-4431-9d1c-fcad31c750d5 None None] Ext name="Trunk Extension" alias="trunk" description="Provides support for trunk ports" updated="2016-01-01T10:00:00-00:00" {{(pid=90512) _check_extension /opt/stack/neutron/neutron/api/extensions.py:415}}
Jun 30 12:31:58.141948 np0000003980 devstack@neutron-api.service[90511]: DEBUG neutron.api.extensions [None req-0086c7e3-9bec-4900-a2cb-e778e4a9ec7d None None] Extended resource: bindings {{(pid=90511) __init__ /opt/stack/neutron/neutron/api/extensions.py:156}}
Jun 30 12:31:58.142348 np0000003980 devstack@neutron-api.service[90512]: INFO neutron.api.extensions [None req-4e59a72a-bc2b-4431-9d1c-fcad31c750d5 None None] Extension trunk not supported by any of loaded plugins
Jun 30 12:31:58.142348 np0000003980 devstack@neutron-api.service[90512]: DEBUG neutron.api.extensions [None req-4e59a72a-bc2b-4431-9d1c-fcad31c750d5 None None] Loading extension file: trunk_details.py {{(pid=90512) _load_all_extensions_from_path /opt/stack/neutron/neutron/api/extensions.py:449}}
Jun 30 12:31:58.142771 np0000003980 devstack@neutron-api.service[90510]: DEBUG neutron.api.extensions [None req-33e4e94a-9495-4727-801d-e618795af217 None None] Extended resource: tags {{(pid=90510) __init__ /opt/stack/neutron/neutron/api/extensions.py:156}}
Jun 30 12:31:58.143173 np0000003980 devstack@neutron-api.service[90512]: DEBUG neutron.api.extensions [None req-4e59a72a-bc2b-4431-9d1c-fcad31c750d5 None None] Ext name="Trunk port details" alias="trunk-details" description="Expose trunk port details" updated="2016-01-01T10:00:00-00:00" {{(pid=90512) _check_extension /opt/stack/neutron/neutron/api/extensions.py:415}}
Jun 30 12:31:58.143173 np0000003980 devstack@neutron-api.service[90512]: INFO neutron.api.extensions [None req-4e59a72a-bc2b-4431-9d1c-fcad31c750d5 None None] Extension trunk-details not supported by any of loaded plugins
Jun 30 12:31:58.143173 np0000003980 devstack@neutron-api.service[90512]: DEBUG neutron.api.extensions [None req-4e59a72a-bc2b-4431-9d1c-fcad31c750d5 None None] Loading extension file: uplink_status_propagation.py {{(pid=90512) _load_all_extensions_from_path /opt/stack/neutron/neutron/api/extensions.py:449}}
Jun 30 12:31:58.143602 np0000003980 devstack@neutron-api.service[90511]: DEBUG neutron.api.extensions [None req-0086c7e3-9bec-4900-a2cb-e778e4a9ec7d None None] Extended resource: quotas {{(pid=90511) __init__ /opt/stack/neutron/neutron/api/extensions.py:156}}
Jun 30 12:31:58.143860 np0000003980 devstack@neutron-api.service[90512]: DEBUG neutron.api.extensions [None req-4e59a72a-bc2b-4431-9d1c-fcad31c750d5 None None] Ext name="Uplink status propagation extension" alias="uplink-status-propagation" description="Provides ability to propagate port uplink status." updated="2018-05-31T18:00:00-00:00" {{(pid=90512) _check_extension /opt/stack/neutron/neutron/api/extensions.py:415}}
Jun 30 12:31:58.143860 np0000003980 devstack@neutron-api.service[90512]: INFO neutron.api.extensions [None req-4e59a72a-bc2b-4431-9d1c-fcad31c750d5 None None] Extension uplink-status-propagation not supported by any of loaded plugins
Jun 30 12:31:58.143860 np0000003980 devstack@neutron-api.service[90512]: DEBUG neutron.api.extensions [None req-4e59a72a-bc2b-4431-9d1c-fcad31c750d5 None None] Loading extension file: uplink_status_propagation_updatable.py {{(pid=90512) _load_all_extensions_from_path /opt/stack/neutron/neutron/api/extensions.py:449}}
Jun 30 12:31:58.144010 np0000003980 devstack@neutron-api.service[90510]: DEBUG neutron.api.extensions [None req-33e4e94a-9495-4727-801d-e618795af217 None None] Extended resource: tags {{(pid=90510) __init__ /opt/stack/neutron/neutron/api/extensions.py:156}}
Jun 30 12:31:58.144123 np0000003980 devstack@neutron-api.service[90512]: DEBUG neutron.api.extensions [None req-4e59a72a-bc2b-4431-9d1c-fcad31c750d5 None None] Ext name="Uplink status propagation updatable extension" alias="uplink-status-propagation-updatable" description="Provides ability to update the port uplink status." updated="2024-09-03T18:00:00-00:00" {{(pid=90512) _check_extension /opt/stack/neutron/neutron/api/extensions.py:415}}
Jun 30 12:31:58.144228 np0000003980 devstack@neutron-api.service[90511]: DEBUG neutron.api.extensions [None req-0086c7e3-9bec-4900-a2cb-e778e4a9ec7d None None] Extended resource: quotas {{(pid=90511) __init__ /opt/stack/neutron/neutron/api/extensions.py:156}}
Jun 30 12:31:58.144318 np0000003980 devstack@neutron-api.service[90512]: INFO neutron.api.extensions [None req-4e59a72a-bc2b-4431-9d1c-fcad31c750d5 None None] Extension uplink-status-propagation-updatable not supported by any of loaded plugins
Jun 30 12:31:58.144318 np0000003980 devstack@neutron-api.service[90512]: DEBUG neutron.api.extensions [None req-4e59a72a-bc2b-4431-9d1c-fcad31c750d5 None None] Loading extension file: vlantransparent.py {{(pid=90512) _load_all_extensions_from_path /opt/stack/neutron/neutron/api/extensions.py:449}}
Jun 30 12:31:58.144318 np0000003980 devstack@neutron-api.service[90512]: DEBUG neutron.api.extensions [None req-4e59a72a-bc2b-4431-9d1c-fcad31c750d5 None None] Ext name="Vlantransparent" alias="vlan-transparent" description="Provides Vlan Transparent Networks" updated="2015-03-23T09:00:00-00:00" {{(pid=90512) _check_extension /opt/stack/neutron/neutron/api/extensions.py:415}}
Jun 30 12:31:58.144318 np0000003980 devstack@neutron-api.service[90512]: INFO neutron.api.extensions [None req-4e59a72a-bc2b-4431-9d1c-fcad31c750d5 None None] Loaded extension: vlan-transparent
Jun 30 12:31:58.144473 np0000003980 devstack@neutron-api.service[90510]: DEBUG neutron.api.extensions [None req-33e4e94a-9495-4727-801d-e618795af217 None None] Extended resource: tags {{(pid=90510) __init__ /opt/stack/neutron/neutron/api/extensions.py:156}}
Jun 30 12:31:58.144473 np0000003980 devstack@neutron-api.service[90510]: DEBUG neutron.api.extensions [None req-33e4e94a-9495-4727-801d-e618795af217 None None] Extended resource: tags {{(pid=90510) __init__ /opt/stack/neutron/neutron/api/extensions.py:156}}
Jun 30 12:31:58.144607 np0000003980 devstack@neutron-api.service[90511]: DEBUG neutron.api.extensions [None req-0086c7e3-9bec-4900-a2cb-e778e4a9ec7d None None] Extended resource: rbac-policies {{(pid=90511) __init__ /opt/stack/neutron/neutron/api/extensions.py:156}}
Jun 30 12:31:58.144662 np0000003980 devstack@neutron-api.service[90512]: INFO neutron.quota.resource_registry [None req-4e59a72a-bc2b-4431-9d1c-fcad31c750d5 None None] Creating instance of TrackedResource for resource:network
Jun 30 12:31:58.144716 np0000003980 devstack@neutron-api.service[90511]: DEBUG neutron.api.extensions [None req-0086c7e3-9bec-4900-a2cb-e778e4a9ec7d None None] Extended resource: default-security-group-rules {{(pid=90511) __init__ /opt/stack/neutron/neutron/api/extensions.py:156}}
Jun 30 12:31:58.144781 np0000003980 devstack@neutron-api.service[90510]: DEBUG neutron.api.extensions [None req-33e4e94a-9495-4727-801d-e618795af217 None None] Extended resource: tags {{(pid=90510) __init__ /opt/stack/neutron/neutron/api/extensions.py:156}}
Jun 30 12:31:58.144851 np0000003980 devstack@neutron-api.service[90512]: INFO neutron.quota.resource_registry [None req-4e59a72a-bc2b-4431-9d1c-fcad31c750d5 None None] Creating instance of TrackedResource for resource:subnet
Jun 30 12:31:58.144851 np0000003980 devstack@neutron-api.service[90512]: INFO neutron.quota.resource_registry [None req-4e59a72a-bc2b-4431-9d1c-fcad31c750d5 None None] Creating instance of TrackedResource for resource:subnetpool
Jun 30 12:31:58.144951 np0000003980 devstack@neutron-api.service[90511]: DEBUG neutron.api.extensions [None req-0086c7e3-9bec-4900-a2cb-e778e4a9ec7d None None] Extended resource: security-groups-default-statefulness {{(pid=90511) __init__ /opt/stack/neutron/neutron/api/extensions.py:156}}
Jun 30 12:31:58.145024 np0000003980 devstack@neutron-api.service[90512]: INFO neutron.quota.resource_registry [None req-4e59a72a-bc2b-4431-9d1c-fcad31c750d5 None None] Creating instance of TrackedResource for resource:port
Jun 30 12:31:58.145079 np0000003980 devstack@neutron-api.service[90511]: DEBUG neutron.api.extensions [None req-0086c7e3-9bec-4900-a2cb-e778e4a9ec7d None None] Extended resource: security-groups {{(pid=90511) __init__ /opt/stack/neutron/neutron/api/extensions.py:156}}
Jun 30 12:31:58.145205 np0000003980 devstack@neutron-api.service[90510]: DEBUG neutron.api.extensions [None req-33e4e94a-9495-4727-801d-e618795af217 None None] Extended resource: tags {{(pid=90510) __init__ /opt/stack/neutron/neutron/api/extensions.py:156}}
Jun 30 12:31:58.145301 np0000003980 devstack@neutron-api.service[90511]: DEBUG neutron.api.extensions [None req-0086c7e3-9bec-4900-a2cb-e778e4a9ec7d None None] Extended resource: security-group-rules {{(pid=90511) __init__ /opt/stack/neutron/neutron/api/extensions.py:156}}
Jun 30 12:31:58.145301 np0000003980 devstack@neutron-api.service[90511]: DEBUG neutron.api.extensions [None req-0086c7e3-9bec-4900-a2cb-e778e4a9ec7d None None] Extended resource: service-providers {{(pid=90511) __init__ /opt/stack/neutron/neutron/api/extensions.py:156}}
Jun 30 12:31:58.145469 np0000003980 devstack@neutron-api.service[90512]: INFO neutron.quota.resource_registry [None req-4e59a72a-bc2b-4431-9d1c-fcad31c750d5 None None] Creating instance of CountableResource for resource:router_route
Jun 30 12:31:58.145633 np0000003980 devstack@neutron-api.service[90510]: DEBUG neutron.api.extensions [None req-33e4e94a-9495-4727-801d-e618795af217 None None] Extended resource: tags {{(pid=90510) __init__ /opt/stack/neutron/neutron/api/extensions.py:156}}
Jun 30 12:31:58.145693 np0000003980 devstack@neutron-api.service[90512]: DEBUG neutron.api.v2.resource_helper [None req-4e59a72a-bc2b-4431-9d1c-fcad31c750d5 None None] Service L3_ROUTER_NAT assigned prefix: {{(pid=90512) build_resource_info /opt/stack/neutron/neutron/api/v2/resource_helper.py:77}}
Jun 30 12:31:58.145763 np0000003980 devstack@neutron-api.service[90511]: DEBUG neutron.api.extensions [None req-0086c7e3-9bec-4900-a2cb-e778e4a9ec7d None None] Extended resource: subnetpools {{(pid=90511) __init__ /opt/stack/neutron/neutron/api/extensions.py:156}}
Jun 30 12:31:58.145923 np0000003980 devstack@neutron-api.service[90512]: DEBUG neutron.api.v2.resource_helper [None req-4e59a72a-bc2b-4431-9d1c-fcad31c750d5 None None] Service FLAVORS assigned prefix: {{(pid=90512) build_resource_info /opt/stack/neutron/neutron/api/v2/resource_helper.py:77}}
Jun 30 12:31:58.146033 np0000003980 devstack@neutron-api.service[90511]: DEBUG neutron.api.extensions [None req-0086c7e3-9bec-4900-a2cb-e778e4a9ec7d None None] Extended resource: subnetpools {{(pid=90511) __init__ /opt/stack/neutron/neutron/api/extensions.py:156}}
Jun 30 12:31:58.146169 np0000003980 devstack@neutron-api.service[90510]: DEBUG neutron.api.extensions [None req-33e4e94a-9495-4727-801d-e618795af217 None None] Extended resource: tags {{(pid=90510) __init__ /opt/stack/neutron/neutron/api/extensions.py:156}}
Jun 30 12:31:58.146229 np0000003980 devstack@neutron-api.service[90511]: DEBUG neutron.api.extensions [None req-0086c7e3-9bec-4900-a2cb-e778e4a9ec7d None None] Extended resource: tags {{(pid=90511) __init__ /opt/stack/neutron/neutron/api/extensions.py:156}}
Jun 30 12:31:58.146315 np0000003980 devstack@neutron-api.service[90512]: DEBUG neutron.api.v2.resource_helper [None req-4e59a72a-bc2b-4431-9d1c-fcad31c750d5 None None] Service L3_ROUTER_NAT assigned prefix: {{(pid=90512) build_resource_info /opt/stack/neutron/neutron/api/v2/resource_helper.py:77}}
Jun 30 12:31:58.146315 np0000003980 devstack@neutron-api.service[90512]: DEBUG neutron.api.v2.resource_helper [None req-4e59a72a-bc2b-4431-9d1c-fcad31c750d5 None None] Service L3_ROUTER_NAT assigned prefix: {{(pid=90512) build_resource_info /opt/stack/neutron/neutron/api/v2/resource_helper.py:77}}
Jun 30 12:31:58.146315 np0000003980 devstack@neutron-api.service[90512]: INFO neutron.quota.resource_registry [None req-4e59a72a-bc2b-4431-9d1c-fcad31c750d5 None None] Creating instance of TrackedResource for resource:router
Jun 30 12:31:58.146520 np0000003980 devstack@neutron-api.service[90511]: DEBUG neutron.api.extensions [None req-0086c7e3-9bec-4900-a2cb-e778e4a9ec7d None None] Extended resource: tags {{(pid=90511) __init__ /opt/stack/neutron/neutron/api/extensions.py:156}}
Jun 30 12:31:58.146602 np0000003980 devstack@neutron-api.service[90512]: INFO neutron.quota.resource_registry [None req-4e59a72a-bc2b-4431-9d1c-fcad31c750d5 None None] Creating instance of TrackedResource for resource:floatingip
Jun 30 12:31:58.146725 np0000003980 devstack@neutron-api.service[90511]: DEBUG neutron.api.extensions [None req-0086c7e3-9bec-4900-a2cb-e778e4a9ec7d None None] Extended resource: tags {{(pid=90511) __init__ /opt/stack/neutron/neutron/api/extensions.py:156}}
Jun 30 12:31:58.146841 np0000003980 devstack@neutron-api.service[90512]: INFO neutron.quota.resource_registry [None req-4e59a72a-bc2b-4431-9d1c-fcad31c750d5 None None] Creating instance of CountableResource for resource:rbac_policy
Jun 30 12:31:58.146982 np0000003980 devstack@neutron-api.service[90511]: DEBUG neutron.api.extensions [None req-0086c7e3-9bec-4900-a2cb-e778e4a9ec7d None None] Extended resource: tags {{(pid=90511) __init__ /opt/stack/neutron/neutron/api/extensions.py:156}}
Jun 30 12:31:58.147307 np0000003980 devstack@neutron-api.service[90512]: INFO neutron.quota.resource_registry [None req-4e59a72a-bc2b-4431-9d1c-fcad31c750d5 None None] Creating instance of TrackedResource for resource:security_group
Jun 30 12:31:58.147307 np0000003980 devstack@neutron-api.service[90512]: INFO neutron.quota.resource_registry [None req-4e59a72a-bc2b-4431-9d1c-fcad31c750d5 None None] Creating instance of TrackedResource for resource:security_group_rule
Jun 30 12:31:58.147471 np0000003980 devstack@neutron-api.service[90511]: DEBUG neutron.api.extensions [None req-0086c7e3-9bec-4900-a2cb-e778e4a9ec7d None None] Extended resource: tags {{(pid=90511) __init__ /opt/stack/neutron/neutron/api/extensions.py:156}}
Jun 30 12:31:58.147559 np0000003980 devstack@neutron-api.service[90512]: DEBUG neutron.api.v2.resource_helper [None req-4e59a72a-bc2b-4431-9d1c-fcad31c750d5 None None] Service CORE assigned prefix: {{(pid=90512) build_resource_info /opt/stack/neutron/neutron/api/v2/resource_helper.py:77}}
Jun 30 12:31:58.147559 np0000003980 devstack@neutron-api.service[90512]: INFO neutron.quota.resource_registry [None req-4e59a72a-bc2b-4431-9d1c-fcad31c750d5 None None] Creating instance of TrackedResource for resource:subnetpool
Jun 30 12:31:58.147559 np0000003980 devstack@neutron-api.service[90512]: WARNING neutron.quota.resource_registry [None req-4e59a72a-bc2b-4431-9d1c-fcad31c750d5 None None] subnetpool is already registered
Jun 30 12:31:58.147559 np0000003980 devstack@neutron-api.service[90512]: DEBUG neutron.api.v2.resource_helper [None req-4e59a72a-bc2b-4431-9d1c-fcad31c750d5 None None] Service CORE assigned prefix: {{(pid=90512) build_resource_info /opt/stack/neutron/neutron/api/v2/resource_helper.py:77}}
Jun 30 12:31:58.147559 np0000003980 devstack@neutron-api.service[90512]: INFO neutron.quota.resource_registry [None req-4e59a72a-bc2b-4431-9d1c-fcad31c750d5 None None] Creating instance of TrackedResource for resource:subnetpool
Jun 30 12:31:58.147819 np0000003980 devstack@neutron-api.service[90511]: DEBUG neutron.api.extensions [None req-0086c7e3-9bec-4900-a2cb-e778e4a9ec7d None None] Extended resource: tags {{(pid=90511) __init__ /opt/stack/neutron/neutron/api/extensions.py:156}}
Jun 30 12:31:58.147890 np0000003980 devstack@neutron-api.service[90512]: WARNING neutron.quota.resource_registry [None req-4e59a72a-bc2b-4431-9d1c-fcad31c750d5 None None] subnetpool is already registered
Jun 30 12:31:58.147967 np0000003980 devstack@neutron-api.service[90511]: DEBUG neutron.api.extensions [None req-0086c7e3-9bec-4900-a2cb-e778e4a9ec7d None None] Extended resource: tags {{(pid=90511) __init__ /opt/stack/neutron/neutron/api/extensions.py:156}}
Jun 30 12:31:58.147967 np0000003980 devstack@neutron-api.service[90511]: DEBUG neutron.api.extensions [None req-0086c7e3-9bec-4900-a2cb-e778e4a9ec7d None None] Extended resource: tags {{(pid=90511) __init__ /opt/stack/neutron/neutron/api/extensions.py:156}}
Jun 30 12:31:58.148098 np0000003980 devstack@neutron-api.service[90512]: INFO neutron.quota.resource_registry [None req-4e59a72a-bc2b-4431-9d1c-fcad31c750d5 None None] Creating instance of CountableResource for resource:router_route
Jun 30 12:31:58.148098 np0000003980 devstack@neutron-api.service[90512]: WARNING neutron.quota.resource_registry [None req-4e59a72a-bc2b-4431-9d1c-fcad31c750d5 None None] router_route is already registered
Jun 30 12:31:58.148098 np0000003980 devstack@neutron-api.service[90512]: DEBUG neutron.api.v2.resource_helper [None req-4e59a72a-bc2b-4431-9d1c-fcad31c750d5 None None] Service L3_ROUTER_NAT assigned prefix: {{(pid=90512) build_resource_info /opt/stack/neutron/neutron/api/v2/resource_helper.py:77}}
Jun 30 12:31:58.148098 np0000003980 devstack@neutron-api.service[90512]: DEBUG neutron.api.v2.resource_helper [None req-4e59a72a-bc2b-4431-9d1c-fcad31c750d5 None None] Service FLAVORS assigned prefix: {{(pid=90512) build_resource_info /opt/stack/neutron/neutron/api/v2/resource_helper.py:77}}
Jun 30 12:31:58.148308 np0000003980 devstack@neutron-api.service[90511]: DEBUG neutron.api.extensions [None req-0086c7e3-9bec-4900-a2cb-e778e4a9ec7d None None] Extended resource: tags {{(pid=90511) __init__ /opt/stack/neutron/neutron/api/extensions.py:156}}
Jun 30 12:31:58.148547 np0000003980 devstack@neutron-api.service[90512]: DEBUG neutron.api.v2.resource_helper [None req-4e59a72a-bc2b-4431-9d1c-fcad31c750d5 None None] Service L3_ROUTER_NAT assigned prefix: {{(pid=90512) build_resource_info /opt/stack/neutron/neutron/api/v2/resource_helper.py:77}}
Jun 30 12:31:58.148616 np0000003980 devstack@neutron-api.service[90511]: DEBUG neutron.api.extensions [None req-0086c7e3-9bec-4900-a2cb-e778e4a9ec7d None None] Extended resource: tags {{(pid=90511) __init__ /opt/stack/neutron/neutron/api/extensions.py:156}}
Jun 30 12:31:58.148670 np0000003980 devstack@neutron-api.service[90512]: DEBUG neutron.api.v2.resource_helper [None req-4e59a72a-bc2b-4431-9d1c-fcad31c750d5 None None] Service L3_ROUTER_NAT assigned prefix: {{(pid=90512) build_resource_info /opt/stack/neutron/neutron/api/v2/resource_helper.py:77}}
Jun 30 12:31:58.148670 np0000003980 devstack@neutron-api.service[90512]: INFO neutron.quota.resource_registry [None req-4e59a72a-bc2b-4431-9d1c-fcad31c750d5 None None] Creating instance of TrackedResource for resource:router
Jun 30 12:31:58.148670 np0000003980 devstack@neutron-api.service[90512]: WARNING neutron.quota.resource_registry [None req-4e59a72a-bc2b-4431-9d1c-fcad31c750d5 None None] router is already registered
Jun 30 12:31:58.148670 np0000003980 devstack@neutron-api.service[90512]: INFO neutron.quota.resource_registry [None req-4e59a72a-bc2b-4431-9d1c-fcad31c750d5 None None] Creating instance of TrackedResource for resource:floatingip
Jun 30 12:31:58.148670 np0000003980 devstack@neutron-api.service[90512]: WARNING neutron.quota.resource_registry [None req-4e59a72a-bc2b-4431-9d1c-fcad31c750d5 None None] floatingip is already registered
Jun 30 12:31:58.148670 np0000003980 devstack@neutron-api.service[90512]: INFO neutron.quota.resource_registry [None req-4e59a72a-bc2b-4431-9d1c-fcad31c750d5 None None] Creating instance of CountableResource for resource:rbac_policy
Jun 30 12:31:58.148670 np0000003980 devstack@neutron-api.service[90512]: WARNING neutron.quota.resource_registry [None req-4e59a72a-bc2b-4431-9d1c-fcad31c750d5 None None] rbac_policy is already registered
Jun 30 12:31:58.148670 np0000003980 devstack@neutron-api.service[90512]: INFO neutron.quota.resource_registry [None req-4e59a72a-bc2b-4431-9d1c-fcad31c750d5 None None] Creating instance of TrackedResource for resource:security_group
Jun 30 12:31:58.148670 np0000003980 devstack@neutron-api.service[90512]: WARNING neutron.quota.resource_registry [None req-4e59a72a-bc2b-4431-9d1c-fcad31c750d5 None None] security_group is already registered
Jun 30 12:31:58.148670 np0000003980 devstack@neutron-api.service[90512]: INFO neutron.quota.resource_registry [None req-4e59a72a-bc2b-4431-9d1c-fcad31c750d5 None None] Creating instance of TrackedResource for resource:security_group_rule
Jun 30 12:31:58.148670 np0000003980 devstack@neutron-api.service[90512]: WARNING neutron.quota.resource_registry [None req-4e59a72a-bc2b-4431-9d1c-fcad31c750d5 None None] security_group_rule is already registered
Jun 30 12:31:58.148902 np0000003980 devstack@neutron-api.service[90512]: DEBUG neutron.api.v2.resource_helper [None req-4e59a72a-bc2b-4431-9d1c-fcad31c750d5 None None] Service CORE assigned prefix: {{(pid=90512) build_resource_info /opt/stack/neutron/neutron/api/v2/resource_helper.py:77}}
Jun 30 12:31:58.148902 np0000003980 devstack@neutron-api.service[90512]: INFO neutron.quota.resource_registry [None req-4e59a72a-bc2b-4431-9d1c-fcad31c750d5 None None] Creating instance of TrackedResource for resource:subnetpool
Jun 30 12:31:58.148902 np0000003980 devstack@neutron-api.service[90512]: WARNING neutron.quota.resource_registry [None req-4e59a72a-bc2b-4431-9d1c-fcad31c750d5 None None] subnetpool is already registered
Jun 30 12:31:58.148902 np0000003980 devstack@neutron-api.service[90512]: DEBUG neutron.api.v2.resource_helper [None req-4e59a72a-bc2b-4431-9d1c-fcad31c750d5 None None] Service CORE assigned prefix: {{(pid=90512) build_resource_info /opt/stack/neutron/neutron/api/v2/resource_helper.py:77}}
Jun 30 12:31:58.148902 np0000003980 devstack@neutron-api.service[90512]: INFO neutron.quota.resource_registry [None req-4e59a72a-bc2b-4431-9d1c-fcad31c750d5 None None] Creating instance of TrackedResource for resource:subnetpool
Jun 30 12:31:58.148902 np0000003980 devstack@neutron-api.service[90512]: WARNING neutron.quota.resource_registry [None req-4e59a72a-bc2b-4431-9d1c-fcad31c750d5 None None] subnetpool is already registered
Jun 30 12:31:58.149055 np0000003980 devstack@neutron-api.service[90510]: DEBUG neutron_lib.callbacks.manager [None req-33e4e94a-9495-4727-801d-e618795af217 None None] Publish callbacks ['neutron.plugins.ml2.drivers.ovn.mech_driver.mech_driver.OVNMechanismDriver.pre_fork_initialize-1819794'] for process (None), before_spawn {{(pid=90510) _notify_loop /opt/stack/data/venv/lib/python3.12/site-packages/neutron_lib/callbacks/manager.py:184}}
Jun 30 12:31:58.149112 np0000003980 devstack@neutron-api.service[90512]: DEBUG neutron.api.extensions [None req-4e59a72a-bc2b-4431-9d1c-fcad31c750d5 None None] Extended resource: extensions {{(pid=90512) __init__ /opt/stack/neutron/neutron/api/extensions.py:156}}
Jun 30 12:31:58.149188 np0000003980 devstack@neutron-api.service[90510]: DEBUG oslo_concurrency.processutils [None req-33e4e94a-9495-4727-801d-e618795af217 None None] Running cmd (subprocess): ovsdb-client transact ssl:10.4.3.188:6641 --timeout 180 -p /opt/stack/data/CA/int-ca/private/devstack-cert.key -c /opt/stack/data/CA/int-ca/devstack-cert.crt -C /opt/stack/data/CA/int-ca/ca-chain.pem ["OVN_Northbound", {"op": "wait", "timeout": 0, "table": "Port_Group", "where": [["name", "==", "neutron_pg_drop"]], "until": "==", "rows": []}, {"op": "insert", "table": "ACL", "row": {"action": "drop", "direction": "to-lport", "match": "outport == @neutron_pg_drop && ip", "priority": 1001}, "uuid-name": "droptoport"}, {"op": "insert", "table": "ACL", "row": {"action": "drop", "direction": "from-lport", "match": "inport == @neutron_pg_drop && ip", "priority": 1001}, "uuid-name": "dropfromport"}, {"op": "insert", "table": "Port_Group", "row": {"name": "neutron_pg_drop", "acls": ["set", [["named-uuid", "droptoport"], ["named-uuid", "dropfromport"]]]}}] {{(pid=90510) execute /opt/stack/data/venv/lib/python3.12/site-packages/oslo_concurrency/processutils.py:440}}
Jun 30 12:31:58.149288 np0000003980 devstack@neutron-api.service[90512]: DEBUG neutron.api.extensions [None req-4e59a72a-bc2b-4431-9d1c-fcad31c750d5 None None] Extended resource: address-groups {{(pid=90512) __init__ /opt/stack/neutron/neutron/api/extensions.py:156}}
Jun 30 12:31:58.149500 np0000003980 devstack@neutron-api.service[90512]: DEBUG neutron.api.extensions [None req-4e59a72a-bc2b-4431-9d1c-fcad31c750d5 None None] Extended resource: address-scopes {{(pid=90512) __init__ /opt/stack/neutron/neutron/api/extensions.py:156}}
Jun 30 12:31:58.150102 np0000003980 devstack@neutron-api.service[90512]: DEBUG neutron.api.extensions [None req-4e59a72a-bc2b-4431-9d1c-fcad31c750d5 None None] Extended resource: agents {{(pid=90512) __init__ /opt/stack/neutron/neutron/api/extensions.py:156}}
Jun 30 12:31:58.150550 np0000003980 devstack@neutron-api.service[90512]: DEBUG neutron.api.extensions [None req-4e59a72a-bc2b-4431-9d1c-fcad31c750d5 None None] Extended resource: auto-allocated-topology {{(pid=90512) __init__ /opt/stack/neutron/neutron/api/extensions.py:156}}
Jun 30 12:31:58.151062 np0000003980 devstack@neutron-api.service[90512]: DEBUG neutron.api.extensions [None req-4e59a72a-bc2b-4431-9d1c-fcad31c750d5 None None] Extended resource: availability_zones {{(pid=90512) __init__ /opt/stack/neutron/neutron/api/extensions.py:156}}
Jun 30 12:31:58.151466 np0000003980 devstack@neutron-api.service[90512]: DEBUG neutron.api.extensions [None req-4e59a72a-bc2b-4431-9d1c-fcad31c750d5 None None] Extended resource: dhcp-networks {{(pid=90512) __init__ /opt/stack/neutron/neutron/api/extensions.py:156}}
Jun 30 12:31:58.152109 np0000003980 devstack@neutron-api.service[90512]: DEBUG neutron.api.extensions [None req-4e59a72a-bc2b-4431-9d1c-fcad31c750d5 None None] Extended resource: dhcp-agents {{(pid=90512) __init__ /opt/stack/neutron/neutron/api/extensions.py:156}}
Jun 30 12:31:58.152669 np0000003980 devstack@neutron-api.service[90512]: DEBUG neutron.api.extensions [None req-4e59a72a-bc2b-4431-9d1c-fcad31c750d5 None None] Extended resource: routers {{(pid=90512) __init__ /opt/stack/neutron/neutron/api/extensions.py:156}}
Jun 30 12:31:58.153435 np0000003980 devstack@neutron-api.service[90512]: DEBUG neutron.api.extensions [None req-4e59a72a-bc2b-4431-9d1c-fcad31c750d5 None None] Extended resource: flavors {{(pid=90512) __init__ /opt/stack/neutron/neutron/api/extensions.py:156}}
Jun 30 12:31:58.153872 np0000003980 devstack@neutron-api.service[90512]: DEBUG neutron.api.extensions [None req-4e59a72a-bc2b-4431-9d1c-fcad31c750d5 None None] Extended resource: service_profiles {{(pid=90512) __init__ /opt/stack/neutron/neutron/api/extensions.py:156}}
Jun 30 12:31:58.154352 np0000003980 devstack@neutron-api.service[90512]: DEBUG neutron.api.extensions [None req-4e59a72a-bc2b-4431-9d1c-fcad31c750d5 None None] Extended resource: next_providers {{(pid=90512) __init__ /opt/stack/neutron/neutron/api/extensions.py:156}}
Jun 30 12:31:58.155105 np0000003980 devstack@neutron-api.service[90512]: DEBUG neutron.api.extensions [None req-4e59a72a-bc2b-4431-9d1c-fcad31c750d5 None None] Extended resource: service_profiles {{(pid=90512) __init__ /opt/stack/neutron/neutron/api/extensions.py:156}}
Jun 30 12:31:58.156392 np0000003980 devstack@neutron-api.service[90512]: DEBUG neutron.api.extensions [None req-4e59a72a-bc2b-4431-9d1c-fcad31c750d5 None None] Extended resource: floatingip-pools {{(pid=90512) __init__ /opt/stack/neutron/neutron/api/extensions.py:156}}
Jun 30 12:31:58.156490 np0000003980 devstack@neutron-api.service[90511]: DEBUG neutron_lib.callbacks.manager [None req-0086c7e3-9bec-4900-a2cb-e778e4a9ec7d None None] Publish callbacks ['neutron.plugins.ml2.drivers.ovn.mech_driver.mech_driver.OVNMechanismDriver.pre_fork_initialize-164770'] for process (None), before_spawn {{(pid=90511) _notify_loop /opt/stack/data/venv/lib/python3.12/site-packages/neutron_lib/callbacks/manager.py:184}}
Jun 30 12:31:58.156989 np0000003980 devstack@neutron-api.service[90512]: DEBUG neutron.api.extensions [None req-4e59a72a-bc2b-4431-9d1c-fcad31c750d5 None None] Extended resource: routers {{(pid=90512) __init__ /opt/stack/neutron/neutron/api/extensions.py:156}}
Jun 30 12:31:58.157131 np0000003980 devstack@neutron-api.service[90511]: DEBUG oslo_concurrency.processutils [None req-0086c7e3-9bec-4900-a2cb-e778e4a9ec7d None None] Running cmd (subprocess): ovsdb-client transact ssl:10.4.3.188:6641 --timeout 180 -p /opt/stack/data/CA/int-ca/private/devstack-cert.key -c /opt/stack/data/CA/int-ca/devstack-cert.crt -C /opt/stack/data/CA/int-ca/ca-chain.pem ["OVN_Northbound", {"op": "wait", "timeout": 0, "table": "Port_Group", "where": [["name", "==", "neutron_pg_drop"]], "until": "==", "rows": []}, {"op": "insert", "table": "ACL", "row": {"action": "drop", "direction": "to-lport", "match": "outport == @neutron_pg_drop && ip", "priority": 1001}, "uuid-name": "droptoport"}, {"op": "insert", "table": "ACL", "row": {"action": "drop", "direction": "from-lport", "match": "inport == @neutron_pg_drop && ip", "priority": 1001}, "uuid-name": "dropfromport"}, {"op": "insert", "table": "Port_Group", "row": {"name": "neutron_pg_drop", "acls": ["set", [["named-uuid", "droptoport"], ["named-uuid", "dropfromport"]]]}}] {{(pid=90511) execute /opt/stack/data/venv/lib/python3.12/site-packages/oslo_concurrency/processutils.py:440}}
Jun 30 12:31:58.157813 np0000003980 devstack@neutron-api.service[90512]: DEBUG neutron.api.extensions [None req-4e59a72a-bc2b-4431-9d1c-fcad31c750d5 None None] Extended resource: floatingips {{(pid=90512) __init__ /opt/stack/neutron/neutron/api/extensions.py:156}}
Jun 30 12:31:58.158123 np0000003980 devstack@neutron-api.service[90512]: DEBUG neutron.api.extensions [None req-4e59a72a-bc2b-4431-9d1c-fcad31c750d5 None None] Extended resource: l3-routers {{(pid=90512) __init__ /opt/stack/neutron/neutron/api/extensions.py:156}}
Jun 30 12:31:58.158682 np0000003980 devstack@neutron-api.service[90512]: DEBUG neutron.api.extensions [None req-4e59a72a-bc2b-4431-9d1c-fcad31c750d5 None None] Extended resource: l3-agents {{(pid=90512) __init__ /opt/stack/neutron/neutron/api/extensions.py:156}}
Jun 30 12:31:58.159265 np0000003980 devstack@neutron-api.service[90512]: DEBUG neutron.api.extensions [None req-4e59a72a-bc2b-4431-9d1c-fcad31c750d5 None None] Extended resource: network-ip-availabilities {{(pid=90512) __init__ /opt/stack/neutron/neutron/api/extensions.py:156}}
Jun 30 12:31:58.159725 np0000003980 devstack@neutron-api.service[90512]: DEBUG neutron.api.extensions [None req-4e59a72a-bc2b-4431-9d1c-fcad31c750d5 None None] Extended resource: network-ip-availabilities {{(pid=90512) __init__ /opt/stack/neutron/neutron/api/extensions.py:156}}
Jun 30 12:31:58.160252 np0000003980 devstack@neutron-api.service[90512]: DEBUG neutron.api.extensions [None req-4e59a72a-bc2b-4431-9d1c-fcad31c750d5 None None] Extended resource: bindings {{(pid=90512) __init__ /opt/stack/neutron/neutron/api/extensions.py:156}}
Jun 30 12:31:58.160872 np0000003980 devstack@neutron-api.service[90512]: DEBUG neutron.api.extensions [None req-4e59a72a-bc2b-4431-9d1c-fcad31c750d5 None None] Extended resource: quotas {{(pid=90512) __init__ /opt/stack/neutron/neutron/api/extensions.py:156}}
Jun 30 12:31:58.161603 np0000003980 devstack@neutron-api.service[90512]: DEBUG neutron.api.extensions [None req-4e59a72a-bc2b-4431-9d1c-fcad31c750d5 None None] Extended resource: quotas {{(pid=90512) __init__ /opt/stack/neutron/neutron/api/extensions.py:156}}
Jun 30 12:31:58.162315 np0000003980 devstack@neutron-api.service[90512]: DEBUG neutron.api.extensions [None req-4e59a72a-bc2b-4431-9d1c-fcad31c750d5 None None] Extended resource: rbac-policies {{(pid=90512) __init__ /opt/stack/neutron/neutron/api/extensions.py:156}}
Jun 30 12:31:58.162855 np0000003980 devstack@neutron-api.service[90512]: DEBUG neutron.api.extensions [None req-4e59a72a-bc2b-4431-9d1c-fcad31c750d5 None None] Extended resource: default-security-group-rules {{(pid=90512) __init__ /opt/stack/neutron/neutron/api/extensions.py:156}}
Jun 30 12:31:58.163477 np0000003980 devstack@neutron-api.service[90512]: DEBUG neutron.api.extensions [None req-4e59a72a-bc2b-4431-9d1c-fcad31c750d5 None None] Extended resource: security-groups-default-statefulness {{(pid=90512) __init__ /opt/stack/neutron/neutron/api/extensions.py:156}}
Jun 30 12:31:58.164127 np0000003980 devstack@neutron-api.service[90512]: DEBUG neutron.api.extensions [None req-4e59a72a-bc2b-4431-9d1c-fcad31c750d5 None None] Extended resource: security-groups {{(pid=90512) __init__ /opt/stack/neutron/neutron/api/extensions.py:156}}
Jun 30 12:31:58.164605 np0000003980 devstack@neutron-api.service[90512]: DEBUG neutron.api.extensions [None req-4e59a72a-bc2b-4431-9d1c-fcad31c750d5 None None] Extended resource: security-group-rules {{(pid=90512) __init__ /opt/stack/neutron/neutron/api/extensions.py:156}}
Jun 30 12:31:58.165176 np0000003980 devstack@neutron-api.service[90512]: DEBUG neutron.api.extensions [None req-4e59a72a-bc2b-4431-9d1c-fcad31c750d5 None None] Extended resource: service-providers {{(pid=90512) __init__ /opt/stack/neutron/neutron/api/extensions.py:156}}
Jun 30 12:31:58.165668 np0000003980 devstack@neutron-api.service[90512]: DEBUG neutron.api.extensions [None req-4e59a72a-bc2b-4431-9d1c-fcad31c750d5 None None] Extended resource: subnetpools {{(pid=90512) __init__ /opt/stack/neutron/neutron/api/extensions.py:156}}
Jun 30 12:31:58.166226 np0000003980 devstack@neutron-api.service[90512]: DEBUG neutron.api.extensions [None req-4e59a72a-bc2b-4431-9d1c-fcad31c750d5 None None] Extended resource: subnetpools {{(pid=90512) __init__ /opt/stack/neutron/neutron/api/extensions.py:156}}
Jun 30 12:31:58.166790 np0000003980 devstack@neutron-api.service[90512]: DEBUG neutron.api.extensions [None req-4e59a72a-bc2b-4431-9d1c-fcad31c750d5 None None] Extended resource: tags {{(pid=90512) __init__ /opt/stack/neutron/neutron/api/extensions.py:156}}
Jun 30 12:31:58.167556 np0000003980 devstack@neutron-api.service[90512]: DEBUG neutron.api.extensions [None req-4e59a72a-bc2b-4431-9d1c-fcad31c750d5 None None] Extended resource: tags {{(pid=90512) __init__ /opt/stack/neutron/neutron/api/extensions.py:156}}
Jun 30 12:31:58.168260 np0000003980 devstack@neutron-api.service[90512]: DEBUG neutron.api.extensions [None req-4e59a72a-bc2b-4431-9d1c-fcad31c750d5 None None] Extended resource: tags {{(pid=90512) __init__ /opt/stack/neutron/neutron/api/extensions.py:156}}
Jun 30 12:31:58.169298 np0000003980 devstack@neutron-api.service[90512]: DEBUG neutron.api.extensions [None req-4e59a72a-bc2b-4431-9d1c-fcad31c750d5 None None] Extended resource: tags {{(pid=90512) __init__ /opt/stack/neutron/neutron/api/extensions.py:156}}
Jun 30 12:31:58.170083 np0000003980 devstack@neutron-api.service[90512]: DEBUG neutron.api.extensions [None req-4e59a72a-bc2b-4431-9d1c-fcad31c750d5 None None] Extended resource: tags {{(pid=90512) __init__ /opt/stack/neutron/neutron/api/extensions.py:156}}
Jun 30 12:31:58.170857 np0000003980 devstack@neutron-api.service[90512]: DEBUG neutron.api.extensions [None req-4e59a72a-bc2b-4431-9d1c-fcad31c750d5 None None] Extended resource: tags {{(pid=90512) __init__ /opt/stack/neutron/neutron/api/extensions.py:156}}
Jun 30 12:31:58.171578 np0000003980 devstack@neutron-api.service[90512]: DEBUG neutron.api.extensions [None req-4e59a72a-bc2b-4431-9d1c-fcad31c750d5 None None] Extended resource: tags {{(pid=90512) __init__ /opt/stack/neutron/neutron/api/extensions.py:156}}
Jun 30 12:31:58.172411 np0000003980 devstack@neutron-api.service[90512]: DEBUG neutron.api.extensions [None req-4e59a72a-bc2b-4431-9d1c-fcad31c750d5 None None] Extended resource: tags {{(pid=90512) __init__ /opt/stack/neutron/neutron/api/extensions.py:156}}
Jun 30 12:31:58.173061 np0000003980 devstack@neutron-api.service[90512]: DEBUG neutron.api.extensions [None req-4e59a72a-bc2b-4431-9d1c-fcad31c750d5 None None] Extended resource: tags {{(pid=90512) __init__ /opt/stack/neutron/neutron/api/extensions.py:156}}
Jun 30 12:31:58.173690 np0000003980 devstack@neutron-api.service[90512]: DEBUG neutron.api.extensions [None req-4e59a72a-bc2b-4431-9d1c-fcad31c750d5 None None] Extended resource: tags {{(pid=90512) __init__ /opt/stack/neutron/neutron/api/extensions.py:156}}
Jun 30 12:31:58.183367 np0000003980 devstack@neutron-api.service[90512]: DEBUG neutron_lib.callbacks.manager [None req-4e59a72a-bc2b-4431-9d1c-fcad31c750d5 None None] Publish callbacks ['neutron.plugins.ml2.drivers.ovn.mech_driver.mech_driver.OVNMechanismDriver.pre_fork_initialize-1905401'] for process (None), before_spawn {{(pid=90512) _notify_loop /opt/stack/data/venv/lib/python3.12/site-packages/neutron_lib/callbacks/manager.py:184}}
Jun 30 12:31:58.183804 np0000003980 devstack@neutron-api.service[90512]: DEBUG oslo_concurrency.processutils [None req-4e59a72a-bc2b-4431-9d1c-fcad31c750d5 None None] Running cmd (subprocess): ovsdb-client transact ssl:10.4.3.188:6641 --timeout 180 -p /opt/stack/data/CA/int-ca/private/devstack-cert.key -c /opt/stack/data/CA/int-ca/devstack-cert.crt -C /opt/stack/data/CA/int-ca/ca-chain.pem ["OVN_Northbound", {"op": "wait", "timeout": 0, "table": "Port_Group", "where": [["name", "==", "neutron_pg_drop"]], "until": "==", "rows": []}, {"op": "insert", "table": "ACL", "row": {"action": "drop", "direction": "to-lport", "match": "outport == @neutron_pg_drop && ip", "priority": 1001}, "uuid-name": "droptoport"}, {"op": "insert", "table": "ACL", "row": {"action": "drop", "direction": "from-lport", "match": "inport == @neutron_pg_drop && ip", "priority": 1001}, "uuid-name": "dropfromport"}, {"op": "insert", "table": "Port_Group", "row": {"name": "neutron_pg_drop", "acls": ["set", [["named-uuid", "droptoport"], ["named-uuid", "dropfromport"]]]}}] {{(pid=90512) execute /opt/stack/data/venv/lib/python3.12/site-packages/oslo_concurrency/processutils.py:440}}
Jun 30 12:31:58.188677 np0000003980 devstack@neutron-api.service[90510]: DEBUG oslo_concurrency.processutils [None req-33e4e94a-9495-4727-801d-e618795af217 None None] CMD "ovsdb-client transact ssl:10.4.3.188:6641 --timeout 180 -p /opt/stack/data/CA/int-ca/private/devstack-cert.key -c /opt/stack/data/CA/int-ca/devstack-cert.crt -C /opt/stack/data/CA/int-ca/ca-chain.pem ["OVN_Northbound", {"op": "wait", "timeout": 0, "table": "Port_Group", "where": [["name", "==", "neutron_pg_drop"]], "until": "==", "rows": []}, {"op": "insert", "table": "ACL", "row": {"action": "drop", "direction": "to-lport", "match": "outport == @neutron_pg_drop && ip", "priority": 1001}, "uuid-name": "droptoport"}, {"op": "insert", "table": "ACL", "row": {"action": "drop", "direction": "from-lport", "match": "inport == @neutron_pg_drop && ip", "priority": 1001}, "uuid-name": "dropfromport"}, {"op": "insert", "table": "Port_Group", "row": {"name": "neutron_pg_drop", "acls": ["set", [["named-uuid", "droptoport"], ["named-uuid", "dropfromport"]]]}}]" returned: 0 in 0.040s {{(pid=90510) execute /opt/stack/data/venv/lib/python3.12/site-packages/oslo_concurrency/processutils.py:468}}
Jun 30 12:31:58.189116 np0000003980 devstack@neutron-api.service[90510]: DEBUG neutron_lib.callbacks.manager [None req-33e4e94a-9495-4727-801d-e618795af217 None None] Publish callbacks ['neutron.plugins.ml2.drivers.ovn.mech_driver.mech_driver.OVNMechanismDriver.post_fork_initialize-1819898', 'neutron.services.pvlan.drivers.ovn.driver._initialize_pvlan_pg_drop-8378639161998', 'neutron.services.ovn_l3.plugin.OVNL3RouterPlugin._post_fork_initialize-508787'] for process (None), after_init {{(pid=90510) _notify_loop /opt/stack/data/venv/lib/python3.12/site-packages/neutron_lib/callbacks/manager.py:184}}
Jun 30 12:31:58.189486 np0000003980 devstack@neutron-api.service[90510]: DEBUG oslo_concurrency.lockutils [None req-33e4e94a-9495-4727-801d-e618795af217 None None] Acquiring lock "singleton_lock" {{(pid=90510) lock /opt/stack/data/venv/lib/python3.12/site-packages/oslo_concurrency/lockutils.py:395}}
Jun 30 12:31:58.189623 np0000003980 devstack@neutron-api.service[90510]: DEBUG oslo_concurrency.lockutils [None req-33e4e94a-9495-4727-801d-e618795af217 None None] Acquired lock "singleton_lock" {{(pid=90510) lock /opt/stack/data/venv/lib/python3.12/site-packages/oslo_concurrency/lockutils.py:398}}
Jun 30 12:31:58.189868 np0000003980 devstack@neutron-api.service[90510]: DEBUG oslo_concurrency.lockutils [None req-33e4e94a-9495-4727-801d-e618795af217 None None] Releasing lock "singleton_lock" {{(pid=90510) lock /opt/stack/data/venv/lib/python3.12/site-packages/oslo_concurrency/lockutils.py:418}}
Jun 30 12:31:58.191501 np0000003980 devstack@neutron-api.service[90510]: DEBUG neutron.plugins.ml2.drivers.ovn.mech_driver.mech_driver [None req-33e4e94a-9495-4727-801d-e618795af217 None None] Hash Ring setup using WSGI start time 2026-06-30 12:31:51+00:00 {{(pid=90510) _init_hash_ring /opt/stack/neutron/neutron/plugins/ml2/drivers/ovn/mech_driver/mech_driver.py:404}}
Jun 30 12:31:58.196546 np0000003980 devstack@neutron-api.service[90510]: INFO neutron.db.ovn_hash_ring_db [None req-33e4e94a-9495-4727-801d-e618795af217 None None] Nodes from host "np0000003980" and group "mechanism_driver" removed from the Hash Ring created at 2026-06-30 12:31:51+00:00
Jun 30 12:31:58.199762 np0000003980 devstack@neutron-api.service[90510]: INFO neutron.db.ovn_hash_ring_db [None req-33e4e94a-9495-4727-801d-e618795af217 None None] Node 8bdb1740681e528a9638daa8e886e854 from host "np0000003980" and group "mechanism_driver" added to the Hash Ring
Jun 30 12:31:58.205070 np0000003980 devstack@neutron-api.service[90510]: DEBUG neutron.plugins.ml2.drivers.ovn.mech_driver.mech_driver [None req-33e4e94a-9495-4727-801d-e618795af217 None None] Hash Ring setup, this worker has detected 2 OVN hash ring registers in the database {{(pid=90510) _init_hash_ring /opt/stack/neutron/neutron/plugins/ml2/drivers/ovn/mech_driver/mech_driver.py:414}}
Jun 30 12:31:58.208175 np0000003980 devstack@neutron-api.service[90511]: DEBUG oslo_concurrency.processutils [None req-0086c7e3-9bec-4900-a2cb-e778e4a9ec7d None None] CMD "ovsdb-client transact ssl:10.4.3.188:6641 --timeout 180 -p /opt/stack/data/CA/int-ca/private/devstack-cert.key -c /opt/stack/data/CA/int-ca/devstack-cert.crt -C /opt/stack/data/CA/int-ca/ca-chain.pem ["OVN_Northbound", {"op": "wait", "timeout": 0, "table": "Port_Group", "where": [["name", "==", "neutron_pg_drop"]], "until": "==", "rows": []}, {"op": "insert", "table": "ACL", "row": {"action": "drop", "direction": "to-lport", "match": "outport == @neutron_pg_drop && ip", "priority": 1001}, "uuid-name": "droptoport"}, {"op": "insert", "table": "ACL", "row": {"action": "drop", "direction": "from-lport", "match": "inport == @neutron_pg_drop && ip", "priority": 1001}, "uuid-name": "dropfromport"}, {"op": "insert", "table": "Port_Group", "row": {"name": "neutron_pg_drop", "acls": ["set", [["named-uuid", "droptoport"], ["named-uuid", "dropfromport"]]]}}]" returned: 0 in 0.050s {{(pid=90511) execute /opt/stack/data/venv/lib/python3.12/site-packages/oslo_concurrency/processutils.py:468}}
Jun 30 12:31:58.209396 np0000003980 devstack@neutron-api.service[90511]: DEBUG neutron_lib.callbacks.manager [None req-0086c7e3-9bec-4900-a2cb-e778e4a9ec7d None None] Publish callbacks ['neutron.plugins.ml2.drivers.ovn.mech_driver.mech_driver.OVNMechanismDriver.post_fork_initialize-164858', 'neutron.services.pvlan.drivers.ovn.driver._initialize_pvlan_pg_drop-8378639247774', 'neutron.services.ovn_l3.plugin.OVNL3RouterPlugin._post_fork_initialize-15452'] for process (None), after_init {{(pid=90511) _notify_loop /opt/stack/data/venv/lib/python3.12/site-packages/neutron_lib/callbacks/manager.py:184}}
Jun 30 12:31:58.209837 np0000003980 devstack@neutron-api.service[90511]: DEBUG oslo_concurrency.lockutils [None req-0086c7e3-9bec-4900-a2cb-e778e4a9ec7d None None] Acquiring lock "singleton_lock" {{(pid=90511) lock /opt/stack/data/venv/lib/python3.12/site-packages/oslo_concurrency/lockutils.py:395}}
Jun 30 12:31:58.209934 np0000003980 devstack@neutron-api.service[90511]: DEBUG oslo_concurrency.lockutils [None req-0086c7e3-9bec-4900-a2cb-e778e4a9ec7d None None] Acquired lock "singleton_lock" {{(pid=90511) lock /opt/stack/data/venv/lib/python3.12/site-packages/oslo_concurrency/lockutils.py:398}}
Jun 30 12:31:58.210240 np0000003980 devstack@neutron-api.service[90511]: DEBUG oslo_concurrency.lockutils [None req-0086c7e3-9bec-4900-a2cb-e778e4a9ec7d None None] Releasing lock "singleton_lock" {{(pid=90511) lock /opt/stack/data/venv/lib/python3.12/site-packages/oslo_concurrency/lockutils.py:418}}
Jun 30 12:31:58.210375 np0000003980 devstack@neutron-api.service[90510]: DEBUG neutron.plugins.ml2.drivers.ovn.mech_driver.ovsdb.maintenance [None req-33e4e94a-9495-4727-801d-e618795af217 None None] Periodic task found: HashRingHealthCheckPeriodics.touch_hash_ring_node {{(pid=90510) add_periodics /opt/stack/neutron/neutron/plugins/ml2/drivers/ovn/mech_driver/ovsdb/maintenance.py:146}}
Jun 30 12:31:58.211285 np0000003980 devstack@neutron-api.service[90510]: INFO neutron.plugins.ml2.drivers.ovn.mech_driver.mech_driver [None req-33e4e94a-9495-4727-801d-e618795af217 None None] Hash Ring probing thread for node 8bdb1740681e528a9638daa8e886e854 has started
Jun 30 12:31:58.211980 np0000003980 devstack@neutron-api.service[90510]: INFO neutron.plugins.ml2.drivers.ovn.mech_driver.ovsdb.impl_idl_ovn [None req-33e4e94a-9495-4727-801d-e618795af217 None None] Getting OvsdbNbOvnIdl for WorkerService with retry
Jun 30 12:31:58.212048 np0000003980 devstack@neutron-api.service[90511]: DEBUG neutron.plugins.ml2.drivers.ovn.mech_driver.mech_driver [None req-0086c7e3-9bec-4900-a2cb-e778e4a9ec7d None None] Hash Ring setup using WSGI start time 2026-06-30 12:31:51+00:00 {{(pid=90511) _init_hash_ring /opt/stack/neutron/neutron/plugins/ml2/drivers/ovn/mech_driver/mech_driver.py:404}}
Jun 30 12:31:58.220375 np0000003980 devstack@neutron-api.service[90512]: DEBUG oslo_concurrency.processutils [None req-4e59a72a-bc2b-4431-9d1c-fcad31c750d5 None None] CMD "ovsdb-client transact ssl:10.4.3.188:6641 --timeout 180 -p /opt/stack/data/CA/int-ca/private/devstack-cert.key -c /opt/stack/data/CA/int-ca/devstack-cert.crt -C /opt/stack/data/CA/int-ca/ca-chain.pem ["OVN_Northbound", {"op": "wait", "timeout": 0, "table": "Port_Group", "where": [["name", "==", "neutron_pg_drop"]], "until": "==", "rows": []}, {"op": "insert", "table": "ACL", "row": {"action": "drop", "direction": "to-lport", "match": "outport == @neutron_pg_drop && ip", "priority": 1001}, "uuid-name": "droptoport"}, {"op": "insert", "table": "ACL", "row": {"action": "drop", "direction": "from-lport", "match": "inport == @neutron_pg_drop && ip", "priority": 1001}, "uuid-name": "dropfromport"}, {"op": "insert", "table": "Port_Group", "row": {"name": "neutron_pg_drop", "acls": ["set", [["named-uuid", "droptoport"], ["named-uuid", "dropfromport"]]]}}]" returned: 0 in 0.036s {{(pid=90512) execute /opt/stack/data/venv/lib/python3.12/site-packages/oslo_concurrency/processutils.py:468}}
Jun 30 12:31:58.221133 np0000003980 devstack@neutron-api.service[90512]: DEBUG neutron_lib.callbacks.manager [None req-4e59a72a-bc2b-4431-9d1c-fcad31c750d5 None None] Publish callbacks ['neutron.plugins.ml2.drivers.ovn.mech_driver.mech_driver.OVNMechanismDriver.post_fork_initialize-1905361', 'neutron.services.pvlan.drivers.ovn.driver._initialize_pvlan_pg_drop-8378639161768', 'neutron.services.ovn_l3.plugin.OVNL3RouterPlugin._post_fork_initialize-1182773'] for process (None), after_init {{(pid=90512) _notify_loop /opt/stack/data/venv/lib/python3.12/site-packages/neutron_lib/callbacks/manager.py:184}}
Jun 30 12:31:58.222983 np0000003980 devstack@neutron-api.service[90511]: INFO neutron.db.ovn_hash_ring_db [None req-0086c7e3-9bec-4900-a2cb-e778e4a9ec7d None None] Nodes from host "np0000003980" and group "mechanism_driver" removed from the Hash Ring created at 2026-06-30 12:31:51+00:00
Jun 30 12:31:58.223830 np0000003980 devstack@neutron-api.service[90512]: DEBUG oslo_concurrency.lockutils [None req-4e59a72a-bc2b-4431-9d1c-fcad31c750d5 None None] Acquiring lock "singleton_lock" {{(pid=90512) lock /opt/stack/data/venv/lib/python3.12/site-packages/oslo_concurrency/lockutils.py:395}}
Jun 30 12:31:58.223830 np0000003980 devstack@neutron-api.service[90512]: DEBUG oslo_concurrency.lockutils [None req-4e59a72a-bc2b-4431-9d1c-fcad31c750d5 None None] Acquired lock "singleton_lock" {{(pid=90512) lock /opt/stack/data/venv/lib/python3.12/site-packages/oslo_concurrency/lockutils.py:398}}
Jun 30 12:31:58.226108 np0000003980 devstack@neutron-api.service[90512]: DEBUG oslo_concurrency.lockutils [None req-4e59a72a-bc2b-4431-9d1c-fcad31c750d5 None None] Releasing lock "singleton_lock" {{(pid=90512) lock /opt/stack/data/venv/lib/python3.12/site-packages/oslo_concurrency/lockutils.py:418}}
Jun 30 12:31:58.228955 np0000003980 devstack@neutron-api.service[90511]: INFO neutron.db.ovn_hash_ring_db [None req-0086c7e3-9bec-4900-a2cb-e778e4a9ec7d None None] Node 62a7243319f954ff9b6a5a9e968208fc from host "np0000003980" and group "mechanism_driver" added to the Hash Ring
Jun 30 12:31:58.229239 np0000003980 devstack@neutron-api.service[90512]: DEBUG neutron.plugins.ml2.drivers.ovn.mech_driver.mech_driver [None req-4e59a72a-bc2b-4431-9d1c-fcad31c750d5 None None] Hash Ring setup using WSGI start time 2026-06-30 12:31:51+00:00 {{(pid=90512) _init_hash_ring /opt/stack/neutron/neutron/plugins/ml2/drivers/ovn/mech_driver/mech_driver.py:404}}
Jun 30 12:31:58.234121 np0000003980 devstack@neutron-api.service[90511]: DEBUG neutron.plugins.ml2.drivers.ovn.mech_driver.mech_driver [None req-0086c7e3-9bec-4900-a2cb-e778e4a9ec7d None None] Hash Ring setup, this worker has detected 3 OVN hash ring registers in the database {{(pid=90511) _init_hash_ring /opt/stack/neutron/neutron/plugins/ml2/drivers/ovn/mech_driver/mech_driver.py:414}}
