Aug 25 15:17:26.676140 np0000008084 devstack@c-api.service[97312]: INFO cinder.volume.api [None req-a936795b-49ce-4a75-a787-8a310cd9aec3 tempest-ImageDependencyTests-545105623 tempest-ImageDependencyTests-545105623-project-member] Volume info retrieved successfully.
Aug 25 15:17:26.689036 np0000008084 devstack@c-api.service[97313]: DEBUG cinder.quota [None req-f387998e-abac-4610-ae12-3b4dce6d6aae tempest-GroupSnapshotsTest-905891132 tempest-GroupSnapshotsTest-905891132-project-member] Created reservations ['1438e341-9fd0-4456-a3fd-9fcbfda8c5df'] {{(pid=97313) reserve /opt/stack/cinder/cinder/quota.py:752}}
Aug 25 15:17:26.695898 np0000008084 devstack@c-api.service[97312]: INFO cinder.api.openstack.wsgi [None req-a936795b-49ce-4a75-a787-8a310cd9aec3 tempest-ImageDependencyTests-545105623 tempest-ImageDependencyTests-545105623-project-member] https://10.4.3.147/volume/v3/volumes/0d9c8f9f-9592-473b-a774-f1b1e5ce0289 returned with HTTP 200
Aug 25 15:17:26.697437 np0000008084 devstack@c-api.service[97312]: [pid: 97312|app: 0|req: 103/293] 10.4.3.147 () {66 vars in 1348 bytes} [Tue Aug 25 15:17:26 2026] GET /volume/v3/volumes/0d9c8f9f-9592-473b-a774-f1b1e5ce0289 => generated 905 bytes in 47 msecs (HTTP/1.1 200) 7 headers in 285 bytes (1 switches on core 0)
Aug 25 15:17:26.855265 np0000008084 devstack@c-api.service[97313]: INFO cinder.group.api [None req-f387998e-abac-4610-ae12-3b4dce6d6aae tempest-GroupSnapshotsTest-905891132 tempest-GroupSnapshotsTest-905891132-project-member] A mapping entry already exists for group b9931562-c62a-40a1-b13f-b86515b4545c and volume type 41ec3b83-daad-4e47-b631-6ee2e2474a0a. Do not need to create again.
Aug 25 15:17:26.855265 np0000008084 devstack@c-api.service[97313]: /opt/stack/data/venv/lib/python3.12/site-packages/oslo_context/context.py:102: DeprecationWarning: Policy enforcement is depending on the value of is_admin. This key is deprecated. Please update your policy file to use the standard policy values.
Aug 25 15:17:26.855265 np0000008084 devstack@c-api.service[97313]: warnings.warn(
Aug 25 15:17:26.855265 np0000008084 devstack@c-api.service[97313]: DEBUG cinder.volume.api [None req-f387998e-abac-4610-ae12-3b4dce6d6aae tempest-GroupSnapshotsTest-905891132 tempest-GroupSnapshotsTest-905891132-project-member] Availability zone cache updated, next update will occur around 2026-08-25 16:17:26.849392. {{(pid=97313) list_availability_zones /opt/stack/cinder/cinder/volume/api.py:155}}
Aug 25 15:17:26.855265 np0000008084 devstack@c-api.service[97313]: INFO cinder.volume.api [None req-f387998e-abac-4610-ae12-3b4dce6d6aae tempest-GroupSnapshotsTest-905891132 tempest-GroupSnapshotsTest-905891132-project-member] Availability Zones retrieved successfully.
Aug 25 15:17:26.871008 np0000008084 devstack@c-api.service[97313]: DEBUG cinder.volume.api [None req-f387998e-abac-4610-ae12-3b4dce6d6aae tempest-GroupSnapshotsTest-905891132 tempest-GroupSnapshotsTest-905891132-project-member] Flow 'volume_create_api' (14851959-7e60-4ae9-9cde-92a505a403e6) transitioned into state 'RUNNING' from state 'PENDING' {{(pid=97313) _flow_receiver /opt/stack/data/venv/lib/python3.12/site-packages/taskflow/listeners/logging.py:160}}
Aug 25 15:17:26.871008 np0000008084 devstack@c-api.service[97313]: DEBUG cinder.volume.api [None req-f387998e-abac-4610-ae12-3b4dce6d6aae tempest-GroupSnapshotsTest-905891132 tempest-GroupSnapshotsTest-905891132-project-member] Task 'cinder.volume.flows.api.create_volume.ExtractVolumeRequestTask;volume:create' (75004b6a-0412-4386-8a77-d85ab05c3752) transitioned into state 'RUNNING' from state 'PENDING' {{(pid=97313) _task_receiver /opt/stack/data/venv/lib/python3.12/site-packages/taskflow/listeners/logging.py:242}}
Aug 25 15:17:26.871008 np0000008084 devstack@c-api.service[97313]: DEBUG cinder.volume.flows.api.create_volume [None req-f387998e-abac-4610-ae12-3b4dce6d6aae tempest-GroupSnapshotsTest-905891132 tempest-GroupSnapshotsTest-905891132-project-member] Validating volume size '1' using validate_int, validate_snap_size {{(pid=97313) _extract_size /opt/stack/cinder/cinder/volume/flows/api/create_volume.py:226}}
Aug 25 15:17:26.922514 np0000008084 devstack@c-api.service[97313]: DEBUG cinder.volume.api [None req-f387998e-abac-4610-ae12-3b4dce6d6aae tempest-GroupSnapshotsTest-905891132 tempest-GroupSnapshotsTest-905891132-project-member] Task 'cinder.volume.flows.api.create_volume.ExtractVolumeRequestTask;volume:create' (75004b6a-0412-4386-8a77-d85ab05c3752) transitioned into state 'SUCCESS' from state 'RUNNING' with result '{'size': 1, 'snapshot_id': 'b7c015d6-a11d-4446-bc06-bc36ec005563', 'source_volid': None, 'volume_type': VolumeType(created_at=2026-08-25T15:17:21Z,deleted=False,deleted_at=None,description=None,extra_specs={},id=41ec3b83-daad-4e47-b631-6ee2e2474a0a,is_public=True,name='tempest-GroupSnapshotsTest-volume-type-406748719',projects=[],qos_specs=,qos_specs_id=None,updated_at=None), 'volume_type_id': '41ec3b83-daad-4e47-b631-6ee2e2474a0a', 'encryption_key_id': None, 'qos_specs': None, 'consistencygroup_id': None, 'cgsnapshot_id': None, 'group_id': 'b9931562-c62a-40a1-b13f-b86515b4545c', 'replication_status': 'disabled', 'refresh_az': False, 'backup_id': None, 'multiattach': False, 'availability_zones': ['nova']}' {{(pid=97313) _task_receiver /opt/stack/data/venv/lib/python3.12/site-packages/taskflow/listeners/logging.py:218}}
Aug 25 15:17:26.923336 np0000008084 devstack@c-api.service[97313]: DEBUG cinder.volume.api [None req-f387998e-abac-4610-ae12-3b4dce6d6aae tempest-GroupSnapshotsTest-905891132 tempest-GroupSnapshotsTest-905891132-project-member] Task 'cinder.volume.flows.api.create_volume.QuotaReserveTask;volume:create' (28b4e291-98a0-4d0e-9cfa-e3dd9720997c) transitioned into state 'RUNNING' from state 'PENDING' {{(pid=97313) _task_receiver /opt/stack/data/venv/lib/python3.12/site-packages/taskflow/listeners/logging.py:242}}
Aug 25 15:17:27.085681 np0000008084 devstack@c-api.service[97313]: DEBUG cinder.quota [None req-f387998e-abac-4610-ae12-3b4dce6d6aae tempest-GroupSnapshotsTest-905891132 tempest-GroupSnapshotsTest-905891132-project-member] Created reservations ['75ad4cfd-d11c-4461-93b3-34435fd33c49', '5d109c83-d6a4-46dd-a1f3-5f8a1439f1da'] {{(pid=97313) reserve /opt/stack/cinder/cinder/quota.py:752}}
Aug 25 15:17:27.087202 np0000008084 devstack@c-api.service[97313]: DEBUG cinder.volume.api [None req-f387998e-abac-4610-ae12-3b4dce6d6aae tempest-GroupSnapshotsTest-905891132 tempest-GroupSnapshotsTest-905891132-project-member] Task 'cinder.volume.flows.api.create_volume.QuotaReserveTask;volume:create' (28b4e291-98a0-4d0e-9cfa-e3dd9720997c) transitioned into state 'SUCCESS' from state 'RUNNING' with result '{'reservations': ['75ad4cfd-d11c-4461-93b3-34435fd33c49', '5d109c83-d6a4-46dd-a1f3-5f8a1439f1da']}' {{(pid=97313) _task_receiver /opt/stack/data/venv/lib/python3.12/site-packages/taskflow/listeners/logging.py:218}}
Aug 25 15:17:27.088503 np0000008084 devstack@c-api.service[97313]: DEBUG cinder.volume.api [None req-f387998e-abac-4610-ae12-3b4dce6d6aae tempest-GroupSnapshotsTest-905891132 tempest-GroupSnapshotsTest-905891132-project-member] Task 'cinder.volume.flows.api.create_volume.EntryCreateTask;volume:create' (254bbfb4-2bb9-4c7a-ab9f-c697a8d2adf3) transitioned into state 'RUNNING' from state 'PENDING' {{(pid=97313) _task_receiver /opt/stack/data/venv/lib/python3.12/site-packages/taskflow/listeners/logging.py:242}}
Aug 25 15:17:27.224222 np0000008084 devstack@c-api.service[97313]: DEBUG cinder.volume.api [None req-f387998e-abac-4610-ae12-3b4dce6d6aae tempest-GroupSnapshotsTest-905891132 tempest-GroupSnapshotsTest-905891132-project-member] Task 'cinder.volume.flows.api.create_volume.EntryCreateTask;volume:create' (254bbfb4-2bb9-4c7a-ab9f-c697a8d2adf3) transitioned into state 'SUCCESS' from state 'RUNNING' with result '{'volume_id': '79b779a6-68c7-4916-8df2-372799e2d5b4', 'volume_properties': VolumeProperties(attach_status='detached',availability_zone='nova',cgsnapshot_id=None,consistencygroup_id=None,display_description=None,display_name=None,encryption_key_id=None,group_id=b9931562-c62a-40a1-b13f-b86515b4545c,group_type_id=,metadata={},multiattach=False,project_id='187faf5255d24c35abdff25c9bb5d34d',qos_specs=None,replication_status=,reservations=['75ad4cfd-d11c-4461-93b3-34435fd33c49','5d109c83-d6a4-46dd-a1f3-5f8a1439f1da'],size=1,snapshot_id=b7c015d6-a11d-4446-bc06-bc36ec005563,source_replicaid=,source_volid=None,status='creating',user_id='9017579ad83d442bb8341f2fb038a0aa',volume_type_id=41ec3b83-daad-4e47-b631-6ee2e2474a0a), 'volume': Volume(_name_id=None,admin_metadata=,attach_status='detached',availability_zone='nova',bootable=False,cluster=,cluster_name=None,consistencygroup=,consistencygroup_id=None,created_at=2026-08-25T15:17:27Z,deleted=False,deleted_at=None,display_description=None,display_name=None,ec2_id=None,encryption_key_id=None,glance_metadata=,group=,group_id=b9931562-c62a-40a1-b13f-b86515b4545c,host=None,id=79b779a6-68c7-4916-8df2-372799e2d5b4,launched_at=None,metadata={},migration_status=None,multiattach=False,previous_status=None,project_id='187faf5255d24c35abdff25c9bb5d34d',provider_auth=None,provider_geometry=None,provider_id=None,provider_location=None,replication_driver_data=None,replication_extended_status=None,replication_status=None,scheduled_at=None,service_uuid=None,shared_targets=True,size=1,snapshot_id=b7c015d6-a11d-4446-bc06-bc36ec005563,snapshots=,source_volid=None,status='creating',terminated_at=None,updated_at=None,use_quota=True,user_id='9017579ad83d442bb8341f2fb038a0aa',volume_attachment=VolumeAttachmentList,volume_type=VolumeType(41ec3b83-daad-4e47-b631-6ee2e2474a0a),volume_type_id=41ec3b83-daad-4e47-b631-6ee2e2474a0a)}' {{(pid=97313) _task_receiver /opt/stack/data/venv/lib/python3.12/site-packages/taskflow/listeners/logging.py:218}}
Aug 25 15:17:27.225509 np0000008084 devstack@c-api.service[97313]: DEBUG cinder.volume.api [None req-f387998e-abac-4610-ae12-3b4dce6d6aae tempest-GroupSnapshotsTest-905891132 tempest-GroupSnapshotsTest-905891132-project-member] Task 'cinder.volume.flows.api.create_volume.QuotaCommitTask;volume:create' (6b27345a-5153-4220-908c-4da05da58515) transitioned into state 'RUNNING' from state 'PENDING' {{(pid=97313) _task_receiver /opt/stack/data/venv/lib/python3.12/site-packages/taskflow/listeners/logging.py:242}}
Aug 25 15:17:27.302616 np0000008084 devstack@c-api.service[97313]: DEBUG cinder.volume.api [None req-f387998e-abac-4610-ae12-3b4dce6d6aae tempest-GroupSnapshotsTest-905891132 tempest-GroupSnapshotsTest-905891132-project-member] Task 'cinder.volume.flows.api.create_volume.QuotaCommitTask;volume:create' (6b27345a-5153-4220-908c-4da05da58515) transitioned into state 'SUCCESS' from state 'RUNNING' with result '{'volume_properties': VolumeProperties(attach_status='detached',availability_zone='nova',cgsnapshot_id=None,consistencygroup_id=None,display_description=None,display_name=None,encryption_key_id=None,group_id=b9931562-c62a-40a1-b13f-b86515b4545c,group_type_id=,metadata={},multiattach=False,project_id='187faf5255d24c35abdff25c9bb5d34d',qos_specs=None,replication_status=,reservations=['75ad4cfd-d11c-4461-93b3-34435fd33c49','5d109c83-d6a4-46dd-a1f3-5f8a1439f1da'],size=1,snapshot_id=b7c015d6-a11d-4446-bc06-bc36ec005563,source_replicaid=,source_volid=None,status='creating',user_id='9017579ad83d442bb8341f2fb038a0aa',volume_type_id=41ec3b83-daad-4e47-b631-6ee2e2474a0a)}' {{(pid=97313) _task_receiver /opt/stack/data/venv/lib/python3.12/site-packages/taskflow/listeners/logging.py:218}}
Aug 25 15:17:27.302616 np0000008084 devstack@c-api.service[97313]: DEBUG cinder.volume.api [None req-f387998e-abac-4610-ae12-3b4dce6d6aae tempest-GroupSnapshotsTest-905891132 tempest-GroupSnapshotsTest-905891132-project-member] Flow 'volume_create_api' (14851959-7e60-4ae9-9cde-92a505a403e6) transitioned into state 'SUCCESS' from state 'RUNNING' {{(pid=97313) _flow_receiver /opt/stack/data/venv/lib/python3.12/site-packages/taskflow/listeners/logging.py:160}}
Aug 25 15:17:27.302616 np0000008084 devstack@c-api.service[97313]: INFO cinder.volume.api [None req-f387998e-abac-4610-ae12-3b4dce6d6aae tempest-GroupSnapshotsTest-905891132 tempest-GroupSnapshotsTest-905891132-project-member] Create volume request issued successfully.
Aug 25 15:17:27.342788 np0000008084 devstack@c-api.service[97313]: INFO cinder.api.openstack.wsgi [None req-f387998e-abac-4610-ae12-3b4dce6d6aae tempest-GroupSnapshotsTest-905891132 tempest-GroupSnapshotsTest-905891132-project-member] https://10.4.3.147/volume/v3/groups/action returned with HTTP 202
Aug 25 15:17:27.343321 np0000008084 devstack@c-api.service[97313]: [pid: 97313|app: 0|req: 96/294] 10.4.3.147 () {70 vars in 1318 bytes} [Tue Aug 25 15:17:26 2026] POST /volume/v3/groups/action => generated 102 bytes in 758 msecs (HTTP/1.1 202) 7 headers in 292 bytes (1 switches on core 0)
Aug 25 15:17:27.355813 np0000008084 devstack@c-api.service[97311]: DEBUG cinder.api.middleware.request_id [None req-e1613593-cc60-4bcf-86cb-2b553742e7aa None None] RequestId filter calling following filter/app {{(pid=97311) _context_setter /opt/stack/cinder/cinder/api/middleware/request_id.py:62}}
Aug 25 15:17:27.357483 np0000008084 devstack@c-api.service[97311]: INFO cinder.api.openstack.wsgi [None req-e1613593-cc60-4bcf-86cb-2b553742e7aa tempest-GroupSnapshotsTest-905891132 tempest-GroupSnapshotsTest-905891132-project-member] GET https://10.4.3.147/volume/v3/volumes/detail
Aug 25 15:17:27.357783 np0000008084 devstack@c-api.service[97311]: DEBUG cinder.api.openstack.wsgi [None req-e1613593-cc60-4bcf-86cb-2b553742e7aa tempest-GroupSnapshotsTest-905891132 tempest-GroupSnapshotsTest-905891132-project-member] Empty body provided in request {{(pid=97311) get_body /opt/stack/cinder/cinder/api/openstack/wsgi.py:725}}
Aug 25 15:17:27.357925 np0000008084 devstack@c-api.service[97311]: DEBUG cinder.api.openstack.wsgi [None req-e1613593-cc60-4bcf-86cb-2b553742e7aa tempest-GroupSnapshotsTest-905891132 tempest-GroupSnapshotsTest-905891132-project-member] Calling method 'detail' {{(pid=97311) _process_stack /opt/stack/cinder/cinder/api/openstack/wsgi.py:878}}
Aug 25 15:17:27.363212 np0000008084 devstack@c-api.service[97311]: DEBUG cinder.api.api_utils [None req-e1613593-cc60-4bcf-86cb-2b553742e7aa tempest-GroupSnapshotsTest-905891132 tempest-GroupSnapshotsTest-905891132-project-member] Removing options '' from query. {{(pid=97311) remove_invalid_filter_options /opt/stack/cinder/cinder/api/api_utils.py:82}}
Aug 25 15:17:27.364548 np0000008084 devstack@c-api.service[97311]: DEBUG cinder.volume.api [None req-e1613593-cc60-4bcf-86cb-2b553742e7aa tempest-GroupSnapshotsTest-905891132 tempest-GroupSnapshotsTest-905891132-project-member] Searching by: MultiDict([('no_migration_targets', True)]). {{(pid=97311) get_all /opt/stack/cinder/cinder/volume/api.py:664}}
Aug 25 15:17:27.420443 np0000008084 devstack@c-api.service[97311]: INFO cinder.volume.api [None req-e1613593-cc60-4bcf-86cb-2b553742e7aa tempest-GroupSnapshotsTest-905891132 tempest-GroupSnapshotsTest-905891132-project-member] Get all volumes completed successfully.
Aug 25 15:17:27.421592 np0000008084 devstack@c-api.service[97311]: WARNING stevedore.named [None req-e1613593-cc60-4bcf-86cb-2b553742e7aa tempest-GroupSnapshotsTest-905891132 tempest-GroupSnapshotsTest-905891132-project-member] Could not load cinder.keymgr.conf_key_mgr.ConfKeyManager
Aug 25 15:17:27.421856 np0000008084 devstack@c-api.service[97311]: WARNING castellan.key_manager [None req-e1613593-cc60-4bcf-86cb-2b553742e7aa tempest-GroupSnapshotsTest-905891132 tempest-GroupSnapshotsTest-905891132-project-member] Deprecation Warning : cinder.keymgr.conf_key_mgr.ConfKeyManager is not a stevedore based driver, trying to load it as a class: stevedore.exception.NoMatches: No 'castellan.drivers' driver found, looking for 'cinder.keymgr.conf_key_mgr.ConfKeyManager'
Aug 25 15:17:27.471006 np0000008084 devstack@c-api.service[97311]: DEBUG oslo_db.sqlalchemy.engines [None req-e1613593-cc60-4bcf-86cb-2b553742e7aa tempest-GroupSnapshotsTest-905891132 tempest-GroupSnapshotsTest-905891132-project-member] MySQL server mode set to STRICT_TRANS_TABLES,STRICT_ALL_TABLES,NO_ZERO_IN_DATE,NO_ZERO_DATE,ERROR_FOR_DIVISION_BY_ZERO,TRADITIONAL,NO_ENGINE_SUBSTITUTION {{(pid=97311) _check_effective_sql_mode /opt/stack/data/venv/lib/python3.12/site-packages/oslo_db/sqlalchemy/engines.py:325}}
Aug 25 15:17:27.477565 np0000008084 devstack@c-api.service[97311]: /opt/stack/data/venv/lib/python3.12/site-packages/oslo_context/context.py:102: DeprecationWarning: Policy enforcement is depending on the value of is_admin. This key is deprecated. Please update your policy file to use the standard policy values.
Aug 25 15:17:27.477565 np0000008084 devstack@c-api.service[97311]: warnings.warn(
Aug 25 15:17:27.483504 np0000008084 devstack@c-api.service[97311]: WARNING stevedore.named [None req-e1613593-cc60-4bcf-86cb-2b553742e7aa tempest-GroupSnapshotsTest-905891132 tempest-GroupSnapshotsTest-905891132-project-member] Could not load cinder.keymgr.conf_key_mgr.ConfKeyManager
Aug 25 15:17:27.484114 np0000008084 devstack@c-api.service[97311]: WARNING castellan.key_manager [None req-e1613593-cc60-4bcf-86cb-2b553742e7aa tempest-GroupSnapshotsTest-905891132 tempest-GroupSnapshotsTest-905891132-project-member] Deprecation Warning : cinder.keymgr.conf_key_mgr.ConfKeyManager is not a stevedore based driver, trying to load it as a class: stevedore.exception.NoMatches: No 'castellan.drivers' driver found, looking for 'cinder.keymgr.conf_key_mgr.ConfKeyManager'
Aug 25 15:17:27.531971 np0000008084 devstack@c-api.service[97311]: DEBUG oslo_db.sqlalchemy.engines [None req-e1613593-cc60-4bcf-86cb-2b553742e7aa tempest-GroupSnapshotsTest-905891132 tempest-GroupSnapshotsTest-905891132-project-member] MySQL server mode set to STRICT_TRANS_TABLES,STRICT_ALL_TABLES,NO_ZERO_IN_DATE,NO_ZERO_DATE,ERROR_FOR_DIVISION_BY_ZERO,TRADITIONAL,NO_ENGINE_SUBSTITUTION {{(pid=97311) _check_effective_sql_mode /opt/stack/data/venv/lib/python3.12/site-packages/oslo_db/sqlalchemy/engines.py:325}}
Aug 25 15:17:27.537235 np0000008084 devstack@c-api.service[97312]: DEBUG cinder.api.middleware.request_id [req-308c40d7-ca58-4563-9664-4a7e7448f2f9 req-08b599a3-29d3-4f96-b47a-19bfd757fa0b None None] RequestId filter calling following filter/app {{(pid=97312) _context_setter /opt/stack/cinder/cinder/api/middleware/request_id.py:62}}
Aug 25 15:17:27.541346 np0000008084 devstack@c-api.service[97312]: INFO cinder.api.openstack.wsgi [req-308c40d7-ca58-4563-9664-4a7e7448f2f9 req-08b599a3-29d3-4f96-b47a-19bfd757fa0b tempest-ServerActionsTestOtherB-1510788797 tempest-ServerActionsTestOtherB-1510788797-project-member] DELETE https://10.4.3.147/volume/v3/attachments/c65c7928-ac3d-405a-99cf-e68e300793a9
Aug 25 15:17:27.541346 np0000008084 devstack@c-api.service[97312]: DEBUG cinder.api.openstack.wsgi [req-308c40d7-ca58-4563-9664-4a7e7448f2f9 req-08b599a3-29d3-4f96-b47a-19bfd757fa0b tempest-ServerActionsTestOtherB-1510788797 tempest-ServerActionsTestOtherB-1510788797-project-member] Empty body provided in request {{(pid=97312) get_body /opt/stack/cinder/cinder/api/openstack/wsgi.py:725}}
Aug 25 15:17:27.541346 np0000008084 devstack@c-api.service[97312]: DEBUG cinder.api.openstack.wsgi [req-308c40d7-ca58-4563-9664-4a7e7448f2f9 req-08b599a3-29d3-4f96-b47a-19bfd757fa0b tempest-ServerActionsTestOtherB-1510788797 tempest-ServerActionsTestOtherB-1510788797-project-member] Calling method 'version_select' {{(pid=97312) _process_stack /opt/stack/cinder/cinder/api/openstack/wsgi.py:878}}
Aug 25 15:17:27.541905 np0000008084 devstack@c-api.service[97311]: /opt/stack/data/venv/lib/python3.12/site-packages/oslo_context/context.py:102: DeprecationWarning: Policy enforcement is depending on the value of is_admin. This key is deprecated. Please update your policy file to use the standard policy values.
Aug 25 15:17:27.541905 np0000008084 devstack@c-api.service[97311]: warnings.warn(
Aug 25 15:17:27.563768 np0000008084 devstack@c-api.service[97312]: /opt/stack/data/venv/lib/python3.12/site-packages/oslo_context/context.py:102: DeprecationWarning: Policy enforcement is depending on the value of is_admin. This key is deprecated. Please update your policy file to use the standard policy values.
Aug 25 15:17:27.563768 np0000008084 devstack@c-api.service[97312]: warnings.warn(
Aug 25 15:17:27.567127 np0000008084 devstack@c-api.service[97311]: INFO cinder.api.openstack.wsgi [None req-e1613593-cc60-4bcf-86cb-2b553742e7aa tempest-GroupSnapshotsTest-905891132 tempest-GroupSnapshotsTest-905891132-project-member] https://10.4.3.147/volume/v3/volumes/detail returned with HTTP 200
Aug 25 15:17:27.567660 np0000008084 devstack@c-api.service[97311]: [pid: 97311|app: 0|req: 96/295] 10.4.3.147 () {68 vars in 1299 bytes} [Tue Aug 25 15:17:27 2026] GET /volume/v3/volumes/detail => generated 1833 bytes in 213 msecs (HTTP/1.1 200) 7 headers in 287 bytes (1 switches on core 0)
Aug 25 15:17:27.585115 np0000008084 devstack@c-api.service[97313]: DEBUG cinder.api.middleware.request_id [None req-204b273f-a370-4209-9699-01777a56d790 None None] RequestId filter calling following filter/app {{(pid=97313) _context_setter /opt/stack/cinder/cinder/api/middleware/request_id.py:62}}
Aug 25 15:17:27.587660 np0000008084 devstack@c-api.service[97313]: INFO cinder.api.openstack.wsgi [None req-204b273f-a370-4209-9699-01777a56d790 tempest-GroupSnapshotsTest-905891132 tempest-GroupSnapshotsTest-905891132-project-member] GET https://10.4.3.147/volume/v3/volumes/79b779a6-68c7-4916-8df2-372799e2d5b4
Aug 25 15:17:27.587906 np0000008084 devstack@c-api.service[97313]: DEBUG cinder.api.openstack.wsgi [None req-204b273f-a370-4209-9699-01777a56d790 tempest-GroupSnapshotsTest-905891132 tempest-GroupSnapshotsTest-905891132-project-member] Empty body provided in request {{(pid=97313) get_body /opt/stack/cinder/cinder/api/openstack/wsgi.py:725}}
Aug 25 15:17:27.588098 np0000008084 devstack@c-api.service[97313]: DEBUG cinder.api.openstack.wsgi [None req-204b273f-a370-4209-9699-01777a56d790 tempest-GroupSnapshotsTest-905891132 tempest-GroupSnapshotsTest-905891132-project-member] Calling method 'show' {{(pid=97313) _process_stack /opt/stack/cinder/cinder/api/openstack/wsgi.py:878}}
Aug 25 15:17:27.596395 np0000008084 devstack@c-api.service[97313]: /opt/stack/data/venv/lib/python3.12/site-packages/oslo_context/context.py:102: DeprecationWarning: Policy enforcement is depending on the value of is_admin. This key is deprecated. Please update your policy file to use the standard policy values.
Aug 25 15:17:27.596395 np0000008084 devstack@c-api.service[97313]: warnings.warn(
Aug 25 15:17:27.607545 np0000008084 devstack@c-api.service[97313]: INFO cinder.volume.api [None req-204b273f-a370-4209-9699-01777a56d790 tempest-GroupSnapshotsTest-905891132 tempest-GroupSnapshotsTest-905891132-project-member] Volume info retrieved successfully.
Aug 25 15:17:27.608438 np0000008084 devstack@c-api.service[97313]: WARNING stevedore.named [None req-204b273f-a370-4209-9699-01777a56d790 tempest-GroupSnapshotsTest-905891132 tempest-GroupSnapshotsTest-905891132-project-member] Could not load cinder.keymgr.conf_key_mgr.ConfKeyManager
Aug 25 15:17:27.608703 np0000008084 devstack@c-api.service[97313]: WARNING castellan.key_manager [None req-204b273f-a370-4209-9699-01777a56d790 tempest-GroupSnapshotsTest-905891132 tempest-GroupSnapshotsTest-905891132-project-member] Deprecation Warning : cinder.keymgr.conf_key_mgr.ConfKeyManager is not a stevedore based driver, trying to load it as a class: stevedore.exception.NoMatches: No 'castellan.drivers' driver found, looking for 'cinder.keymgr.conf_key_mgr.ConfKeyManager'
Aug 25 15:17:27.631447 np0000008084 devstack@c-api.service[97312]: INFO cinder.api.openstack.wsgi [req-308c40d7-ca58-4563-9664-4a7e7448f2f9 req-08b599a3-29d3-4f96-b47a-19bfd757fa0b tempest-ServerActionsTestOtherB-1510788797 tempest-ServerActionsTestOtherB-1510788797-project-member] https://10.4.3.147/volume/v3/attachments/c65c7928-ac3d-405a-99cf-e68e300793a9 returned with HTTP 200
Aug 25 15:17:27.631881 np0000008084 devstack@c-api.service[97312]: [pid: 97312|app: 0|req: 104/296] 10.4.3.147 () {72 vars in 1673 bytes} [Tue Aug 25 15:17:27 2026] DELETE /volume/v3/attachments/c65c7928-ac3d-405a-99cf-e68e300793a9 => generated 19 bytes in 95 msecs (HTTP/1.1 200) 7 headers in 285 bytes (1 switches on core 0)
Aug 25 15:17:27.647356 np0000008084 devstack@c-api.service[97313]: DEBUG oslo_db.sqlalchemy.engines [None req-204b273f-a370-4209-9699-01777a56d790 tempest-GroupSnapshotsTest-905891132 tempest-GroupSnapshotsTest-905891132-project-member] MySQL server mode set to STRICT_TRANS_TABLES,STRICT_ALL_TABLES,NO_ZERO_IN_DATE,NO_ZERO_DATE,ERROR_FOR_DIVISION_BY_ZERO,TRADITIONAL,NO_ENGINE_SUBSTITUTION {{(pid=97313) _check_effective_sql_mode /opt/stack/data/venv/lib/python3.12/site-packages/oslo_db/sqlalchemy/engines.py:325}}
Aug 25 15:17:27.650932 np0000008084 devstack@c-api.service[97313]: /opt/stack/data/venv/lib/python3.12/site-packages/oslo_context/context.py:102: DeprecationWarning: Policy enforcement is depending on the value of is_admin. This key is deprecated. Please update your policy file to use the standard policy values.
Aug 25 15:17:27.650932 np0000008084 devstack@c-api.service[97313]: warnings.warn(
Aug 25 15:17:27.658700 np0000008084 devstack@c-api.service[97313]: INFO cinder.api.openstack.wsgi [None req-204b273f-a370-4209-9699-01777a56d790 tempest-GroupSnapshotsTest-905891132 tempest-GroupSnapshotsTest-905891132-project-member] https://10.4.3.147/volume/v3/volumes/79b779a6-68c7-4916-8df2-372799e2d5b4 returned with HTTP 200
Aug 25 15:17:27.659105 np0000008084 devstack@c-api.service[97313]: [pid: 97313|app: 0|req: 97/297] 10.4.3.147 () {68 vars in 1389 bytes} [Tue Aug 25 15:17:27 2026] GET /volume/v3/volumes/79b779a6-68c7-4916-8df2-372799e2d5b4 => generated 926 bytes in 74 msecs (HTTP/1.1 200) 7 headers in 286 bytes (1 switches on core 0)
Aug 25 15:17:27.679738 np0000008084 devstack@c-api.service[97311]: DEBUG cinder.api.middleware.request_id [None req-4c0a638d-d62a-4536-ae4c-3dfdd8e6b6c8 None None] RequestId filter calling following filter/app {{(pid=97311) _context_setter /opt/stack/cinder/cinder/api/middleware/request_id.py:62}}
Aug 25 15:17:27.685789 np0000008084 devstack@c-api.service[97311]: INFO cinder.api.openstack.wsgi [None req-4c0a638d-d62a-4536-ae4c-3dfdd8e6b6c8 tempest-GroupSnapshotsTest-905891132 tempest-GroupSnapshotsTest-905891132-project-member] GET https://10.4.3.147/volume/v3/groups/b9931562-c62a-40a1-b13f-b86515b4545c
Aug 25 15:17:27.686136 np0000008084 devstack@c-api.service[97311]: DEBUG cinder.api.openstack.wsgi [None req-4c0a638d-d62a-4536-ae4c-3dfdd8e6b6c8 tempest-GroupSnapshotsTest-905891132 tempest-GroupSnapshotsTest-905891132-project-member] Empty body provided in request {{(pid=97311) get_body /opt/stack/cinder/cinder/api/openstack/wsgi.py:725}}
Aug 25 15:17:27.703963 np0000008084 devstack@c-api.service[97311]: DEBUG cinder.api.openstack.wsgi [None req-4c0a638d-d62a-4536-ae4c-3dfdd8e6b6c8 tempest-GroupSnapshotsTest-905891132 tempest-GroupSnapshotsTest-905891132-project-member] Calling method 'version_select' {{(pid=97311) _process_stack /opt/stack/cinder/cinder/api/openstack/wsgi.py:878}}
Aug 25 15:17:27.703963 np0000008084 devstack@c-api.service[97311]: DEBUG cinder.api.v3.groups [None req-4c0a638d-d62a-4536-ae4c-3dfdd8e6b6c8 tempest-GroupSnapshotsTest-905891132 tempest-GroupSnapshotsTest-905891132-project-member] show called for member b9931562-c62a-40a1-b13f-b86515b4545c {{(pid=97311) show /opt/stack/cinder/cinder/api/v3/groups.py:58}}
Aug 25 15:17:27.703963 np0000008084 devstack@c-api.service[97311]: /opt/stack/data/venv/lib/python3.12/site-packages/oslo_context/context.py:102: DeprecationWarning: Policy enforcement is depending on the value of is_admin. This key is deprecated. Please update your policy file to use the standard policy values.
Aug 25 15:17:27.703963 np0000008084 devstack@c-api.service[97311]: warnings.warn(
Aug 25 15:17:27.730709 np0000008084 devstack@c-api.service[97312]: DEBUG cinder.api.middleware.request_id [None req-78837af7-721c-4d9d-88d0-b3c466026f85 None None] RequestId filter calling following filter/app {{(pid=97312) _context_setter /opt/stack/cinder/cinder/api/middleware/request_id.py:62}}
Aug 25 15:17:27.746054 np0000008084 devstack@c-api.service[97312]: INFO cinder.api.openstack.wsgi [None req-78837af7-721c-4d9d-88d0-b3c466026f85 tempest-ImageDependencyTests-545105623 tempest-ImageDependencyTests-545105623-project-member] GET https://10.4.3.147/volume/v3/volumes/0d9c8f9f-9592-473b-a774-f1b1e5ce0289
Aug 25 15:17:27.746054 np0000008084 devstack@c-api.service[97312]: DEBUG cinder.api.openstack.wsgi [None req-78837af7-721c-4d9d-88d0-b3c466026f85 tempest-ImageDependencyTests-545105623 tempest-ImageDependencyTests-545105623-project-member] Empty body provided in request {{(pid=97312) get_body /opt/stack/cinder/cinder/api/openstack/wsgi.py:725}}
Aug 25 15:17:27.746054 np0000008084 devstack@c-api.service[97312]: DEBUG cinder.api.openstack.wsgi [None req-78837af7-721c-4d9d-88d0-b3c466026f85 tempest-ImageDependencyTests-545105623 tempest-ImageDependencyTests-545105623-project-member] Calling method 'show' {{(pid=97312) _process_stack /opt/stack/cinder/cinder/api/openstack/wsgi.py:878}}
Aug 25 15:17:27.852959 np0000008084 devstack@c-api.service[97312]: /opt/stack/data/venv/lib/python3.12/site-packages/oslo_context/context.py:102: DeprecationWarning: Policy enforcement is depending on the value of is_admin. This key is deprecated. Please update your policy file to use the standard policy values.
Aug 25 15:17:27.852959 np0000008084 devstack@c-api.service[97312]: warnings.warn(
Aug 25 15:17:27.853267 np0000008084 devstack@c-api.service[97311]: INFO cinder.api.openstack.wsgi [None req-4c0a638d-d62a-4536-ae4c-3dfdd8e6b6c8 tempest-GroupSnapshotsTest-905891132 tempest-GroupSnapshotsTest-905891132-project-member] https://10.4.3.147/volume/v3/groups/b9931562-c62a-40a1-b13f-b86515b4545c returned with HTTP 200
Aug 25 15:17:27.853267 np0000008084 devstack@c-api.service[97311]: [pid: 97311|app: 0|req: 97/298] 10.4.3.147 () {68 vars in 1386 bytes} [Tue Aug 25 15:17:27 2026] GET /volume/v3/groups/b9931562-c62a-40a1-b13f-b86515b4545c => generated 417 bytes in 171 msecs (HTTP/1.1 200) 7 headers in 286 bytes (1 switches on core 0)
Aug 25 15:17:27.853999 np0000008084 devstack@c-api.service[97312]: INFO cinder.volume.api [None req-78837af7-721c-4d9d-88d0-b3c466026f85 tempest-ImageDependencyTests-545105623 tempest-ImageDependencyTests-545105623-project-member] Volume info retrieved successfully.
Aug 25 15:17:27.859748 np0000008084 devstack@c-api.service[97312]: INFO cinder.api.openstack.wsgi [None req-78837af7-721c-4d9d-88d0-b3c466026f85 tempest-ImageDependencyTests-545105623 tempest-ImageDependencyTests-545105623-project-member] https://10.4.3.147/volume/v3/volumes/0d9c8f9f-9592-473b-a774-f1b1e5ce0289 returned with HTTP 200
Aug 25 15:17:27.859748 np0000008084 devstack@c-api.service[97312]: [pid: 97312|app: 0|req: 105/299] 10.4.3.147 () {66 vars in 1348 bytes} [Tue Aug 25 15:17:27 2026] GET /volume/v3/volumes/0d9c8f9f-9592-473b-a774-f1b1e5ce0289 => generated 905 bytes in 129 msecs (HTTP/1.1 200) 7 headers in 285 bytes (1 switches on core 0)
Aug 25 15:17:27.863577 np0000008084 devstack@c-api.service[97313]: DEBUG cinder.api.middleware.request_id [None req-8c50098c-cf64-4140-b650-d7aeb15f2946 None None] RequestId filter calling following filter/app {{(pid=97313) _context_setter /opt/stack/cinder/cinder/api/middleware/request_id.py:62}}
Aug 25 15:17:27.871746 np0000008084 devstack@c-api.service[97313]: INFO cinder.api.openstack.wsgi [None req-8c50098c-cf64-4140-b650-d7aeb15f2946 tempest-GroupSnapshotsTest-905891132 tempest-GroupSnapshotsTest-905891132-project-member] GET https://10.4.3.147/volume/v3/volumes/detail
Aug 25 15:17:27.872051 np0000008084 devstack@c-api.service[97313]: DEBUG cinder.api.openstack.wsgi [None req-8c50098c-cf64-4140-b650-d7aeb15f2946 tempest-GroupSnapshotsTest-905891132 tempest-GroupSnapshotsTest-905891132-project-member] Empty body provided in request {{(pid=97313) get_body /opt/stack/cinder/cinder/api/openstack/wsgi.py:725}}
Aug 25 15:17:27.872372 np0000008084 devstack@c-api.service[97313]: DEBUG cinder.api.openstack.wsgi [None req-8c50098c-cf64-4140-b650-d7aeb15f2946 tempest-GroupSnapshotsTest-905891132 tempest-GroupSnapshotsTest-905891132-project-member] Calling method 'detail' {{(pid=97313) _process_stack /opt/stack/cinder/cinder/api/openstack/wsgi.py:878}}
Aug 25 15:17:27.873022 np0000008084 devstack@c-api.service[97313]: DEBUG cinder.api.api_utils [None req-8c50098c-cf64-4140-b650-d7aeb15f2946 tempest-GroupSnapshotsTest-905891132 tempest-GroupSnapshotsTest-905891132-project-member] Removing options '' from query. {{(pid=97313) remove_invalid_filter_options /opt/stack/cinder/cinder/api/api_utils.py:82}}
Aug 25 15:17:27.874004 np0000008084 devstack@c-api.service[97313]: DEBUG cinder.volume.api [None req-8c50098c-cf64-4140-b650-d7aeb15f2946 tempest-GroupSnapshotsTest-905891132 tempest-GroupSnapshotsTest-905891132-project-member] Searching by: MultiDict([('no_migration_targets', True)]). {{(pid=97313) get_all /opt/stack/cinder/cinder/volume/api.py:664}}
Aug 25 15:17:28.105378 np0000008084 devstack@c-api.service[97313]: INFO cinder.volume.api [None req-8c50098c-cf64-4140-b650-d7aeb15f2946 tempest-GroupSnapshotsTest-905891132 tempest-GroupSnapshotsTest-905891132-project-member] Get all volumes completed successfully.
Aug 25 15:17:28.106075 np0000008084 devstack@c-api.service[97313]: WARNING stevedore.named [None req-8c50098c-cf64-4140-b650-d7aeb15f2946 tempest-GroupSnapshotsTest-905891132 tempest-GroupSnapshotsTest-905891132-project-member] Could not load cinder.keymgr.conf_key_mgr.ConfKeyManager
Aug 25 15:17:28.106075 np0000008084 devstack@c-api.service[97313]: WARNING castellan.key_manager [None req-8c50098c-cf64-4140-b650-d7aeb15f2946 tempest-GroupSnapshotsTest-905891132 tempest-GroupSnapshotsTest-905891132-project-member] Deprecation Warning : cinder.keymgr.conf_key_mgr.ConfKeyManager is not a stevedore based driver, trying to load it as a class: stevedore.exception.NoMatches: No 'castellan.drivers' driver found, looking for 'cinder.keymgr.conf_key_mgr.ConfKeyManager'
Aug 25 15:17:28.145058 np0000008084 devstack@c-api.service[97313]: DEBUG oslo_db.sqlalchemy.engines [None req-8c50098c-cf64-4140-b650-d7aeb15f2946 tempest-GroupSnapshotsTest-905891132 tempest-GroupSnapshotsTest-905891132-project-member] MySQL server mode set to STRICT_TRANS_TABLES,STRICT_ALL_TABLES,NO_ZERO_IN_DATE,NO_ZERO_DATE,ERROR_FOR_DIVISION_BY_ZERO,TRADITIONAL,NO_ENGINE_SUBSTITUTION {{(pid=97313) _check_effective_sql_mode /opt/stack/data/venv/lib/python3.12/site-packages/oslo_db/sqlalchemy/engines.py:325}}
Aug 25 15:17:28.145058 np0000008084 devstack@c-api.service[97313]: /opt/stack/data/venv/lib/python3.12/site-packages/oslo_context/context.py:102: DeprecationWarning: Policy enforcement is depending on the value of is_admin. This key is deprecated. Please update your policy file to use the standard policy values.
Aug 25 15:17:28.145058 np0000008084 devstack@c-api.service[97313]: warnings.warn(
Aug 25 15:17:28.187035 np0000008084 devstack@c-api.service[97313]: WARNING stevedore.named [None req-8c50098c-cf64-4140-b650-d7aeb15f2946 tempest-GroupSnapshotsTest-905891132 tempest-GroupSnapshotsTest-905891132-project-member] Could not load cinder.keymgr.conf_key_mgr.ConfKeyManager
Aug 25 15:17:28.187035 np0000008084 devstack@c-api.service[97313]: WARNING castellan.key_manager [None req-8c50098c-cf64-4140-b650-d7aeb15f2946 tempest-GroupSnapshotsTest-905891132 tempest-GroupSnapshotsTest-905891132-project-member] Deprecation Warning : cinder.keymgr.conf_key_mgr.ConfKeyManager is not a stevedore based driver, trying to load it as a class: stevedore.exception.NoMatches: No 'castellan.drivers' driver found, looking for 'cinder.keymgr.conf_key_mgr.ConfKeyManager'
Aug 25 15:17:28.231908 np0000008084 devstack@c-api.service[97313]: DEBUG oslo_db.sqlalchemy.engines [None req-8c50098c-cf64-4140-b650-d7aeb15f2946 tempest-GroupSnapshotsTest-905891132 tempest-GroupSnapshotsTest-905891132-project-member] MySQL server mode set to STRICT_TRANS_TABLES,STRICT_ALL_TABLES,NO_ZERO_IN_DATE,NO_ZERO_DATE,ERROR_FOR_DIVISION_BY_ZERO,TRADITIONAL,NO_ENGINE_SUBSTITUTION {{(pid=97313) _check_effective_sql_mode /opt/stack/data/venv/lib/python3.12/site-packages/oslo_db/sqlalchemy/engines.py:325}}
Aug 25 15:17:28.235656 np0000008084 devstack@c-api.service[97313]: /opt/stack/data/venv/lib/python3.12/site-packages/oslo_context/context.py:102: DeprecationWarning: Policy enforcement is depending on the value of is_admin. This key is deprecated. Please update your policy file to use the standard policy values.
Aug 25 15:17:28.235656 np0000008084 devstack@c-api.service[97313]: warnings.warn(
Aug 25 15:17:28.245416 np0000008084 devstack@c-api.service[97313]: INFO cinder.api.openstack.wsgi [None req-8c50098c-cf64-4140-b650-d7aeb15f2946 tempest-GroupSnapshotsTest-905891132 tempest-GroupSnapshotsTest-905891132-project-member] https://10.4.3.147/volume/v3/volumes/detail returned with HTTP 200
Aug 25 15:17:28.246016 np0000008084 devstack@c-api.service[97313]: [pid: 97313|app: 0|req: 98/300] 10.4.3.147 () {68 vars in 1299 bytes} [Tue Aug 25 15:17:27 2026] GET /volume/v3/volumes/detail => generated 1834 bytes in 383 msecs (HTTP/1.1 200) 7 headers in 287 bytes (1 switches on core 0)
Aug 25 15:17:28.266280 np0000008084 devstack@c-api.service[97311]: DEBUG cinder.api.middleware.request_id [None req-f010c725-8e2a-4933-b4ef-2f444bb2c2cb None None] RequestId filter calling following filter/app {{(pid=97311) _context_setter /opt/stack/cinder/cinder/api/middleware/request_id.py:62}}
Aug 25 15:17:28.266949 np0000008084 devstack@c-api.service[97312]: DEBUG cinder.api.middleware.request_id [req-f06c8324-38aa-4cb3-b3e8-00c629dabb6f req-f72475ce-d0da-4a33-8af5-5a64b37f4f8d None None] RequestId filter calling following filter/app {{(pid=97312) _context_setter /opt/stack/cinder/cinder/api/middleware/request_id.py:62}}
Aug 25 15:17:28.268804 np0000008084 devstack@c-api.service[97311]: INFO cinder.api.openstack.wsgi [None req-f010c725-8e2a-4933-b4ef-2f444bb2c2cb tempest-GroupSnapshotsTest-905891132 tempest-GroupSnapshotsTest-905891132-project-member] POST https://10.4.3.147/volume/v3/groups/b9931562-c62a-40a1-b13f-b86515b4545c/action
Aug 25 15:17:28.269276 np0000008084 devstack@c-api.service[97311]: DEBUG cinder.api.openstack.wsgi [None req-f010c725-8e2a-4933-b4ef-2f444bb2c2cb tempest-GroupSnapshotsTest-905891132 tempest-GroupSnapshotsTest-905891132-project-member] Action body: b'{"delete": {"delete-volumes": true}}' {{(pid=97311) get_method /opt/stack/cinder/cinder/api/openstack/wsgi.py:993}}
Aug 25 15:17:28.269508 np0000008084 devstack@c-api.service[97311]: DEBUG cinder.api.openstack.wsgi [None req-f010c725-8e2a-4933-b4ef-2f444bb2c2cb tempest-GroupSnapshotsTest-905891132 tempest-GroupSnapshotsTest-905891132-project-member] Action: 'action', calling method: version_select, body: {"delete": {"delete-volumes": true}} {{(pid=97311) _process_stack /opt/stack/cinder/cinder/api/openstack/wsgi.py:876}}
Aug 25 15:17:28.271167 np0000008084 devstack@c-api.service[97312]: INFO cinder.api.openstack.wsgi [req-f06c8324-38aa-4cb3-b3e8-00c629dabb6f req-f72475ce-d0da-4a33-8af5-5a64b37f4f8d tempest-VolumesNegativeTest-1307873670 tempest-VolumesNegativeTest-1307873670-project-member] DELETE https://10.4.3.147/volume/v3/volumes/tempest-invalid-1054700700
Aug 25 15:17:28.271377 np0000008084 devstack@c-api.service[97312]: DEBUG cinder.api.openstack.wsgi [req-f06c8324-38aa-4cb3-b3e8-00c629dabb6f req-f72475ce-d0da-4a33-8af5-5a64b37f4f8d tempest-VolumesNegativeTest-1307873670 tempest-VolumesNegativeTest-1307873670-project-member] Empty body provided in request {{(pid=97312) get_body /opt/stack/cinder/cinder/api/openstack/wsgi.py:725}}
Aug 25 15:17:28.271623 np0000008084 devstack@c-api.service[97312]: DEBUG cinder.api.openstack.wsgi [req-f06c8324-38aa-4cb3-b3e8-00c629dabb6f req-f72475ce-d0da-4a33-8af5-5a64b37f4f8d tempest-VolumesNegativeTest-1307873670 tempest-VolumesNegativeTest-1307873670-project-member] Calling method 'delete' {{(pid=97312) _process_stack /opt/stack/cinder/cinder/api/openstack/wsgi.py:878}}
Aug 25 15:17:28.271703 np0000008084 devstack@c-api.service[97311]: DEBUG cinder.api.v3.groups [None req-f010c725-8e2a-4933-b4ef-2f444bb2c2cb tempest-GroupSnapshotsTest-905891132 tempest-GroupSnapshotsTest-905891132-project-member] delete called for group b9931562-c62a-40a1-b13f-b86515b4545c {{(pid=97311) _delete /opt/stack/cinder/cinder/api/v3/groups.py:117}}
Aug 25 15:17:28.271843 np0000008084 devstack@c-api.service[97312]: INFO cinder.api.v3.volumes [req-f06c8324-38aa-4cb3-b3e8-00c629dabb6f req-f72475ce-d0da-4a33-8af5-5a64b37f4f8d tempest-VolumesNegativeTest-1307873670 tempest-VolumesNegativeTest-1307873670-project-member] Delete volume with id: tempest-invalid-1054700700
Aug 25 15:17:28.271885 np0000008084 devstack@c-api.service[97311]: INFO cinder.api.v3.groups [None req-f010c725-8e2a-4933-b4ef-2f444bb2c2cb tempest-GroupSnapshotsTest-905891132 tempest-GroupSnapshotsTest-905891132-project-member] Delete group with id: b9931562-c62a-40a1-b13f-b86515b4545c
Aug 25 15:17:28.275853 np0000008084 devstack@c-api.service[97311]: /opt/stack/data/venv/lib/python3.12/site-packages/oslo_context/context.py:102: DeprecationWarning: Policy enforcement is depending on the value of is_admin. This key is deprecated. Please update your policy file to use the standard policy values.
Aug 25 15:17:28.275853 np0000008084 devstack@c-api.service[97311]: warnings.warn(
Aug 25 15:17:28.285512 np0000008084 devstack@c-api.service[97312]: INFO cinder.api.openstack.wsgi [req-f06c8324-38aa-4cb3-b3e8-00c629dabb6f req-f72475ce-d0da-4a33-8af5-5a64b37f4f8d tempest-VolumesNegativeTest-1307873670 tempest-VolumesNegativeTest-1307873670-project-member] https://10.4.3.147/volume/v3/volumes/tempest-invalid-1054700700 returned with HTTP 404
Aug 25 15:17:28.286334 np0000008084 devstack@c-api.service[97312]: [pid: 97312|app: 0|req: 106/301] 10.4.3.147 () {70 vars in 1590 bytes} [Tue Aug 25 15:17:28 2026] DELETE /volume/v3/volumes/tempest-invalid-1054700700 => generated 99 bytes in 20 msecs (HTTP/1.1 404) 7 headers in 291 bytes (1 switches on core 0)
Aug 25 15:17:28.385657 np0000008084 devstack@c-api.service[97313]: DEBUG cinder.api.middleware.request_id [req-a3929a6d-c4ac-42ab-a5af-98eb4c4adcbf req-328eeada-9fca-4b4a-9132-de212fc435f1 None None] RequestId filter calling following filter/app {{(pid=97313) _context_setter /opt/stack/cinder/cinder/api/middleware/request_id.py:62}}
Aug 25 15:17:28.400310 np0000008084 devstack@c-api.service[97313]: INFO cinder.api.openstack.wsgi [req-a3929a6d-c4ac-42ab-a5af-98eb4c4adcbf req-328eeada-9fca-4b4a-9132-de212fc435f1 tempest-VolumesNegativeTest-1307873670 tempest-VolumesNegativeTest-1307873670-project-member] DELETE https://10.4.3.147/volume/v3/volumes/242cd1a8-a75e-4a29-b8e7-7a1ffc6d9efd
Aug 25 15:17:28.400310 np0000008084 devstack@c-api.service[97313]: DEBUG cinder.api.openstack.wsgi [req-a3929a6d-c4ac-42ab-a5af-98eb4c4adcbf req-328eeada-9fca-4b4a-9132-de212fc435f1 tempest-VolumesNegativeTest-1307873670 tempest-VolumesNegativeTest-1307873670-project-member] Empty body provided in request {{(pid=97313) get_body /opt/stack/cinder/cinder/api/openstack/wsgi.py:725}}
Aug 25 15:17:28.400310 np0000008084 devstack@c-api.service[97313]: DEBUG cinder.api.openstack.wsgi [req-a3929a6d-c4ac-42ab-a5af-98eb4c4adcbf req-328eeada-9fca-4b4a-9132-de212fc435f1 tempest-VolumesNegativeTest-1307873670 tempest-VolumesNegativeTest-1307873670-project-member] Calling method 'delete' {{(pid=97313) _process_stack /opt/stack/cinder/cinder/api/openstack/wsgi.py:878}}
Aug 25 15:17:28.400310 np0000008084 devstack@c-api.service[97313]: INFO cinder.api.v3.volumes [req-a3929a6d-c4ac-42ab-a5af-98eb4c4adcbf req-328eeada-9fca-4b4a-9132-de212fc435f1 tempest-VolumesNegativeTest-1307873670 tempest-VolumesNegativeTest-1307873670-project-member] Delete volume with id: 242cd1a8-a75e-4a29-b8e7-7a1ffc6d9efd
Aug 25 15:17:28.400310 np0000008084 devstack@c-api.service[97313]: INFO cinder.api.openstack.wsgi [req-a3929a6d-c4ac-42ab-a5af-98eb4c4adcbf req-328eeada-9fca-4b4a-9132-de212fc435f1 tempest-VolumesNegativeTest-1307873670 tempest-VolumesNegativeTest-1307873670-project-member] https://10.4.3.147/volume/v3/volumes/242cd1a8-a75e-4a29-b8e7-7a1ffc6d9efd returned with HTTP 404
Aug 25 15:17:28.400310 np0000008084 devstack@c-api.service[97313]: [pid: 97313|app: 0|req: 99/302] 10.4.3.147 () {70 vars in 1620 bytes} [Tue Aug 25 15:17:28 2026] DELETE /volume/v3/volumes/242cd1a8-a75e-4a29-b8e7-7a1ffc6d9efd => generated 109 bytes in 12 msecs (HTTP/1.1 404) 7 headers in 292 bytes (1 switches on core 0)
Aug 25 15:17:28.421806 np0000008084 devstack@c-api.service[97312]: DEBUG cinder.api.middleware.request_id [req-72cb57f9-10ed-4170-8000-be8c1ad2bbdd req-4caa6a6f-c108-4e5b-883e-4b894e9b335f None None] RequestId filter calling following filter/app {{(pid=97312) _context_setter /opt/stack/cinder/cinder/api/middleware/request_id.py:62}}
Aug 25 15:17:28.428613 np0000008084 devstack@c-api.service[97312]: INFO cinder.api.openstack.wsgi [req-72cb57f9-10ed-4170-8000-be8c1ad2bbdd req-4caa6a6f-c108-4e5b-883e-4b894e9b335f tempest-VolumesNegativeTest-1307873670 tempest-VolumesNegativeTest-1307873670-project-reader] GET https://10.4.3.147/volume/v3/volumes/4a3af1bf-1339-4017-bf99-3ba643dbd967
Aug 25 15:17:28.453433 np0000008084 devstack@c-api.service[97312]: DEBUG cinder.api.openstack.wsgi [req-72cb57f9-10ed-4170-8000-be8c1ad2bbdd req-4caa6a6f-c108-4e5b-883e-4b894e9b335f tempest-VolumesNegativeTest-1307873670 tempest-VolumesNegativeTest-1307873670-project-reader] Empty body provided in request {{(pid=97312) get_body /opt/stack/cinder/cinder/api/openstack/wsgi.py:725}}
Aug 25 15:17:28.453433 np0000008084 devstack@c-api.service[97312]: DEBUG cinder.api.openstack.wsgi [req-72cb57f9-10ed-4170-8000-be8c1ad2bbdd req-4caa6a6f-c108-4e5b-883e-4b894e9b335f tempest-VolumesNegativeTest-1307873670 tempest-VolumesNegativeTest-1307873670-project-reader] Calling method 'show' {{(pid=97312) _process_stack /opt/stack/cinder/cinder/api/openstack/wsgi.py:878}}
Aug 25 15:17:28.453433 np0000008084 devstack@c-api.service[97312]: INFO cinder.api.openstack.wsgi [req-72cb57f9-10ed-4170-8000-be8c1ad2bbdd req-4caa6a6f-c108-4e5b-883e-4b894e9b335f tempest-VolumesNegativeTest-1307873670 tempest-VolumesNegativeTest-1307873670-project-reader] https://10.4.3.147/volume/v3/volumes/4a3af1bf-1339-4017-bf99-3ba643dbd967 returned with HTTP 404
Aug 25 15:17:28.453433 np0000008084 devstack@c-api.service[97312]: [pid: 97312|app: 0|req: 107/303] 10.4.3.147 () {68 vars in 1598 bytes} [Tue Aug 25 15:17:28 2026] GET /volume/v3/volumes/4a3af1bf-1339-4017-bf99-3ba643dbd967 => generated 109 bytes in 19 msecs (HTTP/1.1 404) 7 headers in 292 bytes (1 switches on core 0)
Aug 25 15:17:28.505268 np0000008084 devstack@c-api.service[97311]: INFO cinder.api.openstack.wsgi [None req-f010c725-8e2a-4933-b4ef-2f444bb2c2cb tempest-GroupSnapshotsTest-905891132 tempest-GroupSnapshotsTest-905891132-project-member] https://10.4.3.147/volume/v3/groups/b9931562-c62a-40a1-b13f-b86515b4545c/action returned with HTTP 202
Aug 25 15:17:28.505268 np0000008084 devstack@c-api.service[97311]: [pid: 97311|app: 0|req: 98/304] 10.4.3.147 () {70 vars in 1428 bytes} [Tue Aug 25 15:17:28 2026] POST /volume/v3/groups/b9931562-c62a-40a1-b13f-b86515b4545c/action => generated 0 bytes in 232 msecs (HTTP/1.1 202) 6 headers in 234 bytes (1 switches on core 0)
Aug 25 15:17:28.510547 np0000008084 devstack@c-api.service[97313]: DEBUG cinder.api.middleware.request_id [None req-1e473250-5eb8-4b4e-acde-bf84654e0433 None None] RequestId filter calling following filter/app {{(pid=97313) _context_setter /opt/stack/cinder/cinder/api/middleware/request_id.py:62}}
Aug 25 15:17:28.513242 np0000008084 devstack@c-api.service[97313]: INFO cinder.api.openstack.wsgi [None req-1e473250-5eb8-4b4e-acde-bf84654e0433 tempest-GroupSnapshotsTest-905891132 tempest-GroupSnapshotsTest-905891132-project-member] GET https://10.4.3.147/volume/v3/volumes/79b779a6-68c7-4916-8df2-372799e2d5b4
Aug 25 15:17:28.513242 np0000008084 devstack@c-api.service[97313]: DEBUG cinder.api.openstack.wsgi [None req-1e473250-5eb8-4b4e-acde-bf84654e0433 tempest-GroupSnapshotsTest-905891132 tempest-GroupSnapshotsTest-905891132-project-member] Empty body provided in request {{(pid=97313) get_body /opt/stack/cinder/cinder/api/openstack/wsgi.py:725}}
Aug 25 15:17:28.513242 np0000008084 devstack@c-api.service[97313]: DEBUG cinder.api.openstack.wsgi [None req-1e473250-5eb8-4b4e-acde-bf84654e0433 tempest-GroupSnapshotsTest-905891132 tempest-GroupSnapshotsTest-905891132-project-member] Calling method 'show' {{(pid=97313) _process_stack /opt/stack/cinder/cinder/api/openstack/wsgi.py:878}}
Aug 25 15:17:28.522895 np0000008084 devstack@c-api.service[97313]: /opt/stack/data/venv/lib/python3.12/site-packages/oslo_context/context.py:102: DeprecationWarning: Policy enforcement is depending on the value of is_admin. This key is deprecated. Please update your policy file to use the standard policy values.
Aug 25 15:17:28.522895 np0000008084 devstack@c-api.service[97313]: warnings.warn(
Aug 25 15:17:28.530794 np0000008084 devstack@c-api.service[97313]: INFO cinder.volume.api [None req-1e473250-5eb8-4b4e-acde-bf84654e0433 tempest-GroupSnapshotsTest-905891132 tempest-GroupSnapshotsTest-905891132-project-member] Volume info retrieved successfully.
Aug 25 15:17:28.530794 np0000008084 devstack@c-api.service[97313]: WARNING stevedore.named [None req-1e473250-5eb8-4b4e-acde-bf84654e0433 tempest-GroupSnapshotsTest-905891132 tempest-GroupSnapshotsTest-905891132-project-member] Could not load cinder.keymgr.conf_key_mgr.ConfKeyManager
