Aug 25 15:15:39.385845 np0000008084 devstack@g-api.service[99992]: DEBUG glance_store.location [None req-e839761d-0d33-4052-8096-1bfe0fb05c0e tempest-AttachVolumeShelveTestJSON-189951826 tempest-AttachVolumeShelveTestJSON-189951826-project-member] Registering scheme swift+https with {'store': , 'location_class': , 'store_entry': 'swift'} {{(pid=99992) register_scheme_map /opt/stack/data/venv/lib/python3.12/site-packages/glance_store/location.py:146}}
Aug 25 15:15:39.385845 np0000008084 devstack@g-api.service[99992]: DEBUG glance_store.location [None req-e839761d-0d33-4052-8096-1bfe0fb05c0e tempest-AttachVolumeShelveTestJSON-189951826 tempest-AttachVolumeShelveTestJSON-189951826-project-member] Registering scheme swift with {'store': , 'location_class': , 'store_entry': 'swift'} {{(pid=99992) register_scheme_map /opt/stack/data/venv/lib/python3.12/site-packages/glance_store/location.py:146}}
Aug 25 15:15:39.385845 np0000008084 devstack@g-api.service[99992]: DEBUG glance_store.location [None req-e839761d-0d33-4052-8096-1bfe0fb05c0e tempest-AttachVolumeShelveTestJSON-189951826 tempest-AttachVolumeShelveTestJSON-189951826-project-member] Registering scheme swift+http with {'store': , 'location_class': , 'store_entry': 'swift'} {{(pid=99992) register_scheme_map /opt/stack/data/venv/lib/python3.12/site-packages/glance_store/location.py:146}}
Aug 25 15:15:39.385926 np0000008084 devstack@g-api.service[99992]: DEBUG glance_store.location [None req-e839761d-0d33-4052-8096-1bfe0fb05c0e tempest-AttachVolumeShelveTestJSON-189951826 tempest-AttachVolumeShelveTestJSON-189951826-project-member] Registering scheme swift+config with {'store': , 'location_class': , 'store_entry': 'swift'} {{(pid=99992) register_scheme_map /opt/stack/data/venv/lib/python3.12/site-packages/glance_store/location.py:146}}
Aug 25 15:15:39.765476 np0000008084 devstack@g-api.service[99993]: DEBUG glance.api.middleware.version_negotiation [None req-2d6edd0c-a1c9-4b7c-8cbb-751134e78980 tempest-ServerStableDeviceRescueTest-324049851 tempest-ServerStableDeviceRescueTest-324049851-project-member] Determining version of request: GET /v2/images/d2eacbbc-fe54-48ee-99b6-cb44cfb83c1d Accept: */* {{(pid=99993) process_request /opt/stack/glance/glance/api/middleware/version_negotiation.py:44}}
Aug 25 15:15:39.765476 np0000008084 devstack@g-api.service[99993]: DEBUG glance.api.middleware.version_negotiation [None req-2d6edd0c-a1c9-4b7c-8cbb-751134e78980 tempest-ServerStableDeviceRescueTest-324049851 tempest-ServerStableDeviceRescueTest-324049851-project-member] Using url versioning {{(pid=99993) process_request /opt/stack/glance/glance/api/middleware/version_negotiation.py:57}}
Aug 25 15:15:39.765476 np0000008084 devstack@g-api.service[99993]: DEBUG glance.api.middleware.version_negotiation [None req-2d6edd0c-a1c9-4b7c-8cbb-751134e78980 tempest-ServerStableDeviceRescueTest-324049851 tempest-ServerStableDeviceRescueTest-324049851-project-member] Matched version: v2 {{(pid=99993) process_request /opt/stack/glance/glance/api/middleware/version_negotiation.py:69}}
Aug 25 15:15:39.765476 np0000008084 devstack@g-api.service[99993]: DEBUG glance.api.middleware.version_negotiation [None req-2d6edd0c-a1c9-4b7c-8cbb-751134e78980 tempest-ServerStableDeviceRescueTest-324049851 tempest-ServerStableDeviceRescueTest-324049851-project-member] new path /v2/images/d2eacbbc-fe54-48ee-99b6-cb44cfb83c1d {{(pid=99993) process_request /opt/stack/glance/glance/api/middleware/version_negotiation.py:70}}
Aug 25 15:15:39.785918 np0000008084 devstack@g-api.service[99993]: [pid: 99993|app: 0|req: 43/137] 127.0.0.1 () {44 vars in 1115 bytes} [Tue Aug 25 15:15:39 2026] GET /v2/images/d2eacbbc-fe54-48ee-99b6-cb44cfb83c1d => generated 1333 bytes in 21 msecs (HTTP/1.1 200) 4 headers in 158 bytes (1 switches on core 0)
Aug 25 15:15:39.822530 np0000008084 devstack@g-api.service[99991]: DEBUG glance.api.middleware.version_negotiation [None req-2d6edd0c-a1c9-4b7c-8cbb-751134e78980 tempest-ServerStableDeviceRescueTest-324049851 tempest-ServerStableDeviceRescueTest-324049851-project-member] Determining version of request: GET /v2/schemas/image Accept: */* {{(pid=99991) process_request /opt/stack/glance/glance/api/middleware/version_negotiation.py:44}}
Aug 25 15:15:39.822847 np0000008084 devstack@g-api.service[99991]: DEBUG glance.api.middleware.version_negotiation [None req-2d6edd0c-a1c9-4b7c-8cbb-751134e78980 tempest-ServerStableDeviceRescueTest-324049851 tempest-ServerStableDeviceRescueTest-324049851-project-member] Using url versioning {{(pid=99991) process_request /opt/stack/glance/glance/api/middleware/version_negotiation.py:57}}
Aug 25 15:15:39.822847 np0000008084 devstack@g-api.service[99991]: DEBUG glance.api.middleware.version_negotiation [None req-2d6edd0c-a1c9-4b7c-8cbb-751134e78980 tempest-ServerStableDeviceRescueTest-324049851 tempest-ServerStableDeviceRescueTest-324049851-project-member] Matched version: v2 {{(pid=99991) process_request /opt/stack/glance/glance/api/middleware/version_negotiation.py:69}}
Aug 25 15:15:39.822921 np0000008084 devstack@g-api.service[99991]: DEBUG glance.api.middleware.version_negotiation [None req-2d6edd0c-a1c9-4b7c-8cbb-751134e78980 tempest-ServerStableDeviceRescueTest-324049851 tempest-ServerStableDeviceRescueTest-324049851-project-member] new path /v2/schemas/image {{(pid=99991) process_request /opt/stack/glance/glance/api/middleware/version_negotiation.py:70}}
Aug 25 15:15:39.825280 np0000008084 devstack@g-api.service[99991]: [pid: 99991|app: 0|req: 46/138] 127.0.0.1 () {44 vars in 1055 bytes} [Tue Aug 25 15:15:39 2026] GET /v2/schemas/image => generated 6083 bytes in 3 msecs (HTTP/1.1 200) 4 headers in 158 bytes (1 switches on core 0)
Aug 25 15:15:39.834387 np0000008084 devstack@g-api.service[99992]: DEBUG swiftclient [None req-e839761d-0d33-4052-8096-1bfe0fb05c0e tempest-AttachVolumeShelveTestJSON-189951826 tempest-AttachVolumeShelveTestJSON-189951826-project-member] REQ: curl -i https://10.4.3.147:8080/v1/AUTH_fc7ebad8984f436ea39e203d75c38fd5/glance -I -H "X-Auth-Token: gAAAAABqjbGbC9QC..." {{(pid=99992) http_log /opt/stack/data/venv/lib/python3.12/site-packages/swiftclient/client.py:160}}
Aug 25 15:15:39.834672 np0000008084 devstack@g-api.service[99992]: DEBUG swiftclient [None req-e839761d-0d33-4052-8096-1bfe0fb05c0e tempest-AttachVolumeShelveTestJSON-189951826 tempest-AttachVolumeShelveTestJSON-189951826-project-member] RESP STATUS: 204 No Content {{(pid=99992) http_log /opt/stack/data/venv/lib/python3.12/site-packages/swiftclient/client.py:161}}
Aug 25 15:15:39.834740 np0000008084 devstack@g-api.service[99992]: DEBUG swiftclient [None req-e839761d-0d33-4052-8096-1bfe0fb05c0e tempest-AttachVolumeShelveTestJSON-189951826 tempest-AttachVolumeShelveTestJSON-189951826-project-member] RESP HEADERS: {'Date': 'Tue, 25 Aug 2026 15:15:39 GMT', 'Server': 'Apache/2.4.58 (Ubuntu)', 'Content-Type': 'text/plain; charset=utf-8', 'X-Container-Object-Count': '7', 'X-Container-Bytes-Used': '109576192', 'X-Timestamp': '1787670714.82560', 'Last-Modified': 'Tue, 25 Aug 2026 15:11:55 GMT', 'Accept-Ranges': 'bytes', 'X-Storage-Policy': 'Policy-0', 'X-Container-Sharding': 'False', 'Vary': 'Accept', 'X-Trans-Id': 'tx388d3c1b38c24b3d9c6aa-006a8db19b', 'X-Openstack-Request-Id': 'tx388d3c1b38c24b3d9c6aa-006a8db19b', 'Connection': 'close'} {{(pid=99992) http_log /opt/stack/data/venv/lib/python3.12/site-packages/swiftclient/client.py:162}}
Aug 25 15:15:39.834904 np0000008084 devstack@g-api.service[99992]: DEBUG glance_store._drivers.swift.store [None req-e839761d-0d33-4052-8096-1bfe0fb05c0e tempest-AttachVolumeShelveTestJSON-189951826 tempest-AttachVolumeShelveTestJSON-189951826-project-member] Adding image object '2dd5adb0-5d30-4d62-be5b-96675902c58a' to Swift {{(pid=99992) add /opt/stack/data/venv/lib/python3.12/site-packages/glance_store/_drivers/swift/store.py:970}}
Aug 25 15:15:39.834952 np0000008084 devstack@g-api.service[99992]: DEBUG glance_store._drivers.swift.store [None req-e839761d-0d33-4052-8096-1bfe0fb05c0e tempest-AttachVolumeShelveTestJSON-189951826 tempest-AttachVolumeShelveTestJSON-189951826-project-member] Cannot determine image size because it is either not provided in the request or chunked-transfer encoding is used. Adding image as a segmented object to Swift. {{(pid=99992) add /opt/stack/data/venv/lib/python3.12/site-packages/glance_store/_drivers/swift/store.py:994}}
Aug 25 15:15:39.855389 np0000008084 devstack@g-api.service[99992]: DEBUG oslo_utils.imageutils.format_inspector [None req-e839761d-0d33-4052-8096-1bfe0fb05c0e tempest-AttachVolumeShelveTestJSON-189951826 tempest-AttachVolumeShelveTestJSON-189951826-project-member] Format inspector for vmdk does not match, excluding from consideration (Signature KDMV not found: b'QFI\xfb') {{(pid=99992) _process_chunk /opt/stack/data/venv/lib/python3.12/site-packages/oslo_utils/imageutils/format_inspector.py:1758}}
Aug 25 15:15:39.858394 np0000008084 devstack@g-api.service[99992]: DEBUG oslo_utils.imageutils.format_inspector [None req-e839761d-0d33-4052-8096-1bfe0fb05c0e tempest-AttachVolumeShelveTestJSON-189951826 tempest-AttachVolumeShelveTestJSON-189951826-project-member] Format inspector for vhdx does not match, excluding from consideration (Region signature not found at 30000) {{(pid=99992) _process_chunk /opt/stack/data/venv/lib/python3.12/site-packages/oslo_utils/imageutils/format_inspector.py:1758}}
Aug 25 15:15:40.025259 np0000008084 devstack@g-api.service[99993]: DEBUG glance.api.middleware.version_negotiation [None req-6e92baf8-92d5-4279-b8dc-32d07901a988 tempest-ServerStableDeviceRescueTest-324049851 tempest-ServerStableDeviceRescueTest-324049851-project-member] Determining version of request: GET /v2/images/d2eacbbc-fe54-48ee-99b6-cb44cfb83c1d Accept: */* {{(pid=99993) process_request /opt/stack/glance/glance/api/middleware/version_negotiation.py:44}}
Aug 25 15:15:40.025534 np0000008084 devstack@g-api.service[99993]: DEBUG glance.api.middleware.version_negotiation [None req-6e92baf8-92d5-4279-b8dc-32d07901a988 tempest-ServerStableDeviceRescueTest-324049851 tempest-ServerStableDeviceRescueTest-324049851-project-member] Using url versioning {{(pid=99993) process_request /opt/stack/glance/glance/api/middleware/version_negotiation.py:57}}
Aug 25 15:15:40.025631 np0000008084 devstack@g-api.service[99993]: DEBUG glance.api.middleware.version_negotiation [None req-6e92baf8-92d5-4279-b8dc-32d07901a988 tempest-ServerStableDeviceRescueTest-324049851 tempest-ServerStableDeviceRescueTest-324049851-project-member] Matched version: v2 {{(pid=99993) process_request /opt/stack/glance/glance/api/middleware/version_negotiation.py:69}}
Aug 25 15:15:40.025866 np0000008084 devstack@g-api.service[99993]: DEBUG glance.api.middleware.version_negotiation [None req-6e92baf8-92d5-4279-b8dc-32d07901a988 tempest-ServerStableDeviceRescueTest-324049851 tempest-ServerStableDeviceRescueTest-324049851-project-member] new path /v2/images/d2eacbbc-fe54-48ee-99b6-cb44cfb83c1d {{(pid=99993) process_request /opt/stack/glance/glance/api/middleware/version_negotiation.py:70}}
Aug 25 15:15:40.101848 np0000008084 devstack@g-api.service[99993]: [pid: 99993|app: 0|req: 44/139] 127.0.0.1 () {44 vars in 1115 bytes} [Tue Aug 25 15:15:40 2026] GET /v2/images/d2eacbbc-fe54-48ee-99b6-cb44cfb83c1d => generated 1333 bytes in 13 msecs (HTTP/1.1 200) 4 headers in 158 bytes (1 switches on core 0)
Aug 25 15:15:40.112076 np0000008084 devstack@g-api.service[99991]: DEBUG glance.api.middleware.version_negotiation [None req-6e92baf8-92d5-4279-b8dc-32d07901a988 tempest-ServerStableDeviceRescueTest-324049851 tempest-ServerStableDeviceRescueTest-324049851-project-member] Determining version of request: GET /v2/schemas/image Accept: */* {{(pid=99991) process_request /opt/stack/glance/glance/api/middleware/version_negotiation.py:44}}
Aug 25 15:15:40.112076 np0000008084 devstack@g-api.service[99991]: DEBUG glance.api.middleware.version_negotiation [None req-6e92baf8-92d5-4279-b8dc-32d07901a988 tempest-ServerStableDeviceRescueTest-324049851 tempest-ServerStableDeviceRescueTest-324049851-project-member] Using url versioning {{(pid=99991) process_request /opt/stack/glance/glance/api/middleware/version_negotiation.py:57}}
Aug 25 15:15:40.112076 np0000008084 devstack@g-api.service[99991]: DEBUG glance.api.middleware.version_negotiation [None req-6e92baf8-92d5-4279-b8dc-32d07901a988 tempest-ServerStableDeviceRescueTest-324049851 tempest-ServerStableDeviceRescueTest-324049851-project-member] Matched version: v2 {{(pid=99991) process_request /opt/stack/glance/glance/api/middleware/version_negotiation.py:69}}
Aug 25 15:15:40.112076 np0000008084 devstack@g-api.service[99991]: DEBUG glance.api.middleware.version_negotiation [None req-6e92baf8-92d5-4279-b8dc-32d07901a988 tempest-ServerStableDeviceRescueTest-324049851 tempest-ServerStableDeviceRescueTest-324049851-project-member] new path /v2/schemas/image {{(pid=99991) process_request /opt/stack/glance/glance/api/middleware/version_negotiation.py:70}}
Aug 25 15:15:40.112076 np0000008084 devstack@g-api.service[99991]: [pid: 99991|app: 0|req: 47/140] 127.0.0.1 () {44 vars in 1055 bytes} [Tue Aug 25 15:15:40 2026] GET /v2/schemas/image => generated 6083 bytes in 4 msecs (HTTP/1.1 200) 4 headers in 158 bytes (1 switches on core 0)
Aug 25 15:15:40.179923 np0000008084 devstack@g-api.service[99993]: DEBUG glance.api.middleware.version_negotiation [None req-522786c5-c123-4a4d-b72f-f6a5af06818b tempest-ServerStableDeviceRescueTest-324049851 tempest-ServerStableDeviceRescueTest-324049851-project-member] Determining version of request: GET /v2/schemas/image Accept: */* {{(pid=99993) process_request /opt/stack/glance/glance/api/middleware/version_negotiation.py:44}}
Aug 25 15:15:40.179923 np0000008084 devstack@g-api.service[99993]: DEBUG glance.api.middleware.version_negotiation [None req-522786c5-c123-4a4d-b72f-f6a5af06818b tempest-ServerStableDeviceRescueTest-324049851 tempest-ServerStableDeviceRescueTest-324049851-project-member] Using url versioning {{(pid=99993) process_request /opt/stack/glance/glance/api/middleware/version_negotiation.py:57}}
Aug 25 15:15:40.179923 np0000008084 devstack@g-api.service[99993]: DEBUG glance.api.middleware.version_negotiation [None req-522786c5-c123-4a4d-b72f-f6a5af06818b tempest-ServerStableDeviceRescueTest-324049851 tempest-ServerStableDeviceRescueTest-324049851-project-member] Matched version: v2 {{(pid=99993) process_request /opt/stack/glance/glance/api/middleware/version_negotiation.py:69}}
Aug 25 15:15:40.179923 np0000008084 devstack@g-api.service[99993]: DEBUG glance.api.middleware.version_negotiation [None req-522786c5-c123-4a4d-b72f-f6a5af06818b tempest-ServerStableDeviceRescueTest-324049851 tempest-ServerStableDeviceRescueTest-324049851-project-member] new path /v2/schemas/image {{(pid=99993) process_request /opt/stack/glance/glance/api/middleware/version_negotiation.py:70}}
Aug 25 15:15:40.179923 np0000008084 devstack@g-api.service[99993]: [pid: 99993|app: 0|req: 45/141] 127.0.0.1 () {44 vars in 1055 bytes} [Tue Aug 25 15:15:40 2026] GET /v2/schemas/image => generated 6083 bytes in 5 msecs (HTTP/1.1 200) 4 headers in 158 bytes (1 switches on core 0)
Aug 25 15:15:40.183570 np0000008084 devstack@g-api.service[99991]: DEBUG glance.api.middleware.version_negotiation [None req-522786c5-c123-4a4d-b72f-f6a5af06818b tempest-ServerStableDeviceRescueTest-324049851 tempest-ServerStableDeviceRescueTest-324049851-project-member] Determining version of request: PATCH /v2/images/d2eacbbc-fe54-48ee-99b6-cb44cfb83c1d Accept: */* {{(pid=99991) process_request /opt/stack/glance/glance/api/middleware/version_negotiation.py:44}}
Aug 25 15:15:40.183570 np0000008084 devstack@g-api.service[99991]: DEBUG glance.api.middleware.version_negotiation [None req-522786c5-c123-4a4d-b72f-f6a5af06818b tempest-ServerStableDeviceRescueTest-324049851 tempest-ServerStableDeviceRescueTest-324049851-project-member] Using url versioning {{(pid=99991) process_request /opt/stack/glance/glance/api/middleware/version_negotiation.py:57}}
Aug 25 15:15:40.183570 np0000008084 devstack@g-api.service[99991]: DEBUG glance.api.middleware.version_negotiation [None req-522786c5-c123-4a4d-b72f-f6a5af06818b tempest-ServerStableDeviceRescueTest-324049851 tempest-ServerStableDeviceRescueTest-324049851-project-member] Matched version: v2 {{(pid=99991) process_request /opt/stack/glance/glance/api/middleware/version_negotiation.py:69}}
Aug 25 15:15:40.183570 np0000008084 devstack@g-api.service[99991]: DEBUG glance.api.middleware.version_negotiation [None req-522786c5-c123-4a4d-b72f-f6a5af06818b tempest-ServerStableDeviceRescueTest-324049851 tempest-ServerStableDeviceRescueTest-324049851-project-member] new path /v2/images/d2eacbbc-fe54-48ee-99b6-cb44cfb83c1d {{(pid=99991) process_request /opt/stack/glance/glance/api/middleware/version_negotiation.py:70}}
Aug 25 15:15:40.841955 np0000008084 devstack@g-api.service[99991]: [pid: 99991|app: 0|req: 48/142] 127.0.0.1 () {46 vars in 1158 bytes} [Tue Aug 25 15:15:40 2026] PATCH /v2/images/d2eacbbc-fe54-48ee-99b6-cb44cfb83c1d => generated 1444 bytes in 660 msecs (HTTP/1.1 200) 4 headers in 158 bytes (1 switches on core 0)
Aug 25 15:15:40.954912 np0000008084 devstack@g-api.service[99993]: DEBUG glance.api.middleware.version_negotiation [None req-522786c5-c123-4a4d-b72f-f6a5af06818b tempest-ServerStableDeviceRescueTest-324049851 tempest-ServerStableDeviceRescueTest-324049851-project-member] Determining version of request: GET /v2/images/d2eacbbc-fe54-48ee-99b6-cb44cfb83c1d Accept: */* {{(pid=99993) process_request /opt/stack/glance/glance/api/middleware/version_negotiation.py:44}}
Aug 25 15:15:40.954912 np0000008084 devstack@g-api.service[99993]: DEBUG glance.api.middleware.version_negotiation [None req-522786c5-c123-4a4d-b72f-f6a5af06818b tempest-ServerStableDeviceRescueTest-324049851 tempest-ServerStableDeviceRescueTest-324049851-project-member] Using url versioning {{(pid=99993) process_request /opt/stack/glance/glance/api/middleware/version_negotiation.py:57}}
Aug 25 15:15:40.954912 np0000008084 devstack@g-api.service[99993]: DEBUG glance.api.middleware.version_negotiation [None req-522786c5-c123-4a4d-b72f-f6a5af06818b tempest-ServerStableDeviceRescueTest-324049851 tempest-ServerStableDeviceRescueTest-324049851-project-member] Matched version: v2 {{(pid=99993) process_request /opt/stack/glance/glance/api/middleware/version_negotiation.py:69}}
Aug 25 15:15:40.954912 np0000008084 devstack@g-api.service[99993]: DEBUG glance.api.middleware.version_negotiation [None req-522786c5-c123-4a4d-b72f-f6a5af06818b tempest-ServerStableDeviceRescueTest-324049851 tempest-ServerStableDeviceRescueTest-324049851-project-member] new path /v2/images/d2eacbbc-fe54-48ee-99b6-cb44cfb83c1d {{(pid=99993) process_request /opt/stack/glance/glance/api/middleware/version_negotiation.py:70}}
Aug 25 15:15:40.954912 np0000008084 devstack@g-api.service[99993]: [pid: 99993|app: 0|req: 46/143] 127.0.0.1 () {44 vars in 1115 bytes} [Tue Aug 25 15:15:40 2026] GET /v2/images/d2eacbbc-fe54-48ee-99b6-cb44cfb83c1d => generated 1444 bytes in 16 msecs (HTTP/1.1 200) 4 headers in 158 bytes (1 switches on core 0)
Aug 25 15:15:40.999170 np0000008084 devstack@g-api.service[99991]: DEBUG glance.api.middleware.version_negotiation [None req-522786c5-c123-4a4d-b72f-f6a5af06818b tempest-ServerStableDeviceRescueTest-324049851 tempest-ServerStableDeviceRescueTest-324049851-project-member] Determining version of request: GET /v2/images/d2eacbbc-fe54-48ee-99b6-cb44cfb83c1d Accept: */* {{(pid=99991) process_request /opt/stack/glance/glance/api/middleware/version_negotiation.py:44}}
Aug 25 15:15:40.999170 np0000008084 devstack@g-api.service[99991]: DEBUG glance.api.middleware.version_negotiation [None req-522786c5-c123-4a4d-b72f-f6a5af06818b tempest-ServerStableDeviceRescueTest-324049851 tempest-ServerStableDeviceRescueTest-324049851-project-member] Using url versioning {{(pid=99991) process_request /opt/stack/glance/glance/api/middleware/version_negotiation.py:57}}
Aug 25 15:15:40.999170 np0000008084 devstack@g-api.service[99991]: DEBUG glance.api.middleware.version_negotiation [None req-522786c5-c123-4a4d-b72f-f6a5af06818b tempest-ServerStableDeviceRescueTest-324049851 tempest-ServerStableDeviceRescueTest-324049851-project-member] Matched version: v2 {{(pid=99991) process_request /opt/stack/glance/glance/api/middleware/version_negotiation.py:69}}
Aug 25 15:15:40.999170 np0000008084 devstack@g-api.service[99991]: DEBUG glance.api.middleware.version_negotiation [None req-522786c5-c123-4a4d-b72f-f6a5af06818b tempest-ServerStableDeviceRescueTest-324049851 tempest-ServerStableDeviceRescueTest-324049851-project-member] new path /v2/images/d2eacbbc-fe54-48ee-99b6-cb44cfb83c1d {{(pid=99991) process_request /opt/stack/glance/glance/api/middleware/version_negotiation.py:70}}
Aug 25 15:15:40.999383 np0000008084 devstack@g-api.service[99992]: DEBUG swiftclient [None req-e839761d-0d33-4052-8096-1bfe0fb05c0e tempest-AttachVolumeShelveTestJSON-189951826 tempest-AttachVolumeShelveTestJSON-189951826-project-member] REQ: curl -i https://10.4.3.147:8080/v1/AUTH_fc7ebad8984f436ea39e203d75c38fd5/glance/2dd5adb0-5d30-4d62-be5b-96675902c58a-00001 -X PUT -H "X-Auth-Token: gAAAAABqjbGbC9QC..." {{(pid=99992) http_log /opt/stack/data/venv/lib/python3.12/site-packages/swiftclient/client.py:160}}
Aug 25 15:15:40.999383 np0000008084 devstack@g-api.service[99992]: DEBUG swiftclient [None req-e839761d-0d33-4052-8096-1bfe0fb05c0e tempest-AttachVolumeShelveTestJSON-189951826 tempest-AttachVolumeShelveTestJSON-189951826-project-member] RESP STATUS: 201 Created {{(pid=99992) http_log /opt/stack/data/venv/lib/python3.12/site-packages/swiftclient/client.py:161}}
Aug 25 15:15:40.999383 np0000008084 devstack@g-api.service[99992]: DEBUG swiftclient [None req-e839761d-0d33-4052-8096-1bfe0fb05c0e tempest-AttachVolumeShelveTestJSON-189951826 tempest-AttachVolumeShelveTestJSON-189951826-project-member] RESP HEADERS: {'Date': 'Tue, 25 Aug 2026 15:15:40 GMT', 'Server': 'Apache/2.4.58 (Ubuntu)', 'Content-Type': 'text/html; charset=UTF-8', 'Content-Length': '0', 'Etag': '5263eb4e40cdae26e3fba87a9369c220', 'Last-Modified': 'Tue, 25 Aug 2026 15:15:40 GMT', 'X-Trans-Id': 'tx15f5cb5f3f8b4e66b79eb-006a8db19b', 'X-Openstack-Request-Id': 'tx15f5cb5f3f8b4e66b79eb-006a8db19b', 'Connection': 'close'} {{(pid=99992) http_log /opt/stack/data/venv/lib/python3.12/site-packages/swiftclient/client.py:162}}
Aug 25 15:15:40.999383 np0000008084 devstack@g-api.service[99992]: DEBUG glance_store._drivers.swift.store [None req-e839761d-0d33-4052-8096-1bfe0fb05c0e tempest-AttachVolumeShelveTestJSON-189951826 tempest-AttachVolumeShelveTestJSON-189951826-project-member] Wrote chunk 2dd5adb0-5d30-4d62-be5b-96675902c58a-00001 (1/?) of length 54067200 to Swift returning MD5 of content: 5263eb4e40cdae26e3fba87a9369c220 {{(pid=99992) add /opt/stack/data/venv/lib/python3.12/site-packages/glance_store/_drivers/swift/store.py:1059}}
Aug 25 15:15:40.999865 np0000008084 devstack@g-api.service[99992]: DEBUG glance_store._drivers.swift.store [None req-e839761d-0d33-4052-8096-1bfe0fb05c0e tempest-AttachVolumeShelveTestJSON-189951826 tempest-AttachVolumeShelveTestJSON-189951826-project-member] Not writing zero-length chunk. {{(pid=99992) add /opt/stack/data/venv/lib/python3.12/site-packages/glance_store/_drivers/swift/store.py:1028}}
Aug 25 15:15:40.999913 np0000008084 devstack@g-api.service[99991]: [pid: 99991|app: 0|req: 49/144] 127.0.0.1 () {44 vars in 1115 bytes} [Tue Aug 25 15:15:40 2026] GET /v2/images/d2eacbbc-fe54-48ee-99b6-cb44cfb83c1d => generated 1444 bytes in 10 msecs (HTTP/1.1 200) 4 headers in 158 bytes (1 switches on core 0)
Aug 25 15:15:41.002118 np0000008084 devstack@g-api.service[99993]: DEBUG glance.api.middleware.version_negotiation [None req-522786c5-c123-4a4d-b72f-f6a5af06818b tempest-ServerStableDeviceRescueTest-324049851 tempest-ServerStableDeviceRescueTest-324049851-project-member] Determining version of request: PUT /v2/images/d2eacbbc-fe54-48ee-99b6-cb44cfb83c1d/file Accept: */* {{(pid=99993) process_request /opt/stack/glance/glance/api/middleware/version_negotiation.py:44}}
Aug 25 15:15:41.002299 np0000008084 devstack@g-api.service[99993]: DEBUG glance.api.middleware.version_negotiation [None req-522786c5-c123-4a4d-b72f-f6a5af06818b tempest-ServerStableDeviceRescueTest-324049851 tempest-ServerStableDeviceRescueTest-324049851-project-member] Using url versioning {{(pid=99993) process_request /opt/stack/glance/glance/api/middleware/version_negotiation.py:57}}
Aug 25 15:15:41.002495 np0000008084 devstack@g-api.service[99993]: DEBUG glance.api.middleware.version_negotiation [None req-522786c5-c123-4a4d-b72f-f6a5af06818b tempest-ServerStableDeviceRescueTest-324049851 tempest-ServerStableDeviceRescueTest-324049851-project-member] Matched version: v2 {{(pid=99993) process_request /opt/stack/glance/glance/api/middleware/version_negotiation.py:69}}
Aug 25 15:15:41.002596 np0000008084 devstack@g-api.service[99993]: DEBUG glance.api.middleware.version_negotiation [None req-522786c5-c123-4a4d-b72f-f6a5af06818b tempest-ServerStableDeviceRescueTest-324049851 tempest-ServerStableDeviceRescueTest-324049851-project-member] new path /v2/images/d2eacbbc-fe54-48ee-99b6-cb44cfb83c1d/file {{(pid=99993) process_request /opt/stack/glance/glance/api/middleware/version_negotiation.py:70}}
Aug 25 15:15:41.007410 np0000008084 devstack@g-api.service[99991]: DEBUG glance.api.middleware.version_negotiation [None req-809d1a0a-361c-46e2-a8ff-0cbcb54466df tempest-ServerStableDeviceRescueTest-324049851 tempest-ServerStableDeviceRescueTest-324049851-project-member] Determining version of request: GET /v2/schemas/image Accept: */* {{(pid=99991) process_request /opt/stack/glance/glance/api/middleware/version_negotiation.py:44}}
Aug 25 15:15:41.007410 np0000008084 devstack@g-api.service[99991]: DEBUG glance.api.middleware.version_negotiation [None req-809d1a0a-361c-46e2-a8ff-0cbcb54466df tempest-ServerStableDeviceRescueTest-324049851 tempest-ServerStableDeviceRescueTest-324049851-project-member] Using url versioning {{(pid=99991) process_request /opt/stack/glance/glance/api/middleware/version_negotiation.py:57}}
Aug 25 15:15:41.007410 np0000008084 devstack@g-api.service[99991]: DEBUG glance.api.middleware.version_negotiation [None req-809d1a0a-361c-46e2-a8ff-0cbcb54466df tempest-ServerStableDeviceRescueTest-324049851 tempest-ServerStableDeviceRescueTest-324049851-project-member] Matched version: v2 {{(pid=99991) process_request /opt/stack/glance/glance/api/middleware/version_negotiation.py:69}}
Aug 25 15:15:41.007410 np0000008084 devstack@g-api.service[99991]: DEBUG glance.api.middleware.version_negotiation [None req-809d1a0a-361c-46e2-a8ff-0cbcb54466df tempest-ServerStableDeviceRescueTest-324049851 tempest-ServerStableDeviceRescueTest-324049851-project-member] new path /v2/schemas/image {{(pid=99991) process_request /opt/stack/glance/glance/api/middleware/version_negotiation.py:70}}
Aug 25 15:15:41.011268 np0000008084 devstack@g-api.service[99991]: [pid: 99991|app: 0|req: 50/145] 127.0.0.1 () {44 vars in 1055 bytes} [Tue Aug 25 15:15:41 2026] GET /v2/schemas/image => generated 6083 bytes in 5 msecs (HTTP/1.1 200) 4 headers in 158 bytes (1 switches on core 0)
Aug 25 15:15:41.115803 np0000008084 devstack@g-api.service[99992]: DEBUG swiftclient [None req-e839761d-0d33-4052-8096-1bfe0fb05c0e tempest-AttachVolumeShelveTestJSON-189951826 tempest-AttachVolumeShelveTestJSON-189951826-project-member] REQ: curl -i https://10.4.3.147:8080/v1/AUTH_fc7ebad8984f436ea39e203d75c38fd5/glance/2dd5adb0-5d30-4d62-be5b-96675902c58a -X PUT -H "X-Object-Manifest: glance/2dd5adb0-5d30-4d62-be5b-96675902c58a-" -H "X-Auth-Token: gAAAAABqjbGbC9QC..." -H "Content-Length: 0" {{(pid=99992) http_log /opt/stack/data/venv/lib/python3.12/site-packages/swiftclient/client.py:160}}
Aug 25 15:15:41.115924 np0000008084 devstack@g-api.service[99992]: DEBUG swiftclient [None req-e839761d-0d33-4052-8096-1bfe0fb05c0e tempest-AttachVolumeShelveTestJSON-189951826 tempest-AttachVolumeShelveTestJSON-189951826-project-member] RESP STATUS: 201 Created {{(pid=99992) http_log /opt/stack/data/venv/lib/python3.12/site-packages/swiftclient/client.py:161}}
Aug 25 15:15:41.116082 np0000008084 devstack@g-api.service[99992]: DEBUG swiftclient [None req-e839761d-0d33-4052-8096-1bfe0fb05c0e tempest-AttachVolumeShelveTestJSON-189951826 tempest-AttachVolumeShelveTestJSON-189951826-project-member] RESP HEADERS: {'Date': 'Tue, 25 Aug 2026 15:15:41 GMT', 'Server': 'Apache/2.4.58 (Ubuntu)', 'Content-Type': 'text/html; charset=UTF-8', 'Content-Length': '0', 'Etag': 'd41d8cd98f00b204e9800998ecf8427e', 'Last-Modified': 'Tue, 25 Aug 2026 15:15:42 GMT', 'X-Trans-Id': 'txd51a3f37174b4c55b6a12-006a8db19d', 'X-Openstack-Request-Id': 'txd51a3f37174b4c55b6a12-006a8db19d', 'Connection': 'close'} {{(pid=99992) http_log /opt/stack/data/venv/lib/python3.12/site-packages/swiftclient/client.py:162}}
Aug 25 15:15:41.116495 np0000008084 devstack@g-api.service[99992]: INFO glance.location [None req-e839761d-0d33-4052-8096-1bfe0fb05c0e tempest-AttachVolumeShelveTestJSON-189951826 tempest-AttachVolumeShelveTestJSON-189951826-project-member] Image format matched and virtual size computed: 1073741824
Aug 25 15:15:41.635861 np0000008084 devstack@g-api.service[99992]: DEBUG glance_store.backend [None req-e839761d-0d33-4052-8096-1bfe0fb05c0e tempest-AttachVolumeShelveTestJSON-189951826 tempest-AttachVolumeShelveTestJSON-189951826-project-member] Attempting to import store swift {{(pid=99992) _load_store /opt/stack/data/venv/lib/python3.12/site-packages/glance_store/backend.py:215}}
Aug 25 15:15:41.635861 np0000008084 devstack@g-api.service[99992]: DEBUG glance_store.capabilities [None req-e839761d-0d33-4052-8096-1bfe0fb05c0e tempest-AttachVolumeShelveTestJSON-189951826 tempest-AttachVolumeShelveTestJSON-189951826-project-member] Store glance_store._drivers.swift.store.SingleTenantStore doesn't support updating dynamic storage capabilities. Please overwrite 'update_capabilities' method of the store to implement updating logics if needed. {{(pid=99992) update_capabilities /opt/stack/data/venv/lib/python3.12/site-packages/glance_store/capabilities.py:91}}
Aug 25 15:15:41.635861 np0000008084 devstack@g-api.service[99992]: DEBUG glance_store.driver [None req-e839761d-0d33-4052-8096-1bfe0fb05c0e tempest-AttachVolumeShelveTestJSON-189951826 tempest-AttachVolumeShelveTestJSON-189951826-project-member] Late loading location class glance_store._drivers.swift.store.StoreLocation {{(pid=99992) get_store_location_class /opt/stack/data/venv/lib/python3.12/site-packages/glance_store/driver.py:134}}
Aug 25 15:15:41.635861 np0000008084 devstack@g-api.service[99992]: DEBUG glance_store.location [None req-e839761d-0d33-4052-8096-1bfe0fb05c0e tempest-AttachVolumeShelveTestJSON-189951826 tempest-AttachVolumeShelveTestJSON-189951826-project-member] Registering scheme swift+https with {'store': , 'location_class': , 'store_entry': 'swift'} {{(pid=99992) register_scheme_map /opt/stack/data/venv/lib/python3.12/site-packages/glance_store/location.py:146}}
Aug 25 15:15:41.636238 np0000008084 devstack@g-api.service[99992]: DEBUG glance_store.location [None req-e839761d-0d33-4052-8096-1bfe0fb05c0e tempest-AttachVolumeShelveTestJSON-189951826 tempest-AttachVolumeShelveTestJSON-189951826-project-member] Registering scheme swift+https with {'store': , 'location_class': , 'store_entry': 'swift'} {{(pid=99992) register_scheme_map /opt/stack/data/venv/lib/python3.12/site-packages/glance_store/location.py:146}}
Aug 25 15:15:41.636238 np0000008084 devstack@g-api.service[99992]: DEBUG glance_store.location [None req-e839761d-0d33-4052-8096-1bfe0fb05c0e tempest-AttachVolumeShelveTestJSON-189951826 tempest-AttachVolumeShelveTestJSON-189951826-project-member] Registering scheme swift with {'store': , 'location_class': , 'store_entry': 'swift'} {{(pid=99992) register_scheme_map /opt/stack/data/venv/lib/python3.12/site-packages/glance_store/location.py:146}}
Aug 25 15:15:41.636238 np0000008084 devstack@g-api.service[99992]: DEBUG glance_store.location [None req-e839761d-0d33-4052-8096-1bfe0fb05c0e tempest-AttachVolumeShelveTestJSON-189951826 tempest-AttachVolumeShelveTestJSON-189951826-project-member] Registering scheme swift+https with {'store': , 'location_class': , 'store_entry': 'swift'} {{(pid=99992) register_scheme_map /opt/stack/data/venv/lib/python3.12/site-packages/glance_store/location.py:146}}
Aug 25 15:15:41.636403 np0000008084 devstack@g-api.service[99992]: DEBUG glance_store.location [None req-e839761d-0d33-4052-8096-1bfe0fb05c0e tempest-AttachVolumeShelveTestJSON-189951826 tempest-AttachVolumeShelveTestJSON-189951826-project-member] Registering scheme swift with {'store': , 'location_class': , 'store_entry': 'swift'} {{(pid=99992) register_scheme_map /opt/stack/data/venv/lib/python3.12/site-packages/glance_store/location.py:146}}
Aug 25 15:15:41.636403 np0000008084 devstack@g-api.service[99992]: DEBUG glance_store.location [None req-e839761d-0d33-4052-8096-1bfe0fb05c0e tempest-AttachVolumeShelveTestJSON-189951826 tempest-AttachVolumeShelveTestJSON-189951826-project-member] Registering scheme swift+http with {'store': , 'location_class': , 'store_entry': 'swift'} {{(pid=99992) register_scheme_map /opt/stack/data/venv/lib/python3.12/site-packages/glance_store/location.py:146}}
Aug 25 15:15:41.636403 np0000008084 devstack@g-api.service[99992]: DEBUG glance_store.location [None req-e839761d-0d33-4052-8096-1bfe0fb05c0e tempest-AttachVolumeShelveTestJSON-189951826 tempest-AttachVolumeShelveTestJSON-189951826-project-member] Registering scheme swift+https with {'store': , 'location_class': , 'store_entry': 'swift'} {{(pid=99992) register_scheme_map /opt/stack/data/venv/lib/python3.12/site-packages/glance_store/location.py:146}}
Aug 25 15:15:41.636559 np0000008084 devstack@g-api.service[99992]: DEBUG glance_store.location [None req-e839761d-0d33-4052-8096-1bfe0fb05c0e tempest-AttachVolumeShelveTestJSON-189951826 tempest-AttachVolumeShelveTestJSON-189951826-project-member] Registering scheme swift with {'store': , 'location_class': , 'store_entry': 'swift'} {{(pid=99992) register_scheme_map /opt/stack/data/venv/lib/python3.12/site-packages/glance_store/location.py:146}}
Aug 25 15:15:41.636559 np0000008084 devstack@g-api.service[99992]: DEBUG glance_store.location [None req-e839761d-0d33-4052-8096-1bfe0fb05c0e tempest-AttachVolumeShelveTestJSON-189951826 tempest-AttachVolumeShelveTestJSON-189951826-project-member] Registering scheme swift+http with {'store': , 'location_class': , 'store_entry': 'swift'} {{(pid=99992) register_scheme_map /opt/stack/data/venv/lib/python3.12/site-packages/glance_store/location.py:146}}
Aug 25 15:15:41.636559 np0000008084 devstack@g-api.service[99992]: DEBUG glance_store.location [None req-e839761d-0d33-4052-8096-1bfe0fb05c0e tempest-AttachVolumeShelveTestJSON-189951826 tempest-AttachVolumeShelveTestJSON-189951826-project-member] Registering scheme swift+config with {'store': , 'location_class': , 'store_entry': 'swift'} {{(pid=99992) register_scheme_map /opt/stack/data/venv/lib/python3.12/site-packages/glance_store/location.py:146}}
Aug 25 15:15:41.636705 np0000008084 devstack@g-api.service[99992]: DEBUG glance_store.backend [None req-e839761d-0d33-4052-8096-1bfe0fb05c0e tempest-AttachVolumeShelveTestJSON-189951826 tempest-AttachVolumeShelveTestJSON-189951826-project-member] Skipping store.set_acls... not implemented. {{(pid=99992) set_acls /opt/stack/data/venv/lib/python3.12/site-packages/glance_store/backend.py:507}}
Aug 25 15:15:41.636705 np0000008084 devstack@g-api.service[99992]: [pid: 99992|app: 0|req: 50/146] 127.0.0.1 () {46 vars in 1158 bytes} [Tue Aug 25 15:15:37 2026] PUT /v2/images/2dd5adb0-5d30-4d62-be5b-96675902c58a/file => generated 0 bytes in 3888 msecs (HTTP/1.1 204) 4 headers in 171 bytes (1 switches on core 0)
Aug 25 15:15:41.691662 np0000008084 devstack@g-api.service[99991]: DEBUG glance.api.middleware.version_negotiation [None req-809d1a0a-361c-46e2-a8ff-0cbcb54466df tempest-ServerStableDeviceRescueTest-324049851 tempest-ServerStableDeviceRescueTest-324049851-project-member] Determining version of request: GET /v2/images/2dd5adb0-5d30-4d62-be5b-96675902c58a Accept: */* {{(pid=99991) process_request /opt/stack/glance/glance/api/middleware/version_negotiation.py:44}}
Aug 25 15:15:41.691662 np0000008084 devstack@g-api.service[99991]: DEBUG glance.api.middleware.version_negotiation [None req-809d1a0a-361c-46e2-a8ff-0cbcb54466df tempest-ServerStableDeviceRescueTest-324049851 tempest-ServerStableDeviceRescueTest-324049851-project-member] Using url versioning {{(pid=99991) process_request /opt/stack/glance/glance/api/middleware/version_negotiation.py:57}}
Aug 25 15:15:41.691662 np0000008084 devstack@g-api.service[99991]: DEBUG glance.api.middleware.version_negotiation [None req-809d1a0a-361c-46e2-a8ff-0cbcb54466df tempest-ServerStableDeviceRescueTest-324049851 tempest-ServerStableDeviceRescueTest-324049851-project-member] Matched version: v2 {{(pid=99991) process_request /opt/stack/glance/glance/api/middleware/version_negotiation.py:69}}
Aug 25 15:15:41.691662 np0000008084 devstack@g-api.service[99991]: DEBUG glance.api.middleware.version_negotiation [None req-809d1a0a-361c-46e2-a8ff-0cbcb54466df tempest-ServerStableDeviceRescueTest-324049851 tempest-ServerStableDeviceRescueTest-324049851-project-member] new path /v2/images/2dd5adb0-5d30-4d62-be5b-96675902c58a {{(pid=99991) process_request /opt/stack/glance/glance/api/middleware/version_negotiation.py:70}}
Aug 25 15:15:41.711203 np0000008084 devstack@g-api.service[99991]: [pid: 99991|app: 0|req: 51/147] 127.0.0.1 () {44 vars in 1115 bytes} [Tue Aug 25 15:15:41 2026] GET /v2/images/2dd5adb0-5d30-4d62-be5b-96675902c58a => generated 1616 bytes in 25 msecs (HTTP/1.1 200) 4 headers in 158 bytes (1 switches on core 0)
Aug 25 15:15:41.765501 np0000008084 devstack@g-api.service[99992]: DEBUG glance.api.middleware.version_negotiation [None req-e839761d-0d33-4052-8096-1bfe0fb05c0e tempest-AttachVolumeShelveTestJSON-189951826 tempest-AttachVolumeShelveTestJSON-189951826-project-member] Determining version of request: GET /v2/schemas/image Accept: */* {{(pid=99992) process_request /opt/stack/glance/glance/api/middleware/version_negotiation.py:44}}
Aug 25 15:15:41.765730 np0000008084 devstack@g-api.service[99992]: DEBUG glance.api.middleware.version_negotiation [None req-e839761d-0d33-4052-8096-1bfe0fb05c0e tempest-AttachVolumeShelveTestJSON-189951826 tempest-AttachVolumeShelveTestJSON-189951826-project-member] Using url versioning {{(pid=99992) process_request /opt/stack/glance/glance/api/middleware/version_negotiation.py:57}}
Aug 25 15:15:41.765928 np0000008084 devstack@g-api.service[99992]: DEBUG glance.api.middleware.version_negotiation [None req-e839761d-0d33-4052-8096-1bfe0fb05c0e tempest-AttachVolumeShelveTestJSON-189951826 tempest-AttachVolumeShelveTestJSON-189951826-project-member] Matched version: v2 {{(pid=99992) process_request /opt/stack/glance/glance/api/middleware/version_negotiation.py:69}}
Aug 25 15:15:41.766067 np0000008084 devstack@g-api.service[99992]: DEBUG glance.api.middleware.version_negotiation [None req-e839761d-0d33-4052-8096-1bfe0fb05c0e tempest-AttachVolumeShelveTestJSON-189951826 tempest-AttachVolumeShelveTestJSON-189951826-project-member] new path /v2/schemas/image {{(pid=99992) process_request /opt/stack/glance/glance/api/middleware/version_negotiation.py:70}}
Aug 25 15:15:41.769156 np0000008084 devstack@g-api.service[99992]: [pid: 99992|app: 0|req: 51/148] 127.0.0.1 () {44 vars in 1055 bytes} [Tue Aug 25 15:15:41 2026] GET /v2/schemas/image => generated 6083 bytes in 4 msecs (HTTP/1.1 200) 4 headers in 158 bytes (1 switches on core 0)
Aug 25 15:15:42.071992 np0000008084 devstack@g-api.service[99991]: DEBUG glance.api.middleware.version_negotiation [None req-e839761d-0d33-4052-8096-1bfe0fb05c0e tempest-AttachVolumeShelveTestJSON-189951826 tempest-AttachVolumeShelveTestJSON-189951826-project-member] Determining version of request: GET /v2/images/d2eacbbc-fe54-48ee-99b6-cb44cfb83c1d Accept: */* {{(pid=99991) process_request /opt/stack/glance/glance/api/middleware/version_negotiation.py:44}}
Aug 25 15:15:42.073328 np0000008084 devstack@g-api.service[99991]: DEBUG glance.api.middleware.version_negotiation [None req-e839761d-0d33-4052-8096-1bfe0fb05c0e tempest-AttachVolumeShelveTestJSON-189951826 tempest-AttachVolumeShelveTestJSON-189951826-project-member] Using url versioning {{(pid=99991) process_request /opt/stack/glance/glance/api/middleware/version_negotiation.py:57}}
Aug 25 15:15:42.073328 np0000008084 devstack@g-api.service[99991]: DEBUG glance.api.middleware.version_negotiation [None req-e839761d-0d33-4052-8096-1bfe0fb05c0e tempest-AttachVolumeShelveTestJSON-189951826 tempest-AttachVolumeShelveTestJSON-189951826-project-member] Matched version: v2 {{(pid=99991) process_request /opt/stack/glance/glance/api/middleware/version_negotiation.py:69}}
Aug 25 15:15:42.073328 np0000008084 devstack@g-api.service[99991]: DEBUG glance.api.middleware.version_negotiation [None req-e839761d-0d33-4052-8096-1bfe0fb05c0e tempest-AttachVolumeShelveTestJSON-189951826 tempest-AttachVolumeShelveTestJSON-189951826-project-member] new path /v2/images/d2eacbbc-fe54-48ee-99b6-cb44cfb83c1d {{(pid=99991) process_request /opt/stack/glance/glance/api/middleware/version_negotiation.py:70}}
Aug 25 15:15:42.098979 np0000008084 devstack@g-api.service[99991]: [pid: 99991|app: 0|req: 52/149] 127.0.0.1 () {44 vars in 1115 bytes} [Tue Aug 25 15:15:42 2026] GET /v2/images/d2eacbbc-fe54-48ee-99b6-cb44cfb83c1d => generated 1444 bytes in 27 msecs (HTTP/1.1 200) 4 headers in 158 bytes (1 switches on core 0)
Aug 25 15:15:42.133763 np0000008084 devstack@g-api.service[99992]: DEBUG glance.api.middleware.version_negotiation [None req-e839761d-0d33-4052-8096-1bfe0fb05c0e tempest-AttachVolumeShelveTestJSON-189951826 tempest-AttachVolumeShelveTestJSON-189951826-project-member] Determining version of request: GET /v2/schemas/image Accept: */* {{(pid=99992) process_request /opt/stack/glance/glance/api/middleware/version_negotiation.py:44}}
Aug 25 15:15:42.134145 np0000008084 devstack@g-api.service[99992]: DEBUG glance.api.middleware.version_negotiation [None req-e839761d-0d33-4052-8096-1bfe0fb05c0e tempest-AttachVolumeShelveTestJSON-189951826 tempest-AttachVolumeShelveTestJSON-189951826-project-member] Using url versioning {{(pid=99992) process_request /opt/stack/glance/glance/api/middleware/version_negotiation.py:57}}
Aug 25 15:15:42.134145 np0000008084 devstack@g-api.service[99992]: DEBUG glance.api.middleware.version_negotiation [None req-e839761d-0d33-4052-8096-1bfe0fb05c0e tempest-AttachVolumeShelveTestJSON-189951826 tempest-AttachVolumeShelveTestJSON-189951826-project-member] Matched version: v2 {{(pid=99992) process_request /opt/stack/glance/glance/api/middleware/version_negotiation.py:69}}
Aug 25 15:15:42.134517 np0000008084 devstack@g-api.service[99992]: DEBUG glance.api.middleware.version_negotiation [None req-e839761d-0d33-4052-8096-1bfe0fb05c0e tempest-AttachVolumeShelveTestJSON-189951826 tempest-AttachVolumeShelveTestJSON-189951826-project-member] new path /v2/schemas/image {{(pid=99992) process_request /opt/stack/glance/glance/api/middleware/version_negotiation.py:70}}
Aug 25 15:15:42.137174 np0000008084 devstack@g-api.service[99992]: [pid: 99992|app: 0|req: 52/150] 127.0.0.1 () {44 vars in 1055 bytes} [Tue Aug 25 15:15:42 2026] GET /v2/schemas/image => generated 6083 bytes in 3 msecs (HTTP/1.1 200) 4 headers in 158 bytes (1 switches on core 0)
Aug 25 15:15:42.567616 np0000008084 devstack@g-api.service[99993]: INFO glance.api.v2.image_data [None req-522786c5-c123-4a4d-b72f-f6a5af06818b tempest-ServerStableDeviceRescueTest-324049851 tempest-ServerStableDeviceRescueTest-324049851-project-member] Unable to create trust: no such option collect_timing in group [keystone_authtoken] Use the existing user token.
Aug 25 15:15:43.207134 np0000008084 devstack@g-api.service[99991]: DEBUG glance.api.middleware.version_negotiation [None req-804af892-c5bb-467b-aaac-c7659d820ef3 tempest-ServerStableDeviceRescueTest-324049851 tempest-ServerStableDeviceRescueTest-324049851-project-member] Determining version of request: GET /v2/images/d2eacbbc-fe54-48ee-99b6-cb44cfb83c1d Accept: */* {{(pid=99991) process_request /opt/stack/glance/glance/api/middleware/version_negotiation.py:44}}
Aug 25 15:15:43.207134 np0000008084 devstack@g-api.service[99991]: DEBUG glance.api.middleware.version_negotiation [None req-804af892-c5bb-467b-aaac-c7659d820ef3 tempest-ServerStableDeviceRescueTest-324049851 tempest-ServerStableDeviceRescueTest-324049851-project-member] Using url versioning {{(pid=99991) process_request /opt/stack/glance/glance/api/middleware/version_negotiation.py:57}}
Aug 25 15:15:43.207134 np0000008084 devstack@g-api.service[99991]: DEBUG glance.api.middleware.version_negotiation [None req-804af892-c5bb-467b-aaac-c7659d820ef3 tempest-ServerStableDeviceRescueTest-324049851 tempest-ServerStableDeviceRescueTest-324049851-project-member] Matched version: v2 {{(pid=99991) process_request /opt/stack/glance/glance/api/middleware/version_negotiation.py:69}}
Aug 25 15:15:43.207134 np0000008084 devstack@g-api.service[99991]: DEBUG glance.api.middleware.version_negotiation [None req-804af892-c5bb-467b-aaac-c7659d820ef3 tempest-ServerStableDeviceRescueTest-324049851 tempest-ServerStableDeviceRescueTest-324049851-project-member] new path /v2/images/d2eacbbc-fe54-48ee-99b6-cb44cfb83c1d {{(pid=99991) process_request /opt/stack/glance/glance/api/middleware/version_negotiation.py:70}}
Aug 25 15:15:43.221394 np0000008084 devstack@g-api.service[99991]: [pid: 99991|app: 0|req: 53/151] 127.0.0.1 () {44 vars in 1115 bytes} [Tue Aug 25 15:15:43 2026] GET /v2/images/d2eacbbc-fe54-48ee-99b6-cb44cfb83c1d => generated 1444 bytes in 15 msecs (HTTP/1.1 200) 4 headers in 158 bytes (1 switches on core 0)
Aug 25 15:15:43.251667 np0000008084 devstack@g-api.service[99992]: DEBUG glance.api.middleware.version_negotiation [None req-804af892-c5bb-467b-aaac-c7659d820ef3 tempest-ServerStableDeviceRescueTest-324049851 tempest-ServerStableDeviceRescueTest-324049851-project-member] Determining version of request: GET /v2/schemas/image Accept: */* {{(pid=99992) process_request /opt/stack/glance/glance/api/middleware/version_negotiation.py:44}}
Aug 25 15:15:43.252095 np0000008084 devstack@g-api.service[99992]: DEBUG glance.api.middleware.version_negotiation [None req-804af892-c5bb-467b-aaac-c7659d820ef3 tempest-ServerStableDeviceRescueTest-324049851 tempest-ServerStableDeviceRescueTest-324049851-project-member] Using url versioning {{(pid=99992) process_request /opt/stack/glance/glance/api/middleware/version_negotiation.py:57}}
Aug 25 15:15:43.252095 np0000008084 devstack@g-api.service[99992]: DEBUG glance.api.middleware.version_negotiation [None req-804af892-c5bb-467b-aaac-c7659d820ef3 tempest-ServerStableDeviceRescueTest-324049851 tempest-ServerStableDeviceRescueTest-324049851-project-member] Matched version: v2 {{(pid=99992) process_request /opt/stack/glance/glance/api/middleware/version_negotiation.py:69}}
Aug 25 15:15:43.252095 np0000008084 devstack@g-api.service[99992]: DEBUG glance.api.middleware.version_negotiation [None req-804af892-c5bb-467b-aaac-c7659d820ef3 tempest-ServerStableDeviceRescueTest-324049851 tempest-ServerStableDeviceRescueTest-324049851-project-member] new path /v2/schemas/image {{(pid=99992) process_request /opt/stack/glance/glance/api/middleware/version_negotiation.py:70}}
Aug 25 15:15:43.254205 np0000008084 devstack@g-api.service[99992]: [pid: 99992|app: 0|req: 53/152] 127.0.0.1 () {44 vars in 1055 bytes} [Tue Aug 25 15:15:43 2026] GET /v2/schemas/image => generated 6083 bytes in 3 msecs (HTTP/1.1 200) 4 headers in 158 bytes (1 switches on core 0)
Aug 25 15:15:43.767166 np0000008084 devstack@g-api.service[99993]: DEBUG glance.location [None req-522786c5-c123-4a4d-b72f-f6a5af06818b tempest-ServerStableDeviceRescueTest-324049851 tempest-ServerStableDeviceRescueTest-324049851-project-member] Enabling in-flight format inspection for qcow2 {{(pid=99993) set_data /opt/stack/glance/glance/location.py:596}}
Aug 25 15:15:43.767166 np0000008084 devstack@g-api.service[99993]: DEBUG glance_store.backend [None req-522786c5-c123-4a4d-b72f-f6a5af06818b tempest-ServerStableDeviceRescueTest-324049851 tempest-ServerStableDeviceRescueTest-324049851-project-member] Attempting to import store swift {{(pid=99993) _load_store /opt/stack/data/venv/lib/python3.12/site-packages/glance_store/backend.py:215}}
Aug 25 15:15:43.767166 np0000008084 devstack@g-api.service[99993]: DEBUG glance_store.capabilities [None req-522786c5-c123-4a4d-b72f-f6a5af06818b tempest-ServerStableDeviceRescueTest-324049851 tempest-ServerStableDeviceRescueTest-324049851-project-member] Store glance_store._drivers.swift.store.SingleTenantStore doesn't support updating dynamic storage capabilities. Please overwrite 'update_capabilities' method of the store to implement updating logics if needed. {{(pid=99993) update_capabilities /opt/stack/data/venv/lib/python3.12/site-packages/glance_store/capabilities.py:91}}
Aug 25 15:15:43.767166 np0000008084 devstack@g-api.service[99993]: DEBUG glance_store.driver [None req-522786c5-c123-4a4d-b72f-f6a5af06818b tempest-ServerStableDeviceRescueTest-324049851 tempest-ServerStableDeviceRescueTest-324049851-project-member] Late loading location class glance_store._drivers.swift.store.StoreLocation {{(pid=99993) get_store_location_class /opt/stack/data/venv/lib/python3.12/site-packages/glance_store/driver.py:134}}
