Aug 25 15:11:44.898375 np0000008084 devstack@g-api.service[99993]: DEBUG glance_store.backend [-] Registering store swift with schemes ('swift+https', 'swift', 'swift+http', 'swift+config') {{(pid=99993) create_stores /opt/stack/data/venv/lib/python3.12/site-packages/glance_store/backend.py:261}}
Aug 25 15:11:44.898415 np0000008084 devstack@g-api.service[99993]: DEBUG glance_store.driver [-] Late loading location class glance_store._drivers.swift.store.StoreLocation {{(pid=99993) get_store_location_class /opt/stack/data/venv/lib/python3.12/site-packages/glance_store/driver.py:134}}
Aug 25 15:11:44.898494 np0000008084 devstack@g-api.service[99993]: DEBUG glance_store.location [-] Registering scheme swift+https with {'store': , 'location_class': , 'store_entry': 'swift'} {{(pid=99993) register_scheme_map /opt/stack/data/venv/lib/python3.12/site-packages/glance_store/location.py:146}}
Aug 25 15:11:44.898545 np0000008084 devstack@g-api.service[99993]: DEBUG glance_store.location [-] Registering scheme swift with {'store': , 'location_class': , 'store_entry': 'swift'} {{(pid=99993) register_scheme_map /opt/stack/data/venv/lib/python3.12/site-packages/glance_store/location.py:146}}
Aug 25 15:11:44.898603 np0000008084 devstack@g-api.service[99993]: DEBUG glance_store.location [-] Registering scheme swift+http with {'store': , 'location_class': , 'store_entry': 'swift'} {{(pid=99993) register_scheme_map /opt/stack/data/venv/lib/python3.12/site-packages/glance_store/location.py:146}}
Aug 25 15:11:44.898648 np0000008084 devstack@g-api.service[99993]: DEBUG glance_store.location [-] Registering scheme swift+config with {'store': , 'location_class': , 'store_entry': 'swift'} {{(pid=99993) register_scheme_map /opt/stack/data/venv/lib/python3.12/site-packages/glance_store/location.py:146}}
Aug 25 15:11:44.898702 np0000008084 devstack@g-api.service[99993]: DEBUG glance_store.backend [-] Attempting to import store file {{(pid=99993) _load_store /opt/stack/data/venv/lib/python3.12/site-packages/glance_store/backend.py:215}}
Aug 25 15:11:44.899135 np0000008084 devstack@g-api.service[99993]: DEBUG glance_store.capabilities [-] Store glance_store._drivers.filesystem.Store doesn't support updating dynamic storage capabilities. Please overwrite 'update_capabilities' method of the store to implement updating logics if needed. {{(pid=99993) update_capabilities /opt/stack/data/venv/lib/python3.12/site-packages/glance_store/capabilities.py:91}}
Aug 25 15:11:44.899180 np0000008084 devstack@g-api.service[99993]: DEBUG glance_store.backend [-] Registering store file with schemes ('file', 'filesystem') {{(pid=99993) create_stores /opt/stack/data/venv/lib/python3.12/site-packages/glance_store/backend.py:261}}
Aug 25 15:11:44.899240 np0000008084 devstack@g-api.service[99993]: DEBUG glance_store.driver [-] Late loading location class glance_store._drivers.filesystem.StoreLocation {{(pid=99993) get_store_location_class /opt/stack/data/venv/lib/python3.12/site-packages/glance_store/driver.py:134}}
Aug 25 15:11:44.899298 np0000008084 devstack@g-api.service[99993]: DEBUG glance_store.location [-] Registering scheme file with {'store': , 'location_class': , 'store_entry': 'file'} {{(pid=99993) register_scheme_map /opt/stack/data/venv/lib/python3.12/site-packages/glance_store/location.py:146}}
Aug 25 15:11:44.899351 np0000008084 devstack@g-api.service[99993]: DEBUG glance_store.location [-] Registering scheme filesystem with {'store': , 'location_class': , 'store_entry': 'file'} {{(pid=99993) register_scheme_map /opt/stack/data/venv/lib/python3.12/site-packages/glance_store/location.py:146}}
Aug 25 15:11:44.899462 np0000008084 devstack@g-api.service[99993]: DEBUG glance_store.backend [-] Attempting to import store swift {{(pid=99993) _load_store /opt/stack/data/venv/lib/python3.12/site-packages/glance_store/backend.py:215}}
Aug 25 15:11:44.900480 np0000008084 devstack@g-api.service[99993]: DEBUG glance_store.capabilities [-] Store glance_store._drivers.swift.store.SingleTenantStore doesn't support updating dynamic storage capabilities. Please overwrite 'update_capabilities' method of the store to implement updating logics if needed. {{(pid=99993) update_capabilities /opt/stack/data/venv/lib/python3.12/site-packages/glance_store/capabilities.py:91}}
Aug 25 15:11:44.900520 np0000008084 devstack@g-api.service[99993]: DEBUG glance_store.driver [-] Late loading location class glance_store._drivers.swift.store.StoreLocation {{(pid=99993) get_store_location_class /opt/stack/data/venv/lib/python3.12/site-packages/glance_store/driver.py:134}}
Aug 25 15:11:44.900587 np0000008084 devstack@g-api.service[99993]: DEBUG glance_store.location [-] Registering scheme swift+https with {'store': , 'location_class': , 'store_entry': 'swift'} {{(pid=99993) register_scheme_map /opt/stack/data/venv/lib/python3.12/site-packages/glance_store/location.py:146}}
Aug 25 15:11:44.900630 np0000008084 devstack@g-api.service[99993]: DEBUG glance_store.location [-] Registering scheme swift+https with {'store': , 'location_class': , 'store_entry': 'swift'} {{(pid=99993) register_scheme_map /opt/stack/data/venv/lib/python3.12/site-packages/glance_store/location.py:146}}
Aug 25 15:11:44.900688 np0000008084 devstack@g-api.service[99993]: DEBUG glance_store.location [-] Registering scheme swift with {'store': , 'location_class': , 'store_entry': 'swift'} {{(pid=99993) register_scheme_map /opt/stack/data/venv/lib/python3.12/site-packages/glance_store/location.py:146}}
Aug 25 15:11:44.900763 np0000008084 devstack@g-api.service[99993]: DEBUG glance_store.location [-] Registering scheme swift+https with {'store': , 'location_class': , 'store_entry': 'swift'} {{(pid=99993) register_scheme_map /opt/stack/data/venv/lib/python3.12/site-packages/glance_store/location.py:146}}
Aug 25 15:11:44.900809 np0000008084 devstack@g-api.service[99993]: DEBUG glance_store.location [-] Registering scheme swift with {'store': , 'location_class': , 'store_entry': 'swift'} {{(pid=99993) register_scheme_map /opt/stack/data/venv/lib/python3.12/site-packages/glance_store/location.py:146}}
Aug 25 15:11:44.900849 np0000008084 devstack@g-api.service[99993]: DEBUG glance_store.location [-] Registering scheme swift+http with {'store': , 'location_class': , 'store_entry': 'swift'} {{(pid=99993) register_scheme_map /opt/stack/data/venv/lib/python3.12/site-packages/glance_store/location.py:146}}
Aug 25 15:11:44.900900 np0000008084 devstack@g-api.service[99993]: DEBUG glance_store.location [-] Registering scheme swift+https with {'store': , 'location_class': , 'store_entry': 'swift'} {{(pid=99993) register_scheme_map /opt/stack/data/venv/lib/python3.12/site-packages/glance_store/location.py:146}}
Aug 25 15:11:44.900944 np0000008084 devstack@g-api.service[99993]: DEBUG glance_store.location [-] Registering scheme swift with {'store': , 'location_class': , 'store_entry': 'swift'} {{(pid=99993) register_scheme_map /opt/stack/data/venv/lib/python3.12/site-packages/glance_store/location.py:146}}
Aug 25 15:11:44.900975 np0000008084 devstack@g-api.service[99993]: DEBUG glance_store.location [-] Registering scheme swift+http with {'store': , 'location_class': , 'store_entry': 'swift'} {{(pid=99993) register_scheme_map /opt/stack/data/venv/lib/python3.12/site-packages/glance_store/location.py:146}}
Aug 25 15:11:44.901035 np0000008084 devstack@g-api.service[99993]: DEBUG glance_store.location [-] Registering scheme swift+config with {'store': , 'location_class': , 'store_entry': 'swift'} {{(pid=99993) register_scheme_map /opt/stack/data/venv/lib/python3.12/site-packages/glance_store/location.py:146}}
Aug 25 15:11:44.901256 np0000008084 devstack@g-api.service[99993]: DEBUG glance.sqlite_migration [-] SQLite caching database not located, skipping migration {{(pid=99993) get_db_path /opt/stack/glance/glance/sqlite_migration.py:68}}
Aug 25 15:11:44.901429 np0000008084 devstack@g-api.service[99993]: WARNING glance.common.wsgi_app [-] Import methods are enabled but staging directory /tmp/staging/ does not exist; Imports will fail!
Aug 25 15:11:45.024593 np0000008084 devstack@g-api.service[99991]: DEBUG glance.common.config [None req-7906bc8a-e3ee-4a23-a78c-fea616565b01 None None] Loading glance-api-keystone+cachemanagement from /etc/glance/glance-api-paste.ini {{(pid=99991) load_paste_app /opt/stack/glance/glance/common/config.py:772}}
Aug 25 15:11:45.080989 np0000008084 devstack@g-api.service[99992]: DEBUG glance.common.config [None req-72c1eab2-149b-4bcf-a74f-81b7c806969f None None] Loading glance-api-keystone+cachemanagement from /etc/glance/glance-api-paste.ini {{(pid=99992) load_paste_app /opt/stack/glance/glance/common/config.py:772}}
Aug 25 15:11:45.081161 np0000008084 devstack@g-api.service[99993]: DEBUG glance.common.config [None req-7b2c2dd7-0a63-43c2-b719-041219d678ef None None] Loading glance-api-keystone+cachemanagement from /etc/glance/glance-api-paste.ini {{(pid=99993) load_paste_app /opt/stack/glance/glance/common/config.py:772}}
Aug 25 15:11:46.514279 np0000008084 devstack@g-api.service[99992]: INFO glance.image_cache [None req-72c1eab2-149b-4bcf-a74f-81b7c806969f None None] Image cache loaded driver 'centralized_db'.
Aug 25 15:11:46.531489 np0000008084 devstack@g-api.service[99991]: INFO glance.image_cache [None req-7906bc8a-e3ee-4a23-a78c-fea616565b01 None None] Image cache loaded driver 'centralized_db'.
Aug 25 15:11:46.558970 np0000008084 devstack@g-api.service[99993]: INFO glance.image_cache [None req-7b2c2dd7-0a63-43c2-b719-041219d678ef None None] Image cache loaded driver 'centralized_db'.
Aug 25 15:11:46.570606 np0000008084 devstack@g-api.service[99992]: INFO dbcounter [None req-72c1eab2-149b-4bcf-a74f-81b7c806969f None None] Registered counter for database glance
Aug 25 15:11:46.579756 np0000008084 devstack@g-api.service[99991]: INFO dbcounter [None req-7906bc8a-e3ee-4a23-a78c-fea616565b01 None None] Registered counter for database glance
Aug 25 15:11:46.608673 np0000008084 devstack@g-api.service[99993]: INFO dbcounter [None req-7b2c2dd7-0a63-43c2-b719-041219d678ef None None] Registered counter for database glance
Aug 25 15:11:46.610322 np0000008084 devstack@g-api.service[99992]: DEBUG oslo_db.sqlalchemy.engines [None req-72c1eab2-149b-4bcf-a74f-81b7c806969f None None] MySQL server mode set to STRICT_TRANS_TABLES,STRICT_ALL_TABLES,NO_ZERO_IN_DATE,NO_ZERO_DATE,ERROR_FOR_DIVISION_BY_ZERO,TRADITIONAL,NO_ENGINE_SUBSTITUTION {{(pid=99992) _check_effective_sql_mode /opt/stack/data/venv/lib/python3.12/site-packages/oslo_db/sqlalchemy/engines.py:325}}
Aug 25 15:11:46.620265 np0000008084 devstack@g-api.service[99991]: DEBUG oslo_db.sqlalchemy.engines [None req-7906bc8a-e3ee-4a23-a78c-fea616565b01 None None] MySQL server mode set to STRICT_TRANS_TABLES,STRICT_ALL_TABLES,NO_ZERO_IN_DATE,NO_ZERO_DATE,ERROR_FOR_DIVISION_BY_ZERO,TRADITIONAL,NO_ENGINE_SUBSTITUTION {{(pid=99991) _check_effective_sql_mode /opt/stack/data/venv/lib/python3.12/site-packages/oslo_db/sqlalchemy/engines.py:325}}
Aug 25 15:11:46.635802 np0000008084 devstack@g-api.service[99992]: DEBUG dbcounter [-] [99992] Writer thread running {{(pid=99992) stat_writer /opt/stack/data/venv/lib/python3.12/site-packages/dbcounter.py:102}}
Aug 25 15:11:46.652893 np0000008084 devstack@g-api.service[99991]: DEBUG dbcounter [-] [99991] Writer thread running {{(pid=99991) stat_writer /opt/stack/data/venv/lib/python3.12/site-packages/dbcounter.py:102}}
Aug 25 15:11:46.654487 np0000008084 devstack@g-api.service[99993]: DEBUG oslo_db.sqlalchemy.engines [None req-7b2c2dd7-0a63-43c2-b719-041219d678ef None None] MySQL server mode set to STRICT_TRANS_TABLES,STRICT_ALL_TABLES,NO_ZERO_IN_DATE,NO_ZERO_DATE,ERROR_FOR_DIVISION_BY_ZERO,TRADITIONAL,NO_ENGINE_SUBSTITUTION {{(pid=99993) _check_effective_sql_mode /opt/stack/data/venv/lib/python3.12/site-packages/oslo_db/sqlalchemy/engines.py:325}}
Aug 25 15:11:46.655307 np0000008084 devstack@g-api.service[99992]: INFO glance.image_cache [None req-72c1eab2-149b-4bcf-a74f-81b7c806969f None None] Image cache loaded driver 'centralized_db'.
Aug 25 15:11:46.656070 np0000008084 devstack@g-api.service[99991]: DEBUG glance.image_cache.drivers.centralized_db [None req-7906bc8a-e3ee-4a23-a78c-fea616565b01 None None] Node reference is already recorded, ignoring it {{(pid=99991) configure /opt/stack/glance/glance/image_cache/drivers/centralized_db.py:71}}
Aug 25 15:11:46.659443 np0000008084 devstack@g-api.service[99992]: DEBUG glance.image_cache.drivers.centralized_db [None req-72c1eab2-149b-4bcf-a74f-81b7c806969f None None] Node reference is already recorded, ignoring it {{(pid=99992) configure /opt/stack/glance/glance/image_cache/drivers/centralized_db.py:71}}
Aug 25 15:11:46.660653 np0000008084 devstack@g-api.service[99991]: INFO glance.image_cache [None req-7906bc8a-e3ee-4a23-a78c-fea616565b01 None None] Image cache loaded driver 'centralized_db'.
Aug 25 15:11:46.667018 np0000008084 devstack@g-api.service[99992]: DEBUG glance.api.v2.cached_images [None req-72c1eab2-149b-4bcf-a74f-81b7c806969f None None] Started cache worker thread {{(pid=99992) __init__ /opt/stack/glance/glance/api/v2/cached_images.py:71}}
Aug 25 15:11:46.667018 np0000008084 devstack@g-api.service[99992]: INFO glance.image_cache [None req-72c1eab2-149b-4bcf-a74f-81b7c806969f None None] Image cache loaded driver 'centralized_db'.
Aug 25 15:11:46.667642 np0000008084 devstack@g-api.service[99991]: DEBUG glance.image_cache.drivers.centralized_db [None req-7906bc8a-e3ee-4a23-a78c-fea616565b01 None None] Node reference is already recorded, ignoring it {{(pid=99991) configure /opt/stack/glance/glance/image_cache/drivers/centralized_db.py:71}}
Aug 25 15:11:46.676168 np0000008084 devstack@g-api.service[99993]: DEBUG dbcounter [-] [99993] Writer thread running {{(pid=99993) stat_writer /opt/stack/data/venv/lib/python3.12/site-packages/dbcounter.py:102}}
Aug 25 15:11:46.677073 np0000008084 devstack@g-api.service[99991]: DEBUG glance.api.v2.cached_images [None req-7906bc8a-e3ee-4a23-a78c-fea616565b01 None None] Started cache worker thread {{(pid=99991) __init__ /opt/stack/glance/glance/api/v2/cached_images.py:71}}
Aug 25 15:11:46.677073 np0000008084 devstack@g-api.service[99991]: INFO glance.image_cache [None req-7906bc8a-e3ee-4a23-a78c-fea616565b01 None None] Image cache loaded driver 'centralized_db'.
Aug 25 15:11:46.680215 np0000008084 devstack@g-api.service[99993]: DEBUG glance.image_cache.drivers.centralized_db [None req-7b2c2dd7-0a63-43c2-b719-041219d678ef None None] Node reference is already recorded, ignoring it {{(pid=99993) configure /opt/stack/glance/glance/image_cache/drivers/centralized_db.py:71}}
Aug 25 15:11:46.684296 np0000008084 devstack@g-api.service[99993]: INFO glance.image_cache [None req-7b2c2dd7-0a63-43c2-b719-041219d678ef None None] Image cache loaded driver 'centralized_db'.
Aug 25 15:11:46.693955 np0000008084 devstack@g-api.service[99993]: DEBUG glance.image_cache.drivers.centralized_db [None req-7b2c2dd7-0a63-43c2-b719-041219d678ef None None] Node reference is already recorded, ignoring it {{(pid=99993) configure /opt/stack/glance/glance/image_cache/drivers/centralized_db.py:71}}
Aug 25 15:11:46.699381 np0000008084 devstack@g-api.service[99993]: DEBUG glance.api.v2.cached_images [None req-7b2c2dd7-0a63-43c2-b719-041219d678ef None None] Started cache worker thread {{(pid=99993) __init__ /opt/stack/glance/glance/api/v2/cached_images.py:71}}
Aug 25 15:11:46.700491 np0000008084 devstack@g-api.service[99993]: INFO glance.image_cache [None req-7b2c2dd7-0a63-43c2-b719-041219d678ef None None] Image cache loaded driver 'centralized_db'.
Aug 25 15:11:46.763321 np0000008084 devstack@g-api.service[99992]: DEBUG glance.image_cache.drivers.centralized_db [None req-72c1eab2-149b-4bcf-a74f-81b7c806969f None None] Node reference is already recorded, ignoring it {{(pid=99992) configure /opt/stack/glance/glance/image_cache/drivers/centralized_db.py:71}}
Aug 25 15:11:46.765136 np0000008084 devstack@g-api.service[99991]: DEBUG glance.image_cache.drivers.centralized_db [None req-7906bc8a-e3ee-4a23-a78c-fea616565b01 None None] Node reference is already recorded, ignoring it {{(pid=99991) configure /opt/stack/glance/glance/image_cache/drivers/centralized_db.py:71}}
Aug 25 15:11:46.769173 np0000008084 devstack@g-api.service[99992]: INFO glance.api.middleware.cache_manage [None req-72c1eab2-149b-4bcf-a74f-81b7c806969f None None] Initialized image cache management middleware
Aug 25 15:11:46.769173 np0000008084 devstack@g-api.service[99992]: INFO glance.image_cache [None req-72c1eab2-149b-4bcf-a74f-81b7c806969f None None] Image cache loaded driver 'centralized_db'.
Aug 25 15:11:46.795782 np0000008084 devstack@g-api.service[99991]: INFO glance.api.middleware.cache_manage [None req-7906bc8a-e3ee-4a23-a78c-fea616565b01 None None] Initialized image cache management middleware
Aug 25 15:11:46.795782 np0000008084 devstack@g-api.service[99991]: INFO glance.image_cache [None req-7906bc8a-e3ee-4a23-a78c-fea616565b01 None None] Image cache loaded driver 'centralized_db'.
Aug 25 15:11:46.831321 np0000008084 devstack@g-api.service[99992]: DEBUG glance.image_cache.drivers.centralized_db [None req-72c1eab2-149b-4bcf-a74f-81b7c806969f None None] Node reference is already recorded, ignoring it {{(pid=99992) configure /opt/stack/glance/glance/image_cache/drivers/centralized_db.py:71}}
Aug 25 15:11:46.831321 np0000008084 devstack@g-api.service[99992]: INFO glance.api.middleware.cache [None req-72c1eab2-149b-4bcf-a74f-81b7c806969f None None] Initialized image cache middleware
Aug 25 15:11:46.831321 np0000008084 devstack@g-api.service[99992]: DEBUG glance.common.config [None req-72c1eab2-149b-4bcf-a74f-81b7c806969f None None] ******************************************************************************** {{(pid=99992) log_opt_values /opt/stack/data/venv/lib/python3.12/site-packages/oslo_config/cfg.py:3533}}
Aug 25 15:11:46.831321 np0000008084 devstack@g-api.service[99992]: DEBUG glance.common.config [None req-72c1eab2-149b-4bcf-a74f-81b7c806969f None None] Configuration options gathered from: {{(pid=99992) log_opt_values /opt/stack/data/venv/lib/python3.12/site-packages/oslo_config/cfg.py:3534}}
Aug 25 15:11:46.831321 np0000008084 devstack@g-api.service[99992]: DEBUG glance.common.config [None req-72c1eab2-149b-4bcf-a74f-81b7c806969f None None] command line args: [] {{(pid=99992) log_opt_values /opt/stack/data/venv/lib/python3.12/site-packages/oslo_config/cfg.py:3535}}
Aug 25 15:11:46.831321 np0000008084 devstack@g-api.service[99992]: DEBUG glance.common.config [None req-72c1eab2-149b-4bcf-a74f-81b7c806969f None None] config files: ['/etc/glance/glance-image-import.conf', '/etc/glance/glance-api.conf'] {{(pid=99992) log_opt_values /opt/stack/data/venv/lib/python3.12/site-packages/oslo_config/cfg.py:3536}}
Aug 25 15:11:46.831321 np0000008084 devstack@g-api.service[99992]: DEBUG glance.common.config [None req-72c1eab2-149b-4bcf-a74f-81b7c806969f None None] ================================================================================ {{(pid=99992) log_opt_values /opt/stack/data/venv/lib/python3.12/site-packages/oslo_config/cfg.py:3541}}
Aug 25 15:11:46.832340 np0000008084 devstack@g-api.service[99992]: DEBUG glance.common.config [None req-72c1eab2-149b-4bcf-a74f-81b7c806969f None None] allow_anonymous_access = False {{(pid=99992) log_opt_values /opt/stack/data/venv/lib/python3.12/site-packages/oslo_config/cfg.py:3549}}
Aug 25 15:11:46.832340 np0000008084 devstack@g-api.service[99992]: DEBUG glance.common.config [None req-72c1eab2-149b-4bcf-a74f-81b7c806969f None None] api_limit_max = 1000 {{(pid=99992) log_opt_values /opt/stack/data/venv/lib/python3.12/site-packages/oslo_config/cfg.py:3549}}
Aug 25 15:11:46.832340 np0000008084 devstack@g-api.service[99992]: DEBUG glance.common.config [None req-72c1eab2-149b-4bcf-a74f-81b7c806969f None None] config_dir = [] {{(pid=99992) log_opt_values /opt/stack/data/venv/lib/python3.12/site-packages/oslo_config/cfg.py:3549}}
Aug 25 15:11:46.832340 np0000008084 devstack@g-api.service[99992]: DEBUG glance.common.config [None req-72c1eab2-149b-4bcf-a74f-81b7c806969f None None] config_file = ['/etc/glance/glance-image-import.conf', '/etc/glance/glance-api.conf'] {{(pid=99992) log_opt_values /opt/stack/data/venv/lib/python3.12/site-packages/oslo_config/cfg.py:3549}}
Aug 25 15:11:46.832340 np0000008084 devstack@g-api.service[99992]: DEBUG glance.common.config [None req-72c1eab2-149b-4bcf-a74f-81b7c806969f None None] config_source = [] {{(pid=99992) log_opt_values /opt/stack/data/venv/lib/python3.12/site-packages/oslo_config/cfg.py:3549}}
Aug 25 15:11:46.832340 np0000008084 devstack@g-api.service[99992]: DEBUG glance.common.config [None req-72c1eab2-149b-4bcf-a74f-81b7c806969f None None] control_exchange = glance {{(pid=99992) log_opt_values /opt/stack/data/venv/lib/python3.12/site-packages/oslo_config/cfg.py:3549}}
Aug 25 15:11:46.832340 np0000008084 devstack@g-api.service[99992]: DEBUG glance.common.config [None req-72c1eab2-149b-4bcf-a74f-81b7c806969f None None] debug = True {{(pid=99992) log_opt_values /opt/stack/data/venv/lib/python3.12/site-packages/oslo_config/cfg.py:3549}}
Aug 25 15:11:46.833094 np0000008084 devstack@g-api.service[99992]: DEBUG glance.common.config [None req-72c1eab2-149b-4bcf-a74f-81b7c806969f None None] default_log_levels = ['amqp=WARN', 'boto=WARN', 'sqlalchemy=WARN', 'suds=INFO', 'oslo.messaging=INFO', 'oslo_messaging=INFO', 'iso8601=WARN', 'requests.packages.urllib3.connectionpool=WARN', 'urllib3.connectionpool=WARN', 'websocket=WARN', 'requests.packages.urllib3.util.retry=WARN', 'urllib3.util.retry=WARN', 'keystonemiddleware=WARN', 'routes.middleware=WARN', 'stevedore=WARN', 'taskflow=WARN', 'keystoneauth=WARN', 'oslo.cache=INFO', 'oslo_policy=INFO', 'dogpile.core.dogpile=INFO'] {{(pid=99992) log_opt_values /opt/stack/data/venv/lib/python3.12/site-packages/oslo_config/cfg.py:3549}}
Aug 25 15:11:46.833094 np0000008084 devstack@g-api.service[99992]: DEBUG glance.common.config [None req-72c1eab2-149b-4bcf-a74f-81b7c806969f None None] default_publisher_id = image.localhost {{(pid=99992) log_opt_values /opt/stack/data/venv/lib/python3.12/site-packages/oslo_config/cfg.py:3549}}
Aug 25 15:11:46.833094 np0000008084 devstack@g-api.service[99992]: DEBUG glance.common.config [None req-72c1eab2-149b-4bcf-a74f-81b7c806969f None None] delayed_delete = False {{(pid=99992) log_opt_values /opt/stack/data/venv/lib/python3.12/site-packages/oslo_config/cfg.py:3549}}
Aug 25 15:11:46.833094 np0000008084 devstack@g-api.service[99992]: DEBUG glance.common.config [None req-72c1eab2-149b-4bcf-a74f-81b7c806969f None None] digest_algorithm = sha256 {{(pid=99992) log_opt_values /opt/stack/data/venv/lib/python3.12/site-packages/oslo_config/cfg.py:3549}}
Aug 25 15:11:46.833094 np0000008084 devstack@g-api.service[99992]: DEBUG glance.common.config [None req-72c1eab2-149b-4bcf-a74f-81b7c806969f None None] disabled_notifications = [] {{(pid=99992) log_opt_values /opt/stack/data/venv/lib/python3.12/site-packages/oslo_config/cfg.py:3549}}
Aug 25 15:11:46.834013 np0000008084 devstack@g-api.service[99992]: DEBUG glance.common.config [None req-72c1eab2-149b-4bcf-a74f-81b7c806969f None None] do_secure_hash = True {{(pid=99992) log_opt_values /opt/stack/data/venv/lib/python3.12/site-packages/oslo_config/cfg.py:3549}}
Aug 25 15:11:46.834013 np0000008084 devstack@g-api.service[99992]: DEBUG glance.common.config [None req-72c1eab2-149b-4bcf-a74f-81b7c806969f None None] enabled_backends = None {{(pid=99992) log_opt_values /opt/stack/data/venv/lib/python3.12/site-packages/oslo_config/cfg.py:3549}}
Aug 25 15:11:46.834013 np0000008084 devstack@g-api.service[99992]: DEBUG glance.common.config [None req-72c1eab2-149b-4bcf-a74f-81b7c806969f None None] enabled_import_methods = ['glance-direct', 'web-download', 'copy-image'] {{(pid=99992) log_opt_values /opt/stack/data/venv/lib/python3.12/site-packages/oslo_config/cfg.py:3549}}
Aug 25 15:11:46.834013 np0000008084 devstack@g-api.service[99992]: DEBUG glance.common.config [None req-72c1eab2-149b-4bcf-a74f-81b7c806969f None None] fatal_deprecations = False {{(pid=99992) log_opt_values /opt/stack/data/venv/lib/python3.12/site-packages/oslo_config/cfg.py:3549}}
Aug 25 15:11:46.834013 np0000008084 devstack@g-api.service[99992]: DEBUG glance.common.config [None req-72c1eab2-149b-4bcf-a74f-81b7c806969f None None] hashing_algorithm = sha512 {{(pid=99992) log_opt_values /opt/stack/data/venv/lib/python3.12/site-packages/oslo_config/cfg.py:3549}}
Aug 25 15:11:46.834013 np0000008084 devstack@g-api.service[99992]: DEBUG glance.common.config [None req-72c1eab2-149b-4bcf-a74f-81b7c806969f None None] http_retries = 3 {{(pid=99992) log_opt_values /opt/stack/data/venv/lib/python3.12/site-packages/oslo_config/cfg.py:3549}}
Aug 25 15:11:46.834013 np0000008084 devstack@g-api.service[99992]: DEBUG glance.common.config [None req-72c1eab2-149b-4bcf-a74f-81b7c806969f None None] image_cache_dir = /opt/stack/data/glance/cache/ {{(pid=99992) log_opt_values /opt/stack/data/venv/lib/python3.12/site-packages/oslo_config/cfg.py:3549}}
Aug 25 15:11:46.849880 np0000008084 devstack@g-api.service[99992]: DEBUG glance.common.config [None req-72c1eab2-149b-4bcf-a74f-81b7c806969f None None] image_cache_driver = centralized_db {{(pid=99992) log_opt_values /opt/stack/data/venv/lib/python3.12/site-packages/oslo_config/cfg.py:3549}}
Aug 25 15:11:46.849880 np0000008084 devstack@g-api.service[99992]: DEBUG glance.common.config [None req-72c1eab2-149b-4bcf-a74f-81b7c806969f None None] image_cache_max_size = 10737418240 {{(pid=99992) log_opt_values /opt/stack/data/venv/lib/python3.12/site-packages/oslo_config/cfg.py:3549}}
Aug 25 15:11:46.849880 np0000008084 devstack@g-api.service[99992]: DEBUG glance.common.config [None req-72c1eab2-149b-4bcf-a74f-81b7c806969f None None] image_cache_sqlite_db = cache.db {{(pid=99992) log_opt_values /opt/stack/data/venv/lib/python3.12/site-packages/oslo_config/cfg.py:3549}}
Aug 25 15:11:46.849880 np0000008084 devstack@g-api.service[99992]: DEBUG glance.common.config [None req-72c1eab2-149b-4bcf-a74f-81b7c806969f None None] image_cache_stall_time = 86400 {{(pid=99992) log_opt_values /opt/stack/data/venv/lib/python3.12/site-packages/oslo_config/cfg.py:3549}}
Aug 25 15:11:46.849880 np0000008084 devstack@g-api.service[99992]: DEBUG glance.common.config [None req-72c1eab2-149b-4bcf-a74f-81b7c806969f None None] image_location_quota = 10 {{(pid=99992) log_opt_values /opt/stack/data/venv/lib/python3.12/site-packages/oslo_config/cfg.py:3549}}
Aug 25 15:11:46.849880 np0000008084 devstack@g-api.service[99992]: DEBUG glance.common.config [None req-72c1eab2-149b-4bcf-a74f-81b7c806969f None None] image_member_quota = 128 {{(pid=99992) log_opt_values /opt/stack/data/venv/lib/python3.12/site-packages/oslo_config/cfg.py:3549}}
Aug 25 15:11:46.849880 np0000008084 devstack@g-api.service[99992]: DEBUG glance.common.config [None req-72c1eab2-149b-4bcf-a74f-81b7c806969f None None] image_property_quota = 128 {{(pid=99992) log_opt_values /opt/stack/data/venv/lib/python3.12/site-packages/oslo_config/cfg.py:3549}}
Aug 25 15:11:46.851157 np0000008084 devstack@g-api.service[99992]: DEBUG glance.common.config [None req-72c1eab2-149b-4bcf-a74f-81b7c806969f None None] image_size_cap = 1099511627776 {{(pid=99992) log_opt_values /opt/stack/data/venv/lib/python3.12/site-packages/oslo_config/cfg.py:3549}}
Aug 25 15:11:46.851157 np0000008084 devstack@g-api.service[99992]: DEBUG glance.common.config [None req-72c1eab2-149b-4bcf-a74f-81b7c806969f None None] image_tag_quota = 128 {{(pid=99992) log_opt_values /opt/stack/data/venv/lib/python3.12/site-packages/oslo_config/cfg.py:3549}}
Aug 25 15:11:46.851157 np0000008084 devstack@g-api.service[99992]: DEBUG glance.common.config [None req-72c1eab2-149b-4bcf-a74f-81b7c806969f None None] instance_format = [instance: %(uuid)s] {{(pid=99992) log_opt_values /opt/stack/data/venv/lib/python3.12/site-packages/oslo_config/cfg.py:3549}}
Aug 25 15:11:46.851157 np0000008084 devstack@g-api.service[99992]: DEBUG glance.common.config [None req-72c1eab2-149b-4bcf-a74f-81b7c806969f None None] instance_uuid_format = [instance: %(uuid)s] {{(pid=99992) log_opt_values /opt/stack/data/venv/lib/python3.12/site-packages/oslo_config/cfg.py:3549}}
Aug 25 15:11:46.851157 np0000008084 devstack@g-api.service[99992]: DEBUG glance.common.config [None req-72c1eab2-149b-4bcf-a74f-81b7c806969f None None] limit_param_default = 25 {{(pid=99992) log_opt_values /opt/stack/data/venv/lib/python3.12/site-packages/oslo_config/cfg.py:3549}}
Aug 25 15:11:46.851157 np0000008084 devstack@g-api.service[99992]: DEBUG glance.common.config [None req-72c1eab2-149b-4bcf-a74f-81b7c806969f None None] log_color = False {{(pid=99992) log_opt_values /opt/stack/data/venv/lib/python3.12/site-packages/oslo_config/cfg.py:3549}}
Aug 25 15:11:46.851157 np0000008084 devstack@g-api.service[99992]: DEBUG glance.common.config [None req-72c1eab2-149b-4bcf-a74f-81b7c806969f None None] log_config_append = None {{(pid=99992) log_opt_values /opt/stack/data/venv/lib/python3.12/site-packages/oslo_config/cfg.py:3549}}
Aug 25 15:11:46.868950 np0000008084 devstack@g-api.service[99992]: DEBUG glance.common.config [None req-72c1eab2-149b-4bcf-a74f-81b7c806969f None None] log_date_format = %Y-%m-%d %H:%M:%S {{(pid=99992) log_opt_values /opt/stack/data/venv/lib/python3.12/site-packages/oslo_config/cfg.py:3549}}
Aug 25 15:11:46.868950 np0000008084 devstack@g-api.service[99992]: DEBUG glance.common.config [None req-72c1eab2-149b-4bcf-a74f-81b7c806969f None None] log_dir = None {{(pid=99992) log_opt_values /opt/stack/data/venv/lib/python3.12/site-packages/oslo_config/cfg.py:3549}}
Aug 25 15:11:46.868950 np0000008084 devstack@g-api.service[99992]: DEBUG glance.common.config [None req-72c1eab2-149b-4bcf-a74f-81b7c806969f None None] log_file = None {{(pid=99992) log_opt_values /opt/stack/data/venv/lib/python3.12/site-packages/oslo_config/cfg.py:3549}}
Aug 25 15:11:46.868950 np0000008084 devstack@g-api.service[99992]: DEBUG glance.common.config [None req-72c1eab2-149b-4bcf-a74f-81b7c806969f None None] log_rotate_interval = 1 {{(pid=99992) log_opt_values /opt/stack/data/venv/lib/python3.12/site-packages/oslo_config/cfg.py:3549}}
Aug 25 15:11:46.868950 np0000008084 devstack@g-api.service[99992]: DEBUG glance.common.config [None req-72c1eab2-149b-4bcf-a74f-81b7c806969f None None] log_rotate_interval_type = days {{(pid=99992) log_opt_values /opt/stack/data/venv/lib/python3.12/site-packages/oslo_config/cfg.py:3549}}
Aug 25 15:11:46.868950 np0000008084 devstack@g-api.service[99992]: DEBUG glance.common.config [None req-72c1eab2-149b-4bcf-a74f-81b7c806969f None None] log_rotation_type = none {{(pid=99992) log_opt_values /opt/stack/data/venv/lib/python3.12/site-packages/oslo_config/cfg.py:3549}}
Aug 25 15:11:46.870152 np0000008084 devstack@g-api.service[99992]: DEBUG glance.common.config [None req-72c1eab2-149b-4bcf-a74f-81b7c806969f None None] logging_context_format_string = %(color)s%(levelname)s %(name)s [%(global_request_id)s %(request_id)s %(project_name)s %(user_name)s%(color)s] %(instance)s%(color)s%(message)s {{(pid=99992) log_opt_values /opt/stack/data/venv/lib/python3.12/site-packages/oslo_config/cfg.py:3549}}
Aug 25 15:11:46.870152 np0000008084 devstack@g-api.service[99992]: DEBUG glance.common.config [None req-72c1eab2-149b-4bcf-a74f-81b7c806969f None None] logging_debug_format_suffix = {{(pid=%(process)d) %(funcName)s %(pathname)s:%(lineno)d}} {{(pid=99992) log_opt_values /opt/stack/data/venv/lib/python3.12/site-packages/oslo_config/cfg.py:3549}}
Aug 25 15:11:46.870152 np0000008084 devstack@g-api.service[99992]: DEBUG glance.common.config [None req-72c1eab2-149b-4bcf-a74f-81b7c806969f None None] logging_default_format_string = %(color)s%(levelname)s %(name)s [-%(color)s] %(instance)s%(color)s%(message)s {{(pid=99992) log_opt_values /opt/stack/data/venv/lib/python3.12/site-packages/oslo_config/cfg.py:3549}}
Aug 25 15:11:46.870152 np0000008084 devstack@g-api.service[99992]: DEBUG glance.common.config [None req-72c1eab2-149b-4bcf-a74f-81b7c806969f None None] logging_exception_prefix = ERROR %(name)s %(instance)s {{(pid=99992) log_opt_values /opt/stack/data/venv/lib/python3.12/site-packages/oslo_config/cfg.py:3549}}
Aug 25 15:11:46.870152 np0000008084 devstack@g-api.service[99992]: DEBUG glance.common.config [None req-72c1eab2-149b-4bcf-a74f-81b7c806969f None None] logging_user_identity_format = %(user)s %(project)s %(domain)s %(system_scope)s %(user_domain)s %(project_domain)s {{(pid=99992) log_opt_values /opt/stack/data/venv/lib/python3.12/site-packages/oslo_config/cfg.py:3549}}
Aug 25 15:11:46.871572 np0000008084 devstack@g-api.service[99992]: DEBUG glance.common.config [None req-72c1eab2-149b-4bcf-a74f-81b7c806969f None None] max_logfile_count = 30 {{(pid=99992) log_opt_values /opt/stack/data/venv/lib/python3.12/site-packages/oslo_config/cfg.py:3549}}
Aug 25 15:11:46.871572 np0000008084 devstack@g-api.service[99992]: DEBUG glance.common.config [None req-72c1eab2-149b-4bcf-a74f-81b7c806969f None None] max_logfile_size_mb = 200 {{(pid=99992) log_opt_values /opt/stack/data/venv/lib/python3.12/site-packages/oslo_config/cfg.py:3549}}
Aug 25 15:11:46.871572 np0000008084 devstack@g-api.service[99992]: DEBUG glance.common.config [None req-72c1eab2-149b-4bcf-a74f-81b7c806969f None None] max_request_id_length = 64 {{(pid=99992) log_opt_values /opt/stack/data/venv/lib/python3.12/site-packages/oslo_config/cfg.py:3549}}
Aug 25 15:11:46.871572 np0000008084 devstack@g-api.service[99992]: DEBUG glance.common.config [None req-72c1eab2-149b-4bcf-a74f-81b7c806969f None None] metadata_encryption_key = **** {{(pid=99992) log_opt_values /opt/stack/data/venv/lib/python3.12/site-packages/oslo_config/cfg.py:3549}}
Aug 25 15:11:46.871572 np0000008084 devstack@g-api.service[99992]: DEBUG glance.common.config [None req-72c1eab2-149b-4bcf-a74f-81b7c806969f None None] node_staging_uri = file:///tmp/staging/ {{(pid=99992) log_opt_values /opt/stack/data/venv/lib/python3.12/site-packages/oslo_config/cfg.py:3549}}
Aug 25 15:11:46.871572 np0000008084 devstack@g-api.service[99992]: DEBUG glance.common.config [None req-72c1eab2-149b-4bcf-a74f-81b7c806969f None None] property_protection_file = None {{(pid=99992) log_opt_values /opt/stack/data/venv/lib/python3.12/site-packages/oslo_config/cfg.py:3549}}
Aug 25 15:11:46.871572 np0000008084 devstack@g-api.service[99992]: DEBUG glance.common.config [None req-72c1eab2-149b-4bcf-a74f-81b7c806969f None None] property_protection_rule_format = roles {{(pid=99992) log_opt_values /opt/stack/data/venv/lib/python3.12/site-packages/oslo_config/cfg.py:3549}}
Aug 25 15:11:46.873799 np0000008084 devstack@g-api.service[99992]: DEBUG glance.common.config [None req-72c1eab2-149b-4bcf-a74f-81b7c806969f None None] public_endpoint = https://10.4.3.147/image {{(pid=99992) log_opt_values /opt/stack/data/venv/lib/python3.12/site-packages/oslo_config/cfg.py:3549}}
Aug 25 15:11:46.873799 np0000008084 devstack@g-api.service[99992]: DEBUG glance.common.config [None req-72c1eab2-149b-4bcf-a74f-81b7c806969f None None] publish_errors = False {{(pid=99992) log_opt_values /opt/stack/data/venv/lib/python3.12/site-packages/oslo_config/cfg.py:3549}}
Aug 25 15:11:46.873799 np0000008084 devstack@g-api.service[99992]: DEBUG glance.common.config [None req-72c1eab2-149b-4bcf-a74f-81b7c806969f None None] pydev_worker_debug_host = None {{(pid=99992) log_opt_values /opt/stack/data/venv/lib/python3.12/site-packages/oslo_config/cfg.py:3549}}
Aug 25 15:11:46.873799 np0000008084 devstack@g-api.service[99992]: DEBUG glance.common.config [None req-72c1eab2-149b-4bcf-a74f-81b7c806969f None None] pydev_worker_debug_port = 5678 {{(pid=99992) log_opt_values /opt/stack/data/venv/lib/python3.12/site-packages/oslo_config/cfg.py:3549}}
Aug 25 15:11:46.873799 np0000008084 devstack@g-api.service[99992]: DEBUG glance.common.config [None req-72c1eab2-149b-4bcf-a74f-81b7c806969f None None] rate_limit_burst = 0 {{(pid=99992) log_opt_values /opt/stack/data/venv/lib/python3.12/site-packages/oslo_config/cfg.py:3549}}
Aug 25 15:11:46.873799 np0000008084 devstack@g-api.service[99992]: DEBUG glance.common.config [None req-72c1eab2-149b-4bcf-a74f-81b7c806969f None None] rate_limit_except_level = CRITICAL {{(pid=99992) log_opt_values /opt/stack/data/venv/lib/python3.12/site-packages/oslo_config/cfg.py:3549}}
Aug 25 15:11:46.873799 np0000008084 devstack@g-api.service[99992]: DEBUG glance.common.config [None req-72c1eab2-149b-4bcf-a74f-81b7c806969f None None] rate_limit_interval = 0 {{(pid=99992) log_opt_values /opt/stack/data/venv/lib/python3.12/site-packages/oslo_config/cfg.py:3549}}
Aug 25 15:11:46.890054 np0000008084 devstack@g-api.service[99992]: DEBUG glance.common.config [None req-72c1eab2-149b-4bcf-a74f-81b7c806969f None None] scrub_pool_size = 1 {{(pid=99992) log_opt_values /opt/stack/data/venv/lib/python3.12/site-packages/oslo_config/cfg.py:3549}}
Aug 25 15:11:46.890054 np0000008084 devstack@g-api.service[99992]: DEBUG glance.common.config [None req-72c1eab2-149b-4bcf-a74f-81b7c806969f None None] scrub_time = 0 {{(pid=99992) log_opt_values /opt/stack/data/venv/lib/python3.12/site-packages/oslo_config/cfg.py:3549}}
Aug 25 15:11:46.890054 np0000008084 devstack@g-api.service[99992]: DEBUG glance.common.config [None req-72c1eab2-149b-4bcf-a74f-81b7c806969f None None] shell_completion = None {{(pid=99992) log_opt_values /opt/stack/data/venv/lib/python3.12/site-packages/oslo_config/cfg.py:3549}}
Aug 25 15:11:46.890054 np0000008084 devstack@g-api.service[99992]: DEBUG glance.common.config [None req-72c1eab2-149b-4bcf-a74f-81b7c806969f None None] show_image_direct_url = False {{(pid=99992) log_opt_values /opt/stack/data/venv/lib/python3.12/site-packages/oslo_config/cfg.py:3549}}
Aug 25 15:11:46.890054 np0000008084 devstack@g-api.service[99992]: WARNING oslo_config.cfg [None req-72c1eab2-149b-4bcf-a74f-81b7c806969f None None] Deprecated: Option "show_multiple_locations" from group "DEFAULT" is deprecated for removal (Use of this option, deprecated since Newton, is a security risk and will be removed once we figure out a way to satisfy those use cases that currently require it. An earlier announcement that the same functionality can be achieved with greater granularity by using policies is incorrect. You cannot work around this option via policy configuration at the present time, though that is the direction we believe the fix will take. Please keep an eye on the Glance release notes to stay up to date on progress in addressing this issue.). Its value may be silently ignored in the future.
Aug 25 15:11:46.891787 np0000008084 devstack@g-api.service[99992]: DEBUG glance.common.config [None req-72c1eab2-149b-4bcf-a74f-81b7c806969f None None] show_multiple_locations = False {{(pid=99992) log_opt_values /opt/stack/data/venv/lib/python3.12/site-packages/oslo_config/cfg.py:3549}}
Aug 25 15:11:46.891787 np0000008084 devstack@g-api.service[99992]: DEBUG glance.common.config [None req-72c1eab2-149b-4bcf-a74f-81b7c806969f None None] syslog_log_facility = LOG_USER {{(pid=99992) log_opt_values /opt/stack/data/venv/lib/python3.12/site-packages/oslo_config/cfg.py:3549}}
Aug 25 15:11:46.891787 np0000008084 devstack@g-api.service[99992]: DEBUG glance.common.config [None req-72c1eab2-149b-4bcf-a74f-81b7c806969f None None] transport_url = **** {{(pid=99992) log_opt_values /opt/stack/data/venv/lib/python3.12/site-packages/oslo_config/cfg.py:3549}}
Aug 25 15:11:46.891787 np0000008084 devstack@g-api.service[99992]: DEBUG glance.common.config [None req-72c1eab2-149b-4bcf-a74f-81b7c806969f None None] use_journal = False {{(pid=99992) log_opt_values /opt/stack/data/venv/lib/python3.12/site-packages/oslo_config/cfg.py:3549}}
Aug 25 15:11:46.891787 np0000008084 devstack@g-api.service[99992]: DEBUG glance.common.config [None req-72c1eab2-149b-4bcf-a74f-81b7c806969f None None] use_json = False {{(pid=99992) log_opt_values /opt/stack/data/venv/lib/python3.12/site-packages/oslo_config/cfg.py:3549}}
Aug 25 15:11:46.891787 np0000008084 devstack@g-api.service[99992]: DEBUG glance.common.config [None req-72c1eab2-149b-4bcf-a74f-81b7c806969f None None] use_keystone_limits = True {{(pid=99992) log_opt_values /opt/stack/data/venv/lib/python3.12/site-packages/oslo_config/cfg.py:3549}}
Aug 25 15:11:46.891787 np0000008084 devstack@g-api.service[99992]: DEBUG glance.common.config [None req-72c1eab2-149b-4bcf-a74f-81b7c806969f None None] use_stderr = False {{(pid=99992) log_opt_values /opt/stack/data/venv/lib/python3.12/site-packages/oslo_config/cfg.py:3549}}
Aug 25 15:11:46.897358 np0000008084 devstack@g-api.service[99992]: DEBUG glance.common.config [None req-72c1eab2-149b-4bcf-a74f-81b7c806969f None None] use_syslog = False {{(pid=99992) log_opt_values /opt/stack/data/venv/lib/python3.12/site-packages/oslo_config/cfg.py:3549}}
Aug 25 15:11:46.897358 np0000008084 devstack@g-api.service[99992]: DEBUG glance.common.config [None req-72c1eab2-149b-4bcf-a74f-81b7c806969f None None] user_storage_quota = 0 {{(pid=99992) log_opt_values /opt/stack/data/venv/lib/python3.12/site-packages/oslo_config/cfg.py:3549}}
Aug 25 15:11:46.897358 np0000008084 devstack@g-api.service[99992]: DEBUG glance.common.config [None req-72c1eab2-149b-4bcf-a74f-81b7c806969f None None] worker_self_reference_url = http://127.0.0.1:60999 {{(pid=99992) log_opt_values /opt/stack/data/venv/lib/python3.12/site-packages/oslo_config/cfg.py:3549}}
Aug 25 15:11:46.897358 np0000008084 devstack@g-api.service[99992]: DEBUG glance.common.config [None req-72c1eab2-149b-4bcf-a74f-81b7c806969f None None] oslo_concurrency.disable_process_locking = False {{(pid=99992) log_opt_values /opt/stack/data/venv/lib/python3.12/site-packages/oslo_config/cfg.py:3560}}
Aug 25 15:11:46.897358 np0000008084 devstack@g-api.service[99992]: DEBUG glance.common.config [None req-72c1eab2-149b-4bcf-a74f-81b7c806969f None None] oslo_concurrency.lock_path = /opt/stack/data/glance/locks {{(pid=99992) log_opt_values /opt/stack/data/venv/lib/python3.12/site-packages/oslo_config/cfg.py:3560}}
Aug 25 15:11:46.897358 np0000008084 devstack@g-api.service[99992]: DEBUG glance.common.config [None req-72c1eab2-149b-4bcf-a74f-81b7c806969f None None] oslo_middleware.enable_proxy_headers_parsing = False {{(pid=99992) log_opt_values /opt/stack/data/venv/lib/python3.12/site-packages/oslo_config/cfg.py:3560}}
Aug 25 15:11:46.897358 np0000008084 devstack@g-api.service[99992]: DEBUG glance.common.config [None req-72c1eab2-149b-4bcf-a74f-81b7c806969f None None] oslo_middleware.http_basic_auth_user_file = /etc/htpasswd {{(pid=99992) log_opt_values /opt/stack/data/venv/lib/python3.12/site-packages/oslo_config/cfg.py:3560}}
Aug 25 15:11:46.898340 np0000008084 devstack@g-api.service[99992]: DEBUG glance.common.config [None req-72c1eab2-149b-4bcf-a74f-81b7c806969f None None] paste_deploy.config_file = None {{(pid=99992) log_opt_values /opt/stack/data/venv/lib/python3.12/site-packages/oslo_config/cfg.py:3560}}
Aug 25 15:11:46.898340 np0000008084 devstack@g-api.service[99992]: DEBUG glance.common.config [None req-72c1eab2-149b-4bcf-a74f-81b7c806969f None None] paste_deploy.flavor = keystone+cachemanagement {{(pid=99992) log_opt_values /opt/stack/data/venv/lib/python3.12/site-packages/oslo_config/cfg.py:3560}}
Aug 25 15:11:46.898340 np0000008084 devstack@g-api.service[99992]: DEBUG glance.common.config [None req-72c1eab2-149b-4bcf-a74f-81b7c806969f None None] image_format.container_formats = ['ami', 'ari', 'aki', 'bare', 'ovf', 'ova', 'docker', 'compressed'] {{(pid=99992) log_opt_values /opt/stack/data/venv/lib/python3.12/site-packages/oslo_config/cfg.py:3560}}
Aug 25 15:11:46.898340 np0000008084 devstack@g-api.service[99992]: DEBUG glance.common.config [None req-72c1eab2-149b-4bcf-a74f-81b7c806969f None None] image_format.disk_formats = ['ami', 'ari', 'aki', 'vhd', 'vhdx', 'vmdk', 'raw', 'qcow2', 'vdi', 'iso', 'ploop'] {{(pid=99992) log_opt_values /opt/stack/data/venv/lib/python3.12/site-packages/oslo_config/cfg.py:3560}}
Aug 25 15:11:46.898340 np0000008084 devstack@g-api.service[99992]: DEBUG glance.common.config [None req-72c1eab2-149b-4bcf-a74f-81b7c806969f None None] image_format.gpt_safety_checks_nonfatal = [] {{(pid=99992) log_opt_values /opt/stack/data/venv/lib/python3.12/site-packages/oslo_config/cfg.py:3560}}
Aug 25 15:11:46.898340 np0000008084 devstack@g-api.service[99992]: DEBUG glance.common.config [None req-72c1eab2-149b-4bcf-a74f-81b7c806969f None None] image_format.require_image_format_match = True {{(pid=99992) log_opt_values /opt/stack/data/venv/lib/python3.12/site-packages/oslo_config/cfg.py:3560}}
Aug 25 15:11:46.899881 np0000008084 devstack@g-api.service[99992]: DEBUG glance.common.config [None req-72c1eab2-149b-4bcf-a74f-81b7c806969f None None] image_format.vmdk_allowed_types = ['streamOptimized', 'monolithicSparse'] {{(pid=99992) log_opt_values /opt/stack/data/venv/lib/python3.12/site-packages/oslo_config/cfg.py:3560}}
Aug 25 15:11:46.899881 np0000008084 devstack@g-api.service[99992]: DEBUG glance.common.config [None req-72c1eab2-149b-4bcf-a74f-81b7c806969f None None] task.task_executor = taskflow {{(pid=99992) log_opt_values /opt/stack/data/venv/lib/python3.12/site-packages/oslo_config/cfg.py:3560}}
Aug 25 15:11:46.899881 np0000008084 devstack@g-api.service[99992]: DEBUG glance.common.config [None req-72c1eab2-149b-4bcf-a74f-81b7c806969f None None] task.task_time_to_live = 48 {{(pid=99992) log_opt_values /opt/stack/data/venv/lib/python3.12/site-packages/oslo_config/cfg.py:3560}}
Aug 25 15:11:46.899881 np0000008084 devstack@g-api.service[99992]: DEBUG glance.common.config [None req-72c1eab2-149b-4bcf-a74f-81b7c806969f None None] task.work_dir = None {{(pid=99992) log_opt_values /opt/stack/data/venv/lib/python3.12/site-packages/oslo_config/cfg.py:3560}}
Aug 25 15:11:46.899881 np0000008084 devstack@g-api.service[99992]: DEBUG glance.common.config [None req-72c1eab2-149b-4bcf-a74f-81b7c806969f None None] wsgi.python_interpreter = /opt/stack/data/venv/bin/python3 {{(pid=99992) log_opt_values /opt/stack/data/venv/lib/python3.12/site-packages/oslo_config/cfg.py:3560}}
Aug 25 15:11:46.899881 np0000008084 devstack@g-api.service[99992]: DEBUG glance.common.config [None req-72c1eab2-149b-4bcf-a74f-81b7c806969f None None] wsgi.task_pool_threads = 16 {{(pid=99992) log_opt_values /opt/stack/data/venv/lib/python3.12/site-packages/oslo_config/cfg.py:3560}}
Aug 25 15:11:46.899881 np0000008084 devstack@g-api.service[99992]: DEBUG glance.common.config [None req-72c1eab2-149b-4bcf-a74f-81b7c806969f None None] import_filtering_opts.allowed_hosts = [] {{(pid=99992) log_opt_values /opt/stack/data/venv/lib/python3.12/site-packages/oslo_config/cfg.py:3560}}
Aug 25 15:11:46.901298 np0000008084 devstack@g-api.service[99992]: DEBUG glance.common.config [None req-72c1eab2-149b-4bcf-a74f-81b7c806969f None None] import_filtering_opts.allowed_ports = [80, 443] {{(pid=99992) log_opt_values /opt/stack/data/venv/lib/python3.12/site-packages/oslo_config/cfg.py:3560}}
Aug 25 15:11:46.901298 np0000008084 devstack@g-api.service[99992]: DEBUG glance.common.config [None req-72c1eab2-149b-4bcf-a74f-81b7c806969f None None] import_filtering_opts.allowed_schemes = ['http', 'https'] {{(pid=99992) log_opt_values /opt/stack/data/venv/lib/python3.12/site-packages/oslo_config/cfg.py:3560}}
Aug 25 15:11:46.901298 np0000008084 devstack@g-api.service[99992]: DEBUG glance.common.config [None req-72c1eab2-149b-4bcf-a74f-81b7c806969f None None] import_filtering_opts.disallowed_hosts = [] {{(pid=99992) log_opt_values /opt/stack/data/venv/lib/python3.12/site-packages/oslo_config/cfg.py:3560}}
Aug 25 15:11:46.901298 np0000008084 devstack@g-api.service[99992]: DEBUG glance.common.config [None req-72c1eab2-149b-4bcf-a74f-81b7c806969f None None] import_filtering_opts.disallowed_ports = [] {{(pid=99992) log_opt_values /opt/stack/data/venv/lib/python3.12/site-packages/oslo_config/cfg.py:3560}}
Aug 25 15:11:46.901298 np0000008084 devstack@g-api.service[99992]: DEBUG glance.common.config [None req-72c1eab2-149b-4bcf-a74f-81b7c806969f None None] import_filtering_opts.disallowed_schemes = [] {{(pid=99992) log_opt_values /opt/stack/data/venv/lib/python3.12/site-packages/oslo_config/cfg.py:3560}}
Aug 25 15:11:46.901298 np0000008084 devstack@g-api.service[99992]: DEBUG glance.common.config [None req-72c1eab2-149b-4bcf-a74f-81b7c806969f None None] oslo_messaging_metrics.metrics_buffer_size = 1000 {{(pid=99992) log_opt_values /opt/stack/data/venv/lib/python3.12/site-packages/oslo_config/cfg.py:3560}}
Aug 25 15:11:46.901298 np0000008084 devstack@g-api.service[99992]: DEBUG glance.common.config [None req-72c1eab2-149b-4bcf-a74f-81b7c806969f None None] oslo_messaging_metrics.metrics_enabled = False {{(pid=99992) log_opt_values /opt/stack/data/venv/lib/python3.12/site-packages/oslo_config/cfg.py:3560}}
Aug 25 15:11:46.902547 np0000008084 devstack@g-api.service[99992]: DEBUG glance.common.config [None req-72c1eab2-149b-4bcf-a74f-81b7c806969f None None] oslo_messaging_metrics.metrics_process_name = {{(pid=99992) log_opt_values /opt/stack/data/venv/lib/python3.12/site-packages/oslo_config/cfg.py:3560}}
Aug 25 15:11:46.902547 np0000008084 devstack@g-api.service[99992]: DEBUG glance.common.config [None req-72c1eab2-149b-4bcf-a74f-81b7c806969f None None] oslo_messaging_metrics.metrics_socket_file = /var/tmp/metrics_collector.sock {{(pid=99992) log_opt_values /opt/stack/data/venv/lib/python3.12/site-packages/oslo_config/cfg.py:3560}}
Aug 25 15:11:46.902547 np0000008084 devstack@g-api.service[99992]: DEBUG glance.common.config [None req-72c1eab2-149b-4bcf-a74f-81b7c806969f None None] oslo_messaging_metrics.metrics_thread_stop_timeout = 10 {{(pid=99992) log_opt_values /opt/stack/data/venv/lib/python3.12/site-packages/oslo_config/cfg.py:3560}}
