Aug 14 00:34:17.383312 np0000007292 devstack@g-api.service[99795]: DEBUG glance.api.middleware.version_negotiation [None req-feeaae03-f985-4366-8bf1-e60d9f0ee7b1 tempest-VolumesGetTest-1023482802 tempest-VolumesGetTest-1023482802-project-member] new path /v2/schemas/image {{(pid=99795) process_request /opt/stack/glance/glance/api/middleware/version_negotiation.py:70}}
Aug 14 00:34:17.386718 np0000007292 devstack@g-api.service[99795]: [pid: 99795|app: 0|req: 157/445] 127.0.0.1 () {44 vars in 1055 bytes} [Fri Aug 14 00:34:17 2026] GET /v2/schemas/image => generated 6083 bytes in 4 msecs (HTTP/1.1 200) 4 headers in 158 bytes (1 switches on core 0)
Aug 14 00:34:17.397762 np0000007292 devstack@g-api.service[99793]: DEBUG glance.api.middleware.version_negotiation [None req-feeaae03-f985-4366-8bf1-e60d9f0ee7b1 tempest-VolumesGetTest-1023482802 tempest-VolumesGetTest-1023482802-project-member] Determining version of request: GET /v2/schemas/image Accept: */* {{(pid=99793) process_request /opt/stack/glance/glance/api/middleware/version_negotiation.py:44}}
Aug 14 00:34:17.398442 np0000007292 devstack@g-api.service[99793]: DEBUG glance.api.middleware.version_negotiation [None req-feeaae03-f985-4366-8bf1-e60d9f0ee7b1 tempest-VolumesGetTest-1023482802 tempest-VolumesGetTest-1023482802-project-member] Using url versioning {{(pid=99793) process_request /opt/stack/glance/glance/api/middleware/version_negotiation.py:57}}
Aug 14 00:34:17.398442 np0000007292 devstack@g-api.service[99793]: DEBUG glance.api.middleware.version_negotiation [None req-feeaae03-f985-4366-8bf1-e60d9f0ee7b1 tempest-VolumesGetTest-1023482802 tempest-VolumesGetTest-1023482802-project-member] Matched version: v2 {{(pid=99793) process_request /opt/stack/glance/glance/api/middleware/version_negotiation.py:69}}
Aug 14 00:34:17.398442 np0000007292 devstack@g-api.service[99793]: DEBUG glance.api.middleware.version_negotiation [None req-feeaae03-f985-4366-8bf1-e60d9f0ee7b1 tempest-VolumesGetTest-1023482802 tempest-VolumesGetTest-1023482802-project-member] new path /v2/schemas/image {{(pid=99793) process_request /opt/stack/glance/glance/api/middleware/version_negotiation.py:70}}
Aug 14 00:34:17.403524 np0000007292 devstack@g-api.service[99793]: [pid: 99793|app: 0|req: 138/446] 127.0.0.1 () {44 vars in 1055 bytes} [Fri Aug 14 00:34:17 2026] GET /v2/schemas/image => generated 6083 bytes in 6 msecs (HTTP/1.1 200) 4 headers in 158 bytes (1 switches on core 0)
Aug 14 00:34:17.434404 np0000007292 devstack@g-api.service[99795]: DEBUG glance.api.middleware.version_negotiation [None req-feeaae03-f985-4366-8bf1-e60d9f0ee7b1 tempest-VolumesGetTest-1023482802 tempest-VolumesGetTest-1023482802-project-member] Determining version of request: GET /v2/images/140540b6-4db0-42b4-9969-46b72b7a6906 Accept: */* {{(pid=99795) process_request /opt/stack/glance/glance/api/middleware/version_negotiation.py:44}}
Aug 14 00:34:17.434404 np0000007292 devstack@g-api.service[99795]: DEBUG glance.api.middleware.version_negotiation [None req-feeaae03-f985-4366-8bf1-e60d9f0ee7b1 tempest-VolumesGetTest-1023482802 tempest-VolumesGetTest-1023482802-project-member] Using url versioning {{(pid=99795) process_request /opt/stack/glance/glance/api/middleware/version_negotiation.py:57}}
Aug 14 00:34:17.434404 np0000007292 devstack@g-api.service[99795]: DEBUG glance.api.middleware.version_negotiation [None req-feeaae03-f985-4366-8bf1-e60d9f0ee7b1 tempest-VolumesGetTest-1023482802 tempest-VolumesGetTest-1023482802-project-member] Matched version: v2 {{(pid=99795) process_request /opt/stack/glance/glance/api/middleware/version_negotiation.py:69}}
Aug 14 00:34:17.434624 np0000007292 devstack@g-api.service[99795]: DEBUG glance.api.middleware.version_negotiation [None req-feeaae03-f985-4366-8bf1-e60d9f0ee7b1 tempest-VolumesGetTest-1023482802 tempest-VolumesGetTest-1023482802-project-member] new path /v2/images/140540b6-4db0-42b4-9969-46b72b7a6906 {{(pid=99795) process_request /opt/stack/glance/glance/api/middleware/version_negotiation.py:70}}
Aug 14 00:34:17.449639 np0000007292 devstack@g-api.service[99795]: [pid: 99795|app: 0|req: 158/447] 127.0.0.1 () {44 vars in 1115 bytes} [Fri Aug 14 00:34:17 2026] GET /v2/images/140540b6-4db0-42b4-9969-46b72b7a6906 => generated 1044 bytes in 16 msecs (HTTP/1.1 200) 4 headers in 158 bytes (1 switches on core 0)
Aug 14 00:34:17.463530 np0000007292 devstack@g-api.service[99793]: DEBUG glance.api.middleware.version_negotiation [None req-feeaae03-f985-4366-8bf1-e60d9f0ee7b1 tempest-VolumesGetTest-1023482802 tempest-VolumesGetTest-1023482802-project-member] Determining version of request: GET /v2/schemas/image Accept: */* {{(pid=99793) process_request /opt/stack/glance/glance/api/middleware/version_negotiation.py:44}}
Aug 14 00:34:17.463769 np0000007292 devstack@g-api.service[99793]: DEBUG glance.api.middleware.version_negotiation [None req-feeaae03-f985-4366-8bf1-e60d9f0ee7b1 tempest-VolumesGetTest-1023482802 tempest-VolumesGetTest-1023482802-project-member] Using url versioning {{(pid=99793) process_request /opt/stack/glance/glance/api/middleware/version_negotiation.py:57}}
Aug 14 00:34:17.463923 np0000007292 devstack@g-api.service[99793]: DEBUG glance.api.middleware.version_negotiation [None req-feeaae03-f985-4366-8bf1-e60d9f0ee7b1 tempest-VolumesGetTest-1023482802 tempest-VolumesGetTest-1023482802-project-member] Matched version: v2 {{(pid=99793) process_request /opt/stack/glance/glance/api/middleware/version_negotiation.py:69}}
Aug 14 00:34:17.464041 np0000007292 devstack@g-api.service[99793]: DEBUG glance.api.middleware.version_negotiation [None req-feeaae03-f985-4366-8bf1-e60d9f0ee7b1 tempest-VolumesGetTest-1023482802 tempest-VolumesGetTest-1023482802-project-member] new path /v2/schemas/image {{(pid=99793) process_request /opt/stack/glance/glance/api/middleware/version_negotiation.py:70}}
Aug 14 00:34:17.469142 np0000007292 devstack@g-api.service[99793]: [pid: 99793|app: 0|req: 139/448] 127.0.0.1 () {44 vars in 1055 bytes} [Fri Aug 14 00:34:17 2026] GET /v2/schemas/image => generated 6083 bytes in 6 msecs (HTTP/1.1 200) 4 headers in 158 bytes (1 switches on core 0)
Aug 14 00:34:17.860569 np0000007292 devstack@g-api.service[99794]: [pid: 99794|app: 0|req: 152/449] 127.0.0.1 () {42 vars in 786 bytes} [Fri Aug 14 00:34:17 2026] POST /v2/images => generated 642 bytes in 817 msecs (HTTP/1.1 201) 6 headers in 315 bytes (1 switches on core 0)
Aug 14 00:34:17.875763 np0000007292 devstack@g-api.service[99795]: DEBUG glance.api.middleware.version_negotiation [None req-feeaae03-f985-4366-8bf1-e60d9f0ee7b1 tempest-VolumesGetTest-1023482802 tempest-VolumesGetTest-1023482802-project-member] Determining version of request: PUT /v2/images/7031dc35-1199-45dd-a3f4-94df424882a6/file Accept: {{(pid=99795) process_request /opt/stack/glance/glance/api/middleware/version_negotiation.py:44}}
Aug 14 00:34:17.875989 np0000007292 devstack@g-api.service[99795]: DEBUG glance.api.middleware.version_negotiation [None req-feeaae03-f985-4366-8bf1-e60d9f0ee7b1 tempest-VolumesGetTest-1023482802 tempest-VolumesGetTest-1023482802-project-member] Using url versioning {{(pid=99795) process_request /opt/stack/glance/glance/api/middleware/version_negotiation.py:57}}
Aug 14 00:34:17.876201 np0000007292 devstack@g-api.service[99795]: DEBUG glance.api.middleware.version_negotiation [None req-feeaae03-f985-4366-8bf1-e60d9f0ee7b1 tempest-VolumesGetTest-1023482802 tempest-VolumesGetTest-1023482802-project-member] Matched version: v2 {{(pid=99795) process_request /opt/stack/glance/glance/api/middleware/version_negotiation.py:69}}
Aug 14 00:34:17.876399 np0000007292 devstack@g-api.service[99795]: DEBUG glance.api.middleware.version_negotiation [None req-feeaae03-f985-4366-8bf1-e60d9f0ee7b1 tempest-VolumesGetTest-1023482802 tempest-VolumesGetTest-1023482802-project-member] new path /v2/images/7031dc35-1199-45dd-a3f4-94df424882a6/file {{(pid=99795) process_request /opt/stack/glance/glance/api/middleware/version_negotiation.py:70}}
Aug 14 00:34:17.919029 np0000007292 devstack@g-api.service[99793]: DEBUG glance.api.middleware.version_negotiation [None req-feeaae03-f985-4366-8bf1-e60d9f0ee7b1 tempest-VolumesGetTest-1023482802 tempest-VolumesGetTest-1023482802-project-member] Determining version of request: GET /versions Accept: */* {{(pid=99793) process_request /opt/stack/glance/glance/api/middleware/version_negotiation.py:44}}
Aug 14 00:34:17.919916 np0000007292 devstack@g-api.service[99793]: [pid: 99793|app: 0|req: 140/450] 127.0.0.1 () {44 vars in 1039 bytes} [Fri Aug 14 00:34:17 2026] GET /versions => generated 1515 bytes in 1 msecs (HTTP/1.1 200) 3 headers in 92 bytes (1 switches on core 0)
Aug 14 00:34:17.930665 np0000007292 devstack@g-api.service[99794]: DEBUG glance.api.middleware.version_negotiation [None req-2c3d0d26-ae25-4a28-91b0-a3e15f85471c tempest-TestMinimumBasicScenario-1371340651 tempest-TestMinimumBasicScenario-1371340651-project-member] Determining version of request: GET /v2/images/140540b6-4db0-42b4-9969-46b72b7a6906/locations Accept: */* {{(pid=99794) process_request /opt/stack/glance/glance/api/middleware/version_negotiation.py:44}}
Aug 14 00:34:17.930913 np0000007292 devstack@g-api.service[99794]: DEBUG glance.api.middleware.version_negotiation [None req-2c3d0d26-ae25-4a28-91b0-a3e15f85471c tempest-TestMinimumBasicScenario-1371340651 tempest-TestMinimumBasicScenario-1371340651-project-member] Using url versioning {{(pid=99794) process_request /opt/stack/glance/glance/api/middleware/version_negotiation.py:57}}
Aug 14 00:34:17.931118 np0000007292 devstack@g-api.service[99794]: DEBUG glance.api.middleware.version_negotiation [None req-2c3d0d26-ae25-4a28-91b0-a3e15f85471c tempest-TestMinimumBasicScenario-1371340651 tempest-TestMinimumBasicScenario-1371340651-project-member] Matched version: v2 {{(pid=99794) process_request /opt/stack/glance/glance/api/middleware/version_negotiation.py:69}}
Aug 14 00:34:17.931268 np0000007292 devstack@g-api.service[99794]: DEBUG glance.api.middleware.version_negotiation [None req-2c3d0d26-ae25-4a28-91b0-a3e15f85471c tempest-TestMinimumBasicScenario-1371340651 tempest-TestMinimumBasicScenario-1371340651-project-member] new path /v2/images/140540b6-4db0-42b4-9969-46b72b7a6906/locations {{(pid=99794) process_request /opt/stack/glance/glance/api/middleware/version_negotiation.py:70}}
Aug 14 00:34:17.985533 np0000007292 devstack@g-api.service[99794]: [pid: 99794|app: 0|req: 153/451] 127.0.0.1 () {44 vars in 1135 bytes} [Fri Aug 14 00:34:17 2026] GET /v2/images/140540b6-4db0-42b4-9969-46b72b7a6906/locations => generated 92 bytes in 55 msecs (HTTP/1.1 200) 4 headers in 156 bytes (1 switches on core 0)
Aug 14 00:34:17.999465 np0000007292 devstack@g-api.service[99793]: DEBUG glance.api.middleware.version_negotiation [None req-feeaae03-f985-4366-8bf1-e60d9f0ee7b1 tempest-VolumesGetTest-1023482802 tempest-VolumesGetTest-1023482802-project-member] Determining version of request: GET /v2/images/140540b6-4db0-42b4-9969-46b72b7a6906 Accept: */* {{(pid=99793) process_request /opt/stack/glance/glance/api/middleware/version_negotiation.py:44}}
Aug 14 00:34:17.999703 np0000007292 devstack@g-api.service[99793]: DEBUG glance.api.middleware.version_negotiation [None req-feeaae03-f985-4366-8bf1-e60d9f0ee7b1 tempest-VolumesGetTest-1023482802 tempest-VolumesGetTest-1023482802-project-member] Using url versioning {{(pid=99793) process_request /opt/stack/glance/glance/api/middleware/version_negotiation.py:57}}
Aug 14 00:34:17.999907 np0000007292 devstack@g-api.service[99793]: DEBUG glance.api.middleware.version_negotiation [None req-feeaae03-f985-4366-8bf1-e60d9f0ee7b1 tempest-VolumesGetTest-1023482802 tempest-VolumesGetTest-1023482802-project-member] Matched version: v2 {{(pid=99793) process_request /opt/stack/glance/glance/api/middleware/version_negotiation.py:69}}
Aug 14 00:34:18.000077 np0000007292 devstack@g-api.service[99793]: DEBUG glance.api.middleware.version_negotiation [None req-feeaae03-f985-4366-8bf1-e60d9f0ee7b1 tempest-VolumesGetTest-1023482802 tempest-VolumesGetTest-1023482802-project-member] new path /v2/images/140540b6-4db0-42b4-9969-46b72b7a6906 {{(pid=99793) process_request /opt/stack/glance/glance/api/middleware/version_negotiation.py:70}}
Aug 14 00:34:18.017117 np0000007292 devstack@g-api.service[99793]: [pid: 99793|app: 0|req: 141/452] 127.0.0.1 () {44 vars in 1115 bytes} [Fri Aug 14 00:34:17 2026] GET /v2/images/140540b6-4db0-42b4-9969-46b72b7a6906 => generated 1044 bytes in 18 msecs (HTTP/1.1 200) 4 headers in 158 bytes (1 switches on core 0)
Aug 14 00:34:18.026019 np0000007292 devstack@g-api.service[99794]: DEBUG glance.api.middleware.version_negotiation [None req-feeaae03-f985-4366-8bf1-e60d9f0ee7b1 service glance] Determining version of request: GET /v2/schemas/image Accept: */* {{(pid=99794) process_request /opt/stack/glance/glance/api/middleware/version_negotiation.py:44}}
Aug 14 00:34:18.026203 np0000007292 devstack@g-api.service[99794]: DEBUG glance.api.middleware.version_negotiation [None req-feeaae03-f985-4366-8bf1-e60d9f0ee7b1 service glance] Using url versioning {{(pid=99794) process_request /opt/stack/glance/glance/api/middleware/version_negotiation.py:57}}
Aug 14 00:34:18.026408 np0000007292 devstack@g-api.service[99794]: DEBUG glance.api.middleware.version_negotiation [None req-feeaae03-f985-4366-8bf1-e60d9f0ee7b1 service glance] Matched version: v2 {{(pid=99794) process_request /opt/stack/glance/glance/api/middleware/version_negotiation.py:69}}
Aug 14 00:34:18.026539 np0000007292 devstack@g-api.service[99794]: DEBUG glance.api.middleware.version_negotiation [None req-feeaae03-f985-4366-8bf1-e60d9f0ee7b1 service glance] new path /v2/schemas/image {{(pid=99794) process_request /opt/stack/glance/glance/api/middleware/version_negotiation.py:70}}
Aug 14 00:34:18.028922 np0000007292 devstack@g-api.service[99794]: [pid: 99794|app: 0|req: 154/453] 127.0.0.1 () {44 vars in 1055 bytes} [Fri Aug 14 00:34:18 2026] GET /v2/schemas/image => generated 6083 bytes in 3 msecs (HTTP/1.1 200) 4 headers in 158 bytes (1 switches on core 0)
Aug 14 00:34:18.043429 np0000007292 devstack@g-api.service[99793]: DEBUG glance.api.middleware.version_negotiation [None req-feeaae03-f985-4366-8bf1-e60d9f0ee7b1 tempest-VolumesGetTest-1023482802 tempest-VolumesGetTest-1023482802-project-member] Determining version of request: GET /v2/schemas/image Accept: */* {{(pid=99793) process_request /opt/stack/glance/glance/api/middleware/version_negotiation.py:44}}
Aug 14 00:34:18.043429 np0000007292 devstack@g-api.service[99793]: DEBUG glance.api.middleware.version_negotiation [None req-feeaae03-f985-4366-8bf1-e60d9f0ee7b1 tempest-VolumesGetTest-1023482802 tempest-VolumesGetTest-1023482802-project-member] Using url versioning {{(pid=99793) process_request /opt/stack/glance/glance/api/middleware/version_negotiation.py:57}}
Aug 14 00:34:18.043429 np0000007292 devstack@g-api.service[99793]: DEBUG glance.api.middleware.version_negotiation [None req-feeaae03-f985-4366-8bf1-e60d9f0ee7b1 tempest-VolumesGetTest-1023482802 tempest-VolumesGetTest-1023482802-project-member] Matched version: v2 {{(pid=99793) process_request /opt/stack/glance/glance/api/middleware/version_negotiation.py:69}}
Aug 14 00:34:18.043429 np0000007292 devstack@g-api.service[99793]: DEBUG glance.api.middleware.version_negotiation [None req-feeaae03-f985-4366-8bf1-e60d9f0ee7b1 tempest-VolumesGetTest-1023482802 tempest-VolumesGetTest-1023482802-project-member] new path /v2/schemas/image {{(pid=99793) process_request /opt/stack/glance/glance/api/middleware/version_negotiation.py:70}}
Aug 14 00:34:18.048308 np0000007292 devstack@g-api.service[99793]: [pid: 99793|app: 0|req: 142/454] 127.0.0.1 () {44 vars in 1055 bytes} [Fri Aug 14 00:34:18 2026] GET /v2/schemas/image => generated 6083 bytes in 5 msecs (HTTP/1.1 200) 4 headers in 158 bytes (1 switches on core 0)
Aug 14 00:34:18.436957 np0000007292 devstack@g-api.service[99795]: INFO glance.api.v2.image_data [None req-b6f23013-4a05-4c32-bb8b-39c6a42a7467 tempest-TestMinimumBasicScenario-1371340651 tempest-TestMinimumBasicScenario-1371340651-project-member] Unable to create trust: no such option collect_timing in group [keystone_authtoken] Use the existing user token.
Aug 14 00:34:19.048535 np0000007292 devstack@g-api.service[99795]: DEBUG glance.location [None req-b6f23013-4a05-4c32-bb8b-39c6a42a7467 tempest-TestMinimumBasicScenario-1371340651 tempest-TestMinimumBasicScenario-1371340651-project-member] Enabling in-flight format inspection for qcow2 {{(pid=99795) set_data /opt/stack/glance/glance/location.py:596}}
Aug 14 00:34:19.048835 np0000007292 devstack@g-api.service[99795]: DEBUG glance_store.backend [None req-b6f23013-4a05-4c32-bb8b-39c6a42a7467 tempest-TestMinimumBasicScenario-1371340651 tempest-TestMinimumBasicScenario-1371340651-project-member] Attempting to import store swift {{(pid=99795) _load_store /opt/stack/data/venv/lib/python3.12/site-packages/glance_store/backend.py:215}}
Aug 14 00:34:19.050816 np0000007292 devstack@g-api.service[99795]: DEBUG glance_store.capabilities [None req-b6f23013-4a05-4c32-bb8b-39c6a42a7467 tempest-TestMinimumBasicScenario-1371340651 tempest-TestMinimumBasicScenario-1371340651-project-member] Store glance_store._drivers.swift.store.SingleTenantStore doesn't support updating dynamic storage capabilities. Please overwrite 'update_capabilities' method of the store to implement updating logics if needed. {{(pid=99795) update_capabilities /opt/stack/data/venv/lib/python3.12/site-packages/glance_store/capabilities.py:91}}
Aug 14 00:34:19.050816 np0000007292 devstack@g-api.service[99795]: DEBUG glance_store.driver [None req-b6f23013-4a05-4c32-bb8b-39c6a42a7467 tempest-TestMinimumBasicScenario-1371340651 tempest-TestMinimumBasicScenario-1371340651-project-member] Late loading location class glance_store._drivers.swift.store.StoreLocation {{(pid=99795) get_store_location_class /opt/stack/data/venv/lib/python3.12/site-packages/glance_store/driver.py:134}}
Aug 14 00:34:19.050816 np0000007292 devstack@g-api.service[99795]: DEBUG glance_store.location [None req-b6f23013-4a05-4c32-bb8b-39c6a42a7467 tempest-TestMinimumBasicScenario-1371340651 tempest-TestMinimumBasicScenario-1371340651-project-member] Registering scheme swift+https with {'store': , 'location_class': , 'store_entry': 'swift'} {{(pid=99795) register_scheme_map /opt/stack/data/venv/lib/python3.12/site-packages/glance_store/location.py:146}}
Aug 14 00:34:19.051106 np0000007292 devstack@g-api.service[99795]: DEBUG glance_store.location [None req-b6f23013-4a05-4c32-bb8b-39c6a42a7467 tempest-TestMinimumBasicScenario-1371340651 tempest-TestMinimumBasicScenario-1371340651-project-member] Registering scheme swift+https with {'store': , 'location_class': , 'store_entry': 'swift'} {{(pid=99795) register_scheme_map /opt/stack/data/venv/lib/python3.12/site-packages/glance_store/location.py:146}}
Aug 14 00:34:19.051106 np0000007292 devstack@g-api.service[99795]: DEBUG glance_store.location [None req-b6f23013-4a05-4c32-bb8b-39c6a42a7467 tempest-TestMinimumBasicScenario-1371340651 tempest-TestMinimumBasicScenario-1371340651-project-member] Registering scheme swift with {'store': , 'location_class': , 'store_entry': 'swift'} {{(pid=99795) register_scheme_map /opt/stack/data/venv/lib/python3.12/site-packages/glance_store/location.py:146}}
Aug 14 00:34:19.051300 np0000007292 devstack@g-api.service[99795]: DEBUG glance_store.location [None req-b6f23013-4a05-4c32-bb8b-39c6a42a7467 tempest-TestMinimumBasicScenario-1371340651 tempest-TestMinimumBasicScenario-1371340651-project-member] Registering scheme swift+https with {'store': , 'location_class': , 'store_entry': 'swift'} {{(pid=99795) register_scheme_map /opt/stack/data/venv/lib/python3.12/site-packages/glance_store/location.py:146}}
Aug 14 00:34:19.051485 np0000007292 devstack@g-api.service[99795]: DEBUG glance_store.location [None req-b6f23013-4a05-4c32-bb8b-39c6a42a7467 tempest-TestMinimumBasicScenario-1371340651 tempest-TestMinimumBasicScenario-1371340651-project-member] Registering scheme swift with {'store': , 'location_class': , 'store_entry': 'swift'} {{(pid=99795) register_scheme_map /opt/stack/data/venv/lib/python3.12/site-packages/glance_store/location.py:146}}
Aug 14 00:34:19.051617 np0000007292 devstack@g-api.service[99795]: DEBUG glance_store.location [None req-b6f23013-4a05-4c32-bb8b-39c6a42a7467 tempest-TestMinimumBasicScenario-1371340651 tempest-TestMinimumBasicScenario-1371340651-project-member] Registering scheme swift+http with {'store': , 'location_class': , 'store_entry': 'swift'} {{(pid=99795) register_scheme_map /opt/stack/data/venv/lib/python3.12/site-packages/glance_store/location.py:146}}
Aug 14 00:34:19.051788 np0000007292 devstack@g-api.service[99795]: DEBUG glance_store.location [None req-b6f23013-4a05-4c32-bb8b-39c6a42a7467 tempest-TestMinimumBasicScenario-1371340651 tempest-TestMinimumBasicScenario-1371340651-project-member] Registering scheme swift+https with {'store': , 'location_class': , 'store_entry': 'swift'} {{(pid=99795) register_scheme_map /opt/stack/data/venv/lib/python3.12/site-packages/glance_store/location.py:146}}
Aug 14 00:34:19.051850 np0000007292 devstack@g-api.service[99795]: DEBUG glance_store.location [None req-b6f23013-4a05-4c32-bb8b-39c6a42a7467 tempest-TestMinimumBasicScenario-1371340651 tempest-TestMinimumBasicScenario-1371340651-project-member] Registering scheme swift with {'store': , 'location_class': , 'store_entry': 'swift'} {{(pid=99795) register_scheme_map /opt/stack/data/venv/lib/python3.12/site-packages/glance_store/location.py:146}}
Aug 14 00:34:19.051955 np0000007292 devstack@g-api.service[99795]: DEBUG glance_store.location [None req-b6f23013-4a05-4c32-bb8b-39c6a42a7467 tempest-TestMinimumBasicScenario-1371340651 tempest-TestMinimumBasicScenario-1371340651-project-member] Registering scheme swift+http with {'store': , 'location_class': , 'store_entry': 'swift'} {{(pid=99795) register_scheme_map /opt/stack/data/venv/lib/python3.12/site-packages/glance_store/location.py:146}}
Aug 14 00:34:19.052049 np0000007292 devstack@g-api.service[99795]: DEBUG glance_store.location [None req-b6f23013-4a05-4c32-bb8b-39c6a42a7467 tempest-TestMinimumBasicScenario-1371340651 tempest-TestMinimumBasicScenario-1371340651-project-member] Registering scheme swift+config with {'store': , 'location_class': , 'store_entry': 'swift'} {{(pid=99795) register_scheme_map /opt/stack/data/venv/lib/python3.12/site-packages/glance_store/location.py:146}}
Aug 14 00:34:19.232426 np0000007292 devstack@g-api.service[99794]: DEBUG glance.api.middleware.version_negotiation [None req-feeaae03-f985-4366-8bf1-e60d9f0ee7b1 tempest-VolumesGetTest-1023482802 tempest-VolumesGetTest-1023482802-project-member] Determining version of request: GET /v2/images/140540b6-4db0-42b4-9969-46b72b7a6906 Accept: application/json {{(pid=99794) process_request /opt/stack/glance/glance/api/middleware/version_negotiation.py:44}}
Aug 14 00:34:19.232922 np0000007292 devstack@g-api.service[99794]: DEBUG glance.api.middleware.version_negotiation [None req-feeaae03-f985-4366-8bf1-e60d9f0ee7b1 tempest-VolumesGetTest-1023482802 tempest-VolumesGetTest-1023482802-project-member] Using url versioning {{(pid=99794) process_request /opt/stack/glance/glance/api/middleware/version_negotiation.py:57}}
Aug 14 00:34:19.233123 np0000007292 devstack@g-api.service[99794]: DEBUG glance.api.middleware.version_negotiation [None req-feeaae03-f985-4366-8bf1-e60d9f0ee7b1 tempest-VolumesGetTest-1023482802 tempest-VolumesGetTest-1023482802-project-member] Matched version: v2 {{(pid=99794) process_request /opt/stack/glance/glance/api/middleware/version_negotiation.py:69}}
Aug 14 00:34:19.233316 np0000007292 devstack@g-api.service[99794]: DEBUG glance.api.middleware.version_negotiation [None req-feeaae03-f985-4366-8bf1-e60d9f0ee7b1 tempest-VolumesGetTest-1023482802 tempest-VolumesGetTest-1023482802-project-member] new path /v2/images/140540b6-4db0-42b4-9969-46b72b7a6906 {{(pid=99794) process_request /opt/stack/glance/glance/api/middleware/version_negotiation.py:70}}
Aug 14 00:34:19.315091 np0000007292 devstack@g-api.service[99795]: DEBUG swiftclient [None req-b6f23013-4a05-4c32-bb8b-39c6a42a7467 tempest-TestMinimumBasicScenario-1371340651 tempest-TestMinimumBasicScenario-1371340651-project-member] REQ: curl -i https://10.4.3.102:8080/v1/AUTH_04ed8081eaba4f4b997e791ced3f6f71/glance -I -H "X-Auth-Token: gAAAAABqfmKLi7ZP..." {{(pid=99795) http_log /opt/stack/data/venv/lib/python3.12/site-packages/swiftclient/client.py:160}}
Aug 14 00:34:19.315423 np0000007292 devstack@g-api.service[99795]: DEBUG swiftclient [None req-b6f23013-4a05-4c32-bb8b-39c6a42a7467 tempest-TestMinimumBasicScenario-1371340651 tempest-TestMinimumBasicScenario-1371340651-project-member] RESP STATUS: 204 No Content {{(pid=99795) http_log /opt/stack/data/venv/lib/python3.12/site-packages/swiftclient/client.py:161}}
Aug 14 00:34:19.315423 np0000007292 devstack@g-api.service[99795]: DEBUG swiftclient [None req-b6f23013-4a05-4c32-bb8b-39c6a42a7467 tempest-TestMinimumBasicScenario-1371340651 tempest-TestMinimumBasicScenario-1371340651-project-member] RESP HEADERS: {'Date': 'Fri, 14 Aug 2026 00:34:19 GMT', 'Server': 'Apache/2.4.58 (Ubuntu)', 'Content-Type': 'text/plain; charset=utf-8', 'X-Container-Object-Count': '3', 'X-Container-Bytes-Used': '64356352', 'X-Timestamp': '1786667159.91405', 'Last-Modified': 'Fri, 14 Aug 2026 00:26:00 GMT', 'Accept-Ranges': 'bytes', 'X-Storage-Policy': 'Policy-0', 'X-Container-Sharding': 'False', 'Vary': 'Accept', 'X-Trans-Id': 'txda14e4c658b147a397b49-006a7e628b', 'X-Openstack-Request-Id': 'txda14e4c658b147a397b49-006a7e628b', 'Connection': 'close'} {{(pid=99795) http_log /opt/stack/data/venv/lib/python3.12/site-packages/swiftclient/client.py:162}}
Aug 14 00:34:19.315715 np0000007292 devstack@g-api.service[99795]: DEBUG glance_store._drivers.swift.store [None req-b6f23013-4a05-4c32-bb8b-39c6a42a7467 tempest-TestMinimumBasicScenario-1371340651 tempest-TestMinimumBasicScenario-1371340651-project-member] Adding image object '7031dc35-1199-45dd-a3f4-94df424882a6' to Swift {{(pid=99795) add /opt/stack/data/venv/lib/python3.12/site-packages/glance_store/_drivers/swift/store.py:970}}
Aug 14 00:34:19.315715 np0000007292 devstack@g-api.service[99795]: DEBUG glance_store._drivers.swift.store [None req-b6f23013-4a05-4c32-bb8b-39c6a42a7467 tempest-TestMinimumBasicScenario-1371340651 tempest-TestMinimumBasicScenario-1371340651-project-member] Cannot determine image size because it is either not provided in the request or chunked-transfer encoding is used. Adding image as a segmented object to Swift. {{(pid=99795) add /opt/stack/data/venv/lib/python3.12/site-packages/glance_store/_drivers/swift/store.py:994}}
Aug 14 00:34:19.328166 np0000007292 devstack@g-api.service[99795]: DEBUG oslo_utils.imageutils.format_inspector [None req-b6f23013-4a05-4c32-bb8b-39c6a42a7467 tempest-TestMinimumBasicScenario-1371340651 tempest-TestMinimumBasicScenario-1371340651-project-member] Format inspector for vmdk does not match, excluding from consideration (Signature KDMV not found: b'QFI\xfb') {{(pid=99795) _process_chunk /opt/stack/data/venv/lib/python3.12/site-packages/oslo_utils/imageutils/format_inspector.py:1758}}
Aug 14 00:34:19.334776 np0000007292 devstack@g-api.service[99795]: DEBUG oslo_utils.imageutils.format_inspector [None req-b6f23013-4a05-4c32-bb8b-39c6a42a7467 tempest-TestMinimumBasicScenario-1371340651 tempest-TestMinimumBasicScenario-1371340651-project-member] Format inspector for vhdx does not match, excluding from consideration (Region signature not found at 30000) {{(pid=99795) _process_chunk /opt/stack/data/venv/lib/python3.12/site-packages/oslo_utils/imageutils/format_inspector.py:1758}}
Aug 14 00:34:19.397376 np0000007292 devstack@g-api.service[99794]: [pid: 99794|app: 0|req: 155/455] 127.0.0.1 () {40 vars in 838 bytes} [Fri Aug 14 00:34:19 2026] GET /v2/images/140540b6-4db0-42b4-9969-46b72b7a6906 => generated 1044 bytes in 165 msecs (HTTP/1.1 200) 4 headers in 158 bytes (1 switches on core 0)
Aug 14 00:34:19.429469 np0000007292 devstack@g-api.service[99793]: DEBUG glance.api.middleware.version_negotiation [None req-feeaae03-f985-4366-8bf1-e60d9f0ee7b1 tempest-VolumesGetTest-1023482802 tempest-VolumesGetTest-1023482802-project-member] Determining version of request: GET /v2/images/140540b6-4db0-42b4-9969-46b72b7a6906 Accept: */* {{(pid=99793) process_request /opt/stack/glance/glance/api/middleware/version_negotiation.py:44}}
Aug 14 00:34:19.429967 np0000007292 devstack@g-api.service[99793]: DEBUG glance.api.middleware.version_negotiation [None req-feeaae03-f985-4366-8bf1-e60d9f0ee7b1 tempest-VolumesGetTest-1023482802 tempest-VolumesGetTest-1023482802-project-member] Using url versioning {{(pid=99793) process_request /opt/stack/glance/glance/api/middleware/version_negotiation.py:57}}
Aug 14 00:34:19.429967 np0000007292 devstack@g-api.service[99793]: DEBUG glance.api.middleware.version_negotiation [None req-feeaae03-f985-4366-8bf1-e60d9f0ee7b1 tempest-VolumesGetTest-1023482802 tempest-VolumesGetTest-1023482802-project-member] Matched version: v2 {{(pid=99793) process_request /opt/stack/glance/glance/api/middleware/version_negotiation.py:69}}
Aug 14 00:34:19.429967 np0000007292 devstack@g-api.service[99793]: DEBUG glance.api.middleware.version_negotiation [None req-feeaae03-f985-4366-8bf1-e60d9f0ee7b1 tempest-VolumesGetTest-1023482802 tempest-VolumesGetTest-1023482802-project-member] new path /v2/images/140540b6-4db0-42b4-9969-46b72b7a6906 {{(pid=99793) process_request /opt/stack/glance/glance/api/middleware/version_negotiation.py:70}}
Aug 14 00:34:19.442706 np0000007292 devstack@g-api.service[99793]: [pid: 99793|app: 0|req: 143/456] 127.0.0.1 () {44 vars in 1115 bytes} [Fri Aug 14 00:34:19 2026] GET /v2/images/140540b6-4db0-42b4-9969-46b72b7a6906 => generated 1044 bytes in 13 msecs (HTTP/1.1 200) 4 headers in 158 bytes (1 switches on core 0)
Aug 14 00:34:19.455593 np0000007292 devstack@g-api.service[99794]: DEBUG glance.api.middleware.version_negotiation [None req-a4c6cbc8-daeb-4f60-94d0-2f85df1a51c0 tempest-VolumesCloneTest-1436564745 tempest-VolumesCloneTest-1436564745-project-member] Determining version of request: GET /v2/schemas/image Accept: */* {{(pid=99794) process_request /opt/stack/glance/glance/api/middleware/version_negotiation.py:44}}
Aug 14 00:34:19.455754 np0000007292 devstack@g-api.service[99794]: DEBUG glance.api.middleware.version_negotiation [None req-a4c6cbc8-daeb-4f60-94d0-2f85df1a51c0 tempest-VolumesCloneTest-1436564745 tempest-VolumesCloneTest-1436564745-project-member] Using url versioning {{(pid=99794) process_request /opt/stack/glance/glance/api/middleware/version_negotiation.py:57}}
Aug 14 00:34:19.455891 np0000007292 devstack@g-api.service[99794]: DEBUG glance.api.middleware.version_negotiation [None req-a4c6cbc8-daeb-4f60-94d0-2f85df1a51c0 tempest-VolumesCloneTest-1436564745 tempest-VolumesCloneTest-1436564745-project-member] Matched version: v2 {{(pid=99794) process_request /opt/stack/glance/glance/api/middleware/version_negotiation.py:69}}
Aug 14 00:34:19.456011 np0000007292 devstack@g-api.service[99794]: DEBUG glance.api.middleware.version_negotiation [None req-a4c6cbc8-daeb-4f60-94d0-2f85df1a51c0 tempest-VolumesCloneTest-1436564745 tempest-VolumesCloneTest-1436564745-project-member] new path /v2/schemas/image {{(pid=99794) process_request /opt/stack/glance/glance/api/middleware/version_negotiation.py:70}}
Aug 14 00:34:19.462887 np0000007292 devstack@g-api.service[99794]: [pid: 99794|app: 0|req: 156/457] 127.0.0.1 () {44 vars in 1055 bytes} [Fri Aug 14 00:34:19 2026] GET /v2/schemas/image => generated 6083 bytes in 6 msecs (HTTP/1.1 200) 4 headers in 158 bytes (1 switches on core 0)
Aug 14 00:34:19.479054 np0000007292 devstack@g-api.service[99793]: DEBUG glance.api.middleware.version_negotiation [None req-2e633354-9aec-4674-9f5e-bd15e8d0e690 tempest-VolumesCloneTest-1436564745 tempest-VolumesCloneTest-1436564745-project-member] Determining version of request: GET /v2/schemas/image Accept: */* {{(pid=99793) process_request /opt/stack/glance/glance/api/middleware/version_negotiation.py:44}}
Aug 14 00:34:19.479261 np0000007292 devstack@g-api.service[99793]: DEBUG glance.api.middleware.version_negotiation [None req-2e633354-9aec-4674-9f5e-bd15e8d0e690 tempest-VolumesCloneTest-1436564745 tempest-VolumesCloneTest-1436564745-project-member] Using url versioning {{(pid=99793) process_request /opt/stack/glance/glance/api/middleware/version_negotiation.py:57}}
Aug 14 00:34:19.479495 np0000007292 devstack@g-api.service[99793]: DEBUG glance.api.middleware.version_negotiation [None req-2e633354-9aec-4674-9f5e-bd15e8d0e690 tempest-VolumesCloneTest-1436564745 tempest-VolumesCloneTest-1436564745-project-member] Matched version: v2 {{(pid=99793) process_request /opt/stack/glance/glance/api/middleware/version_negotiation.py:69}}
Aug 14 00:34:19.479648 np0000007292 devstack@g-api.service[99793]: DEBUG glance.api.middleware.version_negotiation [None req-2e633354-9aec-4674-9f5e-bd15e8d0e690 tempest-VolumesCloneTest-1436564745 tempest-VolumesCloneTest-1436564745-project-member] new path /v2/schemas/image {{(pid=99793) process_request /opt/stack/glance/glance/api/middleware/version_negotiation.py:70}}
Aug 14 00:34:19.483274 np0000007292 devstack@g-api.service[99793]: [pid: 99793|app: 0|req: 144/458] 127.0.0.1 () {44 vars in 1055 bytes} [Fri Aug 14 00:34:19 2026] GET /v2/schemas/image => generated 6083 bytes in 5 msecs (HTTP/1.1 200) 4 headers in 158 bytes (1 switches on core 0)
Aug 14 00:34:19.495636 np0000007292 devstack@g-api.service[99794]: DEBUG glance.api.middleware.version_negotiation [None req-2e633354-9aec-4674-9f5e-bd15e8d0e690 tempest-VolumesCloneTest-1436564745 tempest-VolumesCloneTest-1436564745-project-member] Determining version of request: GET /v2/images/140540b6-4db0-42b4-9969-46b72b7a6906 Accept: */* {{(pid=99794) process_request /opt/stack/glance/glance/api/middleware/version_negotiation.py:44}}
Aug 14 00:34:19.495824 np0000007292 devstack@g-api.service[99794]: DEBUG glance.api.middleware.version_negotiation [None req-2e633354-9aec-4674-9f5e-bd15e8d0e690 tempest-VolumesCloneTest-1436564745 tempest-VolumesCloneTest-1436564745-project-member] Using url versioning {{(pid=99794) process_request /opt/stack/glance/glance/api/middleware/version_negotiation.py:57}}
Aug 14 00:34:19.495972 np0000007292 devstack@g-api.service[99794]: DEBUG glance.api.middleware.version_negotiation [None req-2e633354-9aec-4674-9f5e-bd15e8d0e690 tempest-VolumesCloneTest-1436564745 tempest-VolumesCloneTest-1436564745-project-member] Matched version: v2 {{(pid=99794) process_request /opt/stack/glance/glance/api/middleware/version_negotiation.py:69}}
Aug 14 00:34:19.496093 np0000007292 devstack@g-api.service[99794]: DEBUG glance.api.middleware.version_negotiation [None req-2e633354-9aec-4674-9f5e-bd15e8d0e690 tempest-VolumesCloneTest-1436564745 tempest-VolumesCloneTest-1436564745-project-member] new path /v2/images/140540b6-4db0-42b4-9969-46b72b7a6906 {{(pid=99794) process_request /opt/stack/glance/glance/api/middleware/version_negotiation.py:70}}
Aug 14 00:34:19.514213 np0000007292 devstack@g-api.service[99794]: [pid: 99794|app: 0|req: 157/459] 127.0.0.1 () {44 vars in 1115 bytes} [Fri Aug 14 00:34:19 2026] GET /v2/images/140540b6-4db0-42b4-9969-46b72b7a6906 => generated 1044 bytes in 19 msecs (HTTP/1.1 200) 4 headers in 158 bytes (1 switches on core 0)
Aug 14 00:34:19.526443 np0000007292 devstack@g-api.service[99793]: DEBUG glance.api.middleware.version_negotiation [None req-2e633354-9aec-4674-9f5e-bd15e8d0e690 tempest-VolumesCloneTest-1436564745 tempest-VolumesCloneTest-1436564745-project-member] Determining version of request: GET /v2/schemas/image Accept: */* {{(pid=99793) process_request /opt/stack/glance/glance/api/middleware/version_negotiation.py:44}}
Aug 14 00:34:19.526668 np0000007292 devstack@g-api.service[99793]: DEBUG glance.api.middleware.version_negotiation [None req-2e633354-9aec-4674-9f5e-bd15e8d0e690 tempest-VolumesCloneTest-1436564745 tempest-VolumesCloneTest-1436564745-project-member] Using url versioning {{(pid=99793) process_request /opt/stack/glance/glance/api/middleware/version_negotiation.py:57}}
Aug 14 00:34:19.526811 np0000007292 devstack@g-api.service[99793]: DEBUG glance.api.middleware.version_negotiation [None req-2e633354-9aec-4674-9f5e-bd15e8d0e690 tempest-VolumesCloneTest-1436564745 tempest-VolumesCloneTest-1436564745-project-member] Matched version: v2 {{(pid=99793) process_request /opt/stack/glance/glance/api/middleware/version_negotiation.py:69}}
Aug 14 00:34:19.526962 np0000007292 devstack@g-api.service[99793]: DEBUG glance.api.middleware.version_negotiation [None req-2e633354-9aec-4674-9f5e-bd15e8d0e690 tempest-VolumesCloneTest-1436564745 tempest-VolumesCloneTest-1436564745-project-member] new path /v2/schemas/image {{(pid=99793) process_request /opt/stack/glance/glance/api/middleware/version_negotiation.py:70}}
Aug 14 00:34:19.529730 np0000007292 devstack@g-api.service[99793]: [pid: 99793|app: 0|req: 145/460] 127.0.0.1 () {44 vars in 1055 bytes} [Fri Aug 14 00:34:19 2026] GET /v2/schemas/image => generated 6083 bytes in 3 msecs (HTTP/1.1 200) 4 headers in 158 bytes (1 switches on core 0)
Aug 14 00:34:19.546515 np0000007292 devstack@g-api.service[99794]: DEBUG glance.api.middleware.version_negotiation [None req-2e633354-9aec-4674-9f5e-bd15e8d0e690 tempest-VolumesCloneTest-1436564745 tempest-VolumesCloneTest-1436564745-project-member] Determining version of request: GET /v2/schemas/image Accept: */* {{(pid=99794) process_request /opt/stack/glance/glance/api/middleware/version_negotiation.py:44}}
Aug 14 00:34:19.546997 np0000007292 devstack@g-api.service[99794]: DEBUG glance.api.middleware.version_negotiation [None req-2e633354-9aec-4674-9f5e-bd15e8d0e690 tempest-VolumesCloneTest-1436564745 tempest-VolumesCloneTest-1436564745-project-member] Using url versioning {{(pid=99794) process_request /opt/stack/glance/glance/api/middleware/version_negotiation.py:57}}
Aug 14 00:34:19.546997 np0000007292 devstack@g-api.service[99794]: DEBUG glance.api.middleware.version_negotiation [None req-2e633354-9aec-4674-9f5e-bd15e8d0e690 tempest-VolumesCloneTest-1436564745 tempest-VolumesCloneTest-1436564745-project-member] Matched version: v2 {{(pid=99794) process_request /opt/stack/glance/glance/api/middleware/version_negotiation.py:69}}
Aug 14 00:34:19.546997 np0000007292 devstack@g-api.service[99794]: DEBUG glance.api.middleware.version_negotiation [None req-2e633354-9aec-4674-9f5e-bd15e8d0e690 tempest-VolumesCloneTest-1436564745 tempest-VolumesCloneTest-1436564745-project-member] new path /v2/schemas/image {{(pid=99794) process_request /opt/stack/glance/glance/api/middleware/version_negotiation.py:70}}
Aug 14 00:34:19.554776 np0000007292 devstack@g-api.service[99794]: [pid: 99794|app: 0|req: 158/461] 127.0.0.1 () {44 vars in 1055 bytes} [Fri Aug 14 00:34:19 2026] GET /v2/schemas/image => generated 6083 bytes in 8 msecs (HTTP/1.1 200) 4 headers in 158 bytes (1 switches on core 0)
Aug 14 00:34:19.588327 np0000007292 devstack@g-api.service[99795]: DEBUG swiftclient [None req-b6f23013-4a05-4c32-bb8b-39c6a42a7467 tempest-TestMinimumBasicScenario-1371340651 tempest-TestMinimumBasicScenario-1371340651-project-member] REQ: curl -i https://10.4.3.102:8080/v1/AUTH_04ed8081eaba4f4b997e791ced3f6f71/glance/7031dc35-1199-45dd-a3f4-94df424882a6-00001 -X PUT -H "X-Auth-Token: gAAAAABqfmKLi7ZP..." {{(pid=99795) http_log /opt/stack/data/venv/lib/python3.12/site-packages/swiftclient/client.py:160}}
Aug 14 00:34:19.588771 np0000007292 devstack@g-api.service[99795]: DEBUG swiftclient [None req-b6f23013-4a05-4c32-bb8b-39c6a42a7467 tempest-TestMinimumBasicScenario-1371340651 tempest-TestMinimumBasicScenario-1371340651-project-member] RESP STATUS: 201 Created {{(pid=99795) http_log /opt/stack/data/venv/lib/python3.12/site-packages/swiftclient/client.py:161}}
Aug 14 00:34:19.588771 np0000007292 devstack@g-api.service[99795]: DEBUG swiftclient [None req-b6f23013-4a05-4c32-bb8b-39c6a42a7467 tempest-TestMinimumBasicScenario-1371340651 tempest-TestMinimumBasicScenario-1371340651-project-member] RESP HEADERS: {'Date': 'Fri, 14 Aug 2026 00:34:19 GMT', 'Server': 'Apache/2.4.58 (Ubuntu)', 'Content-Type': 'text/html; charset=UTF-8', 'Content-Length': '0', 'Etag': '87617e24a5e30cb3b87fda8c0764838f', 'Last-Modified': 'Fri, 14 Aug 2026 00:34:20 GMT', 'X-Trans-Id': 'tx073b4661c2f2491385257-006a7e628b', 'X-Openstack-Request-Id': 'tx073b4661c2f2491385257-006a7e628b', 'Connection': 'close'} {{(pid=99795) http_log /opt/stack/data/venv/lib/python3.12/site-packages/swiftclient/client.py:162}}
Aug 14 00:34:19.588771 np0000007292 devstack@g-api.service[99795]: DEBUG glance_store._drivers.swift.store [None req-b6f23013-4a05-4c32-bb8b-39c6a42a7467 tempest-TestMinimumBasicScenario-1371340651 tempest-TestMinimumBasicScenario-1371340651-project-member] Wrote chunk 7031dc35-1199-45dd-a3f4-94df424882a6-00001 (1/?) of length 21692416 to Swift returning MD5 of content: 87617e24a5e30cb3b87fda8c0764838f {{(pid=99795) add /opt/stack/data/venv/lib/python3.12/site-packages/glance_store/_drivers/swift/store.py:1059}}
Aug 14 00:34:19.589431 np0000007292 devstack@g-api.service[99795]: DEBUG glance_store._drivers.swift.store [None req-b6f23013-4a05-4c32-bb8b-39c6a42a7467 tempest-TestMinimumBasicScenario-1371340651 tempest-TestMinimumBasicScenario-1371340651-project-member] Not writing zero-length chunk. {{(pid=99795) add /opt/stack/data/venv/lib/python3.12/site-packages/glance_store/_drivers/swift/store.py:1028}}
Aug 14 00:34:19.590774 np0000007292 devstack@g-api.service[99793]: DEBUG glance.api.middleware.version_negotiation [None req-2e633354-9aec-4674-9f5e-bd15e8d0e690 tempest-VolumesCloneTest-1436564745 tempest-VolumesCloneTest-1436564745-project-member] Determining version of request: GET /v2/images/140540b6-4db0-42b4-9969-46b72b7a6906 Accept: */* {{(pid=99793) process_request /opt/stack/glance/glance/api/middleware/version_negotiation.py:44}}
Aug 14 00:34:19.590956 np0000007292 devstack@g-api.service[99793]: DEBUG glance.api.middleware.version_negotiation [None req-2e633354-9aec-4674-9f5e-bd15e8d0e690 tempest-VolumesCloneTest-1436564745 tempest-VolumesCloneTest-1436564745-project-member] Using url versioning {{(pid=99793) process_request /opt/stack/glance/glance/api/middleware/version_negotiation.py:57}}
Aug 14 00:34:19.592646 np0000007292 devstack@g-api.service[99793]: DEBUG glance.api.middleware.version_negotiation [None req-2e633354-9aec-4674-9f5e-bd15e8d0e690 tempest-VolumesCloneTest-1436564745 tempest-VolumesCloneTest-1436564745-project-member] Matched version: v2 {{(pid=99793) process_request /opt/stack/glance/glance/api/middleware/version_negotiation.py:69}}
Aug 14 00:34:19.592646 np0000007292 devstack@g-api.service[99793]: DEBUG glance.api.middleware.version_negotiation [None req-2e633354-9aec-4674-9f5e-bd15e8d0e690 tempest-VolumesCloneTest-1436564745 tempest-VolumesCloneTest-1436564745-project-member] new path /v2/images/140540b6-4db0-42b4-9969-46b72b7a6906 {{(pid=99793) process_request /opt/stack/glance/glance/api/middleware/version_negotiation.py:70}}
Aug 14 00:34:19.606471 np0000007292 devstack@g-api.service[99793]: [pid: 99793|app: 0|req: 146/462] 127.0.0.1 () {44 vars in 1115 bytes} [Fri Aug 14 00:34:19 2026] GET /v2/images/140540b6-4db0-42b4-9969-46b72b7a6906 => generated 1044 bytes in 16 msecs (HTTP/1.1 200) 4 headers in 158 bytes (1 switches on core 0)
Aug 14 00:34:19.621794 np0000007292 devstack@g-api.service[99795]: DEBUG swiftclient [None req-b6f23013-4a05-4c32-bb8b-39c6a42a7467 tempest-TestMinimumBasicScenario-1371340651 tempest-TestMinimumBasicScenario-1371340651-project-member] REQ: curl -i https://10.4.3.102:8080/v1/AUTH_04ed8081eaba4f4b997e791ced3f6f71/glance/7031dc35-1199-45dd-a3f4-94df424882a6 -X PUT -H "X-Object-Manifest: glance/7031dc35-1199-45dd-a3f4-94df424882a6-" -H "X-Auth-Token: gAAAAABqfmKLi7ZP..." -H "Content-Length: 0" {{(pid=99795) http_log /opt/stack/data/venv/lib/python3.12/site-packages/swiftclient/client.py:160}}
Aug 14 00:34:19.621794 np0000007292 devstack@g-api.service[99795]: DEBUG swiftclient [None req-b6f23013-4a05-4c32-bb8b-39c6a42a7467 tempest-TestMinimumBasicScenario-1371340651 tempest-TestMinimumBasicScenario-1371340651-project-member] RESP STATUS: 201 Created {{(pid=99795) http_log /opt/stack/data/venv/lib/python3.12/site-packages/swiftclient/client.py:161}}
Aug 14 00:34:19.621794 np0000007292 devstack@g-api.service[99795]: DEBUG swiftclient [None req-b6f23013-4a05-4c32-bb8b-39c6a42a7467 tempest-TestMinimumBasicScenario-1371340651 tempest-TestMinimumBasicScenario-1371340651-project-member] RESP HEADERS: {'Date': 'Fri, 14 Aug 2026 00:34:19 GMT', 'Server': 'Apache/2.4.58 (Ubuntu)', 'Content-Type': 'text/html; charset=UTF-8', 'Content-Length': '0', 'Etag': 'd41d8cd98f00b204e9800998ecf8427e', 'Last-Modified': 'Fri, 14 Aug 2026 00:34:20 GMT', 'X-Trans-Id': 'tx9aa4573635074a639baec-006a7e628b', 'X-Openstack-Request-Id': 'tx9aa4573635074a639baec-006a7e628b', 'Connection': 'close'} {{(pid=99795) http_log /opt/stack/data/venv/lib/python3.12/site-packages/swiftclient/client.py:162}}
Aug 14 00:34:19.622251 np0000007292 devstack@g-api.service[99795]: INFO glance.location [None req-b6f23013-4a05-4c32-bb8b-39c6a42a7467 tempest-TestMinimumBasicScenario-1371340651 tempest-TestMinimumBasicScenario-1371340651-project-member] Image format matched and virtual size computed: 117440512
Aug 14 00:34:19.622992 np0000007292 devstack@g-api.service[99794]: DEBUG glance.api.middleware.version_negotiation [None req-2e633354-9aec-4674-9f5e-bd15e8d0e690 tempest-VolumesCloneTest-1436564745 tempest-VolumesCloneTest-1436564745-project-member] Determining version of request: GET /v2/schemas/image Accept: */* {{(pid=99794) process_request /opt/stack/glance/glance/api/middleware/version_negotiation.py:44}}
Aug 14 00:34:19.623493 np0000007292 devstack@g-api.service[99794]: DEBUG glance.api.middleware.version_negotiation [None req-2e633354-9aec-4674-9f5e-bd15e8d0e690 tempest-VolumesCloneTest-1436564745 tempest-VolumesCloneTest-1436564745-project-member] Using url versioning {{(pid=99794) process_request /opt/stack/glance/glance/api/middleware/version_negotiation.py:57}}
Aug 14 00:34:19.623741 np0000007292 devstack@g-api.service[99794]: DEBUG glance.api.middleware.version_negotiation [None req-2e633354-9aec-4674-9f5e-bd15e8d0e690 tempest-VolumesCloneTest-1436564745 tempest-VolumesCloneTest-1436564745-project-member] Matched version: v2 {{(pid=99794) process_request /opt/stack/glance/glance/api/middleware/version_negotiation.py:69}}
Aug 14 00:34:19.623825 np0000007292 devstack@g-api.service[99794]: DEBUG glance.api.middleware.version_negotiation [None req-2e633354-9aec-4674-9f5e-bd15e8d0e690 tempest-VolumesCloneTest-1436564745 tempest-VolumesCloneTest-1436564745-project-member] new path /v2/schemas/image {{(pid=99794) process_request /opt/stack/glance/glance/api/middleware/version_negotiation.py:70}}
Aug 14 00:34:19.628974 np0000007292 devstack@g-api.service[99794]: [pid: 99794|app: 0|req: 159/463] 127.0.0.1 () {44 vars in 1055 bytes} [Fri Aug 14 00:34:19 2026] GET /v2/schemas/image => generated 6083 bytes in 7 msecs (HTTP/1.1 200) 4 headers in 158 bytes (1 switches on core 0)
Aug 14 00:34:19.666618 np0000007292 devstack@g-api.service[99795]: DEBUG glance_store.backend [None req-b6f23013-4a05-4c32-bb8b-39c6a42a7467 tempest-TestMinimumBasicScenario-1371340651 tempest-TestMinimumBasicScenario-1371340651-project-member] Attempting to import store swift {{(pid=99795) _load_store /opt/stack/data/venv/lib/python3.12/site-packages/glance_store/backend.py:215}}
Aug 14 00:34:19.668709 np0000007292 devstack@g-api.service[99795]: DEBUG glance_store.capabilities [None req-b6f23013-4a05-4c32-bb8b-39c6a42a7467 tempest-TestMinimumBasicScenario-1371340651 tempest-TestMinimumBasicScenario-1371340651-project-member] Store glance_store._drivers.swift.store.SingleTenantStore doesn't support updating dynamic storage capabilities. Please overwrite 'update_capabilities' method of the store to implement updating logics if needed. {{(pid=99795) update_capabilities /opt/stack/data/venv/lib/python3.12/site-packages/glance_store/capabilities.py:91}}
Aug 14 00:34:19.668855 np0000007292 devstack@g-api.service[99795]: DEBUG glance_store.driver [None req-b6f23013-4a05-4c32-bb8b-39c6a42a7467 tempest-TestMinimumBasicScenario-1371340651 tempest-TestMinimumBasicScenario-1371340651-project-member] Late loading location class glance_store._drivers.swift.store.StoreLocation {{(pid=99795) get_store_location_class /opt/stack/data/venv/lib/python3.12/site-packages/glance_store/driver.py:134}}
Aug 14 00:34:19.669017 np0000007292 devstack@g-api.service[99795]: DEBUG glance_store.location [None req-b6f23013-4a05-4c32-bb8b-39c6a42a7467 tempest-TestMinimumBasicScenario-1371340651 tempest-TestMinimumBasicScenario-1371340651-project-member] Registering scheme swift+https with {'store': , 'location_class': , 'store_entry': 'swift'} {{(pid=99795) register_scheme_map /opt/stack/data/venv/lib/python3.12/site-packages/glance_store/location.py:146}}
Aug 14 00:34:19.669203 np0000007292 devstack@g-api.service[99795]: DEBUG glance_store.location [None req-b6f23013-4a05-4c32-bb8b-39c6a42a7467 tempest-TestMinimumBasicScenario-1371340651 tempest-TestMinimumBasicScenario-1371340651-project-member] Registering scheme swift+https with {'store': , 'location_class': , 'store_entry': 'swift'} {{(pid=99795) register_scheme_map /opt/stack/data/venv/lib/python3.12/site-packages/glance_store/location.py:146}}
