May 26 16:24:43.957787 np0000001436 devstack@g-api.service[102011]: DEBUG glance_store.location [-] Registering scheme swift+config with {'store': , 'location_class': , 'store_entry': 'swift'} {{(pid=102011) register_scheme_map /opt/stack/data/venv/lib/python3.12/site-packages/glance_store/location.py:146}}
May 26 16:24:43.957836 np0000001436 devstack@g-api.service[102011]: DEBUG glance_store.backend [-] Attempting to import store file {{(pid=102011) _load_store /opt/stack/data/venv/lib/python3.12/site-packages/glance_store/backend.py:215}}
May 26 16:24:43.958260 np0000001436 devstack@g-api.service[102011]: DEBUG glance_store.capabilities [-] Store glance_store._drivers.filesystem.Store doesn't support updating dynamic storage capabilities. Please overwrite 'update_capabilities' method of the store to implement updating logics if needed. {{(pid=102011) update_capabilities /opt/stack/data/venv/lib/python3.12/site-packages/glance_store/capabilities.py:91}}
May 26 16:24:43.958315 np0000001436 devstack@g-api.service[102011]: DEBUG glance_store.backend [-] Registering store file with schemes ('file', 'filesystem') {{(pid=102011) create_stores /opt/stack/data/venv/lib/python3.12/site-packages/glance_store/backend.py:261}}
May 26 16:24:43.958357 np0000001436 devstack@g-api.service[102011]: DEBUG glance_store.driver [-] Late loading location class glance_store._drivers.filesystem.StoreLocation {{(pid=102011) get_store_location_class /opt/stack/data/venv/lib/python3.12/site-packages/glance_store/driver.py:134}}
May 26 16:24:43.958415 np0000001436 devstack@g-api.service[102011]: DEBUG glance_store.location [-] Registering scheme file with {'store': , 'location_class': , 'store_entry': 'file'} {{(pid=102011) register_scheme_map /opt/stack/data/venv/lib/python3.12/site-packages/glance_store/location.py:146}}
May 26 16:24:43.958494 np0000001436 devstack@g-api.service[102011]: DEBUG glance_store.location [-] Registering scheme filesystem with {'store': , 'location_class': , 'store_entry': 'file'} {{(pid=102011) register_scheme_map /opt/stack/data/venv/lib/python3.12/site-packages/glance_store/location.py:146}}
May 26 16:24:43.958553 np0000001436 devstack@g-api.service[102011]: DEBUG glance_store.backend [-] Attempting to import store http {{(pid=102011) _load_store /opt/stack/data/venv/lib/python3.12/site-packages/glance_store/backend.py:215}}
May 26 16:24:43.958711 np0000001436 devstack@g-api.service[102011]: DEBUG glance_store.capabilities [-] Store glance_store._drivers.http.Store doesn't support updating dynamic storage capabilities. Please overwrite 'update_capabilities' method of the store to implement updating logics if needed. {{(pid=102011) update_capabilities /opt/stack/data/venv/lib/python3.12/site-packages/glance_store/capabilities.py:91}}
May 26 16:24:43.958791 np0000001436 devstack@g-api.service[102011]: DEBUG glance_store.backend [-] Registering store http with schemes ('http', 'https') {{(pid=102011) create_stores /opt/stack/data/venv/lib/python3.12/site-packages/glance_store/backend.py:261}}
May 26 16:24:43.958832 np0000001436 devstack@g-api.service[102011]: DEBUG glance_store.driver [-] Late loading location class glance_store._drivers.http.StoreLocation {{(pid=102011) get_store_location_class /opt/stack/data/venv/lib/python3.12/site-packages/glance_store/driver.py:134}}
May 26 16:24:43.958900 np0000001436 devstack@g-api.service[102011]: DEBUG glance_store.location [-] Registering scheme http with {'store': , 'location_class': , 'store_entry': 'http'} {{(pid=102011) register_scheme_map /opt/stack/data/venv/lib/python3.12/site-packages/glance_store/location.py:146}}
May 26 16:24:43.958948 np0000001436 devstack@g-api.service[102011]: DEBUG glance_store.location [-] Registering scheme https with {'store': , 'location_class': , 'store_entry': 'http'} {{(pid=102011) register_scheme_map /opt/stack/data/venv/lib/python3.12/site-packages/glance_store/location.py:146}}
May 26 16:24:43.959042 np0000001436 devstack@g-api.service[102011]: DEBUG glance_store.backend [-] Attempting to import store swift {{(pid=102011) _load_store /opt/stack/data/venv/lib/python3.12/site-packages/glance_store/backend.py:215}}
May 26 16:24:43.960057 np0000001436 devstack@g-api.service[102011]: DEBUG glance_store.capabilities [-] Store glance_store._drivers.swift.store.SingleTenantStore doesn't support updating dynamic storage capabilities. Please overwrite 'update_capabilities' method of the store to implement updating logics if needed. {{(pid=102011) update_capabilities /opt/stack/data/venv/lib/python3.12/site-packages/glance_store/capabilities.py:91}}
May 26 16:24:43.960125 np0000001436 devstack@g-api.service[102011]: DEBUG glance_store.driver [-] Late loading location class glance_store._drivers.swift.store.StoreLocation {{(pid=102011) get_store_location_class /opt/stack/data/venv/lib/python3.12/site-packages/glance_store/driver.py:134}}
May 26 16:24:43.960167 np0000001436 devstack@g-api.service[102011]: DEBUG glance_store.location [-] Registering scheme swift+https with {'store': , 'location_class': , 'store_entry': 'swift'} {{(pid=102011) register_scheme_map /opt/stack/data/venv/lib/python3.12/site-packages/glance_store/location.py:146}}
May 26 16:24:43.960208 np0000001436 devstack@g-api.service[102011]: DEBUG glance_store.location [-] Registering scheme swift+https with {'store': , 'location_class': , 'store_entry': 'swift'} {{(pid=102011) register_scheme_map /opt/stack/data/venv/lib/python3.12/site-packages/glance_store/location.py:146}}
May 26 16:24:43.960255 np0000001436 devstack@g-api.service[102011]: DEBUG glance_store.location [-] Registering scheme swift with {'store': , 'location_class': , 'store_entry': 'swift'} {{(pid=102011) register_scheme_map /opt/stack/data/venv/lib/python3.12/site-packages/glance_store/location.py:146}}
May 26 16:24:43.960315 np0000001436 devstack@g-api.service[102011]: DEBUG glance_store.location [-] Registering scheme swift+https with {'store': , 'location_class': , 'store_entry': 'swift'} {{(pid=102011) register_scheme_map /opt/stack/data/venv/lib/python3.12/site-packages/glance_store/location.py:146}}
May 26 16:24:43.960361 np0000001436 devstack@g-api.service[102011]: DEBUG glance_store.location [-] Registering scheme swift with {'store': , 'location_class': , 'store_entry': 'swift'} {{(pid=102011) register_scheme_map /opt/stack/data/venv/lib/python3.12/site-packages/glance_store/location.py:146}}
May 26 16:24:43.960419 np0000001436 devstack@g-api.service[102011]: DEBUG glance_store.location [-] Registering scheme swift+http with {'store': , 'location_class': , 'store_entry': 'swift'} {{(pid=102011) register_scheme_map /opt/stack/data/venv/lib/python3.12/site-packages/glance_store/location.py:146}}
May 26 16:24:43.960481 np0000001436 devstack@g-api.service[102011]: DEBUG glance_store.location [-] Registering scheme swift+https with {'store': , 'location_class': , 'store_entry': 'swift'} {{(pid=102011) register_scheme_map /opt/stack/data/venv/lib/python3.12/site-packages/glance_store/location.py:146}}
May 26 16:24:43.960481 np0000001436 devstack@g-api.service[102011]: DEBUG glance_store.location [-] Registering scheme swift with {'store': , 'location_class': , 'store_entry': 'swift'} {{(pid=102011) register_scheme_map /opt/stack/data/venv/lib/python3.12/site-packages/glance_store/location.py:146}}
May 26 16:24:43.960561 np0000001436 devstack@g-api.service[102011]: DEBUG glance_store.location [-] Registering scheme swift+http with {'store': , 'location_class': , 'store_entry': 'swift'} {{(pid=102011) register_scheme_map /opt/stack/data/venv/lib/python3.12/site-packages/glance_store/location.py:146}}
May 26 16:24:43.960605 np0000001436 devstack@g-api.service[102011]: DEBUG glance_store.location [-] Registering scheme swift+config with {'store': , 'location_class': , 'store_entry': 'swift'} {{(pid=102011) register_scheme_map /opt/stack/data/venv/lib/python3.12/site-packages/glance_store/location.py:146}}
May 26 16:24:43.960879 np0000001436 devstack@g-api.service[102011]: DEBUG glance.sqlite_migration [-] SQLite caching database not located, skipping migration {{(pid=102011) get_db_path /opt/stack/glance/glance/sqlite_migration.py:68}}
May 26 16:24:43.961018 np0000001436 devstack@g-api.service[102011]: WARNING glance.common.wsgi_app [-] Import methods are enabled but staging directory /tmp/staging/ does not exist; Imports will fail!
May 26 16:24:44.085585 np0000001436 devstack@g-api.service[102013]: DEBUG glance.common.config [None req-3cd5addc-2458-4d36-94d8-4a97e287fd7b None None] Loading glance-api-keystone+cachemanagement from /etc/glance/glance-api-paste.ini {{(pid=102013) load_paste_app /opt/stack/glance/glance/common/config.py:758}}
May 26 16:24:44.131447 np0000001436 devstack@g-api.service[102012]: DEBUG glance.common.config [None req-5405e6f3-72d9-4dc1-a8b5-c31fc5e2a45d None None] Loading glance-api-keystone+cachemanagement from /etc/glance/glance-api-paste.ini {{(pid=102012) load_paste_app /opt/stack/glance/glance/common/config.py:758}}
May 26 16:24:44.206783 np0000001436 devstack@g-api.service[102011]: DEBUG glance.common.config [None req-36031955-cb86-4374-a53d-d7bc72180f43 None None] Loading glance-api-keystone+cachemanagement from /etc/glance/glance-api-paste.ini {{(pid=102011) load_paste_app /opt/stack/glance/glance/common/config.py:758}}
May 26 16:24:44.670924 np0000001436 devstack@g-api.service[102013]: INFO glance.image_cache [None req-3cd5addc-2458-4d36-94d8-4a97e287fd7b None None] Image cache loaded driver 'centralized_db'.
May 26 16:24:44.691270 np0000001436 devstack@g-api.service[102012]: INFO glance.image_cache [None req-5405e6f3-72d9-4dc1-a8b5-c31fc5e2a45d None None] Image cache loaded driver 'centralized_db'.
May 26 16:24:44.705968 np0000001436 devstack@g-api.service[102011]: INFO glance.image_cache [None req-36031955-cb86-4374-a53d-d7bc72180f43 None None] Image cache loaded driver 'centralized_db'.
May 26 16:24:44.717497 np0000001436 devstack@g-api.service[102013]: INFO dbcounter [None req-3cd5addc-2458-4d36-94d8-4a97e287fd7b None None] Registered counter for database glance
May 26 16:24:44.739750 np0000001436 devstack@g-api.service[102012]: INFO dbcounter [None req-5405e6f3-72d9-4dc1-a8b5-c31fc5e2a45d None None] Registered counter for database glance
May 26 16:24:44.751559 np0000001436 devstack@g-api.service[102011]: INFO dbcounter [None req-36031955-cb86-4374-a53d-d7bc72180f43 None None] Registered counter for database glance
May 26 16:24:44.761530 np0000001436 devstack@g-api.service[102013]: DEBUG oslo_db.sqlalchemy.engines [None req-3cd5addc-2458-4d36-94d8-4a97e287fd7b None None] MySQL server mode set to STRICT_TRANS_TABLES,STRICT_ALL_TABLES,NO_ZERO_IN_DATE,NO_ZERO_DATE,ERROR_FOR_DIVISION_BY_ZERO,TRADITIONAL,NO_ENGINE_SUBSTITUTION {{(pid=102013) _check_effective_sql_mode /opt/stack/data/venv/lib/python3.12/site-packages/oslo_db/sqlalchemy/engines.py:325}}
May 26 16:24:44.782382 np0000001436 devstack@g-api.service[102013]: DEBUG dbcounter [-] [102013] Writer thread running {{(pid=102013) stat_writer /opt/stack/data/venv/lib/python3.12/site-packages/dbcounter.py:102}}
May 26 16:24:44.791708 np0000001436 devstack@g-api.service[102012]: DEBUG oslo_db.sqlalchemy.engines [None req-5405e6f3-72d9-4dc1-a8b5-c31fc5e2a45d None None] MySQL server mode set to STRICT_TRANS_TABLES,STRICT_ALL_TABLES,NO_ZERO_IN_DATE,NO_ZERO_DATE,ERROR_FOR_DIVISION_BY_ZERO,TRADITIONAL,NO_ENGINE_SUBSTITUTION {{(pid=102012) _check_effective_sql_mode /opt/stack/data/venv/lib/python3.12/site-packages/oslo_db/sqlalchemy/engines.py:325}}
May 26 16:24:44.793657 np0000001436 devstack@g-api.service[102013]: INFO glance.image_cache [None req-3cd5addc-2458-4d36-94d8-4a97e287fd7b None None] Image cache loaded driver 'centralized_db'.
May 26 16:24:44.795107 np0000001436 devstack@g-api.service[102011]: DEBUG oslo_db.sqlalchemy.engines [None req-36031955-cb86-4374-a53d-d7bc72180f43 None None] MySQL server mode set to STRICT_TRANS_TABLES,STRICT_ALL_TABLES,NO_ZERO_IN_DATE,NO_ZERO_DATE,ERROR_FOR_DIVISION_BY_ZERO,TRADITIONAL,NO_ENGINE_SUBSTITUTION {{(pid=102011) _check_effective_sql_mode /opt/stack/data/venv/lib/python3.12/site-packages/oslo_db/sqlalchemy/engines.py:325}}
May 26 16:24:44.800164 np0000001436 devstack@g-api.service[102013]: DEBUG glance.image_cache.drivers.centralized_db [None req-3cd5addc-2458-4d36-94d8-4a97e287fd7b None None] Node reference is already recorded, ignoring it {{(pid=102013) configure /opt/stack/glance/glance/image_cache/drivers/centralized_db.py:71}}
May 26 16:24:44.804620 np0000001436 devstack@g-api.service[102013]: DEBUG glance.api.v2.cached_images [None req-3cd5addc-2458-4d36-94d8-4a97e287fd7b None None] Started cache worker thread {{(pid=102013) __init__ /opt/stack/glance/glance/api/v2/cached_images.py:69}}
May 26 16:24:44.805265 np0000001436 devstack@g-api.service[102013]: INFO glance.image_cache [None req-3cd5addc-2458-4d36-94d8-4a97e287fd7b None None] Image cache loaded driver 'centralized_db'.
May 26 16:24:44.812455 np0000001436 devstack@g-api.service[102013]: DEBUG glance.image_cache.drivers.centralized_db [None req-3cd5addc-2458-4d36-94d8-4a97e287fd7b None None] Node reference is already recorded, ignoring it {{(pid=102013) configure /opt/stack/glance/glance/image_cache/drivers/centralized_db.py:71}}
May 26 16:24:44.816313 np0000001436 devstack@g-api.service[102011]: DEBUG dbcounter [-] [102011] Writer thread running {{(pid=102011) stat_writer /opt/stack/data/venv/lib/python3.12/site-packages/dbcounter.py:102}}
May 26 16:24:44.816693 np0000001436 devstack@g-api.service[102013]: INFO glance.api.middleware.cache_manage [None req-3cd5addc-2458-4d36-94d8-4a97e287fd7b None None] Initialized image cache management middleware
May 26 16:24:44.816844 np0000001436 devstack@g-api.service[102013]: INFO glance.image_cache [None req-3cd5addc-2458-4d36-94d8-4a97e287fd7b None None] Image cache loaded driver 'centralized_db'.
May 26 16:24:44.818501 np0000001436 devstack@g-api.service[102011]: DEBUG glance.image_cache.drivers.centralized_db [None req-36031955-cb86-4374-a53d-d7bc72180f43 None None] Node reference is already recorded, ignoring it {{(pid=102011) configure /opt/stack/glance/glance/image_cache/drivers/centralized_db.py:71}}
May 26 16:24:44.820207 np0000001436 devstack@g-api.service[102012]: DEBUG dbcounter [-] [102012] Writer thread running {{(pid=102012) stat_writer /opt/stack/data/venv/lib/python3.12/site-packages/dbcounter.py:102}}
May 26 16:24:44.822787 np0000001436 devstack@g-api.service[102012]: DEBUG glance.image_cache.drivers.centralized_db [None req-5405e6f3-72d9-4dc1-a8b5-c31fc5e2a45d None None] Node reference is already recorded, ignoring it {{(pid=102012) configure /opt/stack/glance/glance/image_cache/drivers/centralized_db.py:71}}
May 26 16:24:44.823000 np0000001436 devstack@g-api.service[102013]: DEBUG glance.image_cache.drivers.centralized_db [None req-3cd5addc-2458-4d36-94d8-4a97e287fd7b None None] Node reference is already recorded, ignoring it {{(pid=102013) configure /opt/stack/glance/glance/image_cache/drivers/centralized_db.py:71}}
May 26 16:24:44.823453 np0000001436 devstack@g-api.service[102011]: INFO glance.image_cache [None req-36031955-cb86-4374-a53d-d7bc72180f43 None None] Image cache loaded driver 'centralized_db'.
May 26 16:24:44.826523 np0000001436 devstack@g-api.service[102013]: INFO glance.api.middleware.cache [None req-3cd5addc-2458-4d36-94d8-4a97e287fd7b None None] Initialized image cache middleware
May 26 16:24:44.828148 np0000001436 devstack@g-api.service[102012]: INFO glance.image_cache [None req-5405e6f3-72d9-4dc1-a8b5-c31fc5e2a45d None None] Image cache loaded driver 'centralized_db'.
May 26 16:24:44.829535 np0000001436 devstack@g-api.service[102011]: DEBUG glance.image_cache.drivers.centralized_db [None req-36031955-cb86-4374-a53d-d7bc72180f43 None None] Node reference is already recorded, ignoring it {{(pid=102011) configure /opt/stack/glance/glance/image_cache/drivers/centralized_db.py:71}}
May 26 16:24:44.834403 np0000001436 devstack@g-api.service[102012]: DEBUG glance.image_cache.drivers.centralized_db [None req-5405e6f3-72d9-4dc1-a8b5-c31fc5e2a45d None None] Node reference is already recorded, ignoring it {{(pid=102012) configure /opt/stack/glance/glance/image_cache/drivers/centralized_db.py:71}}
May 26 16:24:44.835392 np0000001436 devstack@g-api.service[102011]: DEBUG glance.api.v2.cached_images [None req-36031955-cb86-4374-a53d-d7bc72180f43 None None] Started cache worker thread {{(pid=102011) __init__ /opt/stack/glance/glance/api/v2/cached_images.py:69}}
May 26 16:24:44.836149 np0000001436 devstack@g-api.service[102011]: INFO glance.image_cache [None req-36031955-cb86-4374-a53d-d7bc72180f43 None None] Image cache loaded driver 'centralized_db'.
May 26 16:24:44.837112 np0000001436 devstack@g-api.service[102013]: DEBUG glance.common.config [None req-3cd5addc-2458-4d36-94d8-4a97e287fd7b None None] ******************************************************************************** {{(pid=102013) log_opt_values /opt/stack/data/venv/lib/python3.12/site-packages/oslo_config/cfg.py:3229}}
May 26 16:24:44.837201 np0000001436 devstack@g-api.service[102013]: DEBUG glance.common.config [None req-3cd5addc-2458-4d36-94d8-4a97e287fd7b None None] Configuration options gathered from: {{(pid=102013) log_opt_values /opt/stack/data/venv/lib/python3.12/site-packages/oslo_config/cfg.py:3230}}
May 26 16:24:44.837507 np0000001436 devstack@g-api.service[102013]: DEBUG glance.common.config [None req-3cd5addc-2458-4d36-94d8-4a97e287fd7b None None] command line args: [] {{(pid=102013) log_opt_values /opt/stack/data/venv/lib/python3.12/site-packages/oslo_config/cfg.py:3231}}
May 26 16:24:44.837673 np0000001436 devstack@g-api.service[102013]: DEBUG glance.common.config [None req-3cd5addc-2458-4d36-94d8-4a97e287fd7b None None] config files: ['/etc/glance/glance-image-import.conf', '/etc/glance/glance-api.conf'] {{(pid=102013) log_opt_values /opt/stack/data/venv/lib/python3.12/site-packages/oslo_config/cfg.py:3232}}
May 26 16:24:44.837780 np0000001436 devstack@g-api.service[102013]: DEBUG glance.common.config [None req-3cd5addc-2458-4d36-94d8-4a97e287fd7b None None] ================================================================================ {{(pid=102013) log_opt_values /opt/stack/data/venv/lib/python3.12/site-packages/oslo_config/cfg.py:3237}}
May 26 16:24:44.837885 np0000001436 devstack@g-api.service[102013]: DEBUG glance.common.config [None req-3cd5addc-2458-4d36-94d8-4a97e287fd7b None None] allow_anonymous_access = False {{(pid=102013) log_opt_values /opt/stack/data/venv/lib/python3.12/site-packages/oslo_config/cfg.py:3245}}
May 26 16:24:44.837980 np0000001436 devstack@g-api.service[102013]: DEBUG glance.common.config [None req-3cd5addc-2458-4d36-94d8-4a97e287fd7b None None] api_limit_max = 1000 {{(pid=102013) log_opt_values /opt/stack/data/venv/lib/python3.12/site-packages/oslo_config/cfg.py:3245}}
May 26 16:24:44.838093 np0000001436 devstack@g-api.service[102013]: DEBUG glance.common.config [None req-3cd5addc-2458-4d36-94d8-4a97e287fd7b None None] backlog = 4096 {{(pid=102013) log_opt_values /opt/stack/data/venv/lib/python3.12/site-packages/oslo_config/cfg.py:3245}}
May 26 16:24:44.838233 np0000001436 devstack@g-api.service[102013]: DEBUG glance.common.config [None req-3cd5addc-2458-4d36-94d8-4a97e287fd7b None None] bind_host = 0.0.0.0 {{(pid=102013) log_opt_values /opt/stack/data/venv/lib/python3.12/site-packages/oslo_config/cfg.py:3245}}
May 26 16:24:44.838345 np0000001436 devstack@g-api.service[102013]: DEBUG glance.common.config [None req-3cd5addc-2458-4d36-94d8-4a97e287fd7b None None] bind_port = 19292 {{(pid=102013) log_opt_values /opt/stack/data/venv/lib/python3.12/site-packages/oslo_config/cfg.py:3245}}
May 26 16:24:44.838522 np0000001436 devstack@g-api.service[102013]: DEBUG glance.common.config [None req-3cd5addc-2458-4d36-94d8-4a97e287fd7b None None] client_socket_timeout = 900 {{(pid=102013) log_opt_values /opt/stack/data/venv/lib/python3.12/site-packages/oslo_config/cfg.py:3245}}
May 26 16:24:44.838603 np0000001436 devstack@g-api.service[102013]: DEBUG glance.common.config [None req-3cd5addc-2458-4d36-94d8-4a97e287fd7b None None] config_dir = [] {{(pid=102013) log_opt_values /opt/stack/data/venv/lib/python3.12/site-packages/oslo_config/cfg.py:3245}}
May 26 16:24:44.838674 np0000001436 devstack@g-api.service[102013]: DEBUG glance.common.config [None req-3cd5addc-2458-4d36-94d8-4a97e287fd7b None None] config_file = ['/etc/glance/glance-image-import.conf', '/etc/glance/glance-api.conf'] {{(pid=102013) log_opt_values /opt/stack/data/venv/lib/python3.12/site-packages/oslo_config/cfg.py:3245}}
May 26 16:24:44.838785 np0000001436 devstack@g-api.service[102013]: DEBUG glance.common.config [None req-3cd5addc-2458-4d36-94d8-4a97e287fd7b None None] config_source = [] {{(pid=102013) log_opt_values /opt/stack/data/venv/lib/python3.12/site-packages/oslo_config/cfg.py:3245}}
May 26 16:24:44.838884 np0000001436 devstack@g-api.service[102013]: DEBUG glance.common.config [None req-3cd5addc-2458-4d36-94d8-4a97e287fd7b None None] control_exchange = glance {{(pid=102013) log_opt_values /opt/stack/data/venv/lib/python3.12/site-packages/oslo_config/cfg.py:3245}}
May 26 16:24:44.838954 np0000001436 devstack@g-api.service[102013]: DEBUG glance.common.config [None req-3cd5addc-2458-4d36-94d8-4a97e287fd7b None None] debug = True {{(pid=102013) log_opt_values /opt/stack/data/venv/lib/python3.12/site-packages/oslo_config/cfg.py:3245}}
May 26 16:24:44.839110 np0000001436 devstack@g-api.service[102013]: DEBUG glance.common.config [None req-3cd5addc-2458-4d36-94d8-4a97e287fd7b None None] default_log_levels = ['amqp=WARN', 'boto=WARN', 'sqlalchemy=WARN', 'suds=INFO', 'oslo.messaging=INFO', 'oslo_messaging=INFO', 'iso8601=WARN', 'requests.packages.urllib3.connectionpool=WARN', 'urllib3.connectionpool=WARN', 'websocket=WARN', 'requests.packages.urllib3.util.retry=WARN', 'urllib3.util.retry=WARN', 'keystonemiddleware=WARN', 'routes.middleware=WARN', 'stevedore=WARN', 'taskflow=WARN', 'keystoneauth=WARN', 'oslo.cache=INFO', 'oslo_policy=INFO', 'dogpile.core.dogpile=INFO'] {{(pid=102013) log_opt_values /opt/stack/data/venv/lib/python3.12/site-packages/oslo_config/cfg.py:3245}}
May 26 16:24:44.839218 np0000001436 devstack@g-api.service[102013]: DEBUG glance.common.config [None req-3cd5addc-2458-4d36-94d8-4a97e287fd7b None None] default_publisher_id = image.localhost {{(pid=102013) log_opt_values /opt/stack/data/venv/lib/python3.12/site-packages/oslo_config/cfg.py:3245}}
May 26 16:24:44.839308 np0000001436 devstack@g-api.service[102013]: DEBUG glance.common.config [None req-3cd5addc-2458-4d36-94d8-4a97e287fd7b None None] delayed_delete = False {{(pid=102013) log_opt_values /opt/stack/data/venv/lib/python3.12/site-packages/oslo_config/cfg.py:3245}}
May 26 16:24:44.839432 np0000001436 devstack@g-api.service[102013]: DEBUG glance.common.config [None req-3cd5addc-2458-4d36-94d8-4a97e287fd7b None None] digest_algorithm = sha256 {{(pid=102013) log_opt_values /opt/stack/data/venv/lib/python3.12/site-packages/oslo_config/cfg.py:3245}}
May 26 16:24:44.839532 np0000001436 devstack@g-api.service[102013]: DEBUG glance.common.config [None req-3cd5addc-2458-4d36-94d8-4a97e287fd7b None None] disabled_notifications = [] {{(pid=102013) log_opt_values /opt/stack/data/venv/lib/python3.12/site-packages/oslo_config/cfg.py:3245}}
May 26 16:24:44.839645 np0000001436 devstack@g-api.service[102013]: DEBUG glance.common.config [None req-3cd5addc-2458-4d36-94d8-4a97e287fd7b None None] do_secure_hash = True {{(pid=102013) log_opt_values /opt/stack/data/venv/lib/python3.12/site-packages/oslo_config/cfg.py:3245}}
May 26 16:24:44.839759 np0000001436 devstack@g-api.service[102013]: DEBUG glance.common.config [None req-3cd5addc-2458-4d36-94d8-4a97e287fd7b None None] enabled_backends = None {{(pid=102013) log_opt_values /opt/stack/data/venv/lib/python3.12/site-packages/oslo_config/cfg.py:3245}}
May 26 16:24:44.839860 np0000001436 devstack@g-api.service[102013]: DEBUG glance.common.config [None req-3cd5addc-2458-4d36-94d8-4a97e287fd7b None None] enabled_import_methods = ['glance-direct', 'web-download', 'copy-image'] {{(pid=102013) log_opt_values /opt/stack/data/venv/lib/python3.12/site-packages/oslo_config/cfg.py:3245}}
May 26 16:24:44.839950 np0000001436 devstack@g-api.service[102013]: DEBUG glance.common.config [None req-3cd5addc-2458-4d36-94d8-4a97e287fd7b None None] fatal_deprecations = False {{(pid=102013) log_opt_values /opt/stack/data/venv/lib/python3.12/site-packages/oslo_config/cfg.py:3245}}
May 26 16:24:44.840050 np0000001436 devstack@g-api.service[102013]: DEBUG glance.common.config [None req-3cd5addc-2458-4d36-94d8-4a97e287fd7b None None] hashing_algorithm = sha512 {{(pid=102013) log_opt_values /opt/stack/data/venv/lib/python3.12/site-packages/oslo_config/cfg.py:3245}}
May 26 16:24:44.840178 np0000001436 devstack@g-api.service[102013]: DEBUG glance.common.config [None req-3cd5addc-2458-4d36-94d8-4a97e287fd7b None None] http_keepalive = True {{(pid=102013) log_opt_values /opt/stack/data/venv/lib/python3.12/site-packages/oslo_config/cfg.py:3245}}
May 26 16:24:44.840272 np0000001436 devstack@g-api.service[102013]: DEBUG glance.common.config [None req-3cd5addc-2458-4d36-94d8-4a97e287fd7b None None] http_retries = 3 {{(pid=102013) log_opt_values /opt/stack/data/venv/lib/python3.12/site-packages/oslo_config/cfg.py:3245}}
May 26 16:24:44.840368 np0000001436 devstack@g-api.service[102013]: DEBUG glance.common.config [None req-3cd5addc-2458-4d36-94d8-4a97e287fd7b None None] image_cache_dir = /opt/stack/data/glance/cache/ {{(pid=102013) log_opt_values /opt/stack/data/venv/lib/python3.12/site-packages/oslo_config/cfg.py:3245}}
May 26 16:24:44.840510 np0000001436 devstack@g-api.service[102012]: DEBUG glance.api.v2.cached_images [None req-5405e6f3-72d9-4dc1-a8b5-c31fc5e2a45d None None] Started cache worker thread {{(pid=102012) __init__ /opt/stack/glance/glance/api/v2/cached_images.py:69}}
May 26 16:24:44.840570 np0000001436 devstack@g-api.service[102013]: DEBUG glance.common.config [None req-3cd5addc-2458-4d36-94d8-4a97e287fd7b None None] image_cache_driver = centralized_db {{(pid=102013) log_opt_values /opt/stack/data/venv/lib/python3.12/site-packages/oslo_config/cfg.py:3245}}
May 26 16:24:44.840614 np0000001436 devstack@g-api.service[102013]: DEBUG glance.common.config [None req-3cd5addc-2458-4d36-94d8-4a97e287fd7b None None] image_cache_max_size = 10737418240 {{(pid=102013) log_opt_values /opt/stack/data/venv/lib/python3.12/site-packages/oslo_config/cfg.py:3245}}
May 26 16:24:44.840709 np0000001436 devstack@g-api.service[102013]: DEBUG glance.common.config [None req-3cd5addc-2458-4d36-94d8-4a97e287fd7b None None] image_cache_sqlite_db = cache.db {{(pid=102013) log_opt_values /opt/stack/data/venv/lib/python3.12/site-packages/oslo_config/cfg.py:3245}}
May 26 16:24:44.840818 np0000001436 devstack@g-api.service[102013]: DEBUG glance.common.config [None req-3cd5addc-2458-4d36-94d8-4a97e287fd7b None None] image_cache_stall_time = 86400 {{(pid=102013) log_opt_values /opt/stack/data/venv/lib/python3.12/site-packages/oslo_config/cfg.py:3245}}
May 26 16:24:44.840905 np0000001436 devstack@g-api.service[102013]: DEBUG glance.common.config [None req-3cd5addc-2458-4d36-94d8-4a97e287fd7b None None] image_location_quota = 10 {{(pid=102013) log_opt_values /opt/stack/data/venv/lib/python3.12/site-packages/oslo_config/cfg.py:3245}}
May 26 16:24:44.840995 np0000001436 devstack@g-api.service[102013]: DEBUG glance.common.config [None req-3cd5addc-2458-4d36-94d8-4a97e287fd7b None None] image_member_quota = 128 {{(pid=102013) log_opt_values /opt/stack/data/venv/lib/python3.12/site-packages/oslo_config/cfg.py:3245}}
May 26 16:24:44.841080 np0000001436 devstack@g-api.service[102013]: DEBUG glance.common.config [None req-3cd5addc-2458-4d36-94d8-4a97e287fd7b None None] image_property_quota = 128 {{(pid=102013) log_opt_values /opt/stack/data/venv/lib/python3.12/site-packages/oslo_config/cfg.py:3245}}
May 26 16:24:44.841127 np0000001436 devstack@g-api.service[102012]: INFO glance.image_cache [None req-5405e6f3-72d9-4dc1-a8b5-c31fc5e2a45d None None] Image cache loaded driver 'centralized_db'.
May 26 16:24:44.841165 np0000001436 devstack@g-api.service[102013]: DEBUG glance.common.config [None req-3cd5addc-2458-4d36-94d8-4a97e287fd7b None None] image_size_cap = 1099511627776 {{(pid=102013) log_opt_values /opt/stack/data/venv/lib/python3.12/site-packages/oslo_config/cfg.py:3245}}
May 26 16:24:44.841268 np0000001436 devstack@g-api.service[102013]: DEBUG glance.common.config [None req-3cd5addc-2458-4d36-94d8-4a97e287fd7b None None] image_tag_quota = 128 {{(pid=102013) log_opt_values /opt/stack/data/venv/lib/python3.12/site-packages/oslo_config/cfg.py:3245}}
May 26 16:24:44.841377 np0000001436 devstack@g-api.service[102013]: DEBUG glance.common.config [None req-3cd5addc-2458-4d36-94d8-4a97e287fd7b None None] instance_format = [instance: %(uuid)s] {{(pid=102013) log_opt_values /opt/stack/data/venv/lib/python3.12/site-packages/oslo_config/cfg.py:3245}}
May 26 16:24:44.841510 np0000001436 devstack@g-api.service[102013]: DEBUG glance.common.config [None req-3cd5addc-2458-4d36-94d8-4a97e287fd7b None None] instance_uuid_format = [instance: %(uuid)s] {{(pid=102013) log_opt_values /opt/stack/data/venv/lib/python3.12/site-packages/oslo_config/cfg.py:3245}}
May 26 16:24:44.841629 np0000001436 devstack@g-api.service[102013]: DEBUG glance.common.config [None req-3cd5addc-2458-4d36-94d8-4a97e287fd7b None None] limit_param_default = 25 {{(pid=102013) log_opt_values /opt/stack/data/venv/lib/python3.12/site-packages/oslo_config/cfg.py:3245}}
May 26 16:24:44.841778 np0000001436 devstack@g-api.service[102013]: DEBUG glance.common.config [None req-3cd5addc-2458-4d36-94d8-4a97e287fd7b None None] log_color = False {{(pid=102013) log_opt_values /opt/stack/data/venv/lib/python3.12/site-packages/oslo_config/cfg.py:3245}}
May 26 16:24:44.841882 np0000001436 devstack@g-api.service[102013]: DEBUG glance.common.config [None req-3cd5addc-2458-4d36-94d8-4a97e287fd7b None None] log_config_append = None {{(pid=102013) log_opt_values /opt/stack/data/venv/lib/python3.12/site-packages/oslo_config/cfg.py:3245}}
May 26 16:24:44.841984 np0000001436 devstack@g-api.service[102013]: DEBUG glance.common.config [None req-3cd5addc-2458-4d36-94d8-4a97e287fd7b None None] log_date_format = %Y-%m-%d %H:%M:%S {{(pid=102013) log_opt_values /opt/stack/data/venv/lib/python3.12/site-packages/oslo_config/cfg.py:3245}}
May 26 16:24:44.842084 np0000001436 devstack@g-api.service[102013]: DEBUG glance.common.config [None req-3cd5addc-2458-4d36-94d8-4a97e287fd7b None None] log_dir = None {{(pid=102013) log_opt_values /opt/stack/data/venv/lib/python3.12/site-packages/oslo_config/cfg.py:3245}}
May 26 16:24:44.842210 np0000001436 devstack@g-api.service[102013]: DEBUG glance.common.config [None req-3cd5addc-2458-4d36-94d8-4a97e287fd7b None None] log_file = None {{(pid=102013) log_opt_values /opt/stack/data/venv/lib/python3.12/site-packages/oslo_config/cfg.py:3245}}
May 26 16:24:44.842310 np0000001436 devstack@g-api.service[102011]: DEBUG glance.image_cache.drivers.centralized_db [None req-36031955-cb86-4374-a53d-d7bc72180f43 None None] Node reference is already recorded, ignoring it {{(pid=102011) configure /opt/stack/glance/glance/image_cache/drivers/centralized_db.py:71}}
May 26 16:24:44.842347 np0000001436 devstack@g-api.service[102013]: DEBUG glance.common.config [None req-3cd5addc-2458-4d36-94d8-4a97e287fd7b None None] log_rotate_interval = 1 {{(pid=102013) log_opt_values /opt/stack/data/venv/lib/python3.12/site-packages/oslo_config/cfg.py:3245}}
May 26 16:24:44.842414 np0000001436 devstack@g-api.service[102013]: DEBUG glance.common.config [None req-3cd5addc-2458-4d36-94d8-4a97e287fd7b None None] log_rotate_interval_type = days {{(pid=102013) log_opt_values /opt/stack/data/venv/lib/python3.12/site-packages/oslo_config/cfg.py:3245}}
May 26 16:24:44.842557 np0000001436 devstack@g-api.service[102013]: DEBUG glance.common.config [None req-3cd5addc-2458-4d36-94d8-4a97e287fd7b None None] log_rotation_type = none {{(pid=102013) log_opt_values /opt/stack/data/venv/lib/python3.12/site-packages/oslo_config/cfg.py:3245}}
May 26 16:24:44.842634 np0000001436 devstack@g-api.service[102013]: DEBUG glance.common.config [None req-3cd5addc-2458-4d36-94d8-4a97e287fd7b None None] logging_context_format_string = %(color)s%(levelname)s %(name)s [%(global_request_id)s %(request_id)s %(project_name)s %(user_name)s%(color)s] %(instance)s%(color)s%(message)s {{(pid=102013) log_opt_values /opt/stack/data/venv/lib/python3.12/site-packages/oslo_config/cfg.py:3245}}
May 26 16:24:44.842698 np0000001436 devstack@g-api.service[102013]: DEBUG glance.common.config [None req-3cd5addc-2458-4d36-94d8-4a97e287fd7b None None] logging_debug_format_suffix = {{(pid=%(process)d) %(funcName)s %(pathname)s:%(lineno)d}} {{(pid=102013) log_opt_values /opt/stack/data/venv/lib/python3.12/site-packages/oslo_config/cfg.py:3245}}
May 26 16:24:44.842812 np0000001436 devstack@g-api.service[102013]: DEBUG glance.common.config [None req-3cd5addc-2458-4d36-94d8-4a97e287fd7b None None] logging_default_format_string = %(color)s%(levelname)s %(name)s [-%(color)s] %(instance)s%(color)s%(message)s {{(pid=102013) log_opt_values /opt/stack/data/venv/lib/python3.12/site-packages/oslo_config/cfg.py:3245}}
May 26 16:24:44.842913 np0000001436 devstack@g-api.service[102013]: DEBUG glance.common.config [None req-3cd5addc-2458-4d36-94d8-4a97e287fd7b None None] logging_exception_prefix = ERROR %(name)s %(instance)s {{(pid=102013) log_opt_values /opt/stack/data/venv/lib/python3.12/site-packages/oslo_config/cfg.py:3245}}
May 26 16:24:44.842982 np0000001436 devstack@g-api.service[102013]: DEBUG glance.common.config [None req-3cd5addc-2458-4d36-94d8-4a97e287fd7b None None] logging_user_identity_format = %(user)s %(project)s %(domain)s %(system_scope)s %(user_domain)s %(project_domain)s {{(pid=102013) log_opt_values /opt/stack/data/venv/lib/python3.12/site-packages/oslo_config/cfg.py:3245}}
May 26 16:24:44.843070 np0000001436 devstack@g-api.service[102013]: DEBUG glance.common.config [None req-3cd5addc-2458-4d36-94d8-4a97e287fd7b None None] max_header_line = 16384 {{(pid=102013) log_opt_values /opt/stack/data/venv/lib/python3.12/site-packages/oslo_config/cfg.py:3245}}
May 26 16:24:44.843157 np0000001436 devstack@g-api.service[102013]: DEBUG glance.common.config [None req-3cd5addc-2458-4d36-94d8-4a97e287fd7b None None] max_logfile_count = 30 {{(pid=102013) log_opt_values /opt/stack/data/venv/lib/python3.12/site-packages/oslo_config/cfg.py:3245}}
May 26 16:24:44.843262 np0000001436 devstack@g-api.service[102013]: DEBUG glance.common.config [None req-3cd5addc-2458-4d36-94d8-4a97e287fd7b None None] max_logfile_size_mb = 200 {{(pid=102013) log_opt_values /opt/stack/data/venv/lib/python3.12/site-packages/oslo_config/cfg.py:3245}}
May 26 16:24:44.843352 np0000001436 devstack@g-api.service[102013]: DEBUG glance.common.config [None req-3cd5addc-2458-4d36-94d8-4a97e287fd7b None None] max_request_id_length = 64 {{(pid=102013) log_opt_values /opt/stack/data/venv/lib/python3.12/site-packages/oslo_config/cfg.py:3245}}
May 26 16:24:44.843468 np0000001436 devstack@g-api.service[102013]: DEBUG glance.common.config [None req-3cd5addc-2458-4d36-94d8-4a97e287fd7b None None] metadata_encryption_key = **** {{(pid=102013) log_opt_values /opt/stack/data/venv/lib/python3.12/site-packages/oslo_config/cfg.py:3245}}
May 26 16:24:44.843574 np0000001436 devstack@g-api.service[102013]: DEBUG glance.common.config [None req-3cd5addc-2458-4d36-94d8-4a97e287fd7b None None] node_staging_uri = file:///tmp/staging/ {{(pid=102013) log_opt_values /opt/stack/data/venv/lib/python3.12/site-packages/oslo_config/cfg.py:3245}}
May 26 16:24:44.843683 np0000001436 devstack@g-api.service[102013]: DEBUG glance.common.config [None req-3cd5addc-2458-4d36-94d8-4a97e287fd7b None None] property_protection_file = None {{(pid=102013) log_opt_values /opt/stack/data/venv/lib/python3.12/site-packages/oslo_config/cfg.py:3245}}
May 26 16:24:44.843792 np0000001436 devstack@g-api.service[102013]: DEBUG glance.common.config [None req-3cd5addc-2458-4d36-94d8-4a97e287fd7b None None] property_protection_rule_format = roles {{(pid=102013) log_opt_values /opt/stack/data/venv/lib/python3.12/site-packages/oslo_config/cfg.py:3245}}
May 26 16:24:44.843884 np0000001436 devstack@g-api.service[102013]: DEBUG glance.common.config [None req-3cd5addc-2458-4d36-94d8-4a97e287fd7b None None] public_endpoint = https://10.4.3.176/image {{(pid=102013) log_opt_values /opt/stack/data/venv/lib/python3.12/site-packages/oslo_config/cfg.py:3245}}
May 26 16:24:44.843972 np0000001436 devstack@g-api.service[102013]: DEBUG glance.common.config [None req-3cd5addc-2458-4d36-94d8-4a97e287fd7b None None] publish_errors = False {{(pid=102013) log_opt_values /opt/stack/data/venv/lib/python3.12/site-packages/oslo_config/cfg.py:3245}}
May 26 16:24:44.844060 np0000001436 devstack@g-api.service[102013]: DEBUG glance.common.config [None req-3cd5addc-2458-4d36-94d8-4a97e287fd7b None None] pydev_worker_debug_host = None {{(pid=102013) log_opt_values /opt/stack/data/venv/lib/python3.12/site-packages/oslo_config/cfg.py:3245}}
May 26 16:24:44.844186 np0000001436 devstack@g-api.service[102013]: DEBUG glance.common.config [None req-3cd5addc-2458-4d36-94d8-4a97e287fd7b None None] pydev_worker_debug_port = 5678 {{(pid=102013) log_opt_values /opt/stack/data/venv/lib/python3.12/site-packages/oslo_config/cfg.py:3245}}
May 26 16:24:44.844288 np0000001436 devstack@g-api.service[102013]: DEBUG glance.common.config [None req-3cd5addc-2458-4d36-94d8-4a97e287fd7b None None] rate_limit_burst = 0 {{(pid=102013) log_opt_values /opt/stack/data/venv/lib/python3.12/site-packages/oslo_config/cfg.py:3245}}
May 26 16:24:44.844385 np0000001436 devstack@g-api.service[102013]: DEBUG glance.common.config [None req-3cd5addc-2458-4d36-94d8-4a97e287fd7b None None] rate_limit_except_level = CRITICAL {{(pid=102013) log_opt_values /opt/stack/data/venv/lib/python3.12/site-packages/oslo_config/cfg.py:3245}}
May 26 16:24:44.844527 np0000001436 devstack@g-api.service[102013]: DEBUG glance.common.config [None req-3cd5addc-2458-4d36-94d8-4a97e287fd7b None None] rate_limit_interval = 0 {{(pid=102013) log_opt_values /opt/stack/data/venv/lib/python3.12/site-packages/oslo_config/cfg.py:3245}}
May 26 16:24:44.844625 np0000001436 devstack@g-api.service[102013]: DEBUG glance.common.config [None req-3cd5addc-2458-4d36-94d8-4a97e287fd7b None None] scrub_pool_size = 1 {{(pid=102013) log_opt_values /opt/stack/data/venv/lib/python3.12/site-packages/oslo_config/cfg.py:3245}}
May 26 16:24:44.844711 np0000001436 devstack@g-api.service[102013]: DEBUG glance.common.config [None req-3cd5addc-2458-4d36-94d8-4a97e287fd7b None None] scrub_time = 0 {{(pid=102013) log_opt_values /opt/stack/data/venv/lib/python3.12/site-packages/oslo_config/cfg.py:3245}}
May 26 16:24:44.844808 np0000001436 devstack@g-api.service[102013]: DEBUG glance.common.config [None req-3cd5addc-2458-4d36-94d8-4a97e287fd7b None None] shell_completion = None {{(pid=102013) log_opt_values /opt/stack/data/venv/lib/python3.12/site-packages/oslo_config/cfg.py:3245}}
May 26 16:24:44.844902 np0000001436 devstack@g-api.service[102013]: DEBUG glance.common.config [None req-3cd5addc-2458-4d36-94d8-4a97e287fd7b None None] show_image_direct_url = False {{(pid=102013) log_opt_values /opt/stack/data/venv/lib/python3.12/site-packages/oslo_config/cfg.py:3245}}
May 26 16:24:44.845096 np0000001436 devstack@g-api.service[102013]: WARNING oslo_config.cfg [None req-3cd5addc-2458-4d36-94d8-4a97e287fd7b None None] Deprecated: Option "show_multiple_locations" from group "DEFAULT" is deprecated for removal (Use of this option, deprecated since Newton, is a security risk and will be removed once we figure out a way to satisfy those use cases that currently require it. An earlier announcement that the same functionality can be achieved with greater granularity by using policies is incorrect. You cannot work around this option via policy configuration at the present time, though that is the direction we believe the fix will take. Please keep an eye on the Glance release notes to stay up to date on progress in addressing this issue.). Its value may be silently ignored in the future.
May 26 16:24:44.845203 np0000001436 devstack@g-api.service[102013]: DEBUG glance.common.config [None req-3cd5addc-2458-4d36-94d8-4a97e287fd7b None None] show_multiple_locations = False {{(pid=102013) log_opt_values /opt/stack/data/venv/lib/python3.12/site-packages/oslo_config/cfg.py:3245}}
May 26 16:24:44.845316 np0000001436 devstack@g-api.service[102013]: DEBUG glance.common.config [None req-3cd5addc-2458-4d36-94d8-4a97e287fd7b None None] syslog_log_facility = LOG_USER {{(pid=102013) log_opt_values /opt/stack/data/venv/lib/python3.12/site-packages/oslo_config/cfg.py:3245}}
May 26 16:24:44.845413 np0000001436 devstack@g-api.service[102013]: DEBUG glance.common.config [None req-3cd5addc-2458-4d36-94d8-4a97e287fd7b None None] tcp_keepidle = 600 {{(pid=102013) log_opt_values /opt/stack/data/venv/lib/python3.12/site-packages/oslo_config/cfg.py:3245}}
May 26 16:24:44.845538 np0000001436 devstack@g-api.service[102013]: DEBUG glance.common.config [None req-3cd5addc-2458-4d36-94d8-4a97e287fd7b None None] transport_url = **** {{(pid=102013) log_opt_values /opt/stack/data/venv/lib/python3.12/site-packages/oslo_config/cfg.py:3245}}
May 26 16:24:44.845656 np0000001436 devstack@g-api.service[102013]: DEBUG glance.common.config [None req-3cd5addc-2458-4d36-94d8-4a97e287fd7b None None] use_journal = False {{(pid=102013) log_opt_values /opt/stack/data/venv/lib/python3.12/site-packages/oslo_config/cfg.py:3245}}
May 26 16:24:44.845760 np0000001436 devstack@g-api.service[102013]: DEBUG glance.common.config [None req-3cd5addc-2458-4d36-94d8-4a97e287fd7b None None] use_json = False {{(pid=102013) log_opt_values /opt/stack/data/venv/lib/python3.12/site-packages/oslo_config/cfg.py:3245}}
May 26 16:24:44.845856 np0000001436 devstack@g-api.service[102013]: DEBUG glance.common.config [None req-3cd5addc-2458-4d36-94d8-4a97e287fd7b None None] use_keystone_limits = True {{(pid=102013) log_opt_values /opt/stack/data/venv/lib/python3.12/site-packages/oslo_config/cfg.py:3245}}
May 26 16:24:44.845943 np0000001436 devstack@g-api.service[102013]: DEBUG glance.common.config [None req-3cd5addc-2458-4d36-94d8-4a97e287fd7b None None] use_stderr = False {{(pid=102013) log_opt_values /opt/stack/data/venv/lib/python3.12/site-packages/oslo_config/cfg.py:3245}}
May 26 16:24:44.846034 np0000001436 devstack@g-api.service[102013]: DEBUG glance.common.config [None req-3cd5addc-2458-4d36-94d8-4a97e287fd7b None None] use_syslog = False {{(pid=102013) log_opt_values /opt/stack/data/venv/lib/python3.12/site-packages/oslo_config/cfg.py:3245}}
May 26 16:24:44.846163 np0000001436 devstack@g-api.service[102013]: DEBUG glance.common.config [None req-3cd5addc-2458-4d36-94d8-4a97e287fd7b None None] user_storage_quota = 0 {{(pid=102013) log_opt_values /opt/stack/data/venv/lib/python3.12/site-packages/oslo_config/cfg.py:3245}}
May 26 16:24:44.846261 np0000001436 devstack@g-api.service[102013]: DEBUG glance.common.config [None req-3cd5addc-2458-4d36-94d8-4a97e287fd7b None None] worker_self_reference_url = http://127.0.0.1:60999 {{(pid=102013) log_opt_values /opt/stack/data/venv/lib/python3.12/site-packages/oslo_config/cfg.py:3245}}
May 26 16:24:44.846364 np0000001436 devstack@g-api.service[102013]: DEBUG glance.common.config [None req-3cd5addc-2458-4d36-94d8-4a97e287fd7b None None] workers = None {{(pid=102013) log_opt_values /opt/stack/data/venv/lib/python3.12/site-packages/oslo_config/cfg.py:3245}}
May 26 16:24:44.846444 np0000001436 devstack@g-api.service[102011]: INFO glance.api.middleware.cache_manage [None req-36031955-cb86-4374-a53d-d7bc72180f43 None None] Initialized image cache management middleware
May 26 16:24:44.846500 np0000001436 devstack@g-api.service[102013]: DEBUG glance.common.config [None req-3cd5addc-2458-4d36-94d8-4a97e287fd7b None None] oslo_concurrency.disable_process_locking = False {{(pid=102013) log_opt_values /opt/stack/data/venv/lib/python3.12/site-packages/oslo_config/cfg.py:3256}}
May 26 16:24:44.846584 np0000001436 devstack@g-api.service[102011]: INFO glance.image_cache [None req-36031955-cb86-4374-a53d-d7bc72180f43 None None] Image cache loaded driver 'centralized_db'.
May 26 16:24:44.846618 np0000001436 devstack@g-api.service[102013]: DEBUG glance.common.config [None req-3cd5addc-2458-4d36-94d8-4a97e287fd7b None None] oslo_concurrency.lock_path = /opt/stack/data/glance/locks {{(pid=102013) log_opt_values /opt/stack/data/venv/lib/python3.12/site-packages/oslo_config/cfg.py:3256}}
May 26 16:24:44.846705 np0000001436 devstack@g-api.service[102013]: DEBUG glance.common.config [None req-3cd5addc-2458-4d36-94d8-4a97e287fd7b None None] oslo_middleware.enable_proxy_headers_parsing = False {{(pid=102013) log_opt_values /opt/stack/data/venv/lib/python3.12/site-packages/oslo_config/cfg.py:3256}}
May 26 16:24:44.846817 np0000001436 devstack@g-api.service[102013]: DEBUG glance.common.config [None req-3cd5addc-2458-4d36-94d8-4a97e287fd7b None None] oslo_middleware.http_basic_auth_user_file = /etc/htpasswd {{(pid=102013) log_opt_values /opt/stack/data/venv/lib/python3.12/site-packages/oslo_config/cfg.py:3256}}
May 26 16:24:44.847045 np0000001436 devstack@g-api.service[102013]: DEBUG glance.common.config [None req-3cd5addc-2458-4d36-94d8-4a97e287fd7b None None] paste_deploy.config_file = None {{(pid=102013) log_opt_values /opt/stack/data/venv/lib/python3.12/site-packages/oslo_config/cfg.py:3256}}
May 26 16:24:44.847140 np0000001436 devstack@g-api.service[102013]: DEBUG glance.common.config [None req-3cd5addc-2458-4d36-94d8-4a97e287fd7b None None] paste_deploy.flavor = keystone+cachemanagement {{(pid=102013) log_opt_values /opt/stack/data/venv/lib/python3.12/site-packages/oslo_config/cfg.py:3256}}
May 26 16:24:44.847269 np0000001436 devstack@g-api.service[102013]: DEBUG glance.common.config [None req-3cd5addc-2458-4d36-94d8-4a97e287fd7b None None] image_format.container_formats = ['ami', 'ari', 'aki', 'bare', 'ovf', 'ova', 'docker', 'compressed'] {{(pid=102013) log_opt_values /opt/stack/data/venv/lib/python3.12/site-packages/oslo_config/cfg.py:3256}}
May 26 16:24:44.847418 np0000001436 devstack@g-api.service[102013]: DEBUG glance.common.config [None req-3cd5addc-2458-4d36-94d8-4a97e287fd7b None None] image_format.disk_formats = ['ami', 'ari', 'aki', 'vhd', 'vhdx', 'vmdk', 'raw', 'qcow2', 'vdi', 'iso', 'ploop'] {{(pid=102013) log_opt_values /opt/stack/data/venv/lib/python3.12/site-packages/oslo_config/cfg.py:3256}}
May 26 16:24:44.847524 np0000001436 devstack@g-api.service[102013]: DEBUG glance.common.config [None req-3cd5addc-2458-4d36-94d8-4a97e287fd7b None None] image_format.gpt_safety_checks_nonfatal = [] {{(pid=102013) log_opt_values /opt/stack/data/venv/lib/python3.12/site-packages/oslo_config/cfg.py:3256}}
May 26 16:24:44.847645 np0000001436 devstack@g-api.service[102013]: DEBUG glance.common.config [None req-3cd5addc-2458-4d36-94d8-4a97e287fd7b None None] image_format.require_image_format_match = True {{(pid=102013) log_opt_values /opt/stack/data/venv/lib/python3.12/site-packages/oslo_config/cfg.py:3256}}
May 26 16:24:44.847761 np0000001436 devstack@g-api.service[102013]: DEBUG glance.common.config [None req-3cd5addc-2458-4d36-94d8-4a97e287fd7b None None] image_format.vmdk_allowed_types = ['streamOptimized', 'monolithicSparse'] {{(pid=102013) log_opt_values /opt/stack/data/venv/lib/python3.12/site-packages/oslo_config/cfg.py:3256}}
May 26 16:24:44.847864 np0000001436 devstack@g-api.service[102013]: DEBUG glance.common.config [None req-3cd5addc-2458-4d36-94d8-4a97e287fd7b None None] task.task_executor = taskflow {{(pid=102013) log_opt_values /opt/stack/data/venv/lib/python3.12/site-packages/oslo_config/cfg.py:3256}}
May 26 16:24:44.847958 np0000001436 devstack@g-api.service[102013]: DEBUG glance.common.config [None req-3cd5addc-2458-4d36-94d8-4a97e287fd7b None None] task.task_time_to_live = 48 {{(pid=102013) log_opt_values /opt/stack/data/venv/lib/python3.12/site-packages/oslo_config/cfg.py:3256}}
May 26 16:24:44.848046 np0000001436 devstack@g-api.service[102013]: DEBUG glance.common.config [None req-3cd5addc-2458-4d36-94d8-4a97e287fd7b None None] task.work_dir = None {{(pid=102013) log_opt_values /opt/stack/data/venv/lib/python3.12/site-packages/oslo_config/cfg.py:3256}}
May 26 16:24:44.848181 np0000001436 devstack@g-api.service[102013]: DEBUG glance.common.config [None req-3cd5addc-2458-4d36-94d8-4a97e287fd7b None None] wsgi.python_interpreter = /opt/stack/data/venv/bin/python3 {{(pid=102013) log_opt_values /opt/stack/data/venv/lib/python3.12/site-packages/oslo_config/cfg.py:3256}}
May 26 16:24:44.848267 np0000001436 devstack@g-api.service[102013]: DEBUG glance.common.config [None req-3cd5addc-2458-4d36-94d8-4a97e287fd7b None None] wsgi.task_pool_threads = 16 {{(pid=102013) log_opt_values /opt/stack/data/venv/lib/python3.12/site-packages/oslo_config/cfg.py:3256}}
May 26 16:24:44.848385 np0000001436 devstack@g-api.service[102013]: DEBUG glance.common.config [None req-3cd5addc-2458-4d36-94d8-4a97e287fd7b None None] profiler.connection_string = messaging:// {{(pid=102013) log_opt_values /opt/stack/data/venv/lib/python3.12/site-packages/oslo_config/cfg.py:3256}}
May 26 16:24:44.848514 np0000001436 devstack@g-api.service[102013]: DEBUG glance.common.config [None req-3cd5addc-2458-4d36-94d8-4a97e287fd7b None None] profiler.enabled = False {{(pid=102013) log_opt_values /opt/stack/data/venv/lib/python3.12/site-packages/oslo_config/cfg.py:3256}}
