May 26 16:24:19.036761 np0000001436 systemd[1]: Starting devstack@n-api-meta.service - Devstack devstack@n-api-meta.service...
May 26 16:24:19.042428 np0000001436 devstack@n-api-meta.service[95126]: [uWSGI] getting INI configuration from /etc/nova/nova-metadata-uwsgi.ini
May 26 16:24:19.045030 np0000001436 devstack@n-api-meta.service[95126]: *** Starting uWSGI 2.0.24-debian (64bit) on [Tue May 26 16:24:19 2026] ***
May 26 16:24:19.045030 np0000001436 devstack@n-api-meta.service[95126]: compiled with version: 13.2.0 on 17 April 2024 16:23:48
May 26 16:24:19.045030 np0000001436 devstack@n-api-meta.service[95126]: os: Linux-6.8.0-100-generic #100-Ubuntu SMP PREEMPT_DYNAMIC Tue Jan 13 16:40:06 UTC 2026
May 26 16:24:19.045030 np0000001436 devstack@n-api-meta.service[95126]: nodename: np0000001436
May 26 16:24:19.045030 np0000001436 devstack@n-api-meta.service[95126]: machine: x86_64
May 26 16:24:19.045030 np0000001436 devstack@n-api-meta.service[95126]: clock source: unix
May 26 16:24:19.045030 np0000001436 devstack@n-api-meta.service[95126]: pcre jit disabled
May 26 16:24:19.045030 np0000001436 devstack@n-api-meta.service[95126]: detected number of CPU cores: 12
May 26 16:24:19.045030 np0000001436 devstack@n-api-meta.service[95126]: current working directory: /
May 26 16:24:19.045030 np0000001436 devstack@n-api-meta.service[95126]: detected binary path: /usr/bin/uwsgi-core
May 26 16:24:19.045030 np0000001436 devstack@n-api-meta.service[95126]: your processes number limit is 95969
May 26 16:24:19.045030 np0000001436 devstack@n-api-meta.service[95126]: your memory page size is 4096 bytes
May 26 16:24:19.045030 np0000001436 devstack@n-api-meta.service[95126]: detected max file descriptor number: 2048
May 26 16:24:19.045030 np0000001436 devstack@n-api-meta.service[95126]: lock engine: pthread robust mutexes
May 26 16:24:19.045446 np0000001436 devstack@n-api-meta.service[95126]: thunder lock: enabled
May 26 16:24:19.045480 np0000001436 devstack@n-api-meta.service[95126]: uWSGI http bound on 0.0.0.0:8775 fd 5
May 26 16:24:19.045507 np0000001436 devstack@n-api-meta.service[95126]: uwsgi socket 0 bound to TCP address 127.0.0.1:36761 (port auto-assigned) fd 4
May 26 16:24:19.045532 np0000001436 devstack@n-api-meta.service[95126]: Python version: 3.12.3 (main, Mar 23 2026, 19:04:32) [GCC 13.3.0]
May 26 16:24:19.045532 np0000001436 devstack@n-api-meta.service[95126]: PEP 405 virtualenv detected: /opt/stack/data/venv
May 26 16:24:19.045532 np0000001436 devstack@n-api-meta.service[95126]: Set PythonHome to /opt/stack/data/venv
May 26 16:24:19.078420 np0000001436 devstack@n-api-meta.service[95126]: Python main interpreter initialized at 0x78a66aca3668
May 26 16:24:19.078420 np0000001436 devstack@n-api-meta.service[95126]: python threads support enabled
May 26 16:24:19.078420 np0000001436 devstack@n-api-meta.service[95126]: your server socket listen backlog is limited to 100 connections
May 26 16:24:19.078420 np0000001436 devstack@n-api-meta.service[95126]: your mercy for graceful operations on workers is 80 seconds
May 26 16:24:19.078885 np0000001436 devstack@n-api-meta.service[95126]: mapped 537436 bytes (524 KB) for 3 cores
May 26 16:24:19.078986 np0000001436 devstack@n-api-meta.service[95126]: *** Operational MODE: preforking ***
May 26 16:24:19.079183 np0000001436 devstack@n-api-meta.service[95126]: *** uWSGI is running in multiple interpreter mode ***
May 26 16:24:19.079183 np0000001436 devstack@n-api-meta.service[95126]: spawned uWSGI master process (pid: 95126)
May 26 16:24:19.079321 np0000001436 systemd[1]: Started devstack@n-api-meta.service - Devstack devstack@n-api-meta.service.
May 26 16:24:19.079816 np0000001436 devstack@n-api-meta.service[95126]: spawned uWSGI worker 1 (pid: 95127, cores: 1)
May 26 16:24:19.080205 np0000001436 devstack@n-api-meta.service[95126]: spawned uWSGI worker 2 (pid: 95128, cores: 1)
May 26 16:24:19.084431 np0000001436 devstack@n-api-meta.service[95126]: spawned uWSGI worker 3 (pid: 95129, cores: 1)
May 26 16:24:19.084431 np0000001436 devstack@n-api-meta.service[95126]: spawned uWSGI http 1 (pid: 95130)
May 26 16:24:19.084431 np0000001436 devstack@n-api-meta.service[95126]: running "unix_signal:15 gracefully_kill_them_all" (master-start)...
May 26 16:24:21.011838 np0000001436 devstack@n-api-meta.service[95129]: INFO dbcounter [None req-f5dfc2da-106c-4b2d-82c3-20c7e80c8a96 None None] Registered counter for database nova_api
May 26 16:24:21.059702 np0000001436 devstack@n-api-meta.service[95129]: DEBUG oslo_db.sqlalchemy.engines [None req-f5dfc2da-106c-4b2d-82c3-20c7e80c8a96 None None] MySQL server mode set to STRICT_TRANS_TABLES,STRICT_ALL_TABLES,NO_ZERO_IN_DATE,NO_ZERO_DATE,ERROR_FOR_DIVISION_BY_ZERO,TRADITIONAL,NO_ENGINE_SUBSTITUTION {{(pid=95129) _check_effective_sql_mode /opt/stack/data/venv/lib/python3.12/site-packages/oslo_db/sqlalchemy/engines.py:325}}
May 26 16:24:21.075648 np0000001436 devstack@n-api-meta.service[95128]: INFO dbcounter [None req-4a62a590-fb17-41d3-af03-bb3bba2f5998 None None] Registered counter for database nova_api
May 26 16:24:21.085624 np0000001436 devstack@n-api-meta.service[95127]: INFO dbcounter [None req-1886c556-2e26-4c01-b06e-980350371abf None None] Registered counter for database nova_api
May 26 16:24:21.102379 np0000001436 devstack@n-api-meta.service[95129]: DEBUG dbcounter [-] [95129] Writer thread running {{(pid=95129) stat_writer /opt/stack/data/venv/lib/python3.12/site-packages/dbcounter.py:102}}
May 26 16:24:21.107486 np0000001436 devstack@n-api-meta.service[95129]: DEBUG nova.context [None req-f5dfc2da-106c-4b2d-82c3-20c7e80c8a96 None None] Found 2 cells: 00000000-0000-0000-0000-000000000000(cell0),dbbff480-db79-43a6-a01a-89da698c1fe1(cell1) {{(pid=95129) load_cells /opt/stack/nova/nova/context.py:509}}
May 26 16:24:21.108034 np0000001436 devstack@n-api-meta.service[95129]: INFO nova.utils [None req-f5dfc2da-106c-4b2d-82c3-20c7e80c8a96 None None] The cell worker thread pool MainProcess.cell_worker is initialized
May 26 16:24:21.110566 np0000001436 devstack@n-api-meta.service[95129]: DEBUG oslo_concurrency.lockutils [None req-f5dfc2da-106c-4b2d-82c3-20c7e80c8a96 None None] Acquiring lock "00000000-0000-0000-0000-000000000000" by "nova.context.set_target_cell..get_or_set_cached_cell_and_set_connections" {{(pid=95129) inner /opt/stack/data/venv/lib/python3.12/site-packages/oslo_concurrency/lockutils.py:511}}
May 26 16:24:21.110782 np0000001436 devstack@n-api-meta.service[95129]: DEBUG oslo_concurrency.lockutils [None req-f5dfc2da-106c-4b2d-82c3-20c7e80c8a96 None None] Lock "00000000-0000-0000-0000-000000000000" acquired by "nova.context.set_target_cell..get_or_set_cached_cell_and_set_connections" :: waited 0.000s {{(pid=95129) inner /opt/stack/data/venv/lib/python3.12/site-packages/oslo_concurrency/lockutils.py:524}}
May 26 16:24:21.111566 np0000001436 devstack@n-api-meta.service[95129]: DEBUG oslo_concurrency.lockutils [None req-f5dfc2da-106c-4b2d-82c3-20c7e80c8a96 None None] Lock "00000000-0000-0000-0000-000000000000" "released" by "nova.context.set_target_cell..get_or_set_cached_cell_and_set_connections" :: held 0.001s {{(pid=95129) inner /opt/stack/data/venv/lib/python3.12/site-packages/oslo_concurrency/lockutils.py:543}}
May 26 16:24:21.113304 np0000001436 devstack@n-api-meta.service[95129]: DEBUG oslo_concurrency.lockutils [None req-f5dfc2da-106c-4b2d-82c3-20c7e80c8a96 None None] Acquiring lock "dbbff480-db79-43a6-a01a-89da698c1fe1" by "nova.context.set_target_cell..get_or_set_cached_cell_and_set_connections" {{(pid=95129) inner /opt/stack/data/venv/lib/python3.12/site-packages/oslo_concurrency/lockutils.py:511}}
May 26 16:24:21.113494 np0000001436 devstack@n-api-meta.service[95129]: DEBUG oslo_concurrency.lockutils [None req-f5dfc2da-106c-4b2d-82c3-20c7e80c8a96 None None] Lock "dbbff480-db79-43a6-a01a-89da698c1fe1" acquired by "nova.context.set_target_cell..get_or_set_cached_cell_and_set_connections" :: waited 0.000s {{(pid=95129) inner /opt/stack/data/venv/lib/python3.12/site-packages/oslo_concurrency/lockutils.py:524}}
May 26 16:24:21.114856 np0000001436 devstack@n-api-meta.service[95129]: DEBUG oslo_concurrency.lockutils [None req-f5dfc2da-106c-4b2d-82c3-20c7e80c8a96 None None] Lock "dbbff480-db79-43a6-a01a-89da698c1fe1" "released" by "nova.context.set_target_cell..get_or_set_cached_cell_and_set_connections" :: held 0.001s {{(pid=95129) inner /opt/stack/data/venv/lib/python3.12/site-packages/oslo_concurrency/lockutils.py:543}}
May 26 16:24:21.117919 np0000001436 devstack@n-api-meta.service[95129]: INFO dbcounter [None req-f5dfc2da-106c-4b2d-82c3-20c7e80c8a96 None None] Registered counter for database nova_cell0
May 26 16:24:21.122479 np0000001436 devstack@n-api-meta.service[95129]: INFO dbcounter [None req-f5dfc2da-106c-4b2d-82c3-20c7e80c8a96 None None] Registered counter for database nova_cell1
May 26 16:24:21.142970 np0000001436 devstack@n-api-meta.service[95128]: DEBUG oslo_db.sqlalchemy.engines [None req-4a62a590-fb17-41d3-af03-bb3bba2f5998 None None] MySQL server mode set to STRICT_TRANS_TABLES,STRICT_ALL_TABLES,NO_ZERO_IN_DATE,NO_ZERO_DATE,ERROR_FOR_DIVISION_BY_ZERO,TRADITIONAL,NO_ENGINE_SUBSTITUTION {{(pid=95128) _check_effective_sql_mode /opt/stack/data/venv/lib/python3.12/site-packages/oslo_db/sqlalchemy/engines.py:325}}
May 26 16:24:21.146845 np0000001436 devstack@n-api-meta.service[95127]: DEBUG oslo_db.sqlalchemy.engines [None req-1886c556-2e26-4c01-b06e-980350371abf None None] MySQL server mode set to STRICT_TRANS_TABLES,STRICT_ALL_TABLES,NO_ZERO_IN_DATE,NO_ZERO_DATE,ERROR_FOR_DIVISION_BY_ZERO,TRADITIONAL,NO_ENGINE_SUBSTITUTION {{(pid=95127) _check_effective_sql_mode /opt/stack/data/venv/lib/python3.12/site-packages/oslo_db/sqlalchemy/engines.py:325}}
May 26 16:24:21.178830 np0000001436 devstack@n-api-meta.service[95128]: DEBUG dbcounter [-] [95128] Writer thread running {{(pid=95128) stat_writer /opt/stack/data/venv/lib/python3.12/site-packages/dbcounter.py:102}}
May 26 16:24:21.182031 np0000001436 devstack@n-api-meta.service[95128]: DEBUG nova.context [None req-4a62a590-fb17-41d3-af03-bb3bba2f5998 None None] Found 2 cells: 00000000-0000-0000-0000-000000000000(cell0),dbbff480-db79-43a6-a01a-89da698c1fe1(cell1) {{(pid=95128) load_cells /opt/stack/nova/nova/context.py:509}}
May 26 16:24:21.182331 np0000001436 devstack@n-api-meta.service[95128]: INFO nova.utils [None req-4a62a590-fb17-41d3-af03-bb3bba2f5998 None None] The cell worker thread pool MainProcess.cell_worker is initialized
May 26 16:24:21.184110 np0000001436 devstack@n-api-meta.service[95128]: DEBUG oslo_concurrency.lockutils [None req-4a62a590-fb17-41d3-af03-bb3bba2f5998 None None] Acquiring lock "00000000-0000-0000-0000-000000000000" by "nova.context.set_target_cell..get_or_set_cached_cell_and_set_connections" {{(pid=95128) inner /opt/stack/data/venv/lib/python3.12/site-packages/oslo_concurrency/lockutils.py:511}}
May 26 16:24:21.184344 np0000001436 devstack@n-api-meta.service[95128]: DEBUG oslo_concurrency.lockutils [None req-4a62a590-fb17-41d3-af03-bb3bba2f5998 None None] Lock "00000000-0000-0000-0000-000000000000" acquired by "nova.context.set_target_cell..get_or_set_cached_cell_and_set_connections" :: waited 0.000s {{(pid=95128) inner /opt/stack/data/venv/lib/python3.12/site-packages/oslo_concurrency/lockutils.py:524}}
May 26 16:24:21.185421 np0000001436 devstack@n-api-meta.service[95128]: DEBUG oslo_concurrency.lockutils [None req-4a62a590-fb17-41d3-af03-bb3bba2f5998 None None] Lock "00000000-0000-0000-0000-000000000000" "released" by "nova.context.set_target_cell..get_or_set_cached_cell_and_set_connections" :: held 0.001s {{(pid=95128) inner /opt/stack/data/venv/lib/python3.12/site-packages/oslo_concurrency/lockutils.py:543}}
May 26 16:24:21.185973 np0000001436 devstack@n-api-meta.service[95128]: DEBUG oslo_concurrency.lockutils [None req-4a62a590-fb17-41d3-af03-bb3bba2f5998 None None] Acquiring lock "dbbff480-db79-43a6-a01a-89da698c1fe1" by "nova.context.set_target_cell..get_or_set_cached_cell_and_set_connections" {{(pid=95128) inner /opt/stack/data/venv/lib/python3.12/site-packages/oslo_concurrency/lockutils.py:511}}
May 26 16:24:21.186188 np0000001436 devstack@n-api-meta.service[95128]: DEBUG oslo_concurrency.lockutils [None req-4a62a590-fb17-41d3-af03-bb3bba2f5998 None None] Lock "dbbff480-db79-43a6-a01a-89da698c1fe1" acquired by "nova.context.set_target_cell..get_or_set_cached_cell_and_set_connections" :: waited 0.000s {{(pid=95128) inner /opt/stack/data/venv/lib/python3.12/site-packages/oslo_concurrency/lockutils.py:524}}
May 26 16:24:21.187879 np0000001436 devstack@n-api-meta.service[95128]: DEBUG oslo_concurrency.lockutils [None req-4a62a590-fb17-41d3-af03-bb3bba2f5998 None None] Lock "dbbff480-db79-43a6-a01a-89da698c1fe1" "released" by "nova.context.set_target_cell..get_or_set_cached_cell_and_set_connections" :: held 0.001s {{(pid=95128) inner /opt/stack/data/venv/lib/python3.12/site-packages/oslo_concurrency/lockutils.py:543}}
May 26 16:24:21.188489 np0000001436 devstack@n-api-meta.service[95127]: DEBUG dbcounter [-] [95127] Writer thread running {{(pid=95127) stat_writer /opt/stack/data/venv/lib/python3.12/site-packages/dbcounter.py:102}}
May 26 16:24:21.189951 np0000001436 devstack@n-api-meta.service[95128]: INFO dbcounter [None req-4a62a590-fb17-41d3-af03-bb3bba2f5998 None None] Registered counter for database nova_cell0
May 26 16:24:21.191880 np0000001436 devstack@n-api-meta.service[95127]: DEBUG nova.context [None req-1886c556-2e26-4c01-b06e-980350371abf None None] Found 2 cells: 00000000-0000-0000-0000-000000000000(cell0),dbbff480-db79-43a6-a01a-89da698c1fe1(cell1) {{(pid=95127) load_cells /opt/stack/nova/nova/context.py:509}}
May 26 16:24:21.194346 np0000001436 devstack@n-api-meta.service[95127]: INFO nova.utils [None req-1886c556-2e26-4c01-b06e-980350371abf None None] The cell worker thread pool MainProcess.cell_worker is initialized
May 26 16:24:21.194464 np0000001436 devstack@n-api-meta.service[95128]: INFO dbcounter [None req-4a62a590-fb17-41d3-af03-bb3bba2f5998 None None] Registered counter for database nova_cell1
May 26 16:24:21.194511 np0000001436 devstack@n-api-meta.service[95127]: DEBUG oslo_concurrency.lockutils [None req-1886c556-2e26-4c01-b06e-980350371abf None None] Acquiring lock "00000000-0000-0000-0000-000000000000" by "nova.context.set_target_cell..get_or_set_cached_cell_and_set_connections" {{(pid=95127) inner /opt/stack/data/venv/lib/python3.12/site-packages/oslo_concurrency/lockutils.py:511}}
May 26 16:24:21.194511 np0000001436 devstack@n-api-meta.service[95127]: DEBUG oslo_concurrency.lockutils [None req-1886c556-2e26-4c01-b06e-980350371abf None None] Lock "00000000-0000-0000-0000-000000000000" acquired by "nova.context.set_target_cell..get_or_set_cached_cell_and_set_connections" :: waited 0.000s {{(pid=95127) inner /opt/stack/data/venv/lib/python3.12/site-packages/oslo_concurrency/lockutils.py:524}}
May 26 16:24:21.194511 np0000001436 devstack@n-api-meta.service[95127]: DEBUG oslo_concurrency.lockutils [None req-1886c556-2e26-4c01-b06e-980350371abf None None] Lock "00000000-0000-0000-0000-000000000000" "released" by "nova.context.set_target_cell..get_or_set_cached_cell_and_set_connections" :: held 0.000s {{(pid=95127) inner /opt/stack/data/venv/lib/python3.12/site-packages/oslo_concurrency/lockutils.py:543}}
May 26 16:24:21.195329 np0000001436 devstack@n-api-meta.service[95127]: DEBUG oslo_concurrency.lockutils [None req-1886c556-2e26-4c01-b06e-980350371abf None None] Acquiring lock "dbbff480-db79-43a6-a01a-89da698c1fe1" by "nova.context.set_target_cell..get_or_set_cached_cell_and_set_connections" {{(pid=95127) inner /opt/stack/data/venv/lib/python3.12/site-packages/oslo_concurrency/lockutils.py:511}}
May 26 16:24:21.197294 np0000001436 devstack@n-api-meta.service[95127]: INFO dbcounter [None req-1886c556-2e26-4c01-b06e-980350371abf None None] Registered counter for database nova_cell0
May 26 16:24:21.198802 np0000001436 devstack@n-api-meta.service[95127]: DEBUG oslo_concurrency.lockutils [None req-1886c556-2e26-4c01-b06e-980350371abf None None] Lock "dbbff480-db79-43a6-a01a-89da698c1fe1" acquired by "nova.context.set_target_cell..get_or_set_cached_cell_and_set_connections" :: waited 0.002s {{(pid=95127) inner /opt/stack/data/venv/lib/python3.12/site-packages/oslo_concurrency/lockutils.py:524}}
May 26 16:24:21.200474 np0000001436 devstack@n-api-meta.service[95127]: DEBUG oslo_concurrency.lockutils [None req-1886c556-2e26-4c01-b06e-980350371abf None None] Lock "dbbff480-db79-43a6-a01a-89da698c1fe1" "released" by "nova.context.set_target_cell..get_or_set_cached_cell_and_set_connections" :: held 0.003s {{(pid=95127) inner /opt/stack/data/venv/lib/python3.12/site-packages/oslo_concurrency/lockutils.py:543}}
May 26 16:24:21.201251 np0000001436 devstack@n-api-meta.service[95129]: DEBUG oslo_db.sqlalchemy.engines [None req-f5dfc2da-106c-4b2d-82c3-20c7e80c8a96 None None] MySQL server mode set to STRICT_TRANS_TABLES,STRICT_ALL_TABLES,NO_ZERO_IN_DATE,NO_ZERO_DATE,ERROR_FOR_DIVISION_BY_ZERO,TRADITIONAL,NO_ENGINE_SUBSTITUTION {{(pid=95129) _check_effective_sql_mode /opt/stack/data/venv/lib/python3.12/site-packages/oslo_db/sqlalchemy/engines.py:325}}
May 26 16:24:21.203880 np0000001436 devstack@n-api-meta.service[95127]: INFO dbcounter [None req-1886c556-2e26-4c01-b06e-980350371abf None None] Registered counter for database nova_cell1
May 26 16:24:21.203979 np0000001436 devstack@n-api-meta.service[95129]: DEBUG oslo_db.sqlalchemy.engines [None req-f5dfc2da-106c-4b2d-82c3-20c7e80c8a96 None None] MySQL server mode set to STRICT_TRANS_TABLES,STRICT_ALL_TABLES,NO_ZERO_IN_DATE,NO_ZERO_DATE,ERROR_FOR_DIVISION_BY_ZERO,TRADITIONAL,NO_ENGINE_SUBSTITUTION {{(pid=95129) _check_effective_sql_mode /opt/stack/data/venv/lib/python3.12/site-packages/oslo_db/sqlalchemy/engines.py:325}}
May 26 16:24:21.260487 np0000001436 devstack@n-api-meta.service[95128]: DEBUG oslo_db.sqlalchemy.engines [None req-4a62a590-fb17-41d3-af03-bb3bba2f5998 None None] MySQL server mode set to STRICT_TRANS_TABLES,STRICT_ALL_TABLES,NO_ZERO_IN_DATE,NO_ZERO_DATE,ERROR_FOR_DIVISION_BY_ZERO,TRADITIONAL,NO_ENGINE_SUBSTITUTION {{(pid=95128) _check_effective_sql_mode /opt/stack/data/venv/lib/python3.12/site-packages/oslo_db/sqlalchemy/engines.py:325}}
May 26 16:24:21.266522 np0000001436 devstack@n-api-meta.service[95127]: DEBUG oslo_db.sqlalchemy.engines [None req-1886c556-2e26-4c01-b06e-980350371abf None None] MySQL server mode set to STRICT_TRANS_TABLES,STRICT_ALL_TABLES,NO_ZERO_IN_DATE,NO_ZERO_DATE,ERROR_FOR_DIVISION_BY_ZERO,TRADITIONAL,NO_ENGINE_SUBSTITUTION {{(pid=95127) _check_effective_sql_mode /opt/stack/data/venv/lib/python3.12/site-packages/oslo_db/sqlalchemy/engines.py:325}}
May 26 16:24:21.269222 np0000001436 devstack@n-api-meta.service[95128]: DEBUG oslo_db.sqlalchemy.engines [None req-4a62a590-fb17-41d3-af03-bb3bba2f5998 None None] MySQL server mode set to STRICT_TRANS_TABLES,STRICT_ALL_TABLES,NO_ZERO_IN_DATE,NO_ZERO_DATE,ERROR_FOR_DIVISION_BY_ZERO,TRADITIONAL,NO_ENGINE_SUBSTITUTION {{(pid=95128) _check_effective_sql_mode /opt/stack/data/venv/lib/python3.12/site-packages/oslo_db/sqlalchemy/engines.py:325}}
May 26 16:24:21.329964 np0000001436 devstack@n-api-meta.service[95129]: DEBUG dbcounter [-] [95129] Writer thread running {{(pid=95129) stat_writer /opt/stack/data/venv/lib/python3.12/site-packages/dbcounter.py:102}}
May 26 16:24:21.330375 np0000001436 devstack@n-api-meta.service[95127]: DEBUG oslo_db.sqlalchemy.engines [None req-1886c556-2e26-4c01-b06e-980350371abf None None] MySQL server mode set to STRICT_TRANS_TABLES,STRICT_ALL_TABLES,NO_ZERO_IN_DATE,NO_ZERO_DATE,ERROR_FOR_DIVISION_BY_ZERO,TRADITIONAL,NO_ENGINE_SUBSTITUTION {{(pid=95127) _check_effective_sql_mode /opt/stack/data/venv/lib/python3.12/site-packages/oslo_db/sqlalchemy/engines.py:325}}
May 26 16:24:21.331639 np0000001436 devstack@n-api-meta.service[95129]: DEBUG dbcounter [-] [95129] Writer thread running {{(pid=95129) stat_writer /opt/stack/data/venv/lib/python3.12/site-packages/dbcounter.py:102}}
May 26 16:24:21.337868 np0000001436 devstack@n-api-meta.service[95129]: INFO dbcounter [None req-f5dfc2da-106c-4b2d-82c3-20c7e80c8a96 None None] Registered counter for database nova_cell0
May 26 16:24:21.382378 np0000001436 devstack@n-api-meta.service[95129]: DEBUG oslo_db.sqlalchemy.engines [None req-f5dfc2da-106c-4b2d-82c3-20c7e80c8a96 None None] MySQL server mode set to STRICT_TRANS_TABLES,STRICT_ALL_TABLES,NO_ZERO_IN_DATE,NO_ZERO_DATE,ERROR_FOR_DIVISION_BY_ZERO,TRADITIONAL,NO_ENGINE_SUBSTITUTION {{(pid=95129) _check_effective_sql_mode /opt/stack/data/venv/lib/python3.12/site-packages/oslo_db/sqlalchemy/engines.py:325}}
May 26 16:24:21.389596 np0000001436 devstack@n-api-meta.service[95129]: DEBUG dbcounter [-] [95129] Writer thread running {{(pid=95129) stat_writer /opt/stack/data/venv/lib/python3.12/site-packages/dbcounter.py:102}}
May 26 16:24:21.393682 np0000001436 devstack@n-api-meta.service[95127]: DEBUG dbcounter [-] [95127] Writer thread running {{(pid=95127) stat_writer /opt/stack/data/venv/lib/python3.12/site-packages/dbcounter.py:102}}
May 26 16:24:21.393979 np0000001436 devstack@n-api-meta.service[95128]: DEBUG dbcounter [-] [95128] Writer thread running {{(pid=95128) stat_writer /opt/stack/data/venv/lib/python3.12/site-packages/dbcounter.py:102}}
May 26 16:24:21.394458 np0000001436 devstack@n-api-meta.service[95128]: DEBUG dbcounter [-] [95128] Writer thread running {{(pid=95128) stat_writer /opt/stack/data/venv/lib/python3.12/site-packages/dbcounter.py:102}}
May 26 16:24:21.399134 np0000001436 devstack@n-api-meta.service[95128]: INFO dbcounter [None req-4a62a590-fb17-41d3-af03-bb3bba2f5998 None None] Registered counter for database nova_cell0
May 26 16:24:21.399381 np0000001436 devstack@n-api-meta.service[95127]: DEBUG dbcounter [-] [95127] Writer thread running {{(pid=95127) stat_writer /opt/stack/data/venv/lib/python3.12/site-packages/dbcounter.py:102}}
May 26 16:24:21.408817 np0000001436 devstack@n-api-meta.service[95127]: INFO dbcounter [None req-1886c556-2e26-4c01-b06e-980350371abf None None] Registered counter for database nova_cell0
May 26 16:24:21.439592 np0000001436 devstack@n-api-meta.service[95129]: WARNING nova.api.metadata.handler [None req-f5dfc2da-106c-4b2d-82c3-20c7e80c8a96 None None] metadata_proxy_shared_secret is not configured, the metadata information returned by the proxy cannot be trusted
May 26 16:24:21.441337 np0000001436 devstack@n-api-meta.service[95129]: DEBUG nova.api.openstack.wsgi_app [None req-f5dfc2da-106c-4b2d-82c3-20c7e80c8a96 None None] ******************************************************************************** {{(pid=95129) log_opt_values /opt/stack/data/venv/lib/python3.12/site-packages/oslo_config/cfg.py:3229}}
May 26 16:24:21.441571 np0000001436 devstack@n-api-meta.service[95129]: DEBUG nova.api.openstack.wsgi_app [None req-f5dfc2da-106c-4b2d-82c3-20c7e80c8a96 None None] Configuration options gathered from: {{(pid=95129) log_opt_values /opt/stack/data/venv/lib/python3.12/site-packages/oslo_config/cfg.py:3230}}
May 26 16:24:21.441626 np0000001436 devstack@n-api-meta.service[95129]: DEBUG nova.api.openstack.wsgi_app [None req-f5dfc2da-106c-4b2d-82c3-20c7e80c8a96 None None] command line args: [] {{(pid=95129) log_opt_values /opt/stack/data/venv/lib/python3.12/site-packages/oslo_config/cfg.py:3231}}
May 26 16:24:21.441769 np0000001436 devstack@n-api-meta.service[95129]: DEBUG nova.api.openstack.wsgi_app [None req-f5dfc2da-106c-4b2d-82c3-20c7e80c8a96 None None] config files: ['/etc/nova/api-paste.ini', '/etc/nova/nova.conf'] {{(pid=95129) log_opt_values /opt/stack/data/venv/lib/python3.12/site-packages/oslo_config/cfg.py:3232}}
May 26 16:24:21.441997 np0000001436 devstack@n-api-meta.service[95129]: DEBUG nova.api.openstack.wsgi_app [None req-f5dfc2da-106c-4b2d-82c3-20c7e80c8a96 None None] ================================================================================ {{(pid=95129) log_opt_values /opt/stack/data/venv/lib/python3.12/site-packages/oslo_config/cfg.py:3237}}
May 26 16:24:21.442053 np0000001436 devstack@n-api-meta.service[95129]: DEBUG nova.api.openstack.wsgi_app [None req-f5dfc2da-106c-4b2d-82c3-20c7e80c8a96 None None] allow_resize_to_same_host = True {{(pid=95129) log_opt_values /opt/stack/data/venv/lib/python3.12/site-packages/oslo_config/cfg.py:3245}}
May 26 16:24:21.442296 np0000001436 devstack@n-api-meta.service[95129]: DEBUG nova.api.openstack.wsgi_app [None req-f5dfc2da-106c-4b2d-82c3-20c7e80c8a96 None None] arq_binding_timeout = 300 {{(pid=95129) log_opt_values /opt/stack/data/venv/lib/python3.12/site-packages/oslo_config/cfg.py:3245}}
May 26 16:24:21.442384 np0000001436 devstack@n-api-meta.service[95129]: DEBUG nova.api.openstack.wsgi_app [None req-f5dfc2da-106c-4b2d-82c3-20c7e80c8a96 None None] block_device_allocate_retries = 60 {{(pid=95129) log_opt_values /opt/stack/data/venv/lib/python3.12/site-packages/oslo_config/cfg.py:3245}}
May 26 16:24:21.442588 np0000001436 devstack@n-api-meta.service[95129]: DEBUG nova.api.openstack.wsgi_app [None req-f5dfc2da-106c-4b2d-82c3-20c7e80c8a96 None None] block_device_allocate_retries_interval = 3 {{(pid=95129) log_opt_values /opt/stack/data/venv/lib/python3.12/site-packages/oslo_config/cfg.py:3245}}
May 26 16:24:21.442659 np0000001436 devstack@n-api-meta.service[95129]: DEBUG nova.api.openstack.wsgi_app [None req-f5dfc2da-106c-4b2d-82c3-20c7e80c8a96 None None] cell_worker_thread_pool_size = 5 {{(pid=95129) log_opt_values /opt/stack/data/venv/lib/python3.12/site-packages/oslo_config/cfg.py:3245}}
May 26 16:24:21.442884 np0000001436 devstack@n-api-meta.service[95129]: DEBUG nova.api.openstack.wsgi_app [None req-f5dfc2da-106c-4b2d-82c3-20c7e80c8a96 None None] cert = self.pem {{(pid=95129) log_opt_values /opt/stack/data/venv/lib/python3.12/site-packages/oslo_config/cfg.py:3245}}
May 26 16:24:21.442932 np0000001436 devstack@n-api-meta.service[95129]: DEBUG nova.api.openstack.wsgi_app [None req-f5dfc2da-106c-4b2d-82c3-20c7e80c8a96 None None] compute_driver = libvirt.LibvirtDriver {{(pid=95129) log_opt_values /opt/stack/data/venv/lib/python3.12/site-packages/oslo_config/cfg.py:3245}}
May 26 16:24:21.443636 np0000001436 devstack@n-api-meta.service[95129]: DEBUG nova.api.openstack.wsgi_app [None req-f5dfc2da-106c-4b2d-82c3-20c7e80c8a96 None None] compute_monitors = [] {{(pid=95129) log_opt_values /opt/stack/data/venv/lib/python3.12/site-packages/oslo_config/cfg.py:3245}}
May 26 16:24:21.443636 np0000001436 devstack@n-api-meta.service[95129]: DEBUG nova.api.openstack.wsgi_app [None req-f5dfc2da-106c-4b2d-82c3-20c7e80c8a96 None None] config_dir = [] {{(pid=95129) log_opt_values /opt/stack/data/venv/lib/python3.12/site-packages/oslo_config/cfg.py:3245}}
May 26 16:24:21.443636 np0000001436 devstack@n-api-meta.service[95129]: DEBUG nova.api.openstack.wsgi_app [None req-f5dfc2da-106c-4b2d-82c3-20c7e80c8a96 None None] config_drive_format = iso9660 {{(pid=95129) log_opt_values /opt/stack/data/venv/lib/python3.12/site-packages/oslo_config/cfg.py:3245}}
May 26 16:24:21.443636 np0000001436 devstack@n-api-meta.service[95129]: DEBUG nova.api.openstack.wsgi_app [None req-f5dfc2da-106c-4b2d-82c3-20c7e80c8a96 None None] config_file = ['/etc/nova/api-paste.ini', '/etc/nova/nova.conf'] {{(pid=95129) log_opt_values /opt/stack/data/venv/lib/python3.12/site-packages/oslo_config/cfg.py:3245}}
May 26 16:24:21.443636 np0000001436 devstack@n-api-meta.service[95129]: DEBUG nova.api.openstack.wsgi_app [None req-f5dfc2da-106c-4b2d-82c3-20c7e80c8a96 None None] config_source = [] {{(pid=95129) log_opt_values /opt/stack/data/venv/lib/python3.12/site-packages/oslo_config/cfg.py:3245}}
May 26 16:24:21.443939 np0000001436 devstack@n-api-meta.service[95129]: DEBUG nova.api.openstack.wsgi_app [None req-f5dfc2da-106c-4b2d-82c3-20c7e80c8a96 None None] console_host = np0000001436 {{(pid=95129) log_opt_values /opt/stack/data/venv/lib/python3.12/site-packages/oslo_config/cfg.py:3245}}
May 26 16:24:21.443980 np0000001436 devstack@n-api-meta.service[95128]: DEBUG oslo_db.sqlalchemy.engines [None req-4a62a590-fb17-41d3-af03-bb3bba2f5998 None None] MySQL server mode set to STRICT_TRANS_TABLES,STRICT_ALL_TABLES,NO_ZERO_IN_DATE,NO_ZERO_DATE,ERROR_FOR_DIVISION_BY_ZERO,TRADITIONAL,NO_ENGINE_SUBSTITUTION {{(pid=95128) _check_effective_sql_mode /opt/stack/data/venv/lib/python3.12/site-packages/oslo_db/sqlalchemy/engines.py:325}}
May 26 16:24:21.444074 np0000001436 devstack@n-api-meta.service[95129]: DEBUG nova.api.openstack.wsgi_app [None req-f5dfc2da-106c-4b2d-82c3-20c7e80c8a96 None None] control_exchange = nova {{(pid=95129) log_opt_values /opt/stack/data/venv/lib/python3.12/site-packages/oslo_config/cfg.py:3245}}
May 26 16:24:21.444074 np0000001436 devstack@n-api-meta.service[95129]: DEBUG nova.api.openstack.wsgi_app [None req-f5dfc2da-106c-4b2d-82c3-20c7e80c8a96 None None] cpu_allocation_ratio = None {{(pid=95129) log_opt_values /opt/stack/data/venv/lib/python3.12/site-packages/oslo_config/cfg.py:3245}}
May 26 16:24:21.444144 np0000001436 devstack@n-api-meta.service[95129]: DEBUG nova.api.openstack.wsgi_app [None req-f5dfc2da-106c-4b2d-82c3-20c7e80c8a96 None None] daemon = False {{(pid=95129) log_opt_values /opt/stack/data/venv/lib/python3.12/site-packages/oslo_config/cfg.py:3245}}
May 26 16:24:21.444295 np0000001436 devstack@n-api-meta.service[95129]: DEBUG nova.api.openstack.wsgi_app [None req-f5dfc2da-106c-4b2d-82c3-20c7e80c8a96 None None] debug = True {{(pid=95129) log_opt_values /opt/stack/data/venv/lib/python3.12/site-packages/oslo_config/cfg.py:3245}}
May 26 16:24:21.444426 np0000001436 devstack@n-api-meta.service[95129]: DEBUG nova.api.openstack.wsgi_app [None req-f5dfc2da-106c-4b2d-82c3-20c7e80c8a96 None None] default_access_ip_network_name = None {{(pid=95129) log_opt_values /opt/stack/data/venv/lib/python3.12/site-packages/oslo_config/cfg.py:3245}}
May 26 16:24:21.444579 np0000001436 devstack@n-api-meta.service[95129]: DEBUG nova.api.openstack.wsgi_app [None req-f5dfc2da-106c-4b2d-82c3-20c7e80c8a96 None None] default_availability_zone = nova {{(pid=95129) log_opt_values /opt/stack/data/venv/lib/python3.12/site-packages/oslo_config/cfg.py:3245}}
May 26 16:24:21.444706 np0000001436 devstack@n-api-meta.service[95129]: DEBUG nova.api.openstack.wsgi_app [None req-f5dfc2da-106c-4b2d-82c3-20c7e80c8a96 None None] default_ephemeral_format = ext4 {{(pid=95129) log_opt_values /opt/stack/data/venv/lib/python3.12/site-packages/oslo_config/cfg.py:3245}}
May 26 16:24:21.444831 np0000001436 devstack@n-api-meta.service[95129]: DEBUG nova.api.openstack.wsgi_app [None req-f5dfc2da-106c-4b2d-82c3-20c7e80c8a96 None None] default_green_pool_size = 1000 {{(pid=95129) log_opt_values /opt/stack/data/venv/lib/python3.12/site-packages/oslo_config/cfg.py:3245}}
May 26 16:24:21.445209 np0000001436 devstack@n-api-meta.service[95129]: DEBUG nova.api.openstack.wsgi_app [None req-f5dfc2da-106c-4b2d-82c3-20c7e80c8a96 None None] default_log_levels = ['amqp=WARN', 'boto=WARN', 'sqlalchemy=WARN', 'suds=INFO', 'oslo.messaging=INFO', 'oslo_messaging=INFO', 'iso8601=WARN', 'requests.packages.urllib3.connectionpool=WARN', 'urllib3.connectionpool=WARN', 'websocket=WARN', 'requests.packages.urllib3.util.retry=WARN', 'urllib3.util.retry=WARN', 'keystonemiddleware=WARN', 'routes.middleware=WARN', 'stevedore=WARN', 'taskflow=WARN', 'keystoneauth=WARN', 'oslo.cache=INFO', 'oslo_policy=INFO', 'dogpile.core.dogpile=INFO', 'glanceclient=WARN', 'oslo.privsep.daemon=INFO'] {{(pid=95129) log_opt_values /opt/stack/data/venv/lib/python3.12/site-packages/oslo_config/cfg.py:3245}}
May 26 16:24:21.445209 np0000001436 devstack@n-api-meta.service[95129]: DEBUG nova.api.openstack.wsgi_app [None req-f5dfc2da-106c-4b2d-82c3-20c7e80c8a96 None None] default_schedule_zone = None {{(pid=95129) log_opt_values /opt/stack/data/venv/lib/python3.12/site-packages/oslo_config/cfg.py:3245}}
May 26 16:24:21.445389 np0000001436 devstack@n-api-meta.service[95129]: DEBUG nova.api.openstack.wsgi_app [None req-f5dfc2da-106c-4b2d-82c3-20c7e80c8a96 None None] default_thread_pool_size = 10 {{(pid=95129) log_opt_values /opt/stack/data/venv/lib/python3.12/site-packages/oslo_config/cfg.py:3245}}
May 26 16:24:21.445389 np0000001436 devstack@n-api-meta.service[95129]: DEBUG nova.api.openstack.wsgi_app [None req-f5dfc2da-106c-4b2d-82c3-20c7e80c8a96 None None] disk_allocation_ratio = None {{(pid=95129) log_opt_values /opt/stack/data/venv/lib/python3.12/site-packages/oslo_config/cfg.py:3245}}
May 26 16:24:21.445560 np0000001436 devstack@n-api-meta.service[95129]: DEBUG nova.api.openstack.wsgi_app [None req-f5dfc2da-106c-4b2d-82c3-20c7e80c8a96 None None] enable_new_services = True {{(pid=95129) log_opt_values /opt/stack/data/venv/lib/python3.12/site-packages/oslo_config/cfg.py:3245}}
May 26 16:24:21.445634 np0000001436 devstack@n-api-meta.service[95129]: DEBUG nova.api.openstack.wsgi_app [None req-f5dfc2da-106c-4b2d-82c3-20c7e80c8a96 None None] flat_injected = False {{(pid=95129) log_opt_values /opt/stack/data/venv/lib/python3.12/site-packages/oslo_config/cfg.py:3245}}
May 26 16:24:21.445777 np0000001436 devstack@n-api-meta.service[95129]: DEBUG nova.api.openstack.wsgi_app [None req-f5dfc2da-106c-4b2d-82c3-20c7e80c8a96 None None] force_config_drive = True {{(pid=95129) log_opt_values /opt/stack/data/venv/lib/python3.12/site-packages/oslo_config/cfg.py:3245}}
May 26 16:24:21.445896 np0000001436 devstack@n-api-meta.service[95129]: DEBUG nova.api.openstack.wsgi_app [None req-f5dfc2da-106c-4b2d-82c3-20c7e80c8a96 None None] force_raw_images = True {{(pid=95129) log_opt_values /opt/stack/data/venv/lib/python3.12/site-packages/oslo_config/cfg.py:3245}}
May 26 16:24:21.446103 np0000001436 devstack@n-api-meta.service[95129]: DEBUG nova.api.openstack.wsgi_app [None req-f5dfc2da-106c-4b2d-82c3-20c7e80c8a96 None None] graceful_shutdown_timeout = 5 {{(pid=95129) log_opt_values /opt/stack/data/venv/lib/python3.12/site-packages/oslo_config/cfg.py:3245}}
May 26 16:24:21.446188 np0000001436 devstack@n-api-meta.service[95129]: DEBUG nova.api.openstack.wsgi_app [None req-f5dfc2da-106c-4b2d-82c3-20c7e80c8a96 None None] heal_instance_info_cache_interval = -1 {{(pid=95129) log_opt_values /opt/stack/data/venv/lib/python3.12/site-packages/oslo_config/cfg.py:3245}}
May 26 16:24:21.446321 np0000001436 devstack@n-api-meta.service[95129]: DEBUG nova.api.openstack.wsgi_app [None req-f5dfc2da-106c-4b2d-82c3-20c7e80c8a96 None None] host = np0000001436 {{(pid=95129) log_opt_values /opt/stack/data/venv/lib/python3.12/site-packages/oslo_config/cfg.py:3245}}
May 26 16:24:21.446484 np0000001436 devstack@n-api-meta.service[95129]: DEBUG nova.api.openstack.wsgi_app [None req-f5dfc2da-106c-4b2d-82c3-20c7e80c8a96 None None] initial_cpu_allocation_ratio = 4.0 {{(pid=95129) log_opt_values /opt/stack/data/venv/lib/python3.12/site-packages/oslo_config/cfg.py:3245}}
May 26 16:24:21.446607 np0000001436 devstack@n-api-meta.service[95129]: DEBUG nova.api.openstack.wsgi_app [None req-f5dfc2da-106c-4b2d-82c3-20c7e80c8a96 None None] initial_disk_allocation_ratio = 1.0 {{(pid=95129) log_opt_values /opt/stack/data/venv/lib/python3.12/site-packages/oslo_config/cfg.py:3245}}
May 26 16:24:21.446723 np0000001436 devstack@n-api-meta.service[95129]: DEBUG nova.api.openstack.wsgi_app [None req-f5dfc2da-106c-4b2d-82c3-20c7e80c8a96 None None] initial_ram_allocation_ratio = 1.0 {{(pid=95129) log_opt_values /opt/stack/data/venv/lib/python3.12/site-packages/oslo_config/cfg.py:3245}}
May 26 16:24:21.447473 np0000001436 devstack@n-api-meta.service[95129]: DEBUG nova.api.openstack.wsgi_app [None req-f5dfc2da-106c-4b2d-82c3-20c7e80c8a96 None None] injected_network_template = /opt/stack/nova/nova/virt/interfaces.template {{(pid=95129) log_opt_values /opt/stack/data/venv/lib/python3.12/site-packages/oslo_config/cfg.py:3245}}
May 26 16:24:21.447473 np0000001436 devstack@n-api-meta.service[95129]: DEBUG nova.api.openstack.wsgi_app [None req-f5dfc2da-106c-4b2d-82c3-20c7e80c8a96 None None] instance_build_timeout = 0 {{(pid=95129) log_opt_values /opt/stack/data/venv/lib/python3.12/site-packages/oslo_config/cfg.py:3245}}
May 26 16:24:21.447473 np0000001436 devstack@n-api-meta.service[95129]: DEBUG nova.api.openstack.wsgi_app [None req-f5dfc2da-106c-4b2d-82c3-20c7e80c8a96 None None] instance_delete_interval = 300 {{(pid=95129) log_opt_values /opt/stack/data/venv/lib/python3.12/site-packages/oslo_config/cfg.py:3245}}
May 26 16:24:21.447473 np0000001436 devstack@n-api-meta.service[95129]: DEBUG nova.api.openstack.wsgi_app [None req-f5dfc2da-106c-4b2d-82c3-20c7e80c8a96 None None] instance_format = [instance: %(uuid)s] {{(pid=95129) log_opt_values /opt/stack/data/venv/lib/python3.12/site-packages/oslo_config/cfg.py:3245}}
May 26 16:24:21.447473 np0000001436 devstack@n-api-meta.service[95129]: DEBUG nova.api.openstack.wsgi_app [None req-f5dfc2da-106c-4b2d-82c3-20c7e80c8a96 None None] instance_name_template = instance-%08x {{(pid=95129) log_opt_values /opt/stack/data/venv/lib/python3.12/site-packages/oslo_config/cfg.py:3245}}
May 26 16:24:21.447651 np0000001436 devstack@n-api-meta.service[95129]: DEBUG nova.api.openstack.wsgi_app [None req-f5dfc2da-106c-4b2d-82c3-20c7e80c8a96 None None] instance_usage_audit = False {{(pid=95129) log_opt_values /opt/stack/data/venv/lib/python3.12/site-packages/oslo_config/cfg.py:3245}}
May 26 16:24:21.447651 np0000001436 devstack@n-api-meta.service[95129]: DEBUG nova.api.openstack.wsgi_app [None req-f5dfc2da-106c-4b2d-82c3-20c7e80c8a96 None None] instance_usage_audit_period = month {{(pid=95129) log_opt_values /opt/stack/data/venv/lib/python3.12/site-packages/oslo_config/cfg.py:3245}}
May 26 16:24:21.447854 np0000001436 devstack@n-api-meta.service[95129]: DEBUG nova.api.openstack.wsgi_app [None req-f5dfc2da-106c-4b2d-82c3-20c7e80c8a96 None None] instance_uuid_format = [instance: %(uuid)s] {{(pid=95129) log_opt_values /opt/stack/data/venv/lib/python3.12/site-packages/oslo_config/cfg.py:3245}}
May 26 16:24:21.447931 np0000001436 devstack@n-api-meta.service[95129]: DEBUG nova.api.openstack.wsgi_app [None req-f5dfc2da-106c-4b2d-82c3-20c7e80c8a96 None None] instances_path = /opt/stack/data/nova/instances {{(pid=95129) log_opt_values /opt/stack/data/venv/lib/python3.12/site-packages/oslo_config/cfg.py:3245}}
May 26 16:24:21.448029 np0000001436 devstack@n-api-meta.service[95129]: DEBUG nova.api.openstack.wsgi_app [None req-f5dfc2da-106c-4b2d-82c3-20c7e80c8a96 None None] internal_service_availability_zone = internal {{(pid=95129) log_opt_values /opt/stack/data/venv/lib/python3.12/site-packages/oslo_config/cfg.py:3245}}
May 26 16:24:21.448144 np0000001436 devstack@n-api-meta.service[95129]: DEBUG nova.api.openstack.wsgi_app [None req-f5dfc2da-106c-4b2d-82c3-20c7e80c8a96 None None] key = None {{(pid=95129) log_opt_values /opt/stack/data/venv/lib/python3.12/site-packages/oslo_config/cfg.py:3245}}
May 26 16:24:21.448260 np0000001436 devstack@n-api-meta.service[95129]: DEBUG nova.api.openstack.wsgi_app [None req-f5dfc2da-106c-4b2d-82c3-20c7e80c8a96 None None] live_migration_retry_count = 30 {{(pid=95129) log_opt_values /opt/stack/data/venv/lib/python3.12/site-packages/oslo_config/cfg.py:3245}}
May 26 16:24:21.448385 np0000001436 devstack@n-api-meta.service[95129]: DEBUG nova.api.openstack.wsgi_app [None req-f5dfc2da-106c-4b2d-82c3-20c7e80c8a96 None None] log_color = False {{(pid=95129) log_opt_values /opt/stack/data/venv/lib/python3.12/site-packages/oslo_config/cfg.py:3245}}
May 26 16:24:21.448571 np0000001436 devstack@n-api-meta.service[95129]: DEBUG nova.api.openstack.wsgi_app [None req-f5dfc2da-106c-4b2d-82c3-20c7e80c8a96 None None] log_config_append = None {{(pid=95129) log_opt_values /opt/stack/data/venv/lib/python3.12/site-packages/oslo_config/cfg.py:3245}}
May 26 16:24:21.448694 np0000001436 devstack@n-api-meta.service[95129]: DEBUG nova.api.openstack.wsgi_app [None req-f5dfc2da-106c-4b2d-82c3-20c7e80c8a96 None None] log_date_format = %Y-%m-%d %H:%M:%S {{(pid=95129) log_opt_values /opt/stack/data/venv/lib/python3.12/site-packages/oslo_config/cfg.py:3245}}
May 26 16:24:21.448821 np0000001436 devstack@n-api-meta.service[95129]: DEBUG nova.api.openstack.wsgi_app [None req-f5dfc2da-106c-4b2d-82c3-20c7e80c8a96 None None] log_dir = None {{(pid=95129) log_opt_values /opt/stack/data/venv/lib/python3.12/site-packages/oslo_config/cfg.py:3245}}
May 26 16:24:21.448934 np0000001436 devstack@n-api-meta.service[95129]: DEBUG nova.api.openstack.wsgi_app [None req-f5dfc2da-106c-4b2d-82c3-20c7e80c8a96 None None] log_file = None {{(pid=95129) log_opt_values /opt/stack/data/venv/lib/python3.12/site-packages/oslo_config/cfg.py:3245}}
May 26 16:24:21.449028 np0000001436 devstack@n-api-meta.service[95129]: DEBUG nova.api.openstack.wsgi_app [None req-f5dfc2da-106c-4b2d-82c3-20c7e80c8a96 None None] log_options = True {{(pid=95129) log_opt_values /opt/stack/data/venv/lib/python3.12/site-packages/oslo_config/cfg.py:3245}}
May 26 16:24:21.449170 np0000001436 devstack@n-api-meta.service[95129]: DEBUG nova.api.openstack.wsgi_app [None req-f5dfc2da-106c-4b2d-82c3-20c7e80c8a96 None None] log_rotate_interval = 1 {{(pid=95129) log_opt_values /opt/stack/data/venv/lib/python3.12/site-packages/oslo_config/cfg.py:3245}}
May 26 16:24:21.449263 np0000001436 devstack@n-api-meta.service[95129]: DEBUG nova.api.openstack.wsgi_app [None req-f5dfc2da-106c-4b2d-82c3-20c7e80c8a96 None None] log_rotate_interval_type = days {{(pid=95129) log_opt_values /opt/stack/data/venv/lib/python3.12/site-packages/oslo_config/cfg.py:3245}}
May 26 16:24:21.449377 np0000001436 devstack@n-api-meta.service[95129]: DEBUG nova.api.openstack.wsgi_app [None req-f5dfc2da-106c-4b2d-82c3-20c7e80c8a96 None None] log_rotation_type = none {{(pid=95129) log_opt_values /opt/stack/data/venv/lib/python3.12/site-packages/oslo_config/cfg.py:3245}}
May 26 16:24:21.449514 np0000001436 devstack@n-api-meta.service[95129]: DEBUG nova.api.openstack.wsgi_app [None req-f5dfc2da-106c-4b2d-82c3-20c7e80c8a96 None None] logging_context_format_string = %(color)s%(levelname)s %(name)s [%(global_request_id)s %(request_id)s %(project_name)s %(user_name)s%(color)s] %(instance)s%(color)s%(message)s {{(pid=95129) log_opt_values /opt/stack/data/venv/lib/python3.12/site-packages/oslo_config/cfg.py:3245}}
May 26 16:24:21.449658 np0000001436 devstack@n-api-meta.service[95129]: DEBUG nova.api.openstack.wsgi_app [None req-f5dfc2da-106c-4b2d-82c3-20c7e80c8a96 None None] logging_debug_format_suffix = {{(pid=%(process)d) %(funcName)s %(pathname)s:%(lineno)d}} {{(pid=95129) log_opt_values /opt/stack/data/venv/lib/python3.12/site-packages/oslo_config/cfg.py:3245}}
May 26 16:24:21.449825 np0000001436 devstack@n-api-meta.service[95129]: DEBUG nova.api.openstack.wsgi_app [None req-f5dfc2da-106c-4b2d-82c3-20c7e80c8a96 None None] logging_default_format_string = %(color)s%(levelname)s %(name)s [-%(color)s] %(instance)s%(color)s%(message)s {{(pid=95129) log_opt_values /opt/stack/data/venv/lib/python3.12/site-packages/oslo_config/cfg.py:3245}}
May 26 16:24:21.449948 np0000001436 devstack@n-api-meta.service[95129]: DEBUG nova.api.openstack.wsgi_app [None req-f5dfc2da-106c-4b2d-82c3-20c7e80c8a96 None None] logging_exception_prefix = ERROR %(name)s %(instance)s {{(pid=95129) log_opt_values /opt/stack/data/venv/lib/python3.12/site-packages/oslo_config/cfg.py:3245}}
May 26 16:24:21.450043 np0000001436 devstack@n-api-meta.service[95129]: DEBUG nova.api.openstack.wsgi_app [None req-f5dfc2da-106c-4b2d-82c3-20c7e80c8a96 None None] logging_user_identity_format = %(user)s %(project)s %(domain)s %(system_scope)s %(user_domain)s %(project_domain)s {{(pid=95129) log_opt_values /opt/stack/data/venv/lib/python3.12/site-packages/oslo_config/cfg.py:3245}}
May 26 16:24:21.450192 np0000001436 devstack@n-api-meta.service[95129]: DEBUG nova.api.openstack.wsgi_app [None req-f5dfc2da-106c-4b2d-82c3-20c7e80c8a96 None None] long_rpc_timeout = 1800 {{(pid=95129) log_opt_values /opt/stack/data/venv/lib/python3.12/site-packages/oslo_config/cfg.py:3245}}
May 26 16:24:21.450337 np0000001436 devstack@n-api-meta.service[95129]: DEBUG nova.api.openstack.wsgi_app [None req-f5dfc2da-106c-4b2d-82c3-20c7e80c8a96 None None] manager_shutdown_timeout = 160 {{(pid=95129) log_opt_values /opt/stack/data/venv/lib/python3.12/site-packages/oslo_config/cfg.py:3245}}
May 26 16:24:21.450463 np0000001436 devstack@n-api-meta.service[95129]: DEBUG nova.api.openstack.wsgi_app [None req-f5dfc2da-106c-4b2d-82c3-20c7e80c8a96 None None] max_concurrent_builds = 10 {{(pid=95129) log_opt_values /opt/stack/data/venv/lib/python3.12/site-packages/oslo_config/cfg.py:3245}}
May 26 16:24:21.450602 np0000001436 devstack@n-api-meta.service[95129]: DEBUG nova.api.openstack.wsgi_app [None req-f5dfc2da-106c-4b2d-82c3-20c7e80c8a96 None None] max_concurrent_live_migrations = 1 {{(pid=95129) log_opt_values /opt/stack/data/venv/lib/python3.12/site-packages/oslo_config/cfg.py:3245}}
May 26 16:24:21.450751 np0000001436 devstack@n-api-meta.service[95129]: DEBUG nova.api.openstack.wsgi_app [None req-f5dfc2da-106c-4b2d-82c3-20c7e80c8a96 None None] max_concurrent_snapshots = 5 {{(pid=95129) log_opt_values /opt/stack/data/venv/lib/python3.12/site-packages/oslo_config/cfg.py:3245}}
May 26 16:24:21.451454 np0000001436 devstack@n-api-meta.service[95129]: DEBUG nova.api.openstack.wsgi_app [None req-f5dfc2da-106c-4b2d-82c3-20c7e80c8a96 None None] max_local_block_devices = 3 {{(pid=95129) log_opt_values /opt/stack/data/venv/lib/python3.12/site-packages/oslo_config/cfg.py:3245}}
May 26 16:24:21.451454 np0000001436 devstack@n-api-meta.service[95129]: DEBUG nova.api.openstack.wsgi_app [None req-f5dfc2da-106c-4b2d-82c3-20c7e80c8a96 None None] max_logfile_count = 30 {{(pid=95129) log_opt_values /opt/stack/data/venv/lib/python3.12/site-packages/oslo_config/cfg.py:3245}}
May 26 16:24:21.451454 np0000001436 devstack@n-api-meta.service[95129]: DEBUG nova.api.openstack.wsgi_app [None req-f5dfc2da-106c-4b2d-82c3-20c7e80c8a96 None None] max_logfile_size_mb = 200 {{(pid=95129) log_opt_values /opt/stack/data/venv/lib/python3.12/site-packages/oslo_config/cfg.py:3245}}
May 26 16:24:21.451454 np0000001436 devstack@n-api-meta.service[95129]: DEBUG nova.api.openstack.wsgi_app [None req-f5dfc2da-106c-4b2d-82c3-20c7e80c8a96 None None] maximum_instance_delete_attempts = 5 {{(pid=95129) log_opt_values /opt/stack/data/venv/lib/python3.12/site-packages/oslo_config/cfg.py:3245}}
May 26 16:24:21.451454 np0000001436 devstack@n-api-meta.service[95129]: DEBUG nova.api.openstack.wsgi_app [None req-f5dfc2da-106c-4b2d-82c3-20c7e80c8a96 None None] migrate_max_retries = -1 {{(pid=95129) log_opt_values /opt/stack/data/venv/lib/python3.12/site-packages/oslo_config/cfg.py:3245}}
May 26 16:24:21.451454 np0000001436 devstack@n-api-meta.service[95129]: DEBUG nova.api.openstack.wsgi_app [None req-f5dfc2da-106c-4b2d-82c3-20c7e80c8a96 None None] mkisofs_cmd = genisoimage {{(pid=95129) log_opt_values /opt/stack/data/venv/lib/python3.12/site-packages/oslo_config/cfg.py:3245}}
May 26 16:24:21.451669 np0000001436 devstack@n-api-meta.service[95128]: DEBUG dbcounter [-] [95128] Writer thread running {{(pid=95128) stat_writer /opt/stack/data/venv/lib/python3.12/site-packages/dbcounter.py:102}}
May 26 16:24:21.451716 np0000001436 devstack@n-api-meta.service[95129]: DEBUG nova.api.openstack.wsgi_app [None req-f5dfc2da-106c-4b2d-82c3-20c7e80c8a96 None None] my_block_storage_ip = 10.4.3.176 {{(pid=95129) log_opt_values /opt/stack/data/venv/lib/python3.12/site-packages/oslo_config/cfg.py:3245}}
May 26 16:24:21.451716 np0000001436 devstack@n-api-meta.service[95129]: DEBUG nova.api.openstack.wsgi_app [None req-f5dfc2da-106c-4b2d-82c3-20c7e80c8a96 None None] my_ip = 10.4.3.176 {{(pid=95129) log_opt_values /opt/stack/data/venv/lib/python3.12/site-packages/oslo_config/cfg.py:3245}}
May 26 16:24:21.451907 np0000001436 devstack@n-api-meta.service[95129]: DEBUG nova.api.openstack.wsgi_app [None req-f5dfc2da-106c-4b2d-82c3-20c7e80c8a96 None None] my_shared_fs_storage_ip = 10.4.3.176 {{(pid=95129) log_opt_values /opt/stack/data/venv/lib/python3.12/site-packages/oslo_config/cfg.py:3245}}
May 26 16:24:21.452015 np0000001436 devstack@n-api-meta.service[95129]: DEBUG nova.api.openstack.wsgi_app [None req-f5dfc2da-106c-4b2d-82c3-20c7e80c8a96 None None] network_allocate_retries = 0 {{(pid=95129) log_opt_values /opt/stack/data/venv/lib/python3.12/site-packages/oslo_config/cfg.py:3245}}
May 26 16:24:21.452149 np0000001436 devstack@n-api-meta.service[95129]: DEBUG nova.api.openstack.wsgi_app [None req-f5dfc2da-106c-4b2d-82c3-20c7e80c8a96 None None] non_inheritable_image_properties = ['cache_in_nova', 'bittorrent'] {{(pid=95129) log_opt_values /opt/stack/data/venv/lib/python3.12/site-packages/oslo_config/cfg.py:3245}}
May 26 16:24:21.452280 np0000001436 devstack@n-api-meta.service[95129]: DEBUG nova.api.openstack.wsgi_app [None req-f5dfc2da-106c-4b2d-82c3-20c7e80c8a96 None None] osapi_compute_unique_server_name_scope = {{(pid=95129) log_opt_values /opt/stack/data/venv/lib/python3.12/site-packages/oslo_config/cfg.py:3245}}
May 26 16:24:21.452396 np0000001436 devstack@n-api-meta.service[95129]: DEBUG nova.api.openstack.wsgi_app [None req-f5dfc2da-106c-4b2d-82c3-20c7e80c8a96 None None] password_length = 12 {{(pid=95129) log_opt_values /opt/stack/data/venv/lib/python3.12/site-packages/oslo_config/cfg.py:3245}}
May 26 16:24:21.452582 np0000001436 devstack@n-api-meta.service[95129]: DEBUG nova.api.openstack.wsgi_app [None req-f5dfc2da-106c-4b2d-82c3-20c7e80c8a96 None None] periodic_enable = True {{(pid=95129) log_opt_values /opt/stack/data/venv/lib/python3.12/site-packages/oslo_config/cfg.py:3245}}
May 26 16:24:21.452711 np0000001436 devstack@n-api-meta.service[95129]: DEBUG nova.api.openstack.wsgi_app [None req-f5dfc2da-106c-4b2d-82c3-20c7e80c8a96 None None] periodic_fuzzy_delay = 60 {{(pid=95129) log_opt_values /opt/stack/data/venv/lib/python3.12/site-packages/oslo_config/cfg.py:3245}}
