Jul 22 23:51:53.178325 np0000005675 devstack@n-api.service[84323]: DEBUG nova.api.openstack.wsgi [None req-fa174f69-0163-4c2a-92c9-f50eabca5269 admin admin] Action: 'create', calling method: >, body: {"extra_specs": {"hw_rng:allowed": "True"}} {{(pid=84323) _process_stack /opt/stack/nova/nova/api/openstack/wsgi.py:549}}
Jul 22 23:51:53.196593 np0000005675 devstack@n-api.service[84323]: INFO nova.api.openstack.requestlog [None req-fa174f69-0163-4c2a-92c9-f50eabca5269 admin admin] 10.4.3.122 "POST /compute/v2.1/flavors/1/os-extra_specs" status: 200 len: 43 microversion: 2.61 time: 0.019706
Jul 22 23:51:53.196883 np0000005675 devstack@n-api.service[84323]: [pid: 84323|app: 0|req: 5/16] 10.4.3.122 () {72 vars in 1448 bytes} [Wed Jul 22 23:51:53 2026] POST /compute/v2.1/flavors/1/os-extra_specs => generated 43 bytes in 20 msecs (HTTP/1.1 200) 9 headers in 358 bytes (1 switches on core 0)
Jul 22 23:51:53.382091 np0000005675 devstack@n-api.service[84324]: DEBUG nova.api.openstack.wsgi [None req-2ea31396-fede-411d-a733-40249c5a61da admin admin] Action: 'create', calling method: >, body: {"flavor": {"id": "2", "vcpus": 1, "os-flavor-access:is_public": true, "disk": 20, "swap": 0, "name": "m1.small", "OS-FLV-EXT-DATA:ephemeral": 0, "ram": 2048}} {{(pid=84324) _process_stack /opt/stack/nova/nova/api/openstack/wsgi.py:549}}
Jul 22 23:51:53.399656 np0000005675 devstack@n-api.service[84324]: INFO nova.api.openstack.requestlog [None req-2ea31396-fede-411d-a733-40249c5a61da admin admin] 10.4.3.122 "POST /compute/v2.1/flavors" status: 200 len: 405 microversion: 2.61 time: 0.018973
Jul 22 23:51:53.399967 np0000005675 devstack@n-api.service[84324]: [pid: 84324|app: 0|req: 7/17] 10.4.3.122 () {72 vars in 1398 bytes} [Wed Jul 22 23:51:53 2026] POST /compute/v2.1/flavors => generated 405 bytes in 19 msecs (HTTP/1.1 200) 9 headers in 359 bytes (1 switches on core 0)
Jul 22 23:51:53.409403 np0000005675 devstack@n-api.service[84325]: DEBUG nova.api.openstack.wsgi [None req-0a3860a4-538e-43a5-a56e-fbeb019bd67a admin admin] Action: 'create', calling method: >, body: {"extra_specs": {"hw_rng:allowed": "True"}} {{(pid=84325) _process_stack /opt/stack/nova/nova/api/openstack/wsgi.py:549}}
Jul 22 23:51:53.430378 np0000005675 devstack@n-api.service[84325]: INFO nova.api.openstack.requestlog [None req-0a3860a4-538e-43a5-a56e-fbeb019bd67a admin admin] 10.4.3.122 "POST /compute/v2.1/flavors/2/os-extra_specs" status: 200 len: 43 microversion: 2.61 time: 0.022654
Jul 22 23:51:53.430761 np0000005675 devstack@n-api.service[84325]: [pid: 84325|app: 0|req: 6/18] 10.4.3.122 () {72 vars in 1448 bytes} [Wed Jul 22 23:51:53 2026] POST /compute/v2.1/flavors/2/os-extra_specs => generated 43 bytes in 23 msecs (HTTP/1.1 200) 9 headers in 358 bytes (1 switches on core 0)
Jul 22 23:51:53.620562 np0000005675 devstack@n-api.service[84323]: DEBUG nova.api.openstack.wsgi [None req-61f93756-456a-4caa-8a99-9f3afc1ebee7 admin admin] Action: 'create', calling method: >, body: {"flavor": {"id": "3", "vcpus": 2, "os-flavor-access:is_public": true, "disk": 40, "swap": 0, "name": "m1.medium", "OS-FLV-EXT-DATA:ephemeral": 0, "ram": 4096}} {{(pid=84323) _process_stack /opt/stack/nova/nova/api/openstack/wsgi.py:549}}
Jul 22 23:51:53.638469 np0000005675 devstack@n-api.service[84323]: INFO nova.api.openstack.requestlog [None req-61f93756-456a-4caa-8a99-9f3afc1ebee7 admin admin] 10.4.3.122 "POST /compute/v2.1/flavors" status: 200 len: 406 microversion: 2.61 time: 0.019316
Jul 22 23:51:53.638821 np0000005675 devstack@n-api.service[84323]: [pid: 84323|app: 0|req: 6/19] 10.4.3.122 () {72 vars in 1398 bytes} [Wed Jul 22 23:51:53 2026] POST /compute/v2.1/flavors => generated 406 bytes in 20 msecs (HTTP/1.1 200) 9 headers in 359 bytes (1 switches on core 0)
Jul 22 23:51:53.648243 np0000005675 devstack@n-api.service[84324]: DEBUG nova.api.openstack.wsgi [None req-a39edd30-e9c6-4c21-906c-8413d9a40302 admin admin] Action: 'create', calling method: >, body: {"extra_specs": {"hw_rng:allowed": "True"}} {{(pid=84324) _process_stack /opt/stack/nova/nova/api/openstack/wsgi.py:549}}
Jul 22 23:51:53.668371 np0000005675 devstack@n-api.service[84324]: INFO nova.api.openstack.requestlog [None req-a39edd30-e9c6-4c21-906c-8413d9a40302 admin admin] 10.4.3.122 "POST /compute/v2.1/flavors/3/os-extra_specs" status: 200 len: 43 microversion: 2.61 time: 0.021579
Jul 22 23:51:53.668652 np0000005675 devstack@n-api.service[84324]: [pid: 84324|app: 0|req: 8/20] 10.4.3.122 () {72 vars in 1448 bytes} [Wed Jul 22 23:51:53 2026] POST /compute/v2.1/flavors/3/os-extra_specs => generated 43 bytes in 22 msecs (HTTP/1.1 200) 9 headers in 358 bytes (1 switches on core 0)
Jul 22 23:51:53.862406 np0000005675 devstack@n-api.service[84325]: DEBUG nova.api.openstack.wsgi [None req-0038f58e-da16-4c66-8d2f-bd947f64e632 admin admin] Action: 'create', calling method: >, body: {"flavor": {"id": "4", "vcpus": 4, "os-flavor-access:is_public": true, "disk": 80, "swap": 0, "name": "m1.large", "OS-FLV-EXT-DATA:ephemeral": 0, "ram": 8192}} {{(pid=84325) _process_stack /opt/stack/nova/nova/api/openstack/wsgi.py:549}}
Jul 22 23:51:53.876056 np0000005675 devstack@n-api.service[84325]: INFO nova.api.openstack.requestlog [None req-0038f58e-da16-4c66-8d2f-bd947f64e632 admin admin] 10.4.3.122 "POST /compute/v2.1/flavors" status: 200 len: 405 microversion: 2.61 time: 0.015222
Jul 22 23:51:53.876349 np0000005675 devstack@n-api.service[84325]: [pid: 84325|app: 0|req: 7/21] 10.4.3.122 () {72 vars in 1398 bytes} [Wed Jul 22 23:51:53 2026] POST /compute/v2.1/flavors => generated 405 bytes in 16 msecs (HTTP/1.1 200) 9 headers in 359 bytes (1 switches on core 0)
Jul 22 23:51:53.886255 np0000005675 devstack@n-api.service[84323]: DEBUG nova.api.openstack.wsgi [None req-f8d202bf-8a7c-4d14-a466-d72a28053adb admin admin] Action: 'create', calling method: >, body: {"extra_specs": {"hw_rng:allowed": "True"}} {{(pid=84323) _process_stack /opt/stack/nova/nova/api/openstack/wsgi.py:549}}
Jul 22 23:51:53.902005 np0000005675 devstack@n-api.service[84323]: INFO nova.api.openstack.requestlog [None req-f8d202bf-8a7c-4d14-a466-d72a28053adb admin admin] 10.4.3.122 "POST /compute/v2.1/flavors/4/os-extra_specs" status: 200 len: 43 microversion: 2.61 time: 0.017563
Jul 22 23:51:53.902276 np0000005675 devstack@n-api.service[84323]: [pid: 84323|app: 0|req: 7/22] 10.4.3.122 () {72 vars in 1448 bytes} [Wed Jul 22 23:51:53 2026] POST /compute/v2.1/flavors/4/os-extra_specs => generated 43 bytes in 18 msecs (HTTP/1.1 200) 9 headers in 358 bytes (1 switches on core 0)
Jul 22 23:51:54.076137 np0000005675 devstack@n-api.service[84324]: DEBUG nova.api.openstack.wsgi [None req-287ab28b-e361-436e-8095-312b460622ae admin admin] Action: 'create', calling method: >, body: {"flavor": {"id": "5", "vcpus": 8, "os-flavor-access:is_public": true, "disk": 160, "swap": 0, "name": "m1.xlarge", "OS-FLV-EXT-DATA:ephemeral": 0, "ram": 16384}} {{(pid=84324) _process_stack /opt/stack/nova/nova/api/openstack/wsgi.py:549}}
Jul 22 23:51:54.094599 np0000005675 devstack@n-api.service[84324]: INFO nova.api.openstack.requestlog [None req-287ab28b-e361-436e-8095-312b460622ae admin admin] 10.4.3.122 "POST /compute/v2.1/flavors" status: 200 len: 408 microversion: 2.61 time: 0.019948
Jul 22 23:51:54.094901 np0000005675 devstack@n-api.service[84324]: [pid: 84324|app: 0|req: 9/23] 10.4.3.122 () {72 vars in 1398 bytes} [Wed Jul 22 23:51:54 2026] POST /compute/v2.1/flavors => generated 408 bytes in 20 msecs (HTTP/1.1 200) 9 headers in 359 bytes (1 switches on core 0)
Jul 22 23:51:54.104856 np0000005675 devstack@n-api.service[84325]: DEBUG nova.api.openstack.wsgi [None req-1861f3a3-f1cf-4900-a525-6b7c9d0076a8 admin admin] Action: 'create', calling method: >, body: {"extra_specs": {"hw_rng:allowed": "True"}} {{(pid=84325) _process_stack /opt/stack/nova/nova/api/openstack/wsgi.py:549}}
Jul 22 23:51:54.122817 np0000005675 devstack@n-api.service[84325]: INFO nova.api.openstack.requestlog [None req-1861f3a3-f1cf-4900-a525-6b7c9d0076a8 admin admin] 10.4.3.122 "POST /compute/v2.1/flavors/5/os-extra_specs" status: 200 len: 43 microversion: 2.61 time: 0.019429
Jul 22 23:51:54.123148 np0000005675 devstack@n-api.service[84325]: [pid: 84325|app: 0|req: 8/24] 10.4.3.122 () {72 vars in 1448 bytes} [Wed Jul 22 23:51:54 2026] POST /compute/v2.1/flavors/5/os-extra_specs => generated 43 bytes in 20 msecs (HTTP/1.1 200) 9 headers in 358 bytes (1 switches on core 0)
Jul 22 23:52:03.899622 np0000005675 devstack@n-api.service[84323]: DEBUG dbcounter [-] [84323] Writing DB stats nova_api:INSERT=7,nova_api:SELECT=15,nova_api:SAVEPOINT=4,nova_api:RELEASE=4 {{(pid=84323) stat_writer /opt/stack/data/venv/lib/python3.12/site-packages/dbcounter.py:115}}
Jul 22 23:52:04.089071 np0000005675 devstack@n-api.service[84324]: DEBUG dbcounter [-] [84324] Writing DB stats nova_api:SELECT=13,nova_api:SAVEPOINT=3,nova_api:INSERT=6,nova_api:RELEASE=3 {{(pid=84324) stat_writer /opt/stack/data/venv/lib/python3.12/site-packages/dbcounter.py:115}}
Jul 22 23:52:04.120826 np0000005675 devstack@n-api.service[84325]: DEBUG dbcounter [-] [84325] Writing DB stats nova_api:SELECT=14,nova_api:INSERT=7,nova_api:SAVEPOINT=3,nova_api:RELEASE=3 {{(pid=84325) stat_writer /opt/stack/data/venv/lib/python3.12/site-packages/dbcounter.py:115}}
Jul 22 23:52:18.603436 np0000005675 devstack@n-api.service[84323]: DEBUG nova.api.openstack.wsgi [None req-07fca3ba-6d71-45df-9649-ad72250ff67a admin admin] Calling method '>' {{(pid=84323) _process_stack /opt/stack/nova/nova/api/openstack/wsgi.py:551}}
Jul 22 23:52:18.605352 np0000005675 devstack@n-api.service[84323]: DEBUG oslo_concurrency.lockutils [None req-07fca3ba-6d71-45df-9649-ad72250ff67a admin admin] Acquiring lock "00000000-0000-0000-0000-000000000000" by "nova.context.set_target_cell..get_or_set_cached_cell_and_set_connections" {{(pid=84323) inner /opt/stack/data/venv/lib/python3.12/site-packages/oslo_concurrency/lockutils.py:512}}
Jul 22 23:52:18.605545 np0000005675 devstack@n-api.service[84323]: DEBUG oslo_concurrency.lockutils [None req-07fca3ba-6d71-45df-9649-ad72250ff67a admin admin] Lock "00000000-0000-0000-0000-000000000000" acquired by "nova.context.set_target_cell..get_or_set_cached_cell_and_set_connections" :: waited 0.000s {{(pid=84323) inner /opt/stack/data/venv/lib/python3.12/site-packages/oslo_concurrency/lockutils.py:525}}
Jul 22 23:52:18.605664 np0000005675 devstack@n-api.service[84323]: DEBUG oslo_concurrency.lockutils [None req-07fca3ba-6d71-45df-9649-ad72250ff67a admin admin] Lock "00000000-0000-0000-0000-000000000000" "released" by "nova.context.set_target_cell..get_or_set_cached_cell_and_set_connections" :: held 0.000s {{(pid=84323) inner /opt/stack/data/venv/lib/python3.12/site-packages/oslo_concurrency/lockutils.py:544}}
Jul 22 23:52:18.606492 np0000005675 devstack@n-api.service[84323]: DEBUG oslo_concurrency.lockutils [None req-07fca3ba-6d71-45df-9649-ad72250ff67a admin admin] Acquiring lock "d1d791b1-3138-472d-8a5f-b0e7d9f41d4e" by "nova.context.set_target_cell..get_or_set_cached_cell_and_set_connections" {{(pid=84323) inner /opt/stack/data/venv/lib/python3.12/site-packages/oslo_concurrency/lockutils.py:512}}
Jul 22 23:52:18.606670 np0000005675 devstack@n-api.service[84323]: DEBUG oslo_concurrency.lockutils [None req-07fca3ba-6d71-45df-9649-ad72250ff67a admin admin] Lock "d1d791b1-3138-472d-8a5f-b0e7d9f41d4e" acquired by "nova.context.set_target_cell..get_or_set_cached_cell_and_set_connections" :: waited 0.000s {{(pid=84323) inner /opt/stack/data/venv/lib/python3.12/site-packages/oslo_concurrency/lockutils.py:525}}
Jul 22 23:52:18.606820 np0000005675 devstack@n-api.service[84323]: DEBUG oslo_concurrency.lockutils [None req-07fca3ba-6d71-45df-9649-ad72250ff67a admin admin] Lock "d1d791b1-3138-472d-8a5f-b0e7d9f41d4e" "released" by "nova.context.set_target_cell..get_or_set_cached_cell_and_set_connections" :: held 0.000s {{(pid=84323) inner /opt/stack/data/venv/lib/python3.12/site-packages/oslo_concurrency/lockutils.py:544}}
Jul 22 23:52:18.661672 np0000005675 devstack@n-api.service[84323]: INFO nova.api.openstack.requestlog [None req-07fca3ba-6d71-45df-9649-ad72250ff67a admin admin] 10.4.3.122 "GET /compute/v2.1/os-services?binary=nova-compute&host=np0000005675" status: 200 len: 255 microversion: 2.69 time: 0.060087
Jul 22 23:52:18.662157 np0000005675 devstack@n-api.service[84323]: [pid: 84323|app: 0|req: 8/25] 10.4.3.122 () {68 vars in 1444 bytes} [Wed Jul 22 23:52:18 2026] GET /compute/v2.1/os-services?binary=nova-compute&host=np0000005675 => generated 255 bytes in 61 msecs (HTTP/1.1 200) 9 headers in 359 bytes (1 switches on core 0)
Jul 22 23:52:28.613979 np0000005675 devstack@n-api.service[84323]: DEBUG dbcounter [-] [84323] Writing DB stats nova_cell0:SELECT=1 {{(pid=84323) stat_writer /opt/stack/data/venv/lib/python3.12/site-packages/dbcounter.py:115}}
Jul 22 23:52:28.614570 np0000005675 devstack@n-api.service[84323]: DEBUG dbcounter [-] [84323] Writing DB stats nova_cell1:SELECT=1 {{(pid=84323) stat_writer /opt/stack/data/venv/lib/python3.12/site-packages/dbcounter.py:115}}
Jul 22 23:52:28.657220 np0000005675 devstack@n-api.service[84323]: DEBUG dbcounter [-] [84323] Writing DB stats nova_api:SELECT=2 {{(pid=84323) stat_writer /opt/stack/data/venv/lib/python3.12/site-packages/dbcounter.py:115}}
Jul 22 23:52:32.009471 np0000005675 devstack@n-api.service[84324]: DEBUG nova.api.openstack.wsgi [None req-d704fb97-ac14-4b6e-a223-1b5e6e660ce9 admin admin] Calling method '>' {{(pid=84324) _process_stack /opt/stack/nova/nova/api/openstack/wsgi.py:551}}
Jul 22 23:52:32.022170 np0000005675 devstack@n-api.service[84324]: INFO nova.api.openstack.requestlog [None req-d704fb97-ac14-4b6e-a223-1b5e6e660ce9 admin admin] 10.4.3.122 "GET /compute/v2.1/flavors/detail?is_public=True" status: 200 len: 4202 microversion: 2.61 time: 0.014571
Jul 22 23:52:32.022440 np0000005675 devstack@n-api.service[84324]: [pid: 84324|app: 0|req: 10/26] 10.4.3.122 () {68 vars in 1407 bytes} [Wed Jul 22 23:52:32 2026] GET /compute/v2.1/flavors/detail?is_public=True => generated 4202 bytes in 15 msecs (HTTP/1.1 200) 9 headers in 360 bytes (1 switches on core 0)
Jul 22 23:52:32.471101 np0000005675 devstack@n-api.service[84325]: DEBUG nova.api.openstack.wsgi [None req-ceb40417-2e71-4da4-8800-6560b5b8e66d admin admin] Action: 'create', calling method: >, body: {"flavor": {"id": "42", "vcpus": 1, "os-flavor-access:is_public": true, "disk": 1, "swap": 0, "name": "m1.nano", "OS-FLV-EXT-DATA:ephemeral": 0, "ram": 192}} {{(pid=84325) _process_stack /opt/stack/nova/nova/api/openstack/wsgi.py:549}}
Jul 22 23:52:32.486872 np0000005675 devstack@n-api.service[84325]: INFO nova.api.openstack.requestlog [None req-ceb40417-2e71-4da4-8800-6560b5b8e66d admin admin] 10.4.3.122 "POST /compute/v2.1/flavors" status: 200 len: 405 microversion: 2.61 time: 0.017701
Jul 22 23:52:32.487830 np0000005675 devstack@n-api.service[84325]: [pid: 84325|app: 0|req: 9/27] 10.4.3.122 () {72 vars in 1398 bytes} [Wed Jul 22 23:52:32 2026] POST /compute/v2.1/flavors => generated 405 bytes in 19 msecs (HTTP/1.1 200) 9 headers in 359 bytes (1 switches on core 0)
Jul 22 23:52:32.498414 np0000005675 devstack@n-api.service[84323]: DEBUG nova.api.openstack.wsgi [None req-6f953de0-27d7-4215-bc97-8dd752a30a82 admin admin] Action: 'create', calling method: >, body: {"extra_specs": {"hw_rng:allowed": "True"}} {{(pid=84323) _process_stack /opt/stack/nova/nova/api/openstack/wsgi.py:549}}
Jul 22 23:52:32.512716 np0000005675 devstack@n-api.service[84323]: INFO nova.api.openstack.requestlog [None req-6f953de0-27d7-4215-bc97-8dd752a30a82 admin admin] 10.4.3.122 "POST /compute/v2.1/flavors/42/os-extra_specs" status: 200 len: 43 microversion: 2.61 time: 0.016836
Jul 22 23:52:32.513136 np0000005675 devstack@n-api.service[84323]: [pid: 84323|app: 0|req: 9/28] 10.4.3.122 () {72 vars in 1451 bytes} [Wed Jul 22 23:52:32 2026] POST /compute/v2.1/flavors/42/os-extra_specs => generated 43 bytes in 17 msecs (HTTP/1.1 200) 9 headers in 358 bytes (1 switches on core 0)
Jul 22 23:52:32.984319 np0000005675 devstack@n-api.service[84324]: DEBUG nova.api.openstack.wsgi [None req-d5eb582b-8386-450a-b9b6-903f1ccdd855 admin admin] Action: 'create', calling method: >, body: {"flavor": {"id": "84", "vcpus": 1, "os-flavor-access:is_public": true, "disk": 1, "swap": 0, "name": "m1.micro", "OS-FLV-EXT-DATA:ephemeral": 0, "ram": 256}} {{(pid=84324) _process_stack /opt/stack/nova/nova/api/openstack/wsgi.py:549}}
Jul 22 23:52:32.998754 np0000005675 devstack@n-api.service[84324]: INFO nova.api.openstack.requestlog [None req-d5eb582b-8386-450a-b9b6-903f1ccdd855 admin admin] 10.4.3.122 "POST /compute/v2.1/flavors" status: 200 len: 406 microversion: 2.61 time: 0.015707
Jul 22 23:52:32.998754 np0000005675 devstack@n-api.service[84324]: [pid: 84324|app: 0|req: 11/29] 10.4.3.122 () {72 vars in 1398 bytes} [Wed Jul 22 23:52:32 2026] POST /compute/v2.1/flavors => generated 406 bytes in 16 msecs (HTTP/1.1 200) 9 headers in 359 bytes (1 switches on core 0)
Jul 22 23:52:33.009415 np0000005675 devstack@n-api.service[84325]: DEBUG nova.api.openstack.wsgi [None req-739d9b12-7df2-4e41-af41-af808461e350 admin admin] Action: 'create', calling method: >, body: {"extra_specs": {"hw_rng:allowed": "True"}} {{(pid=84325) _process_stack /opt/stack/nova/nova/api/openstack/wsgi.py:549}}
Jul 22 23:52:33.025002 np0000005675 devstack@n-api.service[84325]: INFO nova.api.openstack.requestlog [None req-739d9b12-7df2-4e41-af41-af808461e350 admin admin] 10.4.3.122 "POST /compute/v2.1/flavors/84/os-extra_specs" status: 200 len: 43 microversion: 2.61 time: 0.018849
Jul 22 23:52:33.025290 np0000005675 devstack@n-api.service[84325]: [pid: 84325|app: 0|req: 10/30] 10.4.3.122 () {72 vars in 1451 bytes} [Wed Jul 22 23:52:33 2026] POST /compute/v2.1/flavors/84/os-extra_specs => generated 43 bytes in 19 msecs (HTTP/1.1 200) 9 headers in 358 bytes (1 switches on core 0)
Jul 22 23:52:42.509711 np0000005675 devstack@n-api.service[84323]: DEBUG dbcounter [-] [84323] Writing DB stats nova_api:SELECT=3,nova_api:SAVEPOINT=1,nova_api:INSERT=1,nova_api:RELEASE=1 {{(pid=84323) stat_writer /opt/stack/data/venv/lib/python3.12/site-packages/dbcounter.py:115}}
Jul 22 23:52:42.993735 np0000005675 devstack@n-api.service[84324]: DEBUG dbcounter [-] [84324] Writing DB stats nova_api:SELECT=2,nova_api:INSERT=1 {{(pid=84324) stat_writer /opt/stack/data/venv/lib/python3.12/site-packages/dbcounter.py:115}}
Jul 22 23:52:43.021694 np0000005675 devstack@n-api.service[84325]: DEBUG dbcounter [-] [84325] Writing DB stats nova_api:INSERT=2,nova_api:SELECT=4,nova_api:SAVEPOINT=1,nova_api:RELEASE=1 {{(pid=84325) stat_writer /opt/stack/data/venv/lib/python3.12/site-packages/dbcounter.py:115}}
Jul 22 23:54:03.583525 np0000005675 devstack@n-api.service[84323]: DEBUG nova.api.openstack.wsgi [None req-433963e4-cac4-423f-9959-0d3d26f22f66 tempest-DeleteServersTestJSON-686103338 tempest-DeleteServersTestJSON-686103338-project-member] Action: 'create', calling method: >, body: {"server": {"name": "tempest-DeleteServersTestJSON-server-1674923243", "imageRef": "5cd0f066-0f95-48c0-a5ac-fdf7c5626e21", "flavorRef": "42", "networks": [{"uuid": "3d3ef1b6-7c90-4027-9da6-4f7d24e402b8"}]}} {{(pid=84323) _process_stack /opt/stack/nova/nova/api/openstack/wsgi.py:549}}
Jul 22 23:54:04.334064 np0000005675 devstack@n-api.service[84323]: DEBUG oslo_concurrency.lockutils [None req-433963e4-cac4-423f-9959-0d3d26f22f66 tempest-DeleteServersTestJSON-686103338 tempest-DeleteServersTestJSON-686103338-project-member] Acquiring lock "00000000-0000-0000-0000-000000000000" by "nova.context.set_target_cell..get_or_set_cached_cell_and_set_connections" {{(pid=84323) inner /opt/stack/data/venv/lib/python3.12/site-packages/oslo_concurrency/lockutils.py:512}}
Jul 22 23:54:04.334402 np0000005675 devstack@n-api.service[84323]: DEBUG oslo_concurrency.lockutils [None req-433963e4-cac4-423f-9959-0d3d26f22f66 tempest-DeleteServersTestJSON-686103338 tempest-DeleteServersTestJSON-686103338-project-member] Lock "00000000-0000-0000-0000-000000000000" acquired by "nova.context.set_target_cell..get_or_set_cached_cell_and_set_connections" :: waited 0.001s {{(pid=84323) inner /opt/stack/data/venv/lib/python3.12/site-packages/oslo_concurrency/lockutils.py:525}}
Jul 22 23:54:04.334670 np0000005675 devstack@n-api.service[84323]: DEBUG oslo_concurrency.lockutils [None req-433963e4-cac4-423f-9959-0d3d26f22f66 tempest-DeleteServersTestJSON-686103338 tempest-DeleteServersTestJSON-686103338-project-member] Lock "00000000-0000-0000-0000-000000000000" "released" by "nova.context.set_target_cell..get_or_set_cached_cell_and_set_connections" :: held 0.000s {{(pid=84323) inner /opt/stack/data/venv/lib/python3.12/site-packages/oslo_concurrency/lockutils.py:544}}
Jul 22 23:54:04.335524 np0000005675 devstack@n-api.service[84323]: DEBUG oslo_concurrency.lockutils [None req-433963e4-cac4-423f-9959-0d3d26f22f66 tempest-DeleteServersTestJSON-686103338 tempest-DeleteServersTestJSON-686103338-project-member] Acquiring lock "d1d791b1-3138-472d-8a5f-b0e7d9f41d4e" by "nova.context.set_target_cell..get_or_set_cached_cell_and_set_connections" {{(pid=84323) inner /opt/stack/data/venv/lib/python3.12/site-packages/oslo_concurrency/lockutils.py:512}}
Jul 22 23:54:04.335895 np0000005675 devstack@n-api.service[84323]: DEBUG oslo_concurrency.lockutils [None req-433963e4-cac4-423f-9959-0d3d26f22f66 tempest-DeleteServersTestJSON-686103338 tempest-DeleteServersTestJSON-686103338-project-member] Lock "d1d791b1-3138-472d-8a5f-b0e7d9f41d4e" acquired by "nova.context.set_target_cell..get_or_set_cached_cell_and_set_connections" :: waited 0.000s {{(pid=84323) inner /opt/stack/data/venv/lib/python3.12/site-packages/oslo_concurrency/lockutils.py:525}}
Jul 22 23:54:04.336086 np0000005675 devstack@n-api.service[84323]: DEBUG oslo_concurrency.lockutils [None req-433963e4-cac4-423f-9959-0d3d26f22f66 tempest-DeleteServersTestJSON-686103338 tempest-DeleteServersTestJSON-686103338-project-member] Lock "d1d791b1-3138-472d-8a5f-b0e7d9f41d4e" "released" by "nova.context.set_target_cell..get_or_set_cached_cell_and_set_connections" :: held 0.000s {{(pid=84323) inner /opt/stack/data/venv/lib/python3.12/site-packages/oslo_concurrency/lockutils.py:544}}
Jul 22 23:54:04.343082 np0000005675 devstack@n-api.service[84323]: DEBUG nova.network.neutron [None req-433963e4-cac4-423f-9959-0d3d26f22f66 tempest-DeleteServersTestJSON-686103338 tempest-DeleteServersTestJSON-686103338-project-member] validate_networks() for [('3d3ef1b6-7c90-4027-9da6-4f7d24e402b8', None, None, None, None, None)] {{(pid=84323) validate_networks /opt/stack/nova/nova/network/neutron.py:2686}}
Jul 22 23:54:04.344428 np0000005675 devstack@n-api.service[84323]: WARNING neutronclient.v2_0.client [None req-433963e4-cac4-423f-9959-0d3d26f22f66 tempest-DeleteServersTestJSON-686103338 tempest-DeleteServersTestJSON-686103338-project-member] The python binding code in neutronclient is deprecated in favor of OpenstackSDK, please use that as this will be removed in a future release.
Jul 22 23:54:04.596128 np0000005675 devstack@n-api.service[84324]: DEBUG nova.api.openstack.wsgi [None req-74428c35-d37b-4f3c-8a3e-261bf72fa5b1 tempest-AttachVolumeShelveTestJSON-2142878019 tempest-AttachVolumeShelveTestJSON-2142878019-project-member] Action: 'create', calling method: >, body: {"keypair": {"name": "tempest-keypair-41993190", "public_key": "ecdsa-sha2-nistp384 AAAAE2VjZHNhLXNoYTItbmlzdHAzODQAAAAIbmlzdHAzODQAAABhBGfso527O4os6UmkWL0uxbjx5lUDV/gck2B5emF8eqsRvTX8ui3NX6m0ZlnCLwIkkD1w50KwsSmBMIwpCkv9tAAdb1MCkmS+7H/idYwlWWlKYn5y66oAMvL+hQCDSDwe8Q=="}} {{(pid=84324) _process_stack /opt/stack/nova/nova/api/openstack/wsgi.py:549}}
Jul 22 23:54:04.615717 np0000005675 devstack@n-api.service[84324]: DEBUG nova.quota [None req-74428c35-d37b-4f3c-8a3e-261bf72fa5b1 tempest-AttachVolumeShelveTestJSON-2142878019 tempest-AttachVolumeShelveTestJSON-2142878019-project-member] Getting quotas for project e4b25b9d7dc74aea9dbbd9d8f299d22f. Resources: {'key_pairs'} {{(pid=84324) _get_quotas /opt/stack/nova/nova/quota.py:389}}
Jul 22 23:54:04.620770 np0000005675 devstack@n-api.service[84324]: DEBUG nova.quota [None req-74428c35-d37b-4f3c-8a3e-261bf72fa5b1 tempest-AttachVolumeShelveTestJSON-2142878019 tempest-AttachVolumeShelveTestJSON-2142878019-project-member] Getting quotas for user 1489858c535a4eeeb33437e9e950bdc9 and project e4b25b9d7dc74aea9dbbd9d8f299d22f. Resources: {'key_pairs'} {{(pid=84324) _get_quotas /opt/stack/nova/nova/quota.py:379}}
Jul 22 23:54:04.654210 np0000005675 devstack@n-api.service[84324]: INFO nova.api.openstack.requestlog [None req-74428c35-d37b-4f3c-8a3e-261bf72fa5b1 tempest-AttachVolumeShelveTestJSON-2142878019 tempest-AttachVolumeShelveTestJSON-2142878019-project-member] 10.4.3.122 "POST /compute/v2.1/os-keypairs" status: 201 len: 399 microversion: 2.20 time: 0.520626
Jul 22 23:54:04.654870 np0000005675 devstack@n-api.service[84324]: [pid: 84324|app: 0|req: 12/31] 10.4.3.122 () {70 vars in 1318 bytes} [Wed Jul 22 23:54:04 2026] POST /compute/v2.1/os-keypairs => generated 399 bytes in 521 msecs (HTTP/1.1 201) 9 headers in 364 bytes (1 switches on core 0)
Jul 22 23:54:05.298023 np0000005675 devstack@n-api.service[84325]: DEBUG nova.api.openstack.wsgi [None req-d607b1d6-4ef9-42cc-8c0e-503ef426626d tempest-ServerStableDeviceRescueTest-1106195527 tempest-ServerStableDeviceRescueTest-1106195527-project-member] Action: 'create', calling method: >, body: {"keypair": {"name": "tempest-keypair-1211546747", "public_key": "ecdsa-sha2-nistp384 AAAAE2VjZHNhLXNoYTItbmlzdHAzODQAAAAIbmlzdHAzODQAAABhBKQfVqpcnAO/cQ/OU39vWUuDstRWjyX0Ys0tT+V4iH7ZNoEHXpEvtPG9qU+ldxpmqk9FwuY9ezjcCx9oWmfAv98eo6/s7IarZ3E9wMlPq3SCCjsemE9xyiKPvhutoiYU0w=="}} {{(pid=84325) _process_stack /opt/stack/nova/nova/api/openstack/wsgi.py:549}}
Jul 22 23:54:05.323200 np0000005675 devstack@n-api.service[84325]: DEBUG nova.quota [None req-d607b1d6-4ef9-42cc-8c0e-503ef426626d tempest-ServerStableDeviceRescueTest-1106195527 tempest-ServerStableDeviceRescueTest-1106195527-project-member] Getting quotas for project 874ad370c6e545d3a886468956637d9e. Resources: {'key_pairs'} {{(pid=84325) _get_quotas /opt/stack/nova/nova/quota.py:389}}
Jul 22 23:54:05.328724 np0000005675 devstack@n-api.service[84325]: DEBUG nova.quota [None req-d607b1d6-4ef9-42cc-8c0e-503ef426626d tempest-ServerStableDeviceRescueTest-1106195527 tempest-ServerStableDeviceRescueTest-1106195527-project-member] Getting quotas for user d5142d1b7a074cadb4a81475b070e39a and project 874ad370c6e545d3a886468956637d9e. Resources: {'key_pairs'} {{(pid=84325) _get_quotas /opt/stack/nova/nova/quota.py:379}}
Jul 22 23:54:05.368893 np0000005675 devstack@n-api.service[84325]: INFO nova.api.openstack.requestlog [None req-d607b1d6-4ef9-42cc-8c0e-503ef426626d tempest-ServerStableDeviceRescueTest-1106195527 tempest-ServerStableDeviceRescueTest-1106195527-project-member] 10.4.3.122 "POST /compute/v2.1/os-keypairs" status: 200 len: 386 microversion: 2.1 time: 0.072494
Jul 22 23:54:05.368893 np0000005675 devstack@n-api.service[84325]: [pid: 84325|app: 0|req: 11/32] 10.4.3.122 () {68 vars in 1277 bytes} [Wed Jul 22 23:54:05 2026] POST /compute/v2.1/os-keypairs => generated 386 bytes in 73 msecs (HTTP/1.1 200) 9 headers in 357 bytes (1 switches on core 0)
Jul 22 23:54:07.888093 np0000005675 devstack@n-api.service[84323]: WARNING neutronclient.v2_0.client [None req-433963e4-cac4-423f-9959-0d3d26f22f66 tempest-DeleteServersTestJSON-686103338 tempest-DeleteServersTestJSON-686103338-project-member] The python binding code in neutronclient is deprecated in favor of OpenstackSDK, please use that as this will be removed in a future release.
Jul 22 23:54:12.200541 np0000005675 devstack@n-api.service[84324]: DEBUG nova.api.openstack.wsgi [None req-a8b31052-837a-4939-9d60-e821e289c511 tempest-AttachVolumeShelveTestJSON-2142878019 tempest-AttachVolumeShelveTestJSON-2142878019-project-member] Action: 'create', calling method: >, body: {"server": {"name": "tempest-AttachVolumeShelveTestJSON-server-971520192", "imageRef": "5cd0f066-0f95-48c0-a5ac-fdf7c5626e21", "flavorRef": "42", "adminPass": "***", "networks": [{"uuid": "3a8f019b-67a8-4647-9e1e-819adbdf6818"}], "security_groups": [{"name": "tempest-securitygroup--702456109"}], "key_name": "tempest-keypair-41993190", "user_data": "}} {{(pid=84324) _process_stack /opt/stack/nova/nova/api/openstack/wsgi.py:549}}
Jul 22 23:54:12.862216 np0000005675 devstack@n-api.service[84323]: DEBUG nova.virt.hardware [None req-433963e4-cac4-423f-9959-0d3d26f22f66 tempest-DeleteServersTestJSON-686103338 tempest-DeleteServersTestJSON-686103338-project-member] Flavor limits 0:0:0 {{(pid=84323) get_cpu_topology_constraints /opt/stack/nova/nova/virt/hardware.py:516}}
Jul 22 23:54:12.862687 np0000005675 devstack@n-api.service[84323]: DEBUG nova.virt.hardware [None req-433963e4-cac4-423f-9959-0d3d26f22f66 tempest-DeleteServersTestJSON-686103338 tempest-DeleteServersTestJSON-686103338-project-member] Image limits 0:0:0 {{(pid=84323) get_cpu_topology_constraints /opt/stack/nova/nova/virt/hardware.py:520}}
Jul 22 23:54:12.862687 np0000005675 devstack@n-api.service[84323]: DEBUG nova.virt.hardware [None req-433963e4-cac4-423f-9959-0d3d26f22f66 tempest-DeleteServersTestJSON-686103338 tempest-DeleteServersTestJSON-686103338-project-member] Flavor pref 0:0:0 {{(pid=84323) get_cpu_topology_constraints /opt/stack/nova/nova/virt/hardware.py:556}}
Jul 22 23:54:12.862931 np0000005675 devstack@n-api.service[84323]: DEBUG nova.virt.hardware [None req-433963e4-cac4-423f-9959-0d3d26f22f66 tempest-DeleteServersTestJSON-686103338 tempest-DeleteServersTestJSON-686103338-project-member] Image pref 0:0:0 {{(pid=84323) get_cpu_topology_constraints /opt/stack/nova/nova/virt/hardware.py:560}}
Jul 22 23:54:12.862931 np0000005675 devstack@n-api.service[84323]: DEBUG nova.virt.hardware [None req-433963e4-cac4-423f-9959-0d3d26f22f66 tempest-DeleteServersTestJSON-686103338 tempest-DeleteServersTestJSON-686103338-project-member] Chose sockets=0, cores=0, threads=0; limits were sockets=65536, cores=65536, threads=65536 {{(pid=84323) get_cpu_topology_constraints /opt/stack/nova/nova/virt/hardware.py:598}}
Jul 22 23:54:12.873477 np0000005675 devstack@n-api.service[84323]: DEBUG oslo_concurrency.lockutils [None req-433963e4-cac4-423f-9959-0d3d26f22f66 tempest-DeleteServersTestJSON-686103338 tempest-DeleteServersTestJSON-686103338-project-member] Acquiring lock "00000000-0000-0000-0000-000000000000" by "nova.context.set_target_cell..get_or_set_cached_cell_and_set_connections" {{(pid=84323) inner /opt/stack/data/venv/lib/python3.12/site-packages/oslo_concurrency/lockutils.py:512}}
Jul 22 23:54:12.873631 np0000005675 devstack@n-api.service[84323]: DEBUG oslo_concurrency.lockutils [None req-433963e4-cac4-423f-9959-0d3d26f22f66 tempest-DeleteServersTestJSON-686103338 tempest-DeleteServersTestJSON-686103338-project-member] Lock "00000000-0000-0000-0000-000000000000" acquired by "nova.context.set_target_cell..get_or_set_cached_cell_and_set_connections" :: waited 0.000s {{(pid=84323) inner /opt/stack/data/venv/lib/python3.12/site-packages/oslo_concurrency/lockutils.py:525}}
Jul 22 23:54:12.873750 np0000005675 devstack@n-api.service[84323]: DEBUG oslo_concurrency.lockutils [None req-433963e4-cac4-423f-9959-0d3d26f22f66 tempest-DeleteServersTestJSON-686103338 tempest-DeleteServersTestJSON-686103338-project-member] Lock "00000000-0000-0000-0000-000000000000" "released" by "nova.context.set_target_cell..get_or_set_cached_cell_and_set_connections" :: held 0.000s {{(pid=84323) inner /opt/stack/data/venv/lib/python3.12/site-packages/oslo_concurrency/lockutils.py:544}}
Jul 22 23:54:12.874245 np0000005675 devstack@n-api.service[84323]: DEBUG oslo_concurrency.lockutils [None req-433963e4-cac4-423f-9959-0d3d26f22f66 tempest-DeleteServersTestJSON-686103338 tempest-DeleteServersTestJSON-686103338-project-member] Acquiring lock "d1d791b1-3138-472d-8a5f-b0e7d9f41d4e" by "nova.context.set_target_cell..get_or_set_cached_cell_and_set_connections" {{(pid=84323) inner /opt/stack/data/venv/lib/python3.12/site-packages/oslo_concurrency/lockutils.py:512}}
Jul 22 23:54:12.874404 np0000005675 devstack@n-api.service[84323]: DEBUG oslo_concurrency.lockutils [None req-433963e4-cac4-423f-9959-0d3d26f22f66 tempest-DeleteServersTestJSON-686103338 tempest-DeleteServersTestJSON-686103338-project-member] Lock "d1d791b1-3138-472d-8a5f-b0e7d9f41d4e" acquired by "nova.context.set_target_cell..get_or_set_cached_cell_and_set_connections" :: waited 0.000s {{(pid=84323) inner /opt/stack/data/venv/lib/python3.12/site-packages/oslo_concurrency/lockutils.py:525}}
Jul 22 23:54:12.874517 np0000005675 devstack@n-api.service[84323]: DEBUG oslo_concurrency.lockutils [None req-433963e4-cac4-423f-9959-0d3d26f22f66 tempest-DeleteServersTestJSON-686103338 tempest-DeleteServersTestJSON-686103338-project-member] Lock "d1d791b1-3138-472d-8a5f-b0e7d9f41d4e" "released" by "nova.context.set_target_cell..get_or_set_cached_cell_and_set_connections" :: held 0.000s {{(pid=84323) inner /opt/stack/data/venv/lib/python3.12/site-packages/oslo_concurrency/lockutils.py:544}}
Jul 22 23:54:12.906479 np0000005675 devstack@n-api.service[84323]: DEBUG nova.quota [None req-433963e4-cac4-423f-9959-0d3d26f22f66 tempest-DeleteServersTestJSON-686103338 tempest-DeleteServersTestJSON-686103338-project-member] Getting quotas for project 68915b27e8134b20a67a97025e3db23c. Resources: {'ram', 'cores', 'instances'} {{(pid=84323) _get_quotas /opt/stack/nova/nova/quota.py:389}}
Jul 22 23:54:12.916264 np0000005675 devstack@n-api.service[84323]: DEBUG nova.quota [None req-433963e4-cac4-423f-9959-0d3d26f22f66 tempest-DeleteServersTestJSON-686103338 tempest-DeleteServersTestJSON-686103338-project-member] Getting quotas for user 4d79fe8a801545f1a8d25a55388d0aad and project 68915b27e8134b20a67a97025e3db23c. Resources: {'ram', 'cores', 'instances'} {{(pid=84323) _get_quotas /opt/stack/nova/nova/quota.py:379}}
Jul 22 23:54:12.920879 np0000005675 devstack@n-api.service[84324]: DEBUG oslo_concurrency.lockutils [None req-a8b31052-837a-4939-9d60-e821e289c511 tempest-AttachVolumeShelveTestJSON-2142878019 tempest-AttachVolumeShelveTestJSON-2142878019-project-member] Acquiring lock "00000000-0000-0000-0000-000000000000" by "nova.context.set_target_cell..get_or_set_cached_cell_and_set_connections" {{(pid=84324) inner /opt/stack/data/venv/lib/python3.12/site-packages/oslo_concurrency/lockutils.py:512}}
Jul 22 23:54:12.921196 np0000005675 devstack@n-api.service[84324]: DEBUG oslo_concurrency.lockutils [None req-a8b31052-837a-4939-9d60-e821e289c511 tempest-AttachVolumeShelveTestJSON-2142878019 tempest-AttachVolumeShelveTestJSON-2142878019-project-member] Lock "00000000-0000-0000-0000-000000000000" acquired by "nova.context.set_target_cell..get_or_set_cached_cell_and_set_connections" :: waited 0.001s {{(pid=84324) inner /opt/stack/data/venv/lib/python3.12/site-packages/oslo_concurrency/lockutils.py:525}}
Jul 22 23:54:12.921505 np0000005675 devstack@n-api.service[84324]: DEBUG oslo_concurrency.lockutils [None req-a8b31052-837a-4939-9d60-e821e289c511 tempest-AttachVolumeShelveTestJSON-2142878019 tempest-AttachVolumeShelveTestJSON-2142878019-project-member] Lock "00000000-0000-0000-0000-000000000000" "released" by "nova.context.set_target_cell..get_or_set_cached_cell_and_set_connections" :: held 0.000s {{(pid=84324) inner /opt/stack/data/venv/lib/python3.12/site-packages/oslo_concurrency/lockutils.py:544}}
Jul 22 23:54:12.923492 np0000005675 devstack@n-api.service[84324]: DEBUG oslo_concurrency.lockutils [None req-a8b31052-837a-4939-9d60-e821e289c511 tempest-AttachVolumeShelveTestJSON-2142878019 tempest-AttachVolumeShelveTestJSON-2142878019-project-member] Acquiring lock "d1d791b1-3138-472d-8a5f-b0e7d9f41d4e" by "nova.context.set_target_cell..get_or_set_cached_cell_and_set_connections" {{(pid=84324) inner /opt/stack/data/venv/lib/python3.12/site-packages/oslo_concurrency/lockutils.py:512}}
Jul 22 23:54:12.923812 np0000005675 devstack@n-api.service[84324]: DEBUG oslo_concurrency.lockutils [None req-a8b31052-837a-4939-9d60-e821e289c511 tempest-AttachVolumeShelveTestJSON-2142878019 tempest-AttachVolumeShelveTestJSON-2142878019-project-member] Lock "d1d791b1-3138-472d-8a5f-b0e7d9f41d4e" acquired by "nova.context.set_target_cell..get_or_set_cached_cell_and_set_connections" :: waited 0.001s {{(pid=84324) inner /opt/stack/data/venv/lib/python3.12/site-packages/oslo_concurrency/lockutils.py:525}}
Jul 22 23:54:12.924033 np0000005675 devstack@n-api.service[84323]: DEBUG nova.compute.api [None req-433963e4-cac4-423f-9959-0d3d26f22f66 tempest-DeleteServersTestJSON-686103338 tempest-DeleteServersTestJSON-686103338-project-member] Going to run 1 instances... {{(pid=84323) _provision_instances /opt/stack/nova/nova/compute/api.py:1480}}
Jul 22 23:54:12.924108 np0000005675 devstack@n-api.service[84324]: DEBUG oslo_concurrency.lockutils [None req-a8b31052-837a-4939-9d60-e821e289c511 tempest-AttachVolumeShelveTestJSON-2142878019 tempest-AttachVolumeShelveTestJSON-2142878019-project-member] Lock "d1d791b1-3138-472d-8a5f-b0e7d9f41d4e" "released" by "nova.context.set_target_cell..get_or_set_cached_cell_and_set_connections" :: held 0.000s {{(pid=84324) inner /opt/stack/data/venv/lib/python3.12/site-packages/oslo_concurrency/lockutils.py:544}}
Jul 22 23:54:12.926726 np0000005675 devstack@n-api.service[84323]: DEBUG nova.compute.api [None req-433963e4-cac4-423f-9959-0d3d26f22f66 tempest-DeleteServersTestJSON-686103338 tempest-DeleteServersTestJSON-686103338-project-member] [instance: de679d5e-6334-4967-b373-731f0349dc56] block_device_mapping [BlockDeviceMapping(attachment_id=,boot_index=0,connection_info=None,created_at=,delete_on_termination=True,deleted=,deleted_at=,destination_type='local',device_name=None,device_type='disk',disk_bus=None,encrypted=False,encryption_format=None,encryption_options=None,encryption_secret_uuid=None,guest_format=None,id=,image_id='5cd0f066-0f95-48c0-a5ac-fdf7c5626e21',instance=,instance_uuid=,no_device=False,snapshot_id=None,source_type='image',tag=None,updated_at=,uuid=,volume_id=None,volume_size=None,volume_type=None)] {{(pid=84323) _bdm_validate_set_size_and_instance /opt/stack/nova/nova/compute/api.py:1942}}
Jul 22 23:54:12.932364 np0000005675 devstack@n-api.service[84324]: WARNING neutronclient.v2_0.client [None req-a8b31052-837a-4939-9d60-e821e289c511 tempest-AttachVolumeShelveTestJSON-2142878019 tempest-AttachVolumeShelveTestJSON-2142878019-project-member] The python binding code in neutronclient is deprecated in favor of OpenstackSDK, please use that as this will be removed in a future release.
Jul 22 23:54:12.947428 np0000005675 devstack@n-api.service[84325]: DEBUG nova.api.openstack.wsgi [None req-f0b12d23-54cd-4dc4-ac52-e6003f2224ca tempest-ServerStableDeviceRescueTest-1106195527 tempest-ServerStableDeviceRescueTest-1106195527-project-member] Action: 'create', calling method: >, body: {"server": {"name": "tempest-ServerStableDeviceRescueTest-server-435435270", "imageRef": "5cd0f066-0f95-48c0-a5ac-fdf7c5626e21", "flavorRef": "42", "networks": [{"uuid": "171c546e-b02f-43a0-ae2d-d93e21457247"}], "security_groups": [{"name": "tempest-securitygroup--798143263"}], "key_name": "tempest-keypair-1211546747", "user_data": "IyEvYmluL3NoCmVjaG8gIlByaW50aW5nIGNpcnJvcyB1c2VyIGF1dGhvcml6ZWQga2V5cyIKY2F0IH5jaXJyb3MvLnNzaC9hdXRob3JpemVkX2tleXMgfHwgdHJ1ZQo="}} {{(pid=84325) _process_stack /opt/stack/nova/nova/api/openstack/wsgi.py:549}}
Jul 22 23:54:13.009963 np0000005675 devstack@n-api.service[84323]: INFO nova.api.openstack.requestlog [None req-433963e4-cac4-423f-9959-0d3d26f22f66 tempest-DeleteServersTestJSON-686103338 tempest-DeleteServersTestJSON-686103338-project-member] 10.4.3.122 "POST /compute/v2.1/servers" status: 202 len: 380 microversion: 2.1 time: 9.854390
Jul 22 23:54:13.010525 np0000005675 devstack@n-api.service[84323]: [pid: 84323|app: 0|req: 10/33] 10.4.3.122 () {68 vars in 1265 bytes} [Wed Jul 22 23:54:03 2026] POST /compute/v2.1/servers => generated 380 bytes in 9855 msecs (HTTP/1.1 202) 10 headers in 451 bytes (1 switches on core 0)
Jul 22 23:54:13.018510 np0000005675 devstack@n-api.service[84324]: DEBUG nova.network.neutron [None req-a8b31052-837a-4939-9d60-e821e289c511 tempest-AttachVolumeShelveTestJSON-2142878019 tempest-AttachVolumeShelveTestJSON-2142878019-project-member] validate_networks() for [('3a8f019b-67a8-4647-9e1e-819adbdf6818', None, None, None, None, None)] {{(pid=84324) validate_networks /opt/stack/nova/nova/network/neutron.py:2686}}
Jul 22 23:54:13.018818 np0000005675 devstack@n-api.service[84324]: WARNING neutronclient.v2_0.client [None req-a8b31052-837a-4939-9d60-e821e289c511 tempest-AttachVolumeShelveTestJSON-2142878019 tempest-AttachVolumeShelveTestJSON-2142878019-project-member] The python binding code in neutronclient is deprecated in favor of OpenstackSDK, please use that as this will be removed in a future release.
Jul 22 23:54:13.022780 np0000005675 devstack@n-api.service[84323]: DEBUG nova.api.openstack.wsgi [None req-b10ec859-ac1a-4f41-a9d8-215ce4a11f86 tempest-DeleteServersTestJSON-686103338 tempest-DeleteServersTestJSON-686103338-project-member] Calling method '>' {{(pid=84323) _process_stack /opt/stack/nova/nova/api/openstack/wsgi.py:551}}
Jul 22 23:54:13.024628 np0000005675 devstack@n-api.service[84323]: DEBUG nova.compute.api [None req-b10ec859-ac1a-4f41-a9d8-215ce4a11f86 tempest-DeleteServersTestJSON-686103338 tempest-DeleteServersTestJSON-686103338-project-member] [instance: de679d5e-6334-4967-b373-731f0349dc56] Fetching instance by UUID {{(pid=84323) get /opt/stack/nova/nova/compute/api.py:3068}}
Jul 22 23:54:13.042576 np0000005675 devstack@n-api.service[84323]: WARNING neutronclient.v2_0.client [None req-b10ec859-ac1a-4f41-a9d8-215ce4a11f86 tempest-DeleteServersTestJSON-686103338 tempest-DeleteServersTestJSON-686103338-project-member] The python binding code in neutronclient is deprecated in favor of OpenstackSDK, please use that as this will be removed in a future release.
Jul 22 23:54:13.147960 np0000005675 devstack@n-api.service[84323]: DEBUG nova.policy [None req-b10ec859-ac1a-4f41-a9d8-215ce4a11f86 tempest-DeleteServersTestJSON-686103338 tempest-DeleteServersTestJSON-686103338-project-member] Policy check for os_compute_api:os-extended-server-attributes failed with credentials {'is_admin': False, 'user_id': '4d79fe8a801545f1a8d25a55388d0aad', 'user_domain_id': 'default', 'system_scope': None, 'domain_id': None, 'project_id': '68915b27e8134b20a67a97025e3db23c', 'project_domain_id': 'default', 'roles': ['member', 'reader'], 'is_admin_project': True, 'service_user_id': None, 'service_user_domain_id': None, 'service_project_id': None, 'service_project_domain_id': None, 'service_roles': []} {{(pid=84323) authorize /opt/stack/nova/nova/policy.py:192}}
Jul 22 23:54:13.159842 np0000005675 devstack@n-api.service[84323]: INFO nova.api.openstack.requestlog [None req-b10ec859-ac1a-4f41-a9d8-215ce4a11f86 tempest-DeleteServersTestJSON-686103338 tempest-DeleteServersTestJSON-686103338-project-member] 10.4.3.122 "GET /compute/v2.1/servers/de679d5e-6334-4967-b373-731f0349dc56" status: 200 len: 1213 microversion: 2.1 time: 0.138956
Jul 22 23:54:13.160190 np0000005675 devstack@n-api.service[84323]: [pid: 84323|app: 0|req: 11/34] 10.4.3.122 () {66 vars in 1354 bytes} [Wed Jul 22 23:54:13 2026] GET /compute/v2.1/servers/de679d5e-6334-4967-b373-731f0349dc56 => generated 1213 bytes in 140 msecs (HTTP/1.1 200) 9 headers in 358 bytes (1 switches on core 0)
Jul 22 23:54:13.313691 np0000005675 devstack@n-api.service[84324]: WARNING neutronclient.v2_0.client [None req-a8b31052-837a-4939-9d60-e821e289c511 tempest-AttachVolumeShelveTestJSON-2142878019 tempest-AttachVolumeShelveTestJSON-2142878019-project-member] The python binding code in neutronclient is deprecated in favor of OpenstackSDK, please use that as this will be removed in a future release.
Jul 22 23:54:14.092147 np0000005675 devstack@n-api.service[84325]: DEBUG oslo_concurrency.lockutils [None req-f0b12d23-54cd-4dc4-ac52-e6003f2224ca tempest-ServerStableDeviceRescueTest-1106195527 tempest-ServerStableDeviceRescueTest-1106195527-project-member] Acquiring lock "00000000-0000-0000-0000-000000000000" by "nova.context.set_target_cell..get_or_set_cached_cell_and_set_connections" {{(pid=84325) inner /opt/stack/data/venv/lib/python3.12/site-packages/oslo_concurrency/lockutils.py:512}}
Jul 22 23:54:14.092527 np0000005675 devstack@n-api.service[84325]: DEBUG oslo_concurrency.lockutils [None req-f0b12d23-54cd-4dc4-ac52-e6003f2224ca tempest-ServerStableDeviceRescueTest-1106195527 tempest-ServerStableDeviceRescueTest-1106195527-project-member] Lock "00000000-0000-0000-0000-000000000000" acquired by "nova.context.set_target_cell..get_or_set_cached_cell_and_set_connections" :: waited 0.001s {{(pid=84325) inner /opt/stack/data/venv/lib/python3.12/site-packages/oslo_concurrency/lockutils.py:525}}
Jul 22 23:54:14.092832 np0000005675 devstack@n-api.service[84325]: DEBUG oslo_concurrency.lockutils [None req-f0b12d23-54cd-4dc4-ac52-e6003f2224ca tempest-ServerStableDeviceRescueTest-1106195527 tempest-ServerStableDeviceRescueTest-1106195527-project-member] Lock "00000000-0000-0000-0000-000000000000" "released" by "nova.context.set_target_cell..get_or_set_cached_cell_and_set_connections" :: held 0.000s {{(pid=84325) inner /opt/stack/data/venv/lib/python3.12/site-packages/oslo_concurrency/lockutils.py:544}}
Jul 22 23:54:14.094263 np0000005675 devstack@n-api.service[84325]: DEBUG oslo_concurrency.lockutils [None req-f0b12d23-54cd-4dc4-ac52-e6003f2224ca tempest-ServerStableDeviceRescueTest-1106195527 tempest-ServerStableDeviceRescueTest-1106195527-project-member] Acquiring lock "d1d791b1-3138-472d-8a5f-b0e7d9f41d4e" by "nova.context.set_target_cell..get_or_set_cached_cell_and_set_connections" {{(pid=84325) inner /opt/stack/data/venv/lib/python3.12/site-packages/oslo_concurrency/lockutils.py:512}}
Jul 22 23:54:14.095065 np0000005675 devstack@n-api.service[84325]: DEBUG oslo_concurrency.lockutils [None req-f0b12d23-54cd-4dc4-ac52-e6003f2224ca tempest-ServerStableDeviceRescueTest-1106195527 tempest-ServerStableDeviceRescueTest-1106195527-project-member] Lock "d1d791b1-3138-472d-8a5f-b0e7d9f41d4e" acquired by "nova.context.set_target_cell..get_or_set_cached_cell_and_set_connections" :: waited 0.000s {{(pid=84325) inner /opt/stack/data/venv/lib/python3.12/site-packages/oslo_concurrency/lockutils.py:525}}
Jul 22 23:54:14.099661 np0000005675 devstack@n-api.service[84325]: DEBUG oslo_concurrency.lockutils [None req-f0b12d23-54cd-4dc4-ac52-e6003f2224ca tempest-ServerStableDeviceRescueTest-1106195527 tempest-ServerStableDeviceRescueTest-1106195527-project-member] Lock "d1d791b1-3138-472d-8a5f-b0e7d9f41d4e" "released" by "nova.context.set_target_cell..get_or_set_cached_cell_and_set_connections" :: held 0.002s {{(pid=84325) inner /opt/stack/data/venv/lib/python3.12/site-packages/oslo_concurrency/lockutils.py:544}}
Jul 22 23:54:14.112887 np0000005675 devstack@n-api.service[84325]: WARNING neutronclient.v2_0.client [None req-f0b12d23-54cd-4dc4-ac52-e6003f2224ca tempest-ServerStableDeviceRescueTest-1106195527 tempest-ServerStableDeviceRescueTest-1106195527-project-member] The python binding code in neutronclient is deprecated in favor of OpenstackSDK, please use that as this will be removed in a future release.
Jul 22 23:54:14.178665 np0000005675 devstack@n-api.service[84323]: DEBUG nova.api.openstack.wsgi [None req-f331c576-63a5-4b20-98f7-70f02f51888a tempest-DeleteServersTestJSON-686103338 tempest-DeleteServersTestJSON-686103338-project-member] Calling method '>' {{(pid=84323) _process_stack /opt/stack/nova/nova/api/openstack/wsgi.py:551}}
Jul 22 23:54:14.180354 np0000005675 devstack@n-api.service[84323]: DEBUG nova.compute.api [None req-f331c576-63a5-4b20-98f7-70f02f51888a tempest-DeleteServersTestJSON-686103338 tempest-DeleteServersTestJSON-686103338-project-member] [instance: de679d5e-6334-4967-b373-731f0349dc56] Fetching instance by UUID {{(pid=84323) get /opt/stack/nova/nova/compute/api.py:3068}}
Jul 22 23:54:14.192872 np0000005675 devstack@n-api.service[84323]: WARNING neutronclient.v2_0.client [None req-f331c576-63a5-4b20-98f7-70f02f51888a tempest-DeleteServersTestJSON-686103338 tempest-DeleteServersTestJSON-686103338-project-member] The python binding code in neutronclient is deprecated in favor of OpenstackSDK, please use that as this will be removed in a future release.
Jul 22 23:54:14.233261 np0000005675 devstack@n-api.service[84325]: DEBUG nova.network.neutron [None req-f0b12d23-54cd-4dc4-ac52-e6003f2224ca tempest-ServerStableDeviceRescueTest-1106195527 tempest-ServerStableDeviceRescueTest-1106195527-project-member] validate_networks() for [('171c546e-b02f-43a0-ae2d-d93e21457247', None, None, None, None, None)] {{(pid=84325) validate_networks /opt/stack/nova/nova/network/neutron.py:2686}}
Jul 22 23:54:14.234080 np0000005675 devstack@n-api.service[84325]: WARNING neutronclient.v2_0.client [None req-f0b12d23-54cd-4dc4-ac52-e6003f2224ca tempest-ServerStableDeviceRescueTest-1106195527 tempest-ServerStableDeviceRescueTest-1106195527-project-member] The python binding code in neutronclient is deprecated in favor of OpenstackSDK, please use that as this will be removed in a future release.
Jul 22 23:54:14.296557 np0000005675 devstack@n-api.service[84323]: DEBUG nova.policy [None req-f331c576-63a5-4b20-98f7-70f02f51888a tempest-DeleteServersTestJSON-686103338 tempest-DeleteServersTestJSON-686103338-project-member] Policy check for os_compute_api:os-extended-server-attributes failed with credentials {'is_admin': False, 'user_id': '4d79fe8a801545f1a8d25a55388d0aad', 'user_domain_id': 'default', 'system_scope': None, 'domain_id': None, 'project_id': '68915b27e8134b20a67a97025e3db23c', 'project_domain_id': 'default', 'roles': ['member', 'reader'], 'is_admin_project': True, 'service_user_id': None, 'service_user_domain_id': None, 'service_project_id': None, 'service_project_domain_id': None, 'service_roles': []} {{(pid=84323) authorize /opt/stack/nova/nova/policy.py:192}}
