Jul 22 23:51:41.971069 np0000005675 nova-scheduler[93500]: DEBUG cotyledon.oslo_config_glue [-] oslo_messaging_rabbit.rabbit_quorum_delivery_limit = 0 {{(pid=93500) log_opt_values /opt/stack/data/venv/lib/python3.12/site-packages/oslo_config/cfg.py:3253}}
Jul 22 23:51:41.971135 np0000005675 nova-scheduler[93500]: DEBUG cotyledon.oslo_config_glue [-] oslo_messaging_rabbit.rabbit_quorum_max_memory_bytes = 0 {{(pid=93500) log_opt_values /opt/stack/data/venv/lib/python3.12/site-packages/oslo_config/cfg.py:3253}}
Jul 22 23:51:41.971205 np0000005675 nova-scheduler[93500]: DEBUG cotyledon.oslo_config_glue [-] oslo_messaging_rabbit.rabbit_quorum_max_memory_length = 0 {{(pid=93500) log_opt_values /opt/stack/data/venv/lib/python3.12/site-packages/oslo_config/cfg.py:3253}}
Jul 22 23:51:41.971273 np0000005675 nova-scheduler[93500]: DEBUG cotyledon.oslo_config_glue [-] oslo_messaging_rabbit.rabbit_quorum_queue = False {{(pid=93500) log_opt_values /opt/stack/data/venv/lib/python3.12/site-packages/oslo_config/cfg.py:3253}}
Jul 22 23:51:41.971342 np0000005675 nova-scheduler[93500]: DEBUG cotyledon.oslo_config_glue [-] oslo_messaging_rabbit.rabbit_retry_backoff = 2 {{(pid=93500) log_opt_values /opt/stack/data/venv/lib/python3.12/site-packages/oslo_config/cfg.py:3253}}
Jul 22 23:51:41.971437 np0000005675 nova-scheduler[93500]: DEBUG cotyledon.oslo_config_glue [-] oslo_messaging_rabbit.rabbit_retry_interval = 1 {{(pid=93500) log_opt_values /opt/stack/data/venv/lib/python3.12/site-packages/oslo_config/cfg.py:3253}}
Jul 22 23:51:41.971511 np0000005675 nova-scheduler[93500]: DEBUG cotyledon.oslo_config_glue [-] oslo_messaging_rabbit.rabbit_stream_fanout = False {{(pid=93500) log_opt_values /opt/stack/data/venv/lib/python3.12/site-packages/oslo_config/cfg.py:3253}}
Jul 22 23:51:41.971587 np0000005675 nova-scheduler[93500]: DEBUG cotyledon.oslo_config_glue [-] oslo_messaging_rabbit.rabbit_transient_queues_ttl = 1800 {{(pid=93500) log_opt_values /opt/stack/data/venv/lib/python3.12/site-packages/oslo_config/cfg.py:3253}}
Jul 22 23:51:41.971660 np0000005675 nova-scheduler[93500]: DEBUG cotyledon.oslo_config_glue [-] oslo_messaging_rabbit.rabbit_transient_quorum_queue = False {{(pid=93500) log_opt_values /opt/stack/data/venv/lib/python3.12/site-packages/oslo_config/cfg.py:3253}}
Jul 22 23:51:41.971733 np0000005675 nova-scheduler[93500]: DEBUG cotyledon.oslo_config_glue [-] oslo_messaging_rabbit.rpc_conn_pool_size = 30 {{(pid=93500) log_opt_values /opt/stack/data/venv/lib/python3.12/site-packages/oslo_config/cfg.py:3253}}
Jul 22 23:51:41.971807 np0000005675 nova-scheduler[93500]: DEBUG cotyledon.oslo_config_glue [-] oslo_messaging_rabbit.ssl = False {{(pid=93500) log_opt_values /opt/stack/data/venv/lib/python3.12/site-packages/oslo_config/cfg.py:3253}}
Jul 22 23:51:41.971876 np0000005675 nova-scheduler[93500]: DEBUG cotyledon.oslo_config_glue [-] oslo_messaging_rabbit.ssl_ca_file = {{(pid=93500) log_opt_values /opt/stack/data/venv/lib/python3.12/site-packages/oslo_config/cfg.py:3253}}
Jul 22 23:51:41.971955 np0000005675 nova-scheduler[93500]: DEBUG cotyledon.oslo_config_glue [-] oslo_messaging_rabbit.ssl_cert_file = {{(pid=93500) log_opt_values /opt/stack/data/venv/lib/python3.12/site-packages/oslo_config/cfg.py:3253}}
Jul 22 23:51:41.972021 np0000005675 nova-scheduler[93500]: DEBUG cotyledon.oslo_config_glue [-] oslo_messaging_rabbit.ssl_enforce_fips_mode = False {{(pid=93500) log_opt_values /opt/stack/data/venv/lib/python3.12/site-packages/oslo_config/cfg.py:3253}}
Jul 22 23:51:41.972088 np0000005675 nova-scheduler[93500]: DEBUG cotyledon.oslo_config_glue [-] oslo_messaging_rabbit.ssl_enforce_hostname_verification = True {{(pid=93500) log_opt_values /opt/stack/data/venv/lib/python3.12/site-packages/oslo_config/cfg.py:3253}}
Jul 22 23:51:41.972157 np0000005675 nova-scheduler[93500]: DEBUG cotyledon.oslo_config_glue [-] oslo_messaging_rabbit.ssl_key_file = {{(pid=93500) log_opt_values /opt/stack/data/venv/lib/python3.12/site-packages/oslo_config/cfg.py:3253}}
Jul 22 23:51:41.972230 np0000005675 nova-scheduler[93500]: DEBUG cotyledon.oslo_config_glue [-] oslo_messaging_rabbit.ssl_version = {{(pid=93500) log_opt_values /opt/stack/data/venv/lib/python3.12/site-packages/oslo_config/cfg.py:3253}}
Jul 22 23:51:41.972304 np0000005675 nova-scheduler[93500]: DEBUG cotyledon.oslo_config_glue [-] oslo_messaging_rabbit.use_queue_manager = False {{(pid=93500) log_opt_values /opt/stack/data/venv/lib/python3.12/site-packages/oslo_config/cfg.py:3253}}
Jul 22 23:51:41.972418 np0000005675 nova-scheduler[93500]: DEBUG cotyledon.oslo_config_glue [-] oslo_messaging_notifications.driver = ['messagingv2'] {{(pid=93500) log_opt_values /opt/stack/data/venv/lib/python3.12/site-packages/oslo_config/cfg.py:3253}}
Jul 22 23:51:41.972490 np0000005675 nova-scheduler[93500]: DEBUG cotyledon.oslo_config_glue [-] oslo_messaging_notifications.retry = -1 {{(pid=93500) log_opt_values /opt/stack/data/venv/lib/python3.12/site-packages/oslo_config/cfg.py:3253}}
Jul 22 23:51:41.972563 np0000005675 nova-scheduler[93500]: DEBUG cotyledon.oslo_config_glue [-] oslo_messaging_notifications.topics = ['notifications'] {{(pid=93500) log_opt_values /opt/stack/data/venv/lib/python3.12/site-packages/oslo_config/cfg.py:3253}}
Jul 22 23:51:41.972651 np0000005675 nova-scheduler[93500]: DEBUG cotyledon.oslo_config_glue [-] oslo_messaging_notifications.transport_url = **** {{(pid=93500) log_opt_values /opt/stack/data/venv/lib/python3.12/site-packages/oslo_config/cfg.py:3253}}
Jul 22 23:51:41.972743 np0000005675 nova-scheduler[93500]: DEBUG cotyledon.oslo_config_glue [-] oslo_limit.auth_section = None {{(pid=93500) log_opt_values /opt/stack/data/venv/lib/python3.12/site-packages/oslo_config/cfg.py:3253}}
Jul 22 23:51:41.972815 np0000005675 nova-scheduler[93500]: DEBUG cotyledon.oslo_config_glue [-] oslo_limit.auth_type = None {{(pid=93500) log_opt_values /opt/stack/data/venv/lib/python3.12/site-packages/oslo_config/cfg.py:3253}}
Jul 22 23:51:41.972890 np0000005675 nova-scheduler[93500]: DEBUG cotyledon.oslo_config_glue [-] oslo_limit.cafile = None {{(pid=93500) log_opt_values /opt/stack/data/venv/lib/python3.12/site-packages/oslo_config/cfg.py:3253}}
Jul 22 23:51:41.972979 np0000005675 nova-scheduler[93500]: DEBUG cotyledon.oslo_config_glue [-] oslo_limit.certfile = None {{(pid=93500) log_opt_values /opt/stack/data/venv/lib/python3.12/site-packages/oslo_config/cfg.py:3253}}
Jul 22 23:51:41.973047 np0000005675 nova-scheduler[93500]: DEBUG cotyledon.oslo_config_glue [-] oslo_limit.collect_timing = False {{(pid=93500) log_opt_values /opt/stack/data/venv/lib/python3.12/site-packages/oslo_config/cfg.py:3253}}
Jul 22 23:51:41.973121 np0000005675 nova-scheduler[93500]: DEBUG cotyledon.oslo_config_glue [-] oslo_limit.connect_retries = None {{(pid=93500) log_opt_values /opt/stack/data/venv/lib/python3.12/site-packages/oslo_config/cfg.py:3253}}
Jul 22 23:51:41.973207 np0000005675 nova-scheduler[93500]: DEBUG cotyledon.oslo_config_glue [-] oslo_limit.connect_retry_delay = None {{(pid=93500) log_opt_values /opt/stack/data/venv/lib/python3.12/site-packages/oslo_config/cfg.py:3253}}
Jul 22 23:51:41.973274 np0000005675 nova-scheduler[93500]: DEBUG cotyledon.oslo_config_glue [-] oslo_limit.endpoint_id = None {{(pid=93500) log_opt_values /opt/stack/data/venv/lib/python3.12/site-packages/oslo_config/cfg.py:3253}}
Jul 22 23:51:41.973330 np0000005675 nova-scheduler[93500]: DEBUG cotyledon.oslo_config_glue [-] oslo_limit.endpoint_interface = public {{(pid=93500) log_opt_values /opt/stack/data/venv/lib/python3.12/site-packages/oslo_config/cfg.py:3253}}
Jul 22 23:51:41.973407 np0000005675 nova-scheduler[93500]: DEBUG cotyledon.oslo_config_glue [-] oslo_limit.endpoint_override = None {{(pid=93500) log_opt_values /opt/stack/data/venv/lib/python3.12/site-packages/oslo_config/cfg.py:3253}}
Jul 22 23:51:41.973473 np0000005675 nova-scheduler[93500]: DEBUG cotyledon.oslo_config_glue [-] oslo_limit.endpoint_region_name = None {{(pid=93500) log_opt_values /opt/stack/data/venv/lib/python3.12/site-packages/oslo_config/cfg.py:3253}}
Jul 22 23:51:41.973541 np0000005675 nova-scheduler[93500]: DEBUG cotyledon.oslo_config_glue [-] oslo_limit.endpoint_service_name = None {{(pid=93500) log_opt_values /opt/stack/data/venv/lib/python3.12/site-packages/oslo_config/cfg.py:3253}}
Jul 22 23:51:41.973607 np0000005675 nova-scheduler[93500]: DEBUG cotyledon.oslo_config_glue [-] oslo_limit.endpoint_service_type = None {{(pid=93500) log_opt_values /opt/stack/data/venv/lib/python3.12/site-packages/oslo_config/cfg.py:3253}}
Jul 22 23:51:41.973674 np0000005675 nova-scheduler[93500]: DEBUG cotyledon.oslo_config_glue [-] oslo_limit.insecure = False {{(pid=93500) log_opt_values /opt/stack/data/venv/lib/python3.12/site-packages/oslo_config/cfg.py:3253}}
Jul 22 23:51:41.973737 np0000005675 nova-scheduler[93500]: DEBUG cotyledon.oslo_config_glue [-] oslo_limit.keyfile = None {{(pid=93500) log_opt_values /opt/stack/data/venv/lib/python3.12/site-packages/oslo_config/cfg.py:3253}}
Jul 22 23:51:41.973802 np0000005675 nova-scheduler[93500]: DEBUG cotyledon.oslo_config_glue [-] oslo_limit.max_version = None {{(pid=93500) log_opt_values /opt/stack/data/venv/lib/python3.12/site-packages/oslo_config/cfg.py:3253}}
Jul 22 23:51:41.973860 np0000005675 nova-scheduler[93500]: DEBUG cotyledon.oslo_config_glue [-] oslo_limit.min_version = None {{(pid=93500) log_opt_values /opt/stack/data/venv/lib/python3.12/site-packages/oslo_config/cfg.py:3253}}
Jul 22 23:51:41.973921 np0000005675 nova-scheduler[93500]: DEBUG cotyledon.oslo_config_glue [-] oslo_limit.region_name = None {{(pid=93500) log_opt_values /opt/stack/data/venv/lib/python3.12/site-packages/oslo_config/cfg.py:3253}}
Jul 22 23:51:41.973997 np0000005675 nova-scheduler[93500]: DEBUG cotyledon.oslo_config_glue [-] oslo_limit.retriable_status_codes = None {{(pid=93500) log_opt_values /opt/stack/data/venv/lib/python3.12/site-packages/oslo_config/cfg.py:3253}}
Jul 22 23:51:41.974076 np0000005675 nova-scheduler[93500]: DEBUG cotyledon.oslo_config_glue [-] oslo_limit.service_name = None {{(pid=93500) log_opt_values /opt/stack/data/venv/lib/python3.12/site-packages/oslo_config/cfg.py:3253}}
Jul 22 23:51:41.974135 np0000005675 nova-scheduler[93500]: DEBUG cotyledon.oslo_config_glue [-] oslo_limit.service_type = None {{(pid=93500) log_opt_values /opt/stack/data/venv/lib/python3.12/site-packages/oslo_config/cfg.py:3253}}
Jul 22 23:51:41.974198 np0000005675 nova-scheduler[93500]: DEBUG cotyledon.oslo_config_glue [-] oslo_limit.split_loggers = False {{(pid=93500) log_opt_values /opt/stack/data/venv/lib/python3.12/site-packages/oslo_config/cfg.py:3253}}
Jul 22 23:51:41.974258 np0000005675 nova-scheduler[93500]: DEBUG cotyledon.oslo_config_glue [-] oslo_limit.status_code_retries = None {{(pid=93500) log_opt_values /opt/stack/data/venv/lib/python3.12/site-packages/oslo_config/cfg.py:3253}}
Jul 22 23:51:41.974320 np0000005675 nova-scheduler[93500]: DEBUG cotyledon.oslo_config_glue [-] oslo_limit.status_code_retry_delay = None {{(pid=93500) log_opt_values /opt/stack/data/venv/lib/python3.12/site-packages/oslo_config/cfg.py:3253}}
Jul 22 23:51:41.974414 np0000005675 nova-scheduler[93500]: DEBUG cotyledon.oslo_config_glue [-] oslo_limit.timeout = None {{(pid=93500) log_opt_values /opt/stack/data/venv/lib/python3.12/site-packages/oslo_config/cfg.py:3253}}
Jul 22 23:51:41.974483 np0000005675 nova-scheduler[93500]: DEBUG cotyledon.oslo_config_glue [-] oslo_limit.valid_interfaces = None {{(pid=93500) log_opt_values /opt/stack/data/venv/lib/python3.12/site-packages/oslo_config/cfg.py:3253}}
Jul 22 23:51:41.974552 np0000005675 nova-scheduler[93500]: DEBUG cotyledon.oslo_config_glue [-] oslo_limit.version = None {{(pid=93500) log_opt_values /opt/stack/data/venv/lib/python3.12/site-packages/oslo_config/cfg.py:3253}}
Jul 22 23:51:41.974634 np0000005675 nova-scheduler[93500]: DEBUG cotyledon.oslo_config_glue [-] oslo_reports.file_event_handler = None {{(pid=93500) log_opt_values /opt/stack/data/venv/lib/python3.12/site-packages/oslo_config/cfg.py:3253}}
Jul 22 23:51:41.974701 np0000005675 nova-scheduler[93500]: DEBUG cotyledon.oslo_config_glue [-] oslo_reports.file_event_handler_interval = 1 {{(pid=93500) log_opt_values /opt/stack/data/venv/lib/python3.12/site-packages/oslo_config/cfg.py:3253}}
Jul 22 23:51:41.974763 np0000005675 nova-scheduler[93500]: DEBUG cotyledon.oslo_config_glue [-] oslo_reports.log_dir = None {{(pid=93500) log_opt_values /opt/stack/data/venv/lib/python3.12/site-packages/oslo_config/cfg.py:3253}}
Jul 22 23:51:41.974820 np0000005675 nova-scheduler[93500]: DEBUG cotyledon.oslo_config_glue [-] ******************************************************************************** {{(pid=93500) log_opt_values /opt/stack/data/venv/lib/python3.12/site-packages/oslo_config/cfg.py:3260}}
Jul 22 23:51:41.975003 np0000005675 nova-scheduler[93500]: DEBUG cotyledon._service_worker [-] Run service ServiceWrapper(2) [93500] {{(pid=93500) wait_forever /opt/stack/data/venv/lib/python3.12/site-packages/cotyledon/_service_worker.py:218}}
Jul 22 23:51:41.976191 np0000005675 nova-scheduler[93500]: INFO nova.service [-] Starting scheduler node (version 33.1.0)
Jul 22 23:51:41.981571 np0000005675 nova-scheduler[93500]: INFO dbcounter [None req-24689d6b-c489-4f9e-be09-aa2af8f9de3d None None] Registered counter for database nova_cell0
Jul 22 23:51:41.987050 np0000005675 nova-scheduler[93454]: DEBUG oslo_db.sqlalchemy.engines [None req-d0a56254-fa68-4e45-b0d1-5b06ce62fbc6 None None] MySQL server mode set to STRICT_TRANS_TABLES,STRICT_ALL_TABLES,NO_ZERO_IN_DATE,NO_ZERO_DATE,ERROR_FOR_DIVISION_BY_ZERO,TRADITIONAL,NO_ENGINE_SUBSTITUTION {{(pid=93454) _check_effective_sql_mode /opt/stack/data/venv/lib/python3.12/site-packages/oslo_db/sqlalchemy/engines.py:325}}
Jul 22 23:51:41.994902 np0000005675 nova-scheduler[93491]: DEBUG oslo_db.sqlalchemy.engines [None req-5dc69d98-e6bb-45ca-8fb1-00b72db3e711 None None] MySQL server mode set to STRICT_TRANS_TABLES,STRICT_ALL_TABLES,NO_ZERO_IN_DATE,NO_ZERO_DATE,ERROR_FOR_DIVISION_BY_ZERO,TRADITIONAL,NO_ENGINE_SUBSTITUTION {{(pid=93491) _check_effective_sql_mode /opt/stack/data/venv/lib/python3.12/site-packages/oslo_db/sqlalchemy/engines.py:325}}
Jul 22 23:51:41.995922 np0000005675 nova-scheduler[93454]: DEBUG dbcounter [-] [93454] Writer thread running {{(pid=93454) stat_writer /opt/stack/data/venv/lib/python3.12/site-packages/dbcounter.py:102}}
Jul 22 23:51:42.005283 np0000005675 nova-scheduler[93491]: DEBUG dbcounter [-] [93491] Writer thread running {{(pid=93491) stat_writer /opt/stack/data/venv/lib/python3.12/site-packages/dbcounter.py:102}}
Jul 22 23:51:42.008534 np0000005675 nova-scheduler[93454]: DEBUG nova.service [None req-d0a56254-fa68-4e45-b0d1-5b06ce62fbc6 None None] Creating RPC server for service: nova-scheduler on topic: scheduler {{(pid=93454) start /opt/stack/nova/nova/service.py:196}}
Jul 22 23:51:42.023471 np0000005675 nova-scheduler[93491]: DEBUG nova.service [None req-5dc69d98-e6bb-45ca-8fb1-00b72db3e711 None None] Creating RPC server for service: nova-scheduler on topic: scheduler {{(pid=93491) start /opt/stack/nova/nova/service.py:196}}
Jul 22 23:51:42.029851 np0000005675 nova-scheduler[93500]: DEBUG oslo_db.sqlalchemy.engines [None req-24689d6b-c489-4f9e-be09-aa2af8f9de3d None None] MySQL server mode set to STRICT_TRANS_TABLES,STRICT_ALL_TABLES,NO_ZERO_IN_DATE,NO_ZERO_DATE,ERROR_FOR_DIVISION_BY_ZERO,TRADITIONAL,NO_ENGINE_SUBSTITUTION {{(pid=93500) _check_effective_sql_mode /opt/stack/data/venv/lib/python3.12/site-packages/oslo_db/sqlalchemy/engines.py:325}}
Jul 22 23:51:42.035441 np0000005675 nova-scheduler[93454]: DEBUG nova.service [None req-d0a56254-fa68-4e45-b0d1-5b06ce62fbc6 None None] Join ServiceGroup membership for this service scheduler {{(pid=93454) start /opt/stack/nova/nova/service.py:222}}
Jul 22 23:51:42.035684 np0000005675 nova-scheduler[93454]: DEBUG nova.servicegroup.drivers.db [None req-d0a56254-fa68-4e45-b0d1-5b06ce62fbc6 None None] DB_Driver: join new ServiceGroup member np0000005675 to the scheduler group, service = {{(pid=93454) join /opt/stack/nova/nova/servicegroup/drivers/db.py:44}}
Jul 22 23:51:42.041120 np0000005675 nova-scheduler[93491]: DEBUG nova.service [None req-5dc69d98-e6bb-45ca-8fb1-00b72db3e711 None None] Join ServiceGroup membership for this service scheduler {{(pid=93491) start /opt/stack/nova/nova/service.py:222}}
Jul 22 23:51:42.041376 np0000005675 nova-scheduler[93491]: DEBUG nova.servicegroup.drivers.db [None req-5dc69d98-e6bb-45ca-8fb1-00b72db3e711 None None] DB_Driver: join new ServiceGroup member np0000005675 to the scheduler group, service = {{(pid=93491) join /opt/stack/nova/nova/servicegroup/drivers/db.py:44}}
Jul 22 23:51:42.041812 np0000005675 nova-scheduler[93500]: DEBUG dbcounter [-] [93500] Writer thread running {{(pid=93500) stat_writer /opt/stack/data/venv/lib/python3.12/site-packages/dbcounter.py:102}}
Jul 22 23:51:42.045014 np0000005675 nova-scheduler[93500]: DEBUG nova.service [None req-24689d6b-c489-4f9e-be09-aa2af8f9de3d None None] Creating RPC server for service: nova-scheduler on topic: scheduler {{(pid=93500) start /opt/stack/nova/nova/service.py:196}}
Jul 22 23:51:42.063053 np0000005675 nova-scheduler[93500]: DEBUG nova.service [None req-24689d6b-c489-4f9e-be09-aa2af8f9de3d None None] Join ServiceGroup membership for this service scheduler {{(pid=93500) start /opt/stack/nova/nova/service.py:222}}
Jul 22 23:51:42.063302 np0000005675 nova-scheduler[93500]: DEBUG nova.servicegroup.drivers.db [None req-24689d6b-c489-4f9e-be09-aa2af8f9de3d None None] DB_Driver: join new ServiceGroup member np0000005675 to the scheduler group, service = {{(pid=93500) join /opt/stack/nova/nova/servicegroup/drivers/db.py:44}}
Jul 22 23:51:47.048544 np0000005675 nova-scheduler[93454]: DEBUG oslo.service.backend._threading.loopingcall [-] Fixed interval looping call 'nova.servicegroup.drivers.db.DbDriver._report_state' sleeping for 119.99 seconds {{(pid=93454) _run_loop /opt/stack/data/venv/lib/python3.12/site-packages/oslo_service/backend/_threading/loopingcall.py:125}}
Jul 22 23:51:47.053310 np0000005675 nova-scheduler[93491]: DEBUG oslo.service.backend._threading.loopingcall [-] Fixed interval looping call 'nova.servicegroup.drivers.db.DbDriver._report_state' sleeping for 119.99 seconds {{(pid=93491) _run_loop /opt/stack/data/venv/lib/python3.12/site-packages/oslo_service/backend/_threading/loopingcall.py:125}}
Jul 22 23:51:47.075493 np0000005675 nova-scheduler[93500]: DEBUG oslo.service.backend._threading.loopingcall [-] Fixed interval looping call 'nova.servicegroup.drivers.db.DbDriver._report_state' sleeping for 119.99 seconds {{(pid=93500) _run_loop /opt/stack/data/venv/lib/python3.12/site-packages/oslo_service/backend/_threading/loopingcall.py:125}}
Jul 22 23:51:50.043704 np0000005675 nova-scheduler[93491]: DEBUG oslo.service.backend._threading.loopingcall [None req-e94c469a-97c1-4d30-8cd0-3c30e896e767 None None] Dynamic interval looping call 'nova.service.Service.periodic_tasks' sleeping for 60.00 seconds {{(pid=93491) _run_loop /opt/stack/data/venv/lib/python3.12/site-packages/oslo_service/backend/_threading/loopingcall.py:125}}
Jul 22 23:51:50.634148 np0000005675 nova-scheduler[92240]: DEBUG dbcounter [-] [92240] Writing DB stats nova_api:SELECT=3 {{(pid=92240) stat_writer /opt/stack/data/venv/lib/python3.12/site-packages/dbcounter.py:115}}
Jul 22 23:51:50.754623 np0000005675 nova-scheduler[92240]: DEBUG dbcounter [-] [92240] Writing DB stats nova_cell1:SELECT=1 {{(pid=92240) stat_writer /opt/stack/data/venv/lib/python3.12/site-packages/dbcounter.py:115}}
Jul 22 23:51:50.757347 np0000005675 nova-scheduler[92240]: DEBUG dbcounter [-] [92240] Writing DB stats nova_cell0:SELECT=1 {{(pid=92240) stat_writer /opt/stack/data/venv/lib/python3.12/site-packages/dbcounter.py:115}}
Jul 22 23:51:57.045662 np0000005675 nova-scheduler[93454]: DEBUG dbcounter [-] [93454] Writing DB stats nova_cell0:SELECT=4,nova_cell0:INSERT=1,nova_cell0:UPDATE=1 {{(pid=93454) stat_writer /opt/stack/data/venv/lib/python3.12/site-packages/dbcounter.py:115}}
Jul 22 23:51:57.048143 np0000005675 nova-scheduler[93491]: DEBUG dbcounter [-] [93491] Writing DB stats nova_cell0:SELECT=4,nova_cell0:INSERT=1 {{(pid=93491) stat_writer /opt/stack/data/venv/lib/python3.12/site-packages/dbcounter.py:115}}
Jul 22 23:51:57.072406 np0000005675 nova-scheduler[93500]: DEBUG dbcounter [-] [93500] Writing DB stats nova_cell0:SELECT=3 {{(pid=93500) stat_writer /opt/stack/data/venv/lib/python3.12/site-packages/dbcounter.py:115}}
Jul 22 23:52:08.038153 np0000005675 nova-scheduler[93454]: DEBUG oslo.service.backend._threading.loopingcall [None req-a1ee24cb-95f0-4430-aea9-2e344dfb3a38 None None] Dynamic interval looping call 'nova.service.Service.periodic_tasks' sleeping for 60.00 seconds {{(pid=93454) _run_loop /opt/stack/data/venv/lib/python3.12/site-packages/oslo_service/backend/_threading/loopingcall.py:125}}
Jul 22 23:52:32.065942 np0000005675 nova-scheduler[93500]: DEBUG oslo.service.backend._threading.loopingcall [None req-9b41a0a6-7ffd-40de-90af-c08799354fcd None None] Dynamic interval looping call 'nova.service.Service.periodic_tasks' sleeping for 60.00 seconds {{(pid=93500) _run_loop /opt/stack/data/venv/lib/python3.12/site-packages/oslo_service/backend/_threading/loopingcall.py:125}}
Jul 22 23:52:50.043759 np0000005675 nova-scheduler[93491]: DEBUG oslo.service.backend._threading.loopingcall [None req-e94c469a-97c1-4d30-8cd0-3c30e896e767 None None] Dynamic interval looping call 'nova.service.Service.periodic_tasks' sleeping for 60.00 seconds {{(pid=93491) _run_loop /opt/stack/data/venv/lib/python3.12/site-packages/oslo_service/backend/_threading/loopingcall.py:125}}
Jul 22 23:53:08.038845 np0000005675 nova-scheduler[93454]: DEBUG oslo.service.backend._threading.loopingcall [None req-a1ee24cb-95f0-4430-aea9-2e344dfb3a38 None None] Dynamic interval looping call 'nova.service.Service.periodic_tasks' sleeping for 60.00 seconds {{(pid=93454) _run_loop /opt/stack/data/venv/lib/python3.12/site-packages/oslo_service/backend/_threading/loopingcall.py:125}}
Jul 22 23:53:32.066554 np0000005675 nova-scheduler[93500]: DEBUG oslo.service.backend._threading.loopingcall [None req-9b41a0a6-7ffd-40de-90af-c08799354fcd None None] Dynamic interval looping call 'nova.service.Service.periodic_tasks' sleeping for 60.00 seconds {{(pid=93500) _run_loop /opt/stack/data/venv/lib/python3.12/site-packages/oslo_service/backend/_threading/loopingcall.py:125}}
Jul 22 23:53:47.046170 np0000005675 nova-scheduler[93454]: DEBUG oslo.service.backend._threading.loopingcall [-] Fixed interval looping call 'nova.servicegroup.drivers.db.DbDriver._report_state' sleeping for 119.99 seconds {{(pid=93454) _run_loop /opt/stack/data/venv/lib/python3.12/site-packages/oslo_service/backend/_threading/loopingcall.py:125}}
Jul 22 23:53:47.052815 np0000005675 nova-scheduler[93491]: DEBUG oslo.service.backend._threading.loopingcall [-] Fixed interval looping call 'nova.servicegroup.drivers.db.DbDriver._report_state' sleeping for 119.99 seconds {{(pid=93491) _run_loop /opt/stack/data/venv/lib/python3.12/site-packages/oslo_service/backend/_threading/loopingcall.py:125}}
Jul 22 23:53:47.072670 np0000005675 nova-scheduler[93500]: DEBUG oslo.service.backend._threading.loopingcall [-] Fixed interval looping call 'nova.servicegroup.drivers.db.DbDriver._report_state' sleeping for 119.99 seconds {{(pid=93500) _run_loop /opt/stack/data/venv/lib/python3.12/site-packages/oslo_service/backend/_threading/loopingcall.py:125}}
Jul 22 23:53:50.044333 np0000005675 nova-scheduler[93491]: DEBUG oslo.service.backend._threading.loopingcall [None req-e94c469a-97c1-4d30-8cd0-3c30e896e767 None None] Dynamic interval looping call 'nova.service.Service.periodic_tasks' sleeping for 60.00 seconds {{(pid=93491) _run_loop /opt/stack/data/venv/lib/python3.12/site-packages/oslo_service/backend/_threading/loopingcall.py:125}}
Jul 22 23:53:57.041751 np0000005675 nova-scheduler[93454]: DEBUG dbcounter [-] [93454] Writing DB stats nova_cell0:SELECT=1,nova_cell0:UPDATE=1 {{(pid=93454) stat_writer /opt/stack/data/venv/lib/python3.12/site-packages/dbcounter.py:115}}
Jul 22 23:53:57.045609 np0000005675 nova-scheduler[93491]: DEBUG dbcounter [-] [93491] Writing DB stats nova_cell0:SELECT=1 {{(pid=93491) stat_writer /opt/stack/data/venv/lib/python3.12/site-packages/dbcounter.py:115}}
Jul 22 23:53:57.069988 np0000005675 nova-scheduler[93500]: DEBUG dbcounter [-] [93500] Writing DB stats nova_cell0:SELECT=1 {{(pid=93500) stat_writer /opt/stack/data/venv/lib/python3.12/site-packages/dbcounter.py:115}}
Jul 22 23:54:08.039358 np0000005675 nova-scheduler[93454]: DEBUG oslo.service.backend._threading.loopingcall [None req-a1ee24cb-95f0-4430-aea9-2e344dfb3a38 None None] Dynamic interval looping call 'nova.service.Service.periodic_tasks' sleeping for 60.00 seconds {{(pid=93454) _run_loop /opt/stack/data/venv/lib/python3.12/site-packages/oslo_service/backend/_threading/loopingcall.py:125}}
Jul 22 23:54:13.094369 np0000005675 nova-scheduler[93454]: DEBUG nova.scheduler.manager [None req-433963e4-cac4-423f-9959-0d3d26f22f66 tempest-DeleteServersTestJSON-686103338 tempest-DeleteServersTestJSON-686103338-project-member] Starting to schedule for instances: ['de679d5e-6334-4967-b373-731f0349dc56'] {{(pid=93454) select_destinations /opt/stack/nova/nova/scheduler/manager.py:209}}
Jul 22 23:54:13.094859 np0000005675 nova-scheduler[93454]: DEBUG nova.scheduler.request_filter [None req-433963e4-cac4-423f-9959-0d3d26f22f66 tempest-DeleteServersTestJSON-686103338 tempest-DeleteServersTestJSON-686103338-project-member] compute_status_filter request filter added forbidden trait COMPUTE_STATUS_DISABLED {{(pid=93454) compute_status_filter /opt/stack/nova/nova/scheduler/request_filter.py:253}}
Jul 22 23:54:13.094962 np0000005675 nova-scheduler[93454]: DEBUG nova.scheduler.request_filter [None req-433963e4-cac4-423f-9959-0d3d26f22f66 tempest-DeleteServersTestJSON-686103338 tempest-DeleteServersTestJSON-686103338-project-member] Request filter 'compute_status_filter' took 0.0 seconds {{(pid=93454) wrapper /opt/stack/nova/nova/scheduler/request_filter.py:46}}
Jul 22 23:54:13.095162 np0000005675 nova-scheduler[93454]: DEBUG nova.scheduler.request_filter [None req-433963e4-cac4-423f-9959-0d3d26f22f66 tempest-DeleteServersTestJSON-686103338 tempest-DeleteServersTestJSON-686103338-project-member] Request filter 'accelerators_filter' took 0.0 seconds {{(pid=93454) wrapper /opt/stack/nova/nova/scheduler/request_filter.py:46}}
Jul 22 23:54:13.095416 np0000005675 nova-scheduler[93454]: DEBUG nova.scheduler.request_filter [None req-433963e4-cac4-423f-9959-0d3d26f22f66 tempest-DeleteServersTestJSON-686103338 tempest-DeleteServersTestJSON-686103338-project-member] Request filter 'packed_virtqueue_filter' took 0.0 seconds {{(pid=93454) wrapper /opt/stack/nova/nova/scheduler/request_filter.py:46}}
Jul 22 23:54:13.095604 np0000005675 nova-scheduler[93454]: DEBUG nova.scheduler.request_filter [None req-433963e4-cac4-423f-9959-0d3d26f22f66 tempest-DeleteServersTestJSON-686103338 tempest-DeleteServersTestJSON-686103338-project-member] Request filter 'remote_managed_ports_filter' took 0.0 seconds {{(pid=93454) wrapper /opt/stack/nova/nova/scheduler/request_filter.py:46}}
Jul 22 23:54:13.095736 np0000005675 nova-scheduler[93454]: DEBUG nova.scheduler.request_filter [None req-433963e4-cac4-423f-9959-0d3d26f22f66 tempest-DeleteServersTestJSON-686103338 tempest-DeleteServersTestJSON-686103338-project-member] ephemeral_encryption_filter skipped {{(pid=93454) ephemeral_encryption_filter /opt/stack/nova/nova/scheduler/request_filter.py:426}}
Jul 22 23:54:13.095869 np0000005675 nova-scheduler[93454]: DEBUG nova.scheduler.request_filter [None req-433963e4-cac4-423f-9959-0d3d26f22f66 tempest-DeleteServersTestJSON-686103338 tempest-DeleteServersTestJSON-686103338-project-member] virtio_sound_filter skipped {{(pid=93454) virtio_sound_filter /opt/stack/nova/nova/scheduler/request_filter.py:460}}
Jul 22 23:54:13.096004 np0000005675 nova-scheduler[93454]: DEBUG nova.scheduler.request_filter [None req-433963e4-cac4-423f-9959-0d3d26f22f66 tempest-DeleteServersTestJSON-686103338 tempest-DeleteServersTestJSON-686103338-project-member] tpm_secret_security_filter skipped {{(pid=93454) tpm_secret_security_filter /opt/stack/nova/nova/scheduler/request_filter.py:477}}
Jul 22 23:54:13.934776 np0000005675 nova-scheduler[93454]: INFO nova.utils [None req-433963e4-cac4-423f-9959-0d3d26f22f66 tempest-DeleteServersTestJSON-686103338 tempest-DeleteServersTestJSON-686103338-project-member] The cell worker thread pool ForkProcess-1.cell_worker is initialized
Jul 22 23:54:13.935162 np0000005675 nova-scheduler[93454]: DEBUG oslo_concurrency.lockutils [None req-433963e4-cac4-423f-9959-0d3d26f22f66 tempest-DeleteServersTestJSON-686103338 tempest-DeleteServersTestJSON-686103338-project-member] Acquiring lock "d1d791b1-3138-472d-8a5f-b0e7d9f41d4e" by "nova.context.set_target_cell..get_or_set_cached_cell_and_set_connections" {{(pid=93454) inner /opt/stack/data/venv/lib/python3.12/site-packages/oslo_concurrency/lockutils.py:512}}
Jul 22 23:54:13.935331 np0000005675 nova-scheduler[93454]: DEBUG oslo_concurrency.lockutils [None req-433963e4-cac4-423f-9959-0d3d26f22f66 tempest-DeleteServersTestJSON-686103338 tempest-DeleteServersTestJSON-686103338-project-member] Lock "d1d791b1-3138-472d-8a5f-b0e7d9f41d4e" acquired by "nova.context.set_target_cell..get_or_set_cached_cell_and_set_connections" :: waited 0.000s {{(pid=93454) inner /opt/stack/data/venv/lib/python3.12/site-packages/oslo_concurrency/lockutils.py:525}}
Jul 22 23:54:13.936534 np0000005675 nova-scheduler[93454]: DEBUG oslo_concurrency.lockutils [None req-433963e4-cac4-423f-9959-0d3d26f22f66 tempest-DeleteServersTestJSON-686103338 tempest-DeleteServersTestJSON-686103338-project-member] Lock "d1d791b1-3138-472d-8a5f-b0e7d9f41d4e" "released" by "nova.context.set_target_cell..get_or_set_cached_cell_and_set_connections" :: held 0.001s {{(pid=93454) inner /opt/stack/data/venv/lib/python3.12/site-packages/oslo_concurrency/lockutils.py:544}}
Jul 22 23:54:13.938648 np0000005675 nova-scheduler[93454]: INFO dbcounter [None req-433963e4-cac4-423f-9959-0d3d26f22f66 tempest-DeleteServersTestJSON-686103338 tempest-DeleteServersTestJSON-686103338-project-member] Registered counter for database nova_cell1
Jul 22 23:54:13.974241 np0000005675 nova-scheduler[93454]: DEBUG oslo_db.sqlalchemy.engines [None req-433963e4-cac4-423f-9959-0d3d26f22f66 tempest-DeleteServersTestJSON-686103338 tempest-DeleteServersTestJSON-686103338-project-member] MySQL server mode set to STRICT_TRANS_TABLES,STRICT_ALL_TABLES,NO_ZERO_IN_DATE,NO_ZERO_DATE,ERROR_FOR_DIVISION_BY_ZERO,TRADITIONAL,NO_ENGINE_SUBSTITUTION {{(pid=93454) _check_effective_sql_mode /opt/stack/data/venv/lib/python3.12/site-packages/oslo_db/sqlalchemy/engines.py:325}}
Jul 22 23:54:13.979106 np0000005675 nova-scheduler[93454]: DEBUG dbcounter [-] [93454] Writer thread running {{(pid=93454) stat_writer /opt/stack/data/venv/lib/python3.12/site-packages/dbcounter.py:102}}
Jul 22 23:54:13.988590 np0000005675 nova-scheduler[93454]: DEBUG oslo_db.sqlalchemy.engines [None req-433963e4-cac4-423f-9959-0d3d26f22f66 tempest-DeleteServersTestJSON-686103338 tempest-DeleteServersTestJSON-686103338-project-member] Parent process 92240 forked (93454) with an open database connection, which is being discarded and recreated. {{(pid=93454) checkout /opt/stack/data/venv/lib/python3.12/site-packages/oslo_db/sqlalchemy/engines.py:402}}
Jul 22 23:54:14.031824 np0000005675 nova-scheduler[93454]: DEBUG dbcounter [-] [93454] Writer thread running {{(pid=93454) stat_writer /opt/stack/data/venv/lib/python3.12/site-packages/dbcounter.py:102}}
Jul 22 23:54:14.035196 np0000005675 nova-scheduler[93454]: DEBUG oslo_concurrency.lockutils [None req-433963e4-cac4-423f-9959-0d3d26f22f66 tempest-DeleteServersTestJSON-686103338 tempest-DeleteServersTestJSON-686103338-project-member] Acquiring lock "d1d791b1-3138-472d-8a5f-b0e7d9f41d4e" by "nova.context.set_target_cell..get_or_set_cached_cell_and_set_connections" {{(pid=93454) inner /opt/stack/data/venv/lib/python3.12/site-packages/oslo_concurrency/lockutils.py:512}}
Jul 22 23:54:14.035492 np0000005675 nova-scheduler[93454]: DEBUG oslo_concurrency.lockutils [None req-433963e4-cac4-423f-9959-0d3d26f22f66 tempest-DeleteServersTestJSON-686103338 tempest-DeleteServersTestJSON-686103338-project-member] Lock "d1d791b1-3138-472d-8a5f-b0e7d9f41d4e" acquired by "nova.context.set_target_cell..get_or_set_cached_cell_and_set_connections" :: waited 0.000s {{(pid=93454) inner /opt/stack/data/venv/lib/python3.12/site-packages/oslo_concurrency/lockutils.py:525}}
Jul 22 23:54:14.035663 np0000005675 nova-scheduler[93454]: DEBUG oslo_concurrency.lockutils [None req-433963e4-cac4-423f-9959-0d3d26f22f66 tempest-DeleteServersTestJSON-686103338 tempest-DeleteServersTestJSON-686103338-project-member] Lock "d1d791b1-3138-472d-8a5f-b0e7d9f41d4e" "released" by "nova.context.set_target_cell..get_or_set_cached_cell_and_set_connections" :: held 0.000s {{(pid=93454) inner /opt/stack/data/venv/lib/python3.12/site-packages/oslo_concurrency/lockutils.py:544}}
Jul 22 23:54:14.039179 np0000005675 nova-scheduler[93454]: DEBUG oslo_concurrency.lockutils [None req-433963e4-cac4-423f-9959-0d3d26f22f66 tempest-DeleteServersTestJSON-686103338 tempest-DeleteServersTestJSON-686103338-project-member] Acquiring lock "np0000005675-np0000005675" by "nova.scheduler.host_manager.HostState.update.._locked_update" {{(pid=93454) inner /opt/stack/data/venv/lib/python3.12/site-packages/oslo_concurrency/lockutils.py:512}}
Jul 22 23:54:14.039341 np0000005675 nova-scheduler[93454]: DEBUG oslo_concurrency.lockutils [None req-433963e4-cac4-423f-9959-0d3d26f22f66 tempest-DeleteServersTestJSON-686103338 tempest-DeleteServersTestJSON-686103338-project-member] Lock "np0000005675-np0000005675" acquired by "nova.scheduler.host_manager.HostState.update.._locked_update" :: waited 0.000s {{(pid=93454) inner /opt/stack/data/venv/lib/python3.12/site-packages/oslo_concurrency/lockutils.py:525}}
Jul 22 23:54:14.040333 np0000005675 nova-scheduler[93454]: DEBUG nova.scheduler.host_manager [None req-433963e4-cac4-423f-9959-0d3d26f22f66 tempest-DeleteServersTestJSON-686103338 tempest-DeleteServersTestJSON-686103338-project-member] Update host state from compute node: ComputeNode(cpu_allocation_ratio=4.0,cpu_info='{"arch": "x86_64", "model": "EPYC-Milan", "vendor": "AMD", "topology": {"cells": 1, "sockets": 16, "cores": 1, "threads": 1}, "maxphysaddr": {"mode": "emulate", "bits": 40}, "features": ["lbrv", "ibrs", "sha-ni", "pclmuldq", "smep", "v-vmsave-vmload", "lm", "tsc-scale", "flushbyasid", "apic", "nrip-save", "ibpb", "npt", "sse2", "xsaveerptr", "pcid", "mca", "syscall", "de", "lahf_lm", "mmxext", "rdctl-no", "rdrand", "fsgsbase", "fxsr_opt", "pku", "pae", "cmp_legacy", "pse36", "sse", "pge", "pdpe1gb", "rdtscp", "invpcid", "xsaves", "bmi1", "spec-ctrl", "clflushopt", "tsc-deadline", "amd-psfd", "clwb", "fma", "nx", "hypervisor", "pschange-mc-no", "sse4.1", "tsc_adjust", "virt-ssbd", "wbnoinvd", "pfthreshold", "stibp", "fxsr", "clzero", "vme", "mtrr", "fsrm", "topoext", "ssbd", "misalignsse", "cx16", "movbe", "svme-addr-chk", "msr", "arch-capabilities", "skip-l1dfl-vmentry", "stibp-always-on", "abm", "amd-stibp", "rdpid", "smap", "lfence-always-serializing", "mmx", "aes", "vmcb-clean", "x2apic", "xsaveopt", "cmov", "rdseed", "vaes", "osvw", "null-sel-clr-base", "perfctr_core", "clflush", "tsc", "avx2", "sep", "fpu", "erms", "xgetbv1", "umip", "popcnt", "svm", "3dnowprefetch", "cr8legacy", "no-nested-data-bp", "ssse3", "pause-filter", "vpclmulqdq", "pse", "amd-ssbd", "pni", "f16c", "sse4.2", "mds-no", "bmi2", "pat", "xsave", "gds-no", "mce", "avx", "adx", "sse4a", "arat", "cx8", "vgif", "xsavec"]}',created_at=2026-07-22T23:52:03Z,current_workload=0,deleted=False,deleted_at=None,disk_allocation_ratio=1.0,disk_available_least=73,free_disk_gb=95,free_ram_mb=62765,host='np0000005675',host_ip=10.4.3.122,hypervisor_hostname='np0000005675',hypervisor_type='QEMU',hypervisor_version=8002002,id=1,local_gb=95,local_gb_used=0,mapped=1,memory_mb=63277,memory_mb_used=512,metrics='[]',numa_topology='{"nova_object.name": "NUMATopology", "nova_object.namespace": "nova", "nova_object.version": "1.2", "nova_object.data": {"cells": [{"nova_object.name": "NUMACell", "nova_object.namespace": "nova", "nova_object.version": "1.5", "nova_object.data": {"id": 0, "cpuset": [0, 1, 2, 3, 4, 5, 6, 7, 8, 9, 10, 11, 12, 13, 14, 15], "pcpuset": [0, 1, 2, 3, 4, 5, 6, 7, 8, 9, 10, 11, 12, 13, 14, 15], "memory": 63277, "cpu_usage": 0, "memory_usage": 0, "pinned_cpus": [], "siblings": [[6], [12], [2], [15], [5], [11], [8], [14], [4], [1], [7], [10], [0], [13], [3], [9]], "mempages": [{"nova_object.name": "NUMAPagesTopology", "nova_object.namespace": "nova", "nova_object.version": "1.1", "nova_object.data": {"size_kb": 4, "total": 16177931, "used": 0, "reserved": 0}, "nova_object.changes": ["used", "total", "size_kb", "reserved"]}, {"nova_object.name": "NUMAPagesTopology", "nova_object.namespace": "nova", "nova_object.version": "1.1", "nova_object.data": {"size_kb": 2048, "total": 41, "used": 0, "reserved": 0}, "nova_object.changes": ["used", "total", "size_kb", "reserved"]}, {"nova_object.name": "NUMAPagesTopology", "nova_object.namespace": "nova", "nova_object.version": "1.1", "nova_object.data": {"size_kb": 1048576, "total": 0, "used": 0, "reserved": 0}, "nova_object.changes": ["used", "total", "size_kb", "reserved"]}], "network_metadata": {"nova_object.name": "NetworkMetadata", "nova_object.namespace": "nova", "nova_object.version": "1.0", "nova_object.data": {"physnets": [], "tunneled": false}, "nova_object.changes": ["physnets", "tunneled"]}, "socket": null}, "nova_object.changes": ["socket", "pinned_cpus", "memory", "siblings", "mempages", "id", "network_metadata", "cpuset", "memory_usage", "pcpuset", "cpu_usage"]}]}, "nova_object.changes": ["cells"]}',pci_device_pools=PciDevicePoolList,ram_allocation_ratio=1.0,running_vms=0,service_id=4,stats={failed_builds='0',uptime=' 23:53:50 up 13 min, 2 users, load average: 1.48, 1.53, 0.88
Jul 22 23:54:14.040333 np0000005675 nova-scheduler[93454]: '},supported_hv_specs=[HVSpec,HVSpec,HVSpec,HVSpec,HVSpec,HVSpec,HVSpec,HVSpec,HVSpec,HVSpec,HVSpec,HVSpec,HVSpec,HVSpec,HVSpec,HVSpec,HVSpec,HVSpec,HVSpec,HVSpec,HVSpec,HVSpec,HVSpec,HVSpec,HVSpec],updated_at=2026-07-22T23:53:51Z,uuid=092ee081-04da-4006-adae-103158495252,vcpus=16,vcpus_used=0) {{(pid=93454) _locked_update /opt/stack/nova/nova/scheduler/host_manager.py:168}}
Jul 22 23:54:14.041075 np0000005675 nova-scheduler[93454]: DEBUG nova.scheduler.host_manager [None req-433963e4-cac4-423f-9959-0d3d26f22f66 tempest-DeleteServersTestJSON-686103338 tempest-DeleteServersTestJSON-686103338-project-member] Update host state with aggregates: [] {{(pid=93454) _locked_update /opt/stack/nova/nova/scheduler/host_manager.py:171}}
Jul 22 23:54:14.041269 np0000005675 nova-scheduler[93454]: DEBUG nova.scheduler.host_manager [None req-433963e4-cac4-423f-9959-0d3d26f22f66 tempest-DeleteServersTestJSON-686103338 tempest-DeleteServersTestJSON-686103338-project-member] Update host state with service dict: {'id': 4, 'uuid': 'e718bc5b-daf3-4fd2-b291-d26b48bd58b7', 'host': 'np0000005675', 'binary': 'nova-compute', 'topic': 'compute', 'report_count': 2, 'disabled': False, 'disabled_reason': None, 'last_seen_up': datetime.datetime(2026, 7, 22, 23, 54, 9, tzinfo=datetime.timezone.utc), 'forced_down': False, 'version': 72, 'created_at': datetime.datetime(2026, 7, 22, 23, 52, 2, tzinfo=datetime.timezone.utc), 'updated_at': datetime.datetime(2026, 7, 22, 23, 54, 9, tzinfo=datetime.timezone.utc), 'deleted_at': None, 'deleted': False} {{(pid=93454) _locked_update /opt/stack/nova/nova/scheduler/host_manager.py:174}}
Jul 22 23:54:14.041425 np0000005675 nova-scheduler[93454]: DEBUG nova.scheduler.host_manager [None req-433963e4-cac4-423f-9959-0d3d26f22f66 tempest-DeleteServersTestJSON-686103338 tempest-DeleteServersTestJSON-686103338-project-member] Update host state with instances: [] {{(pid=93454) _locked_update /opt/stack/nova/nova/scheduler/host_manager.py:177}}
Jul 22 23:54:14.041557 np0000005675 nova-scheduler[93454]: DEBUG oslo_concurrency.lockutils [None req-433963e4-cac4-423f-9959-0d3d26f22f66 tempest-DeleteServersTestJSON-686103338 tempest-DeleteServersTestJSON-686103338-project-member] Lock "np0000005675-np0000005675" "released" by "nova.scheduler.host_manager.HostState.update.._locked_update" :: held 0.002s {{(pid=93454) inner /opt/stack/data/venv/lib/python3.12/site-packages/oslo_concurrency/lockutils.py:544}}
Jul 22 23:54:14.042100 np0000005675 nova-scheduler[93454]: DEBUG nova.filters [None req-433963e4-cac4-423f-9959-0d3d26f22f66 tempest-DeleteServersTestJSON-686103338 tempest-DeleteServersTestJSON-686103338-project-member] Starting with 1 host(s) {{(pid=93454) get_filtered_objects /opt/stack/nova/nova/filters.py:70}}
Jul 22 23:54:14.042346 np0000005675 nova-scheduler[93454]: DEBUG nova.filters [None req-433963e4-cac4-423f-9959-0d3d26f22f66 tempest-DeleteServersTestJSON-686103338 tempest-DeleteServersTestJSON-686103338-project-member] Filter ComputeFilter returned 1 host(s) {{(pid=93454) get_filtered_objects /opt/stack/nova/nova/filters.py:102}}
Jul 22 23:54:14.042569 np0000005675 nova-scheduler[93454]: DEBUG nova.filters [None req-433963e4-cac4-423f-9959-0d3d26f22f66 tempest-DeleteServersTestJSON-686103338 tempest-DeleteServersTestJSON-686103338-project-member] Filter ComputeCapabilitiesFilter returned 1 host(s) {{(pid=93454) get_filtered_objects /opt/stack/nova/nova/filters.py:102}}
Jul 22 23:54:14.042840 np0000005675 nova-scheduler[93454]: DEBUG nova.filters [None req-433963e4-cac4-423f-9959-0d3d26f22f66 tempest-DeleteServersTestJSON-686103338 tempest-DeleteServersTestJSON-686103338-project-member] Filter ImagePropertiesFilter returned 1 host(s) {{(pid=93454) get_filtered_objects /opt/stack/nova/nova/filters.py:102}}
Jul 22 23:54:14.043102 np0000005675 nova-scheduler[93454]: DEBUG nova.filters [None req-433963e4-cac4-423f-9959-0d3d26f22f66 tempest-DeleteServersTestJSON-686103338 tempest-DeleteServersTestJSON-686103338-project-member] Filter ServerGroupAntiAffinityFilter returned 1 host(s) {{(pid=93454) get_filtered_objects /opt/stack/nova/nova/filters.py:102}}
Jul 22 23:54:14.043264 np0000005675 nova-scheduler[93454]: DEBUG nova.filters [None req-433963e4-cac4-423f-9959-0d3d26f22f66 tempest-DeleteServersTestJSON-686103338 tempest-DeleteServersTestJSON-686103338-project-member] Filter ServerGroupAffinityFilter returned 1 host(s) {{(pid=93454) get_filtered_objects /opt/stack/nova/nova/filters.py:102}}
Jul 22 23:54:14.043490 np0000005675 nova-scheduler[93454]: DEBUG nova.filters [None req-433963e4-cac4-423f-9959-0d3d26f22f66 tempest-DeleteServersTestJSON-686103338 tempest-DeleteServersTestJSON-686103338-project-member] Filter SameHostFilter returned 1 host(s) {{(pid=93454) get_filtered_objects /opt/stack/nova/nova/filters.py:102}}
Jul 22 23:54:14.043635 np0000005675 nova-scheduler[93454]: DEBUG nova.filters [None req-433963e4-cac4-423f-9959-0d3d26f22f66 tempest-DeleteServersTestJSON-686103338 tempest-DeleteServersTestJSON-686103338-project-member] Filter DifferentHostFilter returned 1 host(s) {{(pid=93454) get_filtered_objects /opt/stack/nova/nova/filters.py:102}}
Jul 22 23:54:14.043808 np0000005675 nova-scheduler[93454]: DEBUG nova.scheduler.manager [None req-433963e4-cac4-423f-9959-0d3d26f22f66 tempest-DeleteServersTestJSON-686103338 tempest-DeleteServersTestJSON-686103338-project-member] Filtered [(np0000005675, np0000005675) ram: 62765MB disk: 74752MB io_ops: 0 instances: 0, allocation_candidates: 1] {{(pid=93454) _get_sorted_hosts /opt/stack/nova/nova/scheduler/manager.py:742}}
Jul 22 23:54:14.044070 np0000005675 nova-scheduler[93454]: DEBUG nova.scheduler.manager [None req-433963e4-cac4-423f-9959-0d3d26f22f66 tempest-DeleteServersTestJSON-686103338 tempest-DeleteServersTestJSON-686103338-project-member] Weighed [WeighedHost [host: (np0000005675, np0000005675) ram: 62765MB disk: 74752MB io_ops: 0 instances: 0, allocation_candidates: 1, weight: 0.0]] {{(pid=93454) _get_sorted_hosts /opt/stack/nova/nova/scheduler/manager.py:764}}
Jul 22 23:54:14.044333 np0000005675 nova-scheduler[93454]: DEBUG nova.scheduler.utils [None req-433963e4-cac4-423f-9959-0d3d26f22f66 tempest-DeleteServersTestJSON-686103338 tempest-DeleteServersTestJSON-686103338-project-member] Attempting to claim resources in the placement API for instance de679d5e-6334-4967-b373-731f0349dc56 {{(pid=93454) claim_resources /opt/stack/nova/nova/scheduler/utils.py:1345}}
Jul 22 23:54:14.254216 np0000005675 nova-scheduler[93454]: DEBUG nova.scheduler.manager [None req-433963e4-cac4-423f-9959-0d3d26f22f66 tempest-DeleteServersTestJSON-686103338 tempest-DeleteServersTestJSON-686103338-project-member] [instance: de679d5e-6334-4967-b373-731f0349dc56] Selected host: (np0000005675, np0000005675) ram: 62765MB disk: 74752MB io_ops: 0 instances: 0, allocation_candidates: 1 {{(pid=93454) _consume_selected_host /opt/stack/nova/nova/scheduler/manager.py:624}}
Jul 22 23:54:14.255000 np0000005675 nova-scheduler[93454]: DEBUG oslo_concurrency.lockutils [None req-433963e4-cac4-423f-9959-0d3d26f22f66 tempest-DeleteServersTestJSON-686103338 tempest-DeleteServersTestJSON-686103338-project-member] Acquiring lock "np0000005675-np0000005675" by "nova.scheduler.host_manager.HostState.consume_from_request.._locked" {{(pid=93454) inner /opt/stack/data/venv/lib/python3.12/site-packages/oslo_concurrency/lockutils.py:512}}
Jul 22 23:54:14.255000 np0000005675 nova-scheduler[93454]: DEBUG oslo_concurrency.lockutils [None req-433963e4-cac4-423f-9959-0d3d26f22f66 tempest-DeleteServersTestJSON-686103338 tempest-DeleteServersTestJSON-686103338-project-member] Lock "np0000005675-np0000005675" acquired by "nova.scheduler.host_manager.HostState.consume_from_request.._locked" :: waited 0.000s {{(pid=93454) inner /opt/stack/data/venv/lib/python3.12/site-packages/oslo_concurrency/lockutils.py:525}}
Jul 22 23:54:14.255000 np0000005675 nova-scheduler[93454]: DEBUG oslo_concurrency.lockutils [None req-433963e4-cac4-423f-9959-0d3d26f22f66 tempest-DeleteServersTestJSON-686103338 tempest-DeleteServersTestJSON-686103338-project-member] Lock "np0000005675-np0000005675" "released" by "nova.scheduler.host_manager.HostState.consume_from_request.._locked" :: held 0.000s {{(pid=93454) inner /opt/stack/data/venv/lib/python3.12/site-packages/oslo_concurrency/lockutils.py:544}}
Jul 22 23:54:14.563585 np0000005675 nova-scheduler[93491]: DEBUG nova.scheduler.manager [None req-a8b31052-837a-4939-9d60-e821e289c511 tempest-AttachVolumeShelveTestJSON-2142878019 tempest-AttachVolumeShelveTestJSON-2142878019-project-member] Starting to schedule for instances: ['badc2e4e-34fa-4b1d-b00f-0cf8c605b393'] {{(pid=93491) select_destinations /opt/stack/nova/nova/scheduler/manager.py:209}}
Jul 22 23:54:14.564068 np0000005675 nova-scheduler[93491]: DEBUG nova.scheduler.request_filter [None req-a8b31052-837a-4939-9d60-e821e289c511 tempest-AttachVolumeShelveTestJSON-2142878019 tempest-AttachVolumeShelveTestJSON-2142878019-project-member] compute_status_filter request filter added forbidden trait COMPUTE_STATUS_DISABLED {{(pid=93491) compute_status_filter /opt/stack/nova/nova/scheduler/request_filter.py:253}}
Jul 22 23:54:14.564190 np0000005675 nova-scheduler[93491]: DEBUG nova.scheduler.request_filter [None req-a8b31052-837a-4939-9d60-e821e289c511 tempest-AttachVolumeShelveTestJSON-2142878019 tempest-AttachVolumeShelveTestJSON-2142878019-project-member] Request filter 'compute_status_filter' took 0.0 seconds {{(pid=93491) wrapper /opt/stack/nova/nova/scheduler/request_filter.py:46}}
Jul 22 23:54:14.565276 np0000005675 nova-scheduler[93491]: DEBUG nova.scheduler.request_filter [None req-a8b31052-837a-4939-9d60-e821e289c511 tempest-AttachVolumeShelveTestJSON-2142878019 tempest-AttachVolumeShelveTestJSON-2142878019-project-member] Request filter 'accelerators_filter' took 0.0 seconds {{(pid=93491) wrapper /opt/stack/nova/nova/scheduler/request_filter.py:46}}
Jul 22 23:54:14.565533 np0000005675 nova-scheduler[93491]: DEBUG nova.scheduler.request_filter [None req-a8b31052-837a-4939-9d60-e821e289c511 tempest-AttachVolumeShelveTestJSON-2142878019 tempest-AttachVolumeShelveTestJSON-2142878019-project-member] Request filter 'packed_virtqueue_filter' took 0.0 seconds {{(pid=93491) wrapper /opt/stack/nova/nova/scheduler/request_filter.py:46}}
Jul 22 23:54:14.565953 np0000005675 nova-scheduler[93491]: DEBUG nova.scheduler.request_filter [None req-a8b31052-837a-4939-9d60-e821e289c511 tempest-AttachVolumeShelveTestJSON-2142878019 tempest-AttachVolumeShelveTestJSON-2142878019-project-member] Request filter 'remote_managed_ports_filter' took 0.0 seconds {{(pid=93491) wrapper /opt/stack/nova/nova/scheduler/request_filter.py:46}}
Jul 22 23:54:14.566206 np0000005675 nova-scheduler[93491]: DEBUG nova.scheduler.request_filter [None req-a8b31052-837a-4939-9d60-e821e289c511 tempest-AttachVolumeShelveTestJSON-2142878019 tempest-AttachVolumeShelveTestJSON-2142878019-project-member] ephemeral_encryption_filter skipped {{(pid=93491) ephemeral_encryption_filter /opt/stack/nova/nova/scheduler/request_filter.py:426}}
Jul 22 23:54:14.566461 np0000005675 nova-scheduler[93491]: DEBUG nova.scheduler.request_filter [None req-a8b31052-837a-4939-9d60-e821e289c511 tempest-AttachVolumeShelveTestJSON-2142878019 tempest-AttachVolumeShelveTestJSON-2142878019-project-member] virtio_sound_filter skipped {{(pid=93491) virtio_sound_filter /opt/stack/nova/nova/scheduler/request_filter.py:460}}
