Jul 31 17:15:09.687707 np0000006248 nova-conductor[99126]: DEBUG cotyledon.oslo_config_glue [-] workarounds.disable_group_policy_check_upcall = False {{(pid=99126) log_opt_values /opt/stack/data/venv/lib/python3.12/site-packages/oslo_config/cfg.py:3253}}
Jul 31 17:15:09.687707 np0000006248 nova-conductor[99126]: DEBUG cotyledon.oslo_config_glue [-] workarounds.disable_libvirt_livesnapshot = False {{(pid=99126) log_opt_values /opt/stack/data/venv/lib/python3.12/site-packages/oslo_config/cfg.py:3253}}
Jul 31 17:15:09.687707 np0000006248 nova-conductor[99126]: DEBUG cotyledon.oslo_config_glue [-] workarounds.disable_rootwrap = False {{(pid=99126) log_opt_values /opt/stack/data/venv/lib/python3.12/site-packages/oslo_config/cfg.py:3253}}
Jul 31 17:15:09.687707 np0000006248 nova-conductor[99126]: DEBUG cotyledon.oslo_config_glue [-] workarounds.enable_numa_live_migration = False {{(pid=99126) log_opt_values /opt/stack/data/venv/lib/python3.12/site-packages/oslo_config/cfg.py:3253}}
Jul 31 17:15:09.687707 np0000006248 nova-conductor[99126]: DEBUG cotyledon.oslo_config_glue [-] workarounds.enable_qemu_monitor_announce_self = False {{(pid=99126) log_opt_values /opt/stack/data/venv/lib/python3.12/site-packages/oslo_config/cfg.py:3253}}
Jul 31 17:15:09.687707 np0000006248 nova-conductor[99126]: DEBUG cotyledon.oslo_config_glue [-] workarounds.ensure_libvirt_rbd_instance_dir_cleanup = False {{(pid=99126) log_opt_values /opt/stack/data/venv/lib/python3.12/site-packages/oslo_config/cfg.py:3253}}
Jul 31 17:15:09.687707 np0000006248 nova-conductor[99126]: DEBUG cotyledon.oslo_config_glue [-] workarounds.handle_virt_lifecycle_events = True {{(pid=99126) log_opt_values /opt/stack/data/venv/lib/python3.12/site-packages/oslo_config/cfg.py:3253}}
Jul 31 17:15:09.687869 np0000006248 nova-conductor[99126]: DEBUG cotyledon.oslo_config_glue [-] workarounds.libvirt_disable_apic = False {{(pid=99126) log_opt_values /opt/stack/data/venv/lib/python3.12/site-packages/oslo_config/cfg.py:3253}}
Jul 31 17:15:09.687869 np0000006248 nova-conductor[99126]: DEBUG cotyledon.oslo_config_glue [-] workarounds.never_download_image_if_on_rbd = False {{(pid=99126) log_opt_values /opt/stack/data/venv/lib/python3.12/site-packages/oslo_config/cfg.py:3253}}
Jul 31 17:15:09.687869 np0000006248 nova-conductor[99126]: DEBUG cotyledon.oslo_config_glue [-] workarounds.qemu_monitor_announce_self_count = 3 {{(pid=99126) log_opt_values /opt/stack/data/venv/lib/python3.12/site-packages/oslo_config/cfg.py:3253}}
Jul 31 17:15:09.687869 np0000006248 nova-conductor[99126]: DEBUG cotyledon.oslo_config_glue [-] workarounds.qemu_monitor_announce_self_interval = 1 {{(pid=99126) log_opt_values /opt/stack/data/venv/lib/python3.12/site-packages/oslo_config/cfg.py:3253}}
Jul 31 17:15:09.687869 np0000006248 nova-conductor[99126]: DEBUG cotyledon.oslo_config_glue [-] workarounds.reserve_disk_resource_for_image_cache = False {{(pid=99126) log_opt_values /opt/stack/data/venv/lib/python3.12/site-packages/oslo_config/cfg.py:3253}}
Jul 31 17:15:09.687869 np0000006248 nova-conductor[99126]: DEBUG cotyledon.oslo_config_glue [-] workarounds.skip_cpu_compare_at_startup = False {{(pid=99126) log_opt_values /opt/stack/data/venv/lib/python3.12/site-packages/oslo_config/cfg.py:3253}}
Jul 31 17:15:09.687869 np0000006248 nova-conductor[99126]: DEBUG cotyledon.oslo_config_glue [-] workarounds.skip_cpu_compare_on_dest = False {{(pid=99126) log_opt_values /opt/stack/data/venv/lib/python3.12/site-packages/oslo_config/cfg.py:3253}}
Jul 31 17:15:09.687869 np0000006248 nova-conductor[99126]: DEBUG cotyledon.oslo_config_glue [-] workarounds.skip_hypervisor_version_check_on_lm = False {{(pid=99126) log_opt_values /opt/stack/data/venv/lib/python3.12/site-packages/oslo_config/cfg.py:3253}}
Jul 31 17:15:09.687869 np0000006248 nova-conductor[99126]: DEBUG cotyledon.oslo_config_glue [-] workarounds.skip_reserve_in_use_ironic_nodes = False {{(pid=99126) log_opt_values /opt/stack/data/venv/lib/python3.12/site-packages/oslo_config/cfg.py:3253}}
Jul 31 17:15:09.688035 np0000006248 nova-conductor[99126]: DEBUG cotyledon.oslo_config_glue [-] workarounds.unified_limits_count_pcpu_as_vcpu = False {{(pid=99126) log_opt_values /opt/stack/data/venv/lib/python3.12/site-packages/oslo_config/cfg.py:3253}}
Jul 31 17:15:09.688035 np0000006248 nova-conductor[99126]: DEBUG cotyledon.oslo_config_glue [-] workarounds.wait_for_vif_plugged_event_during_hard_reboot = [] {{(pid=99126) log_opt_values /opt/stack/data/venv/lib/python3.12/site-packages/oslo_config/cfg.py:3253}}
Jul 31 17:15:09.688035 np0000006248 nova-conductor[99126]: DEBUG cotyledon.oslo_config_glue [-] wsgi.api_paste_config = /etc/nova/api-paste.ini {{(pid=99126) log_opt_values /opt/stack/data/venv/lib/python3.12/site-packages/oslo_config/cfg.py:3253}}
Jul 31 17:15:09.688035 np0000006248 nova-conductor[99126]: DEBUG cotyledon.oslo_config_glue [-] wsgi.secure_proxy_ssl_header = None {{(pid=99126) log_opt_values /opt/stack/data/venv/lib/python3.12/site-packages/oslo_config/cfg.py:3253}}
Jul 31 17:15:09.688035 np0000006248 nova-conductor[99126]: DEBUG cotyledon.oslo_config_glue [-] zvm.ca_file = None {{(pid=99126) log_opt_values /opt/stack/data/venv/lib/python3.12/site-packages/oslo_config/cfg.py:3253}}
Jul 31 17:15:09.688035 np0000006248 nova-conductor[99126]: DEBUG cotyledon.oslo_config_glue [-] zvm.cloud_connector_url = None {{(pid=99126) log_opt_values /opt/stack/data/venv/lib/python3.12/site-packages/oslo_config/cfg.py:3253}}
Jul 31 17:15:09.688035 np0000006248 nova-conductor[99126]: DEBUG cotyledon.oslo_config_glue [-] zvm.image_tmp_path = /opt/stack/data/nova/images {{(pid=99126) log_opt_values /opt/stack/data/venv/lib/python3.12/site-packages/oslo_config/cfg.py:3253}}
Jul 31 17:15:09.688035 np0000006248 nova-conductor[99126]: DEBUG cotyledon.oslo_config_glue [-] zvm.reachable_timeout = 300 {{(pid=99126) log_opt_values /opt/stack/data/venv/lib/python3.12/site-packages/oslo_config/cfg.py:3253}}
Jul 31 17:15:09.688035 np0000006248 nova-conductor[99126]: DEBUG cotyledon.oslo_config_glue [-] oslo_versionedobjects.fatal_exception_format_errors = False {{(pid=99126) log_opt_values /opt/stack/data/venv/lib/python3.12/site-packages/oslo_config/cfg.py:3253}}
Jul 31 17:15:09.688205 np0000006248 nova-conductor[99126]: DEBUG cotyledon.oslo_config_glue [-] oslo_middleware.http_basic_auth_user_file = /etc/htpasswd {{(pid=99126) log_opt_values /opt/stack/data/venv/lib/python3.12/site-packages/oslo_config/cfg.py:3253}}
Jul 31 17:15:09.688205 np0000006248 nova-conductor[99126]: DEBUG cotyledon.oslo_config_glue [-] profiler.connection_string = messaging:// {{(pid=99126) log_opt_values /opt/stack/data/venv/lib/python3.12/site-packages/oslo_config/cfg.py:3253}}
Jul 31 17:15:09.688205 np0000006248 nova-conductor[99126]: DEBUG cotyledon.oslo_config_glue [-] profiler.enabled = False {{(pid=99126) log_opt_values /opt/stack/data/venv/lib/python3.12/site-packages/oslo_config/cfg.py:3253}}
Jul 31 17:15:09.688205 np0000006248 nova-conductor[99126]: DEBUG cotyledon.oslo_config_glue [-] profiler.es_doc_type = notification {{(pid=99126) log_opt_values /opt/stack/data/venv/lib/python3.12/site-packages/oslo_config/cfg.py:3253}}
Jul 31 17:15:09.688205 np0000006248 nova-conductor[99126]: DEBUG cotyledon.oslo_config_glue [-] profiler.es_scroll_size = 10000 {{(pid=99126) log_opt_values /opt/stack/data/venv/lib/python3.12/site-packages/oslo_config/cfg.py:3253}}
Jul 31 17:15:09.688205 np0000006248 nova-conductor[99126]: DEBUG cotyledon.oslo_config_glue [-] profiler.es_scroll_time = 2m {{(pid=99126) log_opt_values /opt/stack/data/venv/lib/python3.12/site-packages/oslo_config/cfg.py:3253}}
Jul 31 17:15:09.688205 np0000006248 nova-conductor[99126]: DEBUG cotyledon.oslo_config_glue [-] profiler.filter_error_trace = False {{(pid=99126) log_opt_values /opt/stack/data/venv/lib/python3.12/site-packages/oslo_config/cfg.py:3253}}
Jul 31 17:15:09.688205 np0000006248 nova-conductor[99126]: DEBUG cotyledon.oslo_config_glue [-] profiler.hmac_keys = **** {{(pid=99126) log_opt_values /opt/stack/data/venv/lib/python3.12/site-packages/oslo_config/cfg.py:3253}}
Jul 31 17:15:09.688205 np0000006248 nova-conductor[99126]: DEBUG cotyledon.oslo_config_glue [-] profiler.sentinel_service_name = mymaster {{(pid=99126) log_opt_values /opt/stack/data/venv/lib/python3.12/site-packages/oslo_config/cfg.py:3253}}
Jul 31 17:15:09.688392 np0000006248 nova-conductor[99126]: DEBUG cotyledon.oslo_config_glue [-] profiler.socket_timeout = 0.1 {{(pid=99126) log_opt_values /opt/stack/data/venv/lib/python3.12/site-packages/oslo_config/cfg.py:3253}}
Jul 31 17:15:09.688392 np0000006248 nova-conductor[99126]: DEBUG cotyledon.oslo_config_glue [-] profiler.trace_requests = False {{(pid=99126) log_opt_values /opt/stack/data/venv/lib/python3.12/site-packages/oslo_config/cfg.py:3253}}
Jul 31 17:15:09.688392 np0000006248 nova-conductor[99126]: DEBUG cotyledon.oslo_config_glue [-] profiler.trace_sqlalchemy = False {{(pid=99126) log_opt_values /opt/stack/data/venv/lib/python3.12/site-packages/oslo_config/cfg.py:3253}}
Jul 31 17:15:09.688392 np0000006248 nova-conductor[99126]: DEBUG cotyledon.oslo_config_glue [-] profiler_jaeger.process_tags = {} {{(pid=99126) log_opt_values /opt/stack/data/venv/lib/python3.12/site-packages/oslo_config/cfg.py:3253}}
Jul 31 17:15:09.688392 np0000006248 nova-conductor[99126]: DEBUG cotyledon.oslo_config_glue [-] profiler_jaeger.service_name_prefix = None {{(pid=99126) log_opt_values /opt/stack/data/venv/lib/python3.12/site-packages/oslo_config/cfg.py:3253}}
Jul 31 17:15:09.688392 np0000006248 nova-conductor[99126]: DEBUG cotyledon.oslo_config_glue [-] profiler_otlp.service_name_prefix = None {{(pid=99126) log_opt_values /opt/stack/data/venv/lib/python3.12/site-packages/oslo_config/cfg.py:3253}}
Jul 31 17:15:09.688392 np0000006248 nova-conductor[99126]: DEBUG cotyledon.oslo_config_glue [-] oslo_messaging_rabbit.amqp_auto_delete = False {{(pid=99126) log_opt_values /opt/stack/data/venv/lib/python3.12/site-packages/oslo_config/cfg.py:3253}}
Jul 31 17:15:09.688392 np0000006248 nova-conductor[99126]: DEBUG cotyledon.oslo_config_glue [-] oslo_messaging_rabbit.amqp_durable_queues = False {{(pid=99126) log_opt_values /opt/stack/data/venv/lib/python3.12/site-packages/oslo_config/cfg.py:3253}}
Jul 31 17:15:09.688392 np0000006248 nova-conductor[99126]: DEBUG cotyledon.oslo_config_glue [-] oslo_messaging_rabbit.conn_pool_min_size = 2 {{(pid=99126) log_opt_values /opt/stack/data/venv/lib/python3.12/site-packages/oslo_config/cfg.py:3253}}
Jul 31 17:15:09.688577 np0000006248 nova-conductor[99126]: DEBUG cotyledon.oslo_config_glue [-] oslo_messaging_rabbit.conn_pool_ttl = 1200 {{(pid=99126) log_opt_values /opt/stack/data/venv/lib/python3.12/site-packages/oslo_config/cfg.py:3253}}
Jul 31 17:15:09.688577 np0000006248 nova-conductor[99126]: DEBUG cotyledon.oslo_config_glue [-] oslo_messaging_rabbit.direct_mandatory_flag = True {{(pid=99126) log_opt_values /opt/stack/data/venv/lib/python3.12/site-packages/oslo_config/cfg.py:3253}}
Jul 31 17:15:09.688577 np0000006248 nova-conductor[99126]: DEBUG cotyledon.oslo_config_glue [-] oslo_messaging_rabbit.enable_cancel_on_failover = False {{(pid=99126) log_opt_values /opt/stack/data/venv/lib/python3.12/site-packages/oslo_config/cfg.py:3253}}
Jul 31 17:15:09.688577 np0000006248 nova-conductor[99126]: DEBUG cotyledon.oslo_config_glue [-] oslo_messaging_rabbit.heartbeat_rate = 3 {{(pid=99126) log_opt_values /opt/stack/data/venv/lib/python3.12/site-packages/oslo_config/cfg.py:3253}}
Jul 31 17:15:09.688577 np0000006248 nova-conductor[99126]: DEBUG cotyledon.oslo_config_glue [-] oslo_messaging_rabbit.heartbeat_timeout_threshold = 60 {{(pid=99126) log_opt_values /opt/stack/data/venv/lib/python3.12/site-packages/oslo_config/cfg.py:3253}}
Jul 31 17:15:09.688577 np0000006248 nova-conductor[99126]: DEBUG cotyledon.oslo_config_glue [-] oslo_messaging_rabbit.hostname = np0000006248 {{(pid=99126) log_opt_values /opt/stack/data/venv/lib/python3.12/site-packages/oslo_config/cfg.py:3253}}
Jul 31 17:15:09.688577 np0000006248 nova-conductor[99126]: DEBUG cotyledon.oslo_config_glue [-] oslo_messaging_rabbit.kombu_compression = None {{(pid=99126) log_opt_values /opt/stack/data/venv/lib/python3.12/site-packages/oslo_config/cfg.py:3253}}
Jul 31 17:15:09.688577 np0000006248 nova-conductor[99126]: DEBUG cotyledon.oslo_config_glue [-] oslo_messaging_rabbit.kombu_failover_strategy = round-robin {{(pid=99126) log_opt_values /opt/stack/data/venv/lib/python3.12/site-packages/oslo_config/cfg.py:3253}}
Jul 31 17:15:09.688577 np0000006248 nova-conductor[99126]: DEBUG cotyledon.oslo_config_glue [-] oslo_messaging_rabbit.kombu_missing_consumer_retry_timeout = 60 {{(pid=99126) log_opt_values /opt/stack/data/venv/lib/python3.12/site-packages/oslo_config/cfg.py:3253}}
Jul 31 17:15:09.688739 np0000006248 nova-conductor[99126]: DEBUG cotyledon.oslo_config_glue [-] oslo_messaging_rabbit.kombu_reconnect_delay = 1.0 {{(pid=99126) log_opt_values /opt/stack/data/venv/lib/python3.12/site-packages/oslo_config/cfg.py:3253}}
Jul 31 17:15:09.688739 np0000006248 nova-conductor[99126]: DEBUG cotyledon.oslo_config_glue [-] oslo_messaging_rabbit.kombu_reconnect_splay = 0.0 {{(pid=99126) log_opt_values /opt/stack/data/venv/lib/python3.12/site-packages/oslo_config/cfg.py:3253}}
Jul 31 17:15:09.688739 np0000006248 nova-conductor[99126]: DEBUG cotyledon.oslo_config_glue [-] oslo_messaging_rabbit.processname = nova-conductor {{(pid=99126) log_opt_values /opt/stack/data/venv/lib/python3.12/site-packages/oslo_config/cfg.py:3253}}
Jul 31 17:15:09.688739 np0000006248 nova-conductor[99126]: DEBUG cotyledon.oslo_config_glue [-] oslo_messaging_rabbit.rabbit_ha_queues = False {{(pid=99126) log_opt_values /opt/stack/data/venv/lib/python3.12/site-packages/oslo_config/cfg.py:3253}}
Jul 31 17:15:09.688739 np0000006248 nova-conductor[99126]: DEBUG cotyledon.oslo_config_glue [-] oslo_messaging_rabbit.rabbit_interval_max = 30 {{(pid=99126) log_opt_values /opt/stack/data/venv/lib/python3.12/site-packages/oslo_config/cfg.py:3253}}
Jul 31 17:15:09.688739 np0000006248 nova-conductor[99126]: DEBUG cotyledon.oslo_config_glue [-] oslo_messaging_rabbit.rabbit_login_method = AMQPLAIN {{(pid=99126) log_opt_values /opt/stack/data/venv/lib/python3.12/site-packages/oslo_config/cfg.py:3253}}
Jul 31 17:15:09.688739 np0000006248 nova-conductor[99126]: DEBUG cotyledon.oslo_config_glue [-] oslo_messaging_rabbit.rabbit_qos_prefetch_count = 0 {{(pid=99126) log_opt_values /opt/stack/data/venv/lib/python3.12/site-packages/oslo_config/cfg.py:3253}}
Jul 31 17:15:09.688739 np0000006248 nova-conductor[99126]: DEBUG cotyledon.oslo_config_glue [-] oslo_messaging_rabbit.rabbit_quorum_delivery_limit = 0 {{(pid=99126) log_opt_values /opt/stack/data/venv/lib/python3.12/site-packages/oslo_config/cfg.py:3253}}
Jul 31 17:15:09.688739 np0000006248 nova-conductor[99126]: DEBUG cotyledon.oslo_config_glue [-] oslo_messaging_rabbit.rabbit_quorum_max_memory_bytes = 0 {{(pid=99126) log_opt_values /opt/stack/data/venv/lib/python3.12/site-packages/oslo_config/cfg.py:3253}}
Jul 31 17:15:09.688914 np0000006248 nova-conductor[99126]: DEBUG cotyledon.oslo_config_glue [-] oslo_messaging_rabbit.rabbit_quorum_max_memory_length = 0 {{(pid=99126) log_opt_values /opt/stack/data/venv/lib/python3.12/site-packages/oslo_config/cfg.py:3253}}
Jul 31 17:15:09.688914 np0000006248 nova-conductor[99126]: DEBUG cotyledon.oslo_config_glue [-] oslo_messaging_rabbit.rabbit_quorum_queue = False {{(pid=99126) log_opt_values /opt/stack/data/venv/lib/python3.12/site-packages/oslo_config/cfg.py:3253}}
Jul 31 17:15:09.688914 np0000006248 nova-conductor[99126]: DEBUG cotyledon.oslo_config_glue [-] oslo_messaging_rabbit.rabbit_retry_backoff = 2 {{(pid=99126) log_opt_values /opt/stack/data/venv/lib/python3.12/site-packages/oslo_config/cfg.py:3253}}
Jul 31 17:15:09.688914 np0000006248 nova-conductor[99126]: DEBUG cotyledon.oslo_config_glue [-] oslo_messaging_rabbit.rabbit_retry_interval = 1 {{(pid=99126) log_opt_values /opt/stack/data/venv/lib/python3.12/site-packages/oslo_config/cfg.py:3253}}
Jul 31 17:15:09.688914 np0000006248 nova-conductor[99126]: DEBUG cotyledon.oslo_config_glue [-] oslo_messaging_rabbit.rabbit_stream_fanout = False {{(pid=99126) log_opt_values /opt/stack/data/venv/lib/python3.12/site-packages/oslo_config/cfg.py:3253}}
Jul 31 17:15:09.688914 np0000006248 nova-conductor[99126]: DEBUG cotyledon.oslo_config_glue [-] oslo_messaging_rabbit.rabbit_transient_queues_ttl = 1800 {{(pid=99126) log_opt_values /opt/stack/data/venv/lib/python3.12/site-packages/oslo_config/cfg.py:3253}}
Jul 31 17:15:09.688914 np0000006248 nova-conductor[99126]: DEBUG cotyledon.oslo_config_glue [-] oslo_messaging_rabbit.rabbit_transient_quorum_queue = False {{(pid=99126) log_opt_values /opt/stack/data/venv/lib/python3.12/site-packages/oslo_config/cfg.py:3253}}
Jul 31 17:15:09.688914 np0000006248 nova-conductor[99126]: DEBUG cotyledon.oslo_config_glue [-] oslo_messaging_rabbit.rpc_conn_pool_size = 30 {{(pid=99126) log_opt_values /opt/stack/data/venv/lib/python3.12/site-packages/oslo_config/cfg.py:3253}}
Jul 31 17:15:09.688914 np0000006248 nova-conductor[99126]: DEBUG cotyledon.oslo_config_glue [-] oslo_messaging_rabbit.ssl = False {{(pid=99126) log_opt_values /opt/stack/data/venv/lib/python3.12/site-packages/oslo_config/cfg.py:3253}}
Jul 31 17:15:09.689118 np0000006248 nova-conductor[99126]: DEBUG cotyledon.oslo_config_glue [-] oslo_messaging_rabbit.ssl_ca_file = {{(pid=99126) log_opt_values /opt/stack/data/venv/lib/python3.12/site-packages/oslo_config/cfg.py:3253}}
Jul 31 17:15:09.689118 np0000006248 nova-conductor[99126]: DEBUG cotyledon.oslo_config_glue [-] oslo_messaging_rabbit.ssl_cert_file = {{(pid=99126) log_opt_values /opt/stack/data/venv/lib/python3.12/site-packages/oslo_config/cfg.py:3253}}
Jul 31 17:15:09.689118 np0000006248 nova-conductor[99126]: DEBUG cotyledon.oslo_config_glue [-] oslo_messaging_rabbit.ssl_enforce_fips_mode = False {{(pid=99126) log_opt_values /opt/stack/data/venv/lib/python3.12/site-packages/oslo_config/cfg.py:3253}}
Jul 31 17:15:09.689118 np0000006248 nova-conductor[99126]: DEBUG cotyledon.oslo_config_glue [-] oslo_messaging_rabbit.ssl_enforce_hostname_verification = True {{(pid=99126) log_opt_values /opt/stack/data/venv/lib/python3.12/site-packages/oslo_config/cfg.py:3253}}
Jul 31 17:15:09.689118 np0000006248 nova-conductor[99126]: DEBUG cotyledon.oslo_config_glue [-] oslo_messaging_rabbit.ssl_key_file = {{(pid=99126) log_opt_values /opt/stack/data/venv/lib/python3.12/site-packages/oslo_config/cfg.py:3253}}
Jul 31 17:15:09.689118 np0000006248 nova-conductor[99126]: DEBUG cotyledon.oslo_config_glue [-] oslo_messaging_rabbit.ssl_version = {{(pid=99126) log_opt_values /opt/stack/data/venv/lib/python3.12/site-packages/oslo_config/cfg.py:3253}}
Jul 31 17:15:09.689118 np0000006248 nova-conductor[99126]: DEBUG cotyledon.oslo_config_glue [-] oslo_messaging_rabbit.use_queue_manager = False {{(pid=99126) log_opt_values /opt/stack/data/venv/lib/python3.12/site-packages/oslo_config/cfg.py:3253}}
Jul 31 17:15:09.689118 np0000006248 nova-conductor[99126]: DEBUG cotyledon.oslo_config_glue [-] oslo_messaging_notifications.driver = ['messagingv2'] {{(pid=99126) log_opt_values /opt/stack/data/venv/lib/python3.12/site-packages/oslo_config/cfg.py:3253}}
Jul 31 17:15:09.689118 np0000006248 nova-conductor[99126]: DEBUG cotyledon.oslo_config_glue [-] oslo_messaging_notifications.retry = -1 {{(pid=99126) log_opt_values /opt/stack/data/venv/lib/python3.12/site-packages/oslo_config/cfg.py:3253}}
Jul 31 17:15:09.689368 np0000006248 nova-conductor[99126]: DEBUG cotyledon.oslo_config_glue [-] oslo_messaging_notifications.topics = ['notifications'] {{(pid=99126) log_opt_values /opt/stack/data/venv/lib/python3.12/site-packages/oslo_config/cfg.py:3253}}
Jul 31 17:15:09.689368 np0000006248 nova-conductor[99126]: DEBUG cotyledon.oslo_config_glue [-] oslo_messaging_notifications.transport_url = **** {{(pid=99126) log_opt_values /opt/stack/data/venv/lib/python3.12/site-packages/oslo_config/cfg.py:3253}}
Jul 31 17:15:09.689368 np0000006248 nova-conductor[99126]: DEBUG cotyledon.oslo_config_glue [-] oslo_limit.auth_section = None {{(pid=99126) log_opt_values /opt/stack/data/venv/lib/python3.12/site-packages/oslo_config/cfg.py:3253}}
Jul 31 17:15:09.689368 np0000006248 nova-conductor[99126]: DEBUG cotyledon.oslo_config_glue [-] oslo_limit.auth_type = None {{(pid=99126) log_opt_values /opt/stack/data/venv/lib/python3.12/site-packages/oslo_config/cfg.py:3253}}
Jul 31 17:15:09.689368 np0000006248 nova-conductor[99126]: DEBUG cotyledon.oslo_config_glue [-] oslo_limit.cafile = None {{(pid=99126) log_opt_values /opt/stack/data/venv/lib/python3.12/site-packages/oslo_config/cfg.py:3253}}
Jul 31 17:15:09.689368 np0000006248 nova-conductor[99126]: DEBUG cotyledon.oslo_config_glue [-] oslo_limit.certfile = None {{(pid=99126) log_opt_values /opt/stack/data/venv/lib/python3.12/site-packages/oslo_config/cfg.py:3253}}
Jul 31 17:15:09.689368 np0000006248 nova-conductor[99126]: DEBUG cotyledon.oslo_config_glue [-] oslo_limit.collect_timing = False {{(pid=99126) log_opt_values /opt/stack/data/venv/lib/python3.12/site-packages/oslo_config/cfg.py:3253}}
Jul 31 17:15:09.689368 np0000006248 nova-conductor[99126]: DEBUG cotyledon.oslo_config_glue [-] oslo_limit.connect_retries = None {{(pid=99126) log_opt_values /opt/stack/data/venv/lib/python3.12/site-packages/oslo_config/cfg.py:3253}}
Jul 31 17:15:09.689368 np0000006248 nova-conductor[99126]: DEBUG cotyledon.oslo_config_glue [-] oslo_limit.connect_retry_delay = None {{(pid=99126) log_opt_values /opt/stack/data/venv/lib/python3.12/site-packages/oslo_config/cfg.py:3253}}
Jul 31 17:15:09.689607 np0000006248 nova-conductor[99126]: DEBUG cotyledon.oslo_config_glue [-] oslo_limit.endpoint_id = None {{(pid=99126) log_opt_values /opt/stack/data/venv/lib/python3.12/site-packages/oslo_config/cfg.py:3253}}
Jul 31 17:15:09.689607 np0000006248 nova-conductor[99126]: DEBUG cotyledon.oslo_config_glue [-] oslo_limit.endpoint_interface = public {{(pid=99126) log_opt_values /opt/stack/data/venv/lib/python3.12/site-packages/oslo_config/cfg.py:3253}}
Jul 31 17:15:09.689607 np0000006248 nova-conductor[99126]: DEBUG cotyledon.oslo_config_glue [-] oslo_limit.endpoint_override = None {{(pid=99126) log_opt_values /opt/stack/data/venv/lib/python3.12/site-packages/oslo_config/cfg.py:3253}}
Jul 31 17:15:09.689607 np0000006248 nova-conductor[99126]: DEBUG cotyledon.oslo_config_glue [-] oslo_limit.endpoint_region_name = None {{(pid=99126) log_opt_values /opt/stack/data/venv/lib/python3.12/site-packages/oslo_config/cfg.py:3253}}
Jul 31 17:15:09.689607 np0000006248 nova-conductor[99126]: DEBUG cotyledon.oslo_config_glue [-] oslo_limit.endpoint_service_name = None {{(pid=99126) log_opt_values /opt/stack/data/venv/lib/python3.12/site-packages/oslo_config/cfg.py:3253}}
Jul 31 17:15:09.689607 np0000006248 nova-conductor[99126]: DEBUG cotyledon.oslo_config_glue [-] oslo_limit.endpoint_service_type = None {{(pid=99126) log_opt_values /opt/stack/data/venv/lib/python3.12/site-packages/oslo_config/cfg.py:3253}}
Jul 31 17:15:09.689607 np0000006248 nova-conductor[99126]: DEBUG cotyledon.oslo_config_glue [-] oslo_limit.insecure = False {{(pid=99126) log_opt_values /opt/stack/data/venv/lib/python3.12/site-packages/oslo_config/cfg.py:3253}}
Jul 31 17:15:09.689607 np0000006248 nova-conductor[99126]: DEBUG cotyledon.oslo_config_glue [-] oslo_limit.keyfile = None {{(pid=99126) log_opt_values /opt/stack/data/venv/lib/python3.12/site-packages/oslo_config/cfg.py:3253}}
Jul 31 17:15:09.689607 np0000006248 nova-conductor[99126]: DEBUG cotyledon.oslo_config_glue [-] oslo_limit.max_version = None {{(pid=99126) log_opt_values /opt/stack/data/venv/lib/python3.12/site-packages/oslo_config/cfg.py:3253}}
Jul 31 17:15:09.689834 np0000006248 nova-conductor[99126]: DEBUG cotyledon.oslo_config_glue [-] oslo_limit.min_version = None {{(pid=99126) log_opt_values /opt/stack/data/venv/lib/python3.12/site-packages/oslo_config/cfg.py:3253}}
Jul 31 17:15:09.689834 np0000006248 nova-conductor[99126]: DEBUG cotyledon.oslo_config_glue [-] oslo_limit.region_name = None {{(pid=99126) log_opt_values /opt/stack/data/venv/lib/python3.12/site-packages/oslo_config/cfg.py:3253}}
Jul 31 17:15:09.689834 np0000006248 nova-conductor[99126]: DEBUG cotyledon.oslo_config_glue [-] oslo_limit.retriable_status_codes = None {{(pid=99126) log_opt_values /opt/stack/data/venv/lib/python3.12/site-packages/oslo_config/cfg.py:3253}}
Jul 31 17:15:09.689834 np0000006248 nova-conductor[99126]: DEBUG cotyledon.oslo_config_glue [-] oslo_limit.service_name = None {{(pid=99126) log_opt_values /opt/stack/data/venv/lib/python3.12/site-packages/oslo_config/cfg.py:3253}}
Jul 31 17:15:09.689834 np0000006248 nova-conductor[99126]: DEBUG cotyledon.oslo_config_glue [-] oslo_limit.service_type = None {{(pid=99126) log_opt_values /opt/stack/data/venv/lib/python3.12/site-packages/oslo_config/cfg.py:3253}}
Jul 31 17:15:09.689834 np0000006248 nova-conductor[99126]: DEBUG cotyledon.oslo_config_glue [-] oslo_limit.split_loggers = False {{(pid=99126) log_opt_values /opt/stack/data/venv/lib/python3.12/site-packages/oslo_config/cfg.py:3253}}
Jul 31 17:15:09.689834 np0000006248 nova-conductor[99126]: DEBUG cotyledon.oslo_config_glue [-] oslo_limit.status_code_retries = None {{(pid=99126) log_opt_values /opt/stack/data/venv/lib/python3.12/site-packages/oslo_config/cfg.py:3253}}
Jul 31 17:15:09.689834 np0000006248 nova-conductor[99126]: DEBUG cotyledon.oslo_config_glue [-] oslo_limit.status_code_retry_delay = None {{(pid=99126) log_opt_values /opt/stack/data/venv/lib/python3.12/site-packages/oslo_config/cfg.py:3253}}
Jul 31 17:15:09.689834 np0000006248 nova-conductor[99126]: DEBUG cotyledon.oslo_config_glue [-] oslo_limit.timeout = None {{(pid=99126) log_opt_values /opt/stack/data/venv/lib/python3.12/site-packages/oslo_config/cfg.py:3253}}
Jul 31 17:15:09.690025 np0000006248 nova-conductor[99126]: DEBUG cotyledon.oslo_config_glue [-] oslo_limit.valid_interfaces = None {{(pid=99126) log_opt_values /opt/stack/data/venv/lib/python3.12/site-packages/oslo_config/cfg.py:3253}}
Jul 31 17:15:09.690025 np0000006248 nova-conductor[99126]: DEBUG cotyledon.oslo_config_glue [-] oslo_limit.version = None {{(pid=99126) log_opt_values /opt/stack/data/venv/lib/python3.12/site-packages/oslo_config/cfg.py:3253}}
Jul 31 17:15:09.690025 np0000006248 nova-conductor[99126]: DEBUG cotyledon.oslo_config_glue [-] oslo_reports.file_event_handler = None {{(pid=99126) log_opt_values /opt/stack/data/venv/lib/python3.12/site-packages/oslo_config/cfg.py:3253}}
Jul 31 17:15:09.690025 np0000006248 nova-conductor[99126]: DEBUG cotyledon.oslo_config_glue [-] oslo_reports.file_event_handler_interval = 1 {{(pid=99126) log_opt_values /opt/stack/data/venv/lib/python3.12/site-packages/oslo_config/cfg.py:3253}}
Jul 31 17:15:09.690025 np0000006248 nova-conductor[99126]: DEBUG cotyledon.oslo_config_glue [-] oslo_reports.log_dir = None {{(pid=99126) log_opt_values /opt/stack/data/venv/lib/python3.12/site-packages/oslo_config/cfg.py:3253}}
Jul 31 17:15:09.690025 np0000006248 nova-conductor[99126]: DEBUG cotyledon.oslo_config_glue [-] ******************************************************************************** {{(pid=99126) log_opt_values /opt/stack/data/venv/lib/python3.12/site-packages/oslo_config/cfg.py:3260}}
Jul 31 17:15:09.690025 np0000006248 nova-conductor[99126]: DEBUG cotyledon._service_worker [-] Run service ServiceWrapper(3) [99126] {{(pid=99126) wait_forever /opt/stack/data/venv/lib/python3.12/site-packages/cotyledon/_service_worker.py:218}}
Jul 31 17:15:09.690025 np0000006248 nova-conductor[99126]: INFO nova.service [-] Starting conductor node (version 33.1.0)
Jul 31 17:15:09.690226 np0000006248 nova-conductor[99116]: DEBUG oslo_db.sqlalchemy.engines [None req-eaa73dac-75bf-47ea-a6f4-3afea1781879 None None] MySQL server mode set to STRICT_TRANS_TABLES,STRICT_ALL_TABLES,NO_ZERO_IN_DATE,NO_ZERO_DATE,ERROR_FOR_DIVISION_BY_ZERO,TRADITIONAL,NO_ENGINE_SUBSTITUTION {{(pid=99116) _check_effective_sql_mode /opt/stack/data/venv/lib/python3.12/site-packages/oslo_db/sqlalchemy/engines.py:325}}
Jul 31 17:15:09.690276 np0000006248 nova-conductor[99126]: INFO dbcounter [None req-7ac38b72-8b08-4385-a478-61e3b0edf061 None None] Registered counter for database nova_cell0
Jul 31 17:15:09.690338 np0000006248 nova-conductor[99116]: DEBUG dbcounter [-] [99116] Writer thread running {{(pid=99116) stat_writer /opt/stack/data/venv/lib/python3.12/site-packages/dbcounter.py:102}}
Jul 31 17:15:09.692741 np0000006248 nova-conductor[99121]: DEBUG oslo_db.sqlalchemy.engines [None req-7c9aac0f-2b51-4015-910b-18289d59c543 None None] MySQL server mode set to STRICT_TRANS_TABLES,STRICT_ALL_TABLES,NO_ZERO_IN_DATE,NO_ZERO_DATE,ERROR_FOR_DIVISION_BY_ZERO,TRADITIONAL,NO_ENGINE_SUBSTITUTION {{(pid=99121) _check_effective_sql_mode /opt/stack/data/venv/lib/python3.12/site-packages/oslo_db/sqlalchemy/engines.py:325}}
Jul 31 17:15:09.700490 np0000006248 nova-conductor[99116]: DEBUG nova.service [None req-eaa73dac-75bf-47ea-a6f4-3afea1781879 None None] Creating RPC server for service: nova-conductor on topic: conductor {{(pid=99116) start /opt/stack/nova/nova/service.py:196}}
Jul 31 17:15:09.701494 np0000006248 nova-conductor[99121]: DEBUG dbcounter [-] [99121] Writer thread running {{(pid=99121) stat_writer /opt/stack/data/venv/lib/python3.12/site-packages/dbcounter.py:102}}
Jul 31 17:15:09.704120 np0000006248 nova-conductor[99121]: DEBUG nova.service [None req-7c9aac0f-2b51-4015-910b-18289d59c543 None None] Creating RPC server for service: nova-conductor on topic: conductor {{(pid=99121) start /opt/stack/nova/nova/service.py:196}}
Jul 31 17:15:09.710587 np0000006248 nova-conductor[99124]: DEBUG oslo_db.sqlalchemy.engines [None req-ffb6a616-d890-49ed-9bd4-31124ae665e4 None None] MySQL server mode set to STRICT_TRANS_TABLES,STRICT_ALL_TABLES,NO_ZERO_IN_DATE,NO_ZERO_DATE,ERROR_FOR_DIVISION_BY_ZERO,TRADITIONAL,NO_ENGINE_SUBSTITUTION {{(pid=99124) _check_effective_sql_mode /opt/stack/data/venv/lib/python3.12/site-packages/oslo_db/sqlalchemy/engines.py:325}}
Jul 31 17:15:09.713698 np0000006248 nova-conductor[99126]: DEBUG oslo_db.sqlalchemy.engines [None req-7ac38b72-8b08-4385-a478-61e3b0edf061 None None] MySQL server mode set to STRICT_TRANS_TABLES,STRICT_ALL_TABLES,NO_ZERO_IN_DATE,NO_ZERO_DATE,ERROR_FOR_DIVISION_BY_ZERO,TRADITIONAL,NO_ENGINE_SUBSTITUTION {{(pid=99126) _check_effective_sql_mode /opt/stack/data/venv/lib/python3.12/site-packages/oslo_db/sqlalchemy/engines.py:325}}
Jul 31 17:15:09.719578 np0000006248 nova-conductor[99124]: DEBUG dbcounter [-] [99124] Writer thread running {{(pid=99124) stat_writer /opt/stack/data/venv/lib/python3.12/site-packages/dbcounter.py:102}}
Jul 31 17:15:09.722493 np0000006248 nova-conductor[99124]: DEBUG nova.service [None req-ffb6a616-d890-49ed-9bd4-31124ae665e4 None None] Creating RPC server for service: nova-conductor on topic: conductor {{(pid=99124) start /opt/stack/nova/nova/service.py:196}}
Jul 31 17:15:09.723079 np0000006248 nova-conductor[99126]: DEBUG dbcounter [-] [99126] Writer thread running {{(pid=99126) stat_writer /opt/stack/data/venv/lib/python3.12/site-packages/dbcounter.py:102}}
Jul 31 17:15:09.725760 np0000006248 nova-conductor[99126]: DEBUG nova.service [None req-7ac38b72-8b08-4385-a478-61e3b0edf061 None None] Creating RPC server for service: nova-conductor on topic: conductor {{(pid=99126) start /opt/stack/nova/nova/service.py:196}}
Jul 31 17:15:09.726814 np0000006248 nova-conductor[99121]: DEBUG nova.service [None req-7c9aac0f-2b51-4015-910b-18289d59c543 None None] Join ServiceGroup membership for this service conductor {{(pid=99121) start /opt/stack/nova/nova/service.py:222}}
Jul 31 17:15:09.727162 np0000006248 nova-conductor[99121]: DEBUG nova.servicegroup.drivers.db [None req-7c9aac0f-2b51-4015-910b-18289d59c543 None None] DB_Driver: join new ServiceGroup member np0000006248 to the conductor group, service = {{(pid=99121) join /opt/stack/nova/nova/servicegroup/drivers/db.py:44}}
Jul 31 17:15:09.731505 np0000006248 nova-conductor[99116]: DEBUG nova.service [None req-eaa73dac-75bf-47ea-a6f4-3afea1781879 None None] Join ServiceGroup membership for this service conductor {{(pid=99116) start /opt/stack/nova/nova/service.py:222}}
Jul 31 17:15:09.731726 np0000006248 nova-conductor[99116]: DEBUG nova.servicegroup.drivers.db [None req-eaa73dac-75bf-47ea-a6f4-3afea1781879 None None] DB_Driver: join new ServiceGroup member np0000006248 to the conductor group, service = {{(pid=99116) join /opt/stack/nova/nova/servicegroup/drivers/db.py:44}}
Jul 31 17:15:09.738920 np0000006248 nova-conductor[99124]: DEBUG nova.service [None req-ffb6a616-d890-49ed-9bd4-31124ae665e4 None None] Join ServiceGroup membership for this service conductor {{(pid=99124) start /opt/stack/nova/nova/service.py:222}}
Jul 31 17:15:09.739099 np0000006248 nova-conductor[99124]: DEBUG nova.servicegroup.drivers.db [None req-ffb6a616-d890-49ed-9bd4-31124ae665e4 None None] DB_Driver: join new ServiceGroup member np0000006248 to the conductor group, service = {{(pid=99124) join /opt/stack/nova/nova/servicegroup/drivers/db.py:44}}
Jul 31 17:15:09.741639 np0000006248 nova-conductor[99126]: DEBUG nova.service [None req-7ac38b72-8b08-4385-a478-61e3b0edf061 None None] Join ServiceGroup membership for this service conductor {{(pid=99126) start /opt/stack/nova/nova/service.py:222}}
Jul 31 17:15:09.741807 np0000006248 nova-conductor[99126]: DEBUG nova.servicegroup.drivers.db [None req-7ac38b72-8b08-4385-a478-61e3b0edf061 None None] DB_Driver: join new ServiceGroup member np0000006248 to the conductor group, service = {{(pid=99126) join /opt/stack/nova/nova/servicegroup/drivers/db.py:44}}
Jul 31 17:15:14.746888 np0000006248 nova-conductor[99121]: DEBUG oslo.service.backend._threading.loopingcall [-] Fixed interval looping call 'nova.servicegroup.drivers.db.DbDriver._report_state' sleeping for 119.98 seconds {{(pid=99121) _run_loop /opt/stack/data/venv/lib/python3.12/site-packages/oslo_service/backend/_threading/loopingcall.py:125}}
Jul 31 17:15:14.747838 np0000006248 nova-conductor[99116]: DEBUG oslo.service.backend._threading.loopingcall [-] Fixed interval looping call 'nova.servicegroup.drivers.db.DbDriver._report_state' sleeping for 119.99 seconds {{(pid=99116) _run_loop /opt/stack/data/venv/lib/python3.12/site-packages/oslo_service/backend/_threading/loopingcall.py:125}}
Jul 31 17:15:14.751112 np0000006248 nova-conductor[99124]: DEBUG oslo.service.backend._threading.loopingcall [-] Fixed interval looping call 'nova.servicegroup.drivers.db.DbDriver._report_state' sleeping for 119.99 seconds {{(pid=99124) _run_loop /opt/stack/data/venv/lib/python3.12/site-packages/oslo_service/backend/_threading/loopingcall.py:125}}
Jul 31 17:15:14.754938 np0000006248 nova-conductor[99126]: DEBUG oslo.service.backend._threading.loopingcall [-] Fixed interval looping call 'nova.servicegroup.drivers.db.DbDriver._report_state' sleeping for 119.99 seconds {{(pid=99126) _run_loop /opt/stack/data/venv/lib/python3.12/site-packages/oslo_service/backend/_threading/loopingcall.py:125}}
Jul 31 17:15:18.336980 np0000006248 nova-conductor[97605]: DEBUG dbcounter [-] [97605] Writing DB stats nova_api:SELECT=1 {{(pid=97605) stat_writer /opt/stack/data/venv/lib/python3.12/site-packages/dbcounter.py:115}}
Jul 31 17:15:18.458331 np0000006248 nova-conductor[97605]: DEBUG dbcounter [-] [97605] Writing DB stats nova_cell0:SELECT=1 {{(pid=97605) stat_writer /opt/stack/data/venv/lib/python3.12/site-packages/dbcounter.py:115}}
Jul 31 17:15:18.462070 np0000006248 nova-conductor[97605]: DEBUG dbcounter [-] [97605] Writing DB stats nova_cell1:SELECT=1 {{(pid=97605) stat_writer /opt/stack/data/venv/lib/python3.12/site-packages/dbcounter.py:115}}
Jul 31 17:15:19.743493 np0000006248 nova-conductor[99126]: DEBUG oslo.service.backend._threading.loopingcall [None req-230d513b-61e5-4a99-8449-5515f7f49757 None None] Dynamic interval looping call 'nova.service.Service.periodic_tasks' sleeping for 60.00 seconds {{(pid=99126) _run_loop /opt/stack/data/venv/lib/python3.12/site-packages/oslo_service/backend/_threading/loopingcall.py:125}}
Jul 31 17:15:24.740177 np0000006248 nova-conductor[99121]: DEBUG dbcounter [-] [99121] Writing DB stats nova_cell0:SELECT=3,nova_cell0:UPDATE=1 {{(pid=99121) stat_writer /opt/stack/data/venv/lib/python3.12/site-packages/dbcounter.py:115}}
Jul 31 17:15:24.741425 np0000006248 nova-conductor[99116]: DEBUG dbcounter [-] [99116] Writing DB stats nova_cell0:SELECT=4,nova_cell0:INSERT=1,nova_cell0:UPDATE=1 {{(pid=99116) stat_writer /opt/stack/data/venv/lib/python3.12/site-packages/dbcounter.py:115}}
Jul 31 17:15:24.748582 np0000006248 nova-conductor[99124]: DEBUG dbcounter [-] [99124] Writing DB stats nova_cell0:SELECT=3 {{(pid=99124) stat_writer /opt/stack/data/venv/lib/python3.12/site-packages/dbcounter.py:115}}
Jul 31 17:15:24.750857 np0000006248 nova-conductor[99126]: DEBUG dbcounter [-] [99126] Writing DB stats nova_cell0:SELECT=3 {{(pid=99126) stat_writer /opt/stack/data/venv/lib/python3.12/site-packages/dbcounter.py:115}}
Jul 31 17:15:43.740820 np0000006248 nova-conductor[99124]: DEBUG oslo.service.backend._threading.loopingcall [None req-4c2cce55-699c-4f7b-8677-47bd609e979c None None] Dynamic interval looping call 'nova.service.Service.periodic_tasks' sleeping for 60.00 seconds {{(pid=99124) _run_loop /opt/stack/data/venv/lib/python3.12/site-packages/oslo_service/backend/_threading/loopingcall.py:125}}
Jul 31 17:15:56.733742 np0000006248 nova-conductor[99116]: DEBUG oslo.service.backend._threading.loopingcall [None req-66d8d880-c239-4b0e-9660-a1d4eafea375 None None] Dynamic interval looping call 'nova.service.Service.periodic_tasks' sleeping for 60.00 seconds {{(pid=99116) _run_loop /opt/stack/data/venv/lib/python3.12/site-packages/oslo_service/backend/_threading/loopingcall.py:125}}
Jul 31 17:16:02.729448 np0000006248 nova-conductor[99121]: DEBUG oslo.service.backend._threading.loopingcall [None req-18362fba-48b1-49d7-b073-945b87e73f24 None None] Dynamic interval looping call 'nova.service.Service.periodic_tasks' sleeping for 60.00 seconds {{(pid=99121) _run_loop /opt/stack/data/venv/lib/python3.12/site-packages/oslo_service/backend/_threading/loopingcall.py:125}}
Jul 31 17:16:19.744019 np0000006248 nova-conductor[99126]: DEBUG oslo.service.backend._threading.loopingcall [None req-230d513b-61e5-4a99-8449-5515f7f49757 None None] Dynamic interval looping call 'nova.service.Service.periodic_tasks' sleeping for 60.00 seconds {{(pid=99126) _run_loop /opt/stack/data/venv/lib/python3.12/site-packages/oslo_service/backend/_threading/loopingcall.py:125}}
Jul 31 17:16:43.741340 np0000006248 nova-conductor[99124]: DEBUG oslo.service.backend._threading.loopingcall [None req-4c2cce55-699c-4f7b-8677-47bd609e979c None None] Dynamic interval looping call 'nova.service.Service.periodic_tasks' sleeping for 60.00 seconds {{(pid=99124) _run_loop /opt/stack/data/venv/lib/python3.12/site-packages/oslo_service/backend/_threading/loopingcall.py:125}}
Jul 31 17:16:56.734241 np0000006248 nova-conductor[99116]: DEBUG oslo.service.backend._threading.loopingcall [None req-66d8d880-c239-4b0e-9660-a1d4eafea375 None None] Dynamic interval looping call 'nova.service.Service.periodic_tasks' sleeping for 60.00 seconds {{(pid=99116) _run_loop /opt/stack/data/venv/lib/python3.12/site-packages/oslo_service/backend/_threading/loopingcall.py:125}}
Jul 31 17:17:02.729977 np0000006248 nova-conductor[99121]: DEBUG oslo.service.backend._threading.loopingcall [None req-18362fba-48b1-49d7-b073-945b87e73f24 None None] Dynamic interval looping call 'nova.service.Service.periodic_tasks' sleeping for 60.00 seconds {{(pid=99121) _run_loop /opt/stack/data/venv/lib/python3.12/site-packages/oslo_service/backend/_threading/loopingcall.py:125}}
Jul 31 17:17:14.734794 np0000006248 nova-conductor[99121]: DEBUG oslo.service.backend._threading.loopingcall [-] Fixed interval looping call 'nova.servicegroup.drivers.db.DbDriver._report_state' sleeping for 119.99 seconds {{(pid=99121) _run_loop /opt/stack/data/venv/lib/python3.12/site-packages/oslo_service/backend/_threading/loopingcall.py:125}}
Jul 31 17:17:14.741642 np0000006248 nova-conductor[99116]: DEBUG oslo.service.backend._threading.loopingcall [-] Fixed interval looping call 'nova.servicegroup.drivers.db.DbDriver._report_state' sleeping for 120.00 seconds {{(pid=99116) _run_loop /opt/stack/data/venv/lib/python3.12/site-packages/oslo_service/backend/_threading/loopingcall.py:125}}
Jul 31 17:17:14.745608 np0000006248 nova-conductor[99124]: DEBUG oslo.service.backend._threading.loopingcall [-] Fixed interval looping call 'nova.servicegroup.drivers.db.DbDriver._report_state' sleeping for 120.00 seconds {{(pid=99124) _run_loop /opt/stack/data/venv/lib/python3.12/site-packages/oslo_service/backend/_threading/loopingcall.py:125}}
Jul 31 17:17:14.751708 np0000006248 nova-conductor[99126]: DEBUG oslo.service.backend._threading.loopingcall [-] Fixed interval looping call 'nova.servicegroup.drivers.db.DbDriver._report_state' sleeping for 119.99 seconds {{(pid=99126) _run_loop /opt/stack/data/venv/lib/python3.12/site-packages/oslo_service/backend/_threading/loopingcall.py:125}}
Jul 31 17:17:19.744609 np0000006248 nova-conductor[99126]: DEBUG oslo.service.backend._threading.loopingcall [None req-230d513b-61e5-4a99-8449-5515f7f49757 None None] Dynamic interval looping call 'nova.service.Service.periodic_tasks' sleeping for 60.00 seconds {{(pid=99126) _run_loop /opt/stack/data/venv/lib/python3.12/site-packages/oslo_service/backend/_threading/loopingcall.py:125}}
Jul 31 17:17:24.730106 np0000006248 nova-conductor[99121]: DEBUG dbcounter [-] [99121] Writing DB stats nova_cell0:SELECT=1,nova_cell0:UPDATE=1 {{(pid=99121) stat_writer /opt/stack/data/venv/lib/python3.12/site-packages/dbcounter.py:115}}
Jul 31 17:17:24.740056 np0000006248 nova-conductor[99116]: DEBUG dbcounter [-] [99116] Writing DB stats nova_cell0:SELECT=1 {{(pid=99116) stat_writer /opt/stack/data/venv/lib/python3.12/site-packages/dbcounter.py:115}}
Jul 31 17:17:24.743371 np0000006248 nova-conductor[99124]: DEBUG dbcounter [-] [99124] Writing DB stats nova_cell0:SELECT=1 {{(pid=99124) stat_writer /opt/stack/data/venv/lib/python3.12/site-packages/dbcounter.py:115}}
Jul 31 17:17:24.748268 np0000006248 nova-conductor[99126]: DEBUG dbcounter [-] [99126] Writing DB stats nova_cell0:SELECT=1 {{(pid=99126) stat_writer /opt/stack/data/venv/lib/python3.12/site-packages/dbcounter.py:115}}
Jul 31 17:17:32.828037 np0000006248 nova-conductor[99121]: DEBUG oslo_db.sqlalchemy.engines [None req-d3b4f419-71eb-4433-9dfc-9bad82fdd2d6 tempest-DeleteServersTestJSON-1524083538 tempest-DeleteServersTestJSON-1524083538-project-member] Parent process 97605 forked (99121) with an open database connection, which is being discarded and recreated. {{(pid=99121) checkout /opt/stack/data/venv/lib/python3.12/site-packages/oslo_db/sqlalchemy/engines.py:402}}
Jul 31 17:17:32.889188 np0000006248 nova-conductor[99121]: DEBUG dbcounter [-] [99121] Writer thread running {{(pid=99121) stat_writer /opt/stack/data/venv/lib/python3.12/site-packages/dbcounter.py:102}}
Jul 31 17:17:33.926571 np0000006248 nova-conductor[99121]: DEBUG nova.conductor.manager [None req-d3b4f419-71eb-4433-9dfc-9bad82fdd2d6 tempest-DeleteServersTestJSON-1524083538 tempest-DeleteServersTestJSON-1524083538-project-member] Took 1.03 seconds to select destinations for 1 instance(s). {{(pid=99121) _schedule_instances /opt/stack/nova/nova/conductor/manager.py:968}}
Jul 31 17:17:33.958964 np0000006248 nova-conductor[99121]: DEBUG oslo_concurrency.lockutils [None req-d3b4f419-71eb-4433-9dfc-9bad82fdd2d6 tempest-DeleteServersTestJSON-1524083538 tempest-DeleteServersTestJSON-1524083538-project-member] Acquiring lock "2b78b570-9b5a-4ae4-a632-fd37e5e2c5e9" by "nova.context.set_target_cell..get_or_set_cached_cell_and_set_connections" {{(pid=99121) inner /opt/stack/data/venv/lib/python3.12/site-packages/oslo_concurrency/lockutils.py:512}}
Jul 31 17:17:33.959122 np0000006248 nova-conductor[99121]: DEBUG oslo_concurrency.lockutils [None req-d3b4f419-71eb-4433-9dfc-9bad82fdd2d6 tempest-DeleteServersTestJSON-1524083538 tempest-DeleteServersTestJSON-1524083538-project-member] Lock "2b78b570-9b5a-4ae4-a632-fd37e5e2c5e9" acquired by "nova.context.set_target_cell..get_or_set_cached_cell_and_set_connections" :: waited 0.000s {{(pid=99121) inner /opt/stack/data/venv/lib/python3.12/site-packages/oslo_concurrency/lockutils.py:525}}
Jul 31 17:17:33.960916 np0000006248 nova-conductor[99121]: DEBUG oslo_concurrency.lockutils [None req-d3b4f419-71eb-4433-9dfc-9bad82fdd2d6 tempest-DeleteServersTestJSON-1524083538 tempest-DeleteServersTestJSON-1524083538-project-member] Lock "2b78b570-9b5a-4ae4-a632-fd37e5e2c5e9" "released" by "nova.context.set_target_cell..get_or_set_cached_cell_and_set_connections" :: held 0.002s {{(pid=99121) inner /opt/stack/data/venv/lib/python3.12/site-packages/oslo_concurrency/lockutils.py:544}}
Jul 31 17:17:33.962707 np0000006248 nova-conductor[99121]: INFO dbcounter [None req-d3b4f419-71eb-4433-9dfc-9bad82fdd2d6 tempest-DeleteServersTestJSON-1524083538 tempest-DeleteServersTestJSON-1524083538-project-member] Registered counter for database nova_cell1
Jul 31 17:17:34.018209 np0000006248 nova-conductor[99121]: DEBUG oslo_db.sqlalchemy.engines [None req-d3b4f419-71eb-4433-9dfc-9bad82fdd2d6 tempest-DeleteServersTestJSON-1524083538 tempest-DeleteServersTestJSON-1524083538-project-member] MySQL server mode set to STRICT_TRANS_TABLES,STRICT_ALL_TABLES,NO_ZERO_IN_DATE,NO_ZERO_DATE,ERROR_FOR_DIVISION_BY_ZERO,TRADITIONAL,NO_ENGINE_SUBSTITUTION {{(pid=99121) _check_effective_sql_mode /opt/stack/data/venv/lib/python3.12/site-packages/oslo_db/sqlalchemy/engines.py:325}}
Jul 31 17:17:34.026588 np0000006248 nova-conductor[99121]: DEBUG dbcounter [-] [99121] Writer thread running {{(pid=99121) stat_writer /opt/stack/data/venv/lib/python3.12/site-packages/dbcounter.py:102}}
Jul 31 17:17:34.099548 np0000006248 nova-conductor[99121]: INFO nova.utils [None req-d3b4f419-71eb-4433-9dfc-9bad82fdd2d6 tempest-DeleteServersTestJSON-1524083538 tempest-DeleteServersTestJSON-1524083538-project-member] The cell worker thread pool ForkProcess-2.cell_worker is initialized
Jul 31 17:17:34.100354 np0000006248 nova-conductor[99121]: DEBUG oslo_concurrency.lockutils [None req-d3b4f419-71eb-4433-9dfc-9bad82fdd2d6 tempest-DeleteServersTestJSON-1524083538 tempest-DeleteServersTestJSON-1524083538-project-member] Acquiring lock "00000000-0000-0000-0000-000000000000" by "nova.context.set_target_cell..get_or_set_cached_cell_and_set_connections" {{(pid=99121) inner /opt/stack/data/venv/lib/python3.12/site-packages/oslo_concurrency/lockutils.py:512}}
Jul 31 17:17:34.100354 np0000006248 nova-conductor[99121]: DEBUG oslo_concurrency.lockutils [None req-d3b4f419-71eb-4433-9dfc-9bad82fdd2d6 tempest-DeleteServersTestJSON-1524083538 tempest-DeleteServersTestJSON-1524083538-project-member] Lock "00000000-0000-0000-0000-000000000000" acquired by "nova.context.set_target_cell..get_or_set_cached_cell_and_set_connections" :: waited 0.000s {{(pid=99121) inner /opt/stack/data/venv/lib/python3.12/site-packages/oslo_concurrency/lockutils.py:525}}
Jul 31 17:17:34.100573 np0000006248 nova-conductor[99121]: DEBUG oslo_concurrency.lockutils [None req-d3b4f419-71eb-4433-9dfc-9bad82fdd2d6 tempest-DeleteServersTestJSON-1524083538 tempest-DeleteServersTestJSON-1524083538-project-member] Lock "00000000-0000-0000-0000-000000000000" "released" by "nova.context.set_target_cell..get_or_set_cached_cell_and_set_connections" :: held 0.000s {{(pid=99121) inner /opt/stack/data/venv/lib/python3.12/site-packages/oslo_concurrency/lockutils.py:544}}
Jul 31 17:17:34.101119 np0000006248 nova-conductor[99121]: DEBUG oslo_concurrency.lockutils [None req-d3b4f419-71eb-4433-9dfc-9bad82fdd2d6 tempest-DeleteServersTestJSON-1524083538 tempest-DeleteServersTestJSON-1524083538-project-member] Acquiring lock "2b78b570-9b5a-4ae4-a632-fd37e5e2c5e9" by "nova.context.set_target_cell..get_or_set_cached_cell_and_set_connections" {{(pid=99121) inner /opt/stack/data/venv/lib/python3.12/site-packages/oslo_concurrency/lockutils.py:512}}
Jul 31 17:17:34.102805 np0000006248 nova-conductor[99121]: DEBUG oslo_concurrency.lockutils [None req-d3b4f419-71eb-4433-9dfc-9bad82fdd2d6 tempest-DeleteServersTestJSON-1524083538 tempest-DeleteServersTestJSON-1524083538-project-member] Lock "2b78b570-9b5a-4ae4-a632-fd37e5e2c5e9" acquired by "nova.context.set_target_cell..get_or_set_cached_cell_and_set_connections" :: waited 0.002s {{(pid=99121) inner /opt/stack/data/venv/lib/python3.12/site-packages/oslo_concurrency/lockutils.py:525}}
Jul 31 17:17:34.103094 np0000006248 nova-conductor[99121]: DEBUG oslo_concurrency.lockutils [None req-d3b4f419-71eb-4433-9dfc-9bad82fdd2d6 tempest-DeleteServersTestJSON-1524083538 tempest-DeleteServersTestJSON-1524083538-project-member] Lock "2b78b570-9b5a-4ae4-a632-fd37e5e2c5e9" "released" by "nova.context.set_target_cell..get_or_set_cached_cell_and_set_connections" :: held 0.000s {{(pid=99121) inner /opt/stack/data/venv/lib/python3.12/site-packages/oslo_concurrency/lockutils.py:544}}
Jul 31 17:17:34.103502 np0000006248 nova-conductor[99121]: INFO dbcounter [None req-d3b4f419-71eb-4433-9dfc-9bad82fdd2d6 tempest-DeleteServersTestJSON-1524083538 tempest-DeleteServersTestJSON-1524083538-project-member] Registered counter for database nova_cell0
Jul 31 17:17:34.160903 np0000006248 nova-conductor[99121]: DEBUG oslo_db.sqlalchemy.engines [None req-d3b4f419-71eb-4433-9dfc-9bad82fdd2d6 tempest-DeleteServersTestJSON-1524083538 tempest-DeleteServersTestJSON-1524083538-project-member] MySQL server mode set to STRICT_TRANS_TABLES,STRICT_ALL_TABLES,NO_ZERO_IN_DATE,NO_ZERO_DATE,ERROR_FOR_DIVISION_BY_ZERO,TRADITIONAL,NO_ENGINE_SUBSTITUTION {{(pid=99121) _check_effective_sql_mode /opt/stack/data/venv/lib/python3.12/site-packages/oslo_db/sqlalchemy/engines.py:325}}
