Jul 31 17:14:38.408161 np0000006248 devstack@neutron-api.service[90820]: DEBUG neutron_lib.callbacks.manager [None req-1c880b71-4128-465f-aebe-5ef298db9d93 None None] Subscribe: > security_group after_delete 55550000, False {{(pid=90820) subscribe /opt/stack/data/venv/lib/python3.12/site-packages/neutron_lib/callbacks/manager.py:52}}
Jul 31 17:14:38.408257 np0000006248 devstack@neutron-api.service[90821]: INFO neutron.api.extensions [None req-d13fa875-3160-4206-aad2-8d4dd6d70f5d None None] Loaded extension: flavors
Jul 31 17:14:38.408286 np0000006248 devstack@neutron-api.service[90820]: DEBUG neutron_lib.callbacks.manager [None req-1c880b71-4128-465f-aebe-5ef298db9d93 None None] Subscribe: > security_group_rule after_create 55550000, False {{(pid=90820) subscribe /opt/stack/data/venv/lib/python3.12/site-packages/neutron_lib/callbacks/manager.py:52}}
Jul 31 17:14:38.408377 np0000006248 devstack@neutron-api.service[90821]: DEBUG neutron.api.extensions [None req-d13fa875-3160-4206-aad2-8d4dd6d70f5d None None] Loading extension file: floating_ip_port_forwarding.py {{(pid=90821) _load_all_extensions_from_path /opt/stack/neutron/neutron/api/extensions.py:449}}
Jul 31 17:14:38.408410 np0000006248 devstack@neutron-api.service[90820]: DEBUG neutron_lib.callbacks.manager [None req-1c880b71-4128-465f-aebe-5ef298db9d93 None None] Subscribe: > security_group_rule after_update 55550000, False {{(pid=90820) subscribe /opt/stack/data/venv/lib/python3.12/site-packages/neutron_lib/callbacks/manager.py:52}}
Jul 31 17:14:38.408617 np0000006248 devstack@neutron-api.service[90820]: DEBUG neutron_lib.callbacks.manager [None req-1c880b71-4128-465f-aebe-5ef298db9d93 None None] Subscribe: > security_group_rule after_delete 55550000, False {{(pid=90820) subscribe /opt/stack/data/venv/lib/python3.12/site-packages/neutron_lib/callbacks/manager.py:52}}
Jul 31 17:14:38.408647 np0000006248 devstack@neutron-api.service[90820]: DEBUG neutron_lib.callbacks.manager [None req-1c880b71-4128-465f-aebe-5ef298db9d93 None None] Subscribe: > address_group after_create 55550000, False {{(pid=90820) subscribe /opt/stack/data/venv/lib/python3.12/site-packages/neutron_lib/callbacks/manager.py:52}}
Jul 31 17:14:38.408706 np0000006248 devstack@neutron-api.service[90821]: DEBUG neutron.api.extensions [None req-d13fa875-3160-4206-aad2-8d4dd6d70f5d None None] Ext name="Floating IP Port Forwarding" alias="floating-ip-port-forwarding" description="Allow port forwarding from floating IP port to an internal port" updated="2018-01-19T10:00:00-00:00" {{(pid=90821) _check_extension /opt/stack/neutron/neutron/api/extensions.py:415}}
Jul 31 17:14:38.408737 np0000006248 devstack@neutron-api.service[90820]: DEBUG neutron_lib.callbacks.manager [None req-1c880b71-4128-465f-aebe-5ef298db9d93 None None] Subscribe: > address_group after_update 55550000, False {{(pid=90820) subscribe /opt/stack/data/venv/lib/python3.12/site-packages/neutron_lib/callbacks/manager.py:52}}
Jul 31 17:14:38.408836 np0000006248 devstack@neutron-api.service[90821]: INFO neutron.api.extensions [None req-d13fa875-3160-4206-aad2-8d4dd6d70f5d None None] Extension floating-ip-port-forwarding not supported by any of loaded plugins
Jul 31 17:14:38.408867 np0000006248 devstack@neutron-api.service[90820]: DEBUG neutron_lib.callbacks.manager [None req-1c880b71-4128-465f-aebe-5ef298db9d93 None None] Subscribe: > address_group after_delete 55550000, False {{(pid=90820) subscribe /opt/stack/data/venv/lib/python3.12/site-packages/neutron_lib/callbacks/manager.py:52}}
Jul 31 17:14:38.408925 np0000006248 devstack@neutron-api.service[90821]: DEBUG neutron.api.extensions [None req-d13fa875-3160-4206-aad2-8d4dd6d70f5d None None] Loading extension file: floatingip_pools.py {{(pid=90821) _load_all_extensions_from_path /opt/stack/neutron/neutron/api/extensions.py:449}}
Jul 31 17:14:38.408956 np0000006248 devstack@neutron-api.service[90820]: DEBUG neutron.plugins.ml2.ovo_rpc [None req-1c880b71-4128-465f-aebe-5ef298db9d93 None None] ML2 OVO RPC backend initialized. {{(pid=90820) __init__ /opt/stack/neutron/neutron/plugins/ml2/ovo_rpc.py:117}}
Jul 31 17:14:38.409174 np0000006248 devstack@neutron-api.service[90821]: DEBUG neutron.api.extensions [None req-d13fa875-3160-4206-aad2-8d4dd6d70f5d None None] Ext name="Floating IP Pools Extension" alias="floatingip-pools" description="Provides a floating IP pools API." updated="2018-03-21T10:00:00-00:00" {{(pid=90821) _check_extension /opt/stack/neutron/neutron/api/extensions.py:415}}
Jul 31 17:14:38.409343 np0000006248 devstack@neutron-api.service[90821]: INFO neutron.api.extensions [None req-d13fa875-3160-4206-aad2-8d4dd6d70f5d None None] Loaded extension: floatingip-pools
Jul 31 17:14:38.409431 np0000006248 devstack@neutron-api.service[90821]: DEBUG neutron.api.extensions [None req-d13fa875-3160-4206-aad2-8d4dd6d70f5d None None] Loading extension file: ip_allocation.py {{(pid=90821) _load_all_extensions_from_path /opt/stack/neutron/neutron/api/extensions.py:449}}
Jul 31 17:14:38.409652 np0000006248 devstack@neutron-api.service[90821]: DEBUG neutron.api.extensions [None req-d13fa875-3160-4206-aad2-8d4dd6d70f5d None None] Ext name="IP Allocation" alias="ip_allocation" description="IP allocation extension." updated="2016-06-10T23:00:00-00:00" {{(pid=90821) _check_extension /opt/stack/neutron/neutron/api/extensions.py:415}}
Jul 31 17:14:38.409786 np0000006248 devstack@neutron-api.service[90821]: INFO neutron.api.extensions [None req-d13fa875-3160-4206-aad2-8d4dd6d70f5d None None] Extension ip_allocation not supported by any of loaded plugins
Jul 31 17:14:38.409892 np0000006248 devstack@neutron-api.service[90821]: DEBUG neutron.api.extensions [None req-d13fa875-3160-4206-aad2-8d4dd6d70f5d None None] Loading extension file: ip_substring_port_filtering.py {{(pid=90821) _load_all_extensions_from_path /opt/stack/neutron/neutron/api/extensions.py:449}}
Jul 31 17:14:38.410000 np0000006248 devstack@neutron-api.service[90820]: INFO neutron.quota [None req-1c880b71-4128-465f-aebe-5ef298db9d93 None None] Loaded quota_driver: .
Jul 31 17:14:38.410107 np0000006248 devstack@neutron-api.service[90821]: DEBUG neutron.api.extensions [None req-d13fa875-3160-4206-aad2-8d4dd6d70f5d None None] Ext name="IP address substring filtering" alias="ip-substring-filtering" description="Provides IP address substring filtering when listing ports" updated="2017-11-28T09:00:00-00:00" {{(pid=90821) _check_extension /opt/stack/neutron/neutron/api/extensions.py:415}}
Jul 31 17:14:38.410148 np0000006248 devstack@neutron-api.service[90820]: INFO neutron.plugins.ml2.plugin [None req-1c880b71-4128-465f-aebe-5ef298db9d93 None None] Modular L2 Plugin initialization complete
Jul 31 17:14:38.410246 np0000006248 devstack@neutron-api.service[90821]: INFO neutron.api.extensions [None req-d13fa875-3160-4206-aad2-8d4dd6d70f5d None None] Extension ip-substring-filtering not supported by any of loaded plugins
Jul 31 17:14:38.410279 np0000006248 devstack@neutron-api.service[90820]: DEBUG neutron.manager [None req-1c880b71-4128-465f-aebe-5ef298db9d93 None None] Loading services supported by the core plugin {{(pid=90820) _load_services_from_core_plugin /opt/stack/neutron/neutron/manager.py:167}}
Jul 31 17:14:38.410342 np0000006248 devstack@neutron-api.service[90821]: DEBUG neutron.api.extensions [None req-d13fa875-3160-4206-aad2-8d4dd6d70f5d None None] Loading extension file: l2_adjacency.py {{(pid=90821) _load_all_extensions_from_path /opt/stack/neutron/neutron/api/extensions.py:449}}
Jul 31 17:14:38.410422 np0000006248 devstack@neutron-api.service[90820]: INFO neutron.plugins.ml2.managers [None req-1c880b71-4128-465f-aebe-5ef298db9d93 None None] Got port-security extension from driver 'port_security'
Jul 31 17:14:38.410573 np0000006248 devstack@neutron-api.service[90821]: DEBUG neutron.api.extensions [None req-d13fa875-3160-4206-aad2-8d4dd6d70f5d None None] Ext name="L2 Adjacency" alias="l2_adjacency" description="Display L2 Adjacency for Neutron Networks." updated="2016-04-12T16:00:00-00:00" {{(pid=90821) _check_extension /opt/stack/neutron/neutron/api/extensions.py:415}}
Jul 31 17:14:38.410723 np0000006248 devstack@neutron-api.service[90821]: INFO neutron.api.extensions [None req-d13fa875-3160-4206-aad2-8d4dd6d70f5d None None] Extension l2_adjacency not supported by any of loaded plugins
Jul 31 17:14:38.410753 np0000006248 devstack@neutron-api.service[90820]: DEBUG neutron.manager [None req-1c880b71-4128-465f-aebe-5ef298db9d93 None None] Loading service plugins: ['ovn-router', 'auto_allocate', 'tag', 'timestamp', 'network_ip_availability', 'flavors', 'revisions'] {{(pid=90820) _load_service_plugins /opt/stack/neutron/neutron/manager.py:192}}
Jul 31 17:14:38.410803 np0000006248 devstack@neutron-api.service[90821]: DEBUG neutron.api.extensions [None req-d13fa875-3160-4206-aad2-8d4dd6d70f5d None None] Loading extension file: l3.py {{(pid=90821) _load_all_extensions_from_path /opt/stack/neutron/neutron/api/extensions.py:449}}
Jul 31 17:14:38.410839 np0000006248 devstack@neutron-api.service[90820]: INFO neutron.manager [None req-1c880b71-4128-465f-aebe-5ef298db9d93 None None] Loading Plugin: ovn-router
Jul 31 17:14:38.411254 np0000006248 devstack@neutron-api.service[90821]: DEBUG neutron.api.extensions [None req-d13fa875-3160-4206-aad2-8d4dd6d70f5d None None] Ext name="Neutron L3 Router" alias="router" description="Router abstraction for basic L3 forwarding between L2 Neutron networks and access to external networks via a NAT gateway." updated="2012-07-20T10:00:00-00:00" {{(pid=90821) _check_extension /opt/stack/neutron/neutron/api/extensions.py:415}}
Jul 31 17:14:38.411428 np0000006248 devstack@neutron-api.service[90821]: INFO neutron.api.extensions [None req-d13fa875-3160-4206-aad2-8d4dd6d70f5d None None] Loaded extension: router
Jul 31 17:14:38.411513 np0000006248 devstack@neutron-api.service[90821]: DEBUG neutron.api.extensions [None req-d13fa875-3160-4206-aad2-8d4dd6d70f5d None None] Loading extension file: l3_agent_scheduler_ha_chassis_priority.py {{(pid=90821) _load_all_extensions_from_path /opt/stack/neutron/neutron/api/extensions.py:449}}
Jul 31 17:14:38.411746 np0000006248 devstack@neutron-api.service[90821]: DEBUG neutron.api.extensions [None req-d13fa875-3160-4206-aad2-8d4dd6d70f5d None None] Ext name="L3 Agent Scheduler HA Chassis Priority" alias="l3-agent-scheduler-ha-chassis-priority" description="Exposes the HA_Chassis priority in the L3 Agent Scheduler API responses and allows setting priority when scheduling a router to a chassis." updated="2026-03-31T00:00:00-00:00" {{(pid=90821) _check_extension /opt/stack/neutron/neutron/api/extensions.py:415}}
Jul 31 17:14:38.411912 np0000006248 devstack@neutron-api.service[90821]: INFO neutron.api.extensions [None req-d13fa875-3160-4206-aad2-8d4dd6d70f5d None None] Loaded extension: l3-agent-scheduler-ha-chassis-priority
Jul 31 17:14:38.411993 np0000006248 devstack@neutron-api.service[90821]: DEBUG neutron.api.extensions [None req-d13fa875-3160-4206-aad2-8d4dd6d70f5d None None] Loading extension file: l3_conntrack_helper.py {{(pid=90821) _load_all_extensions_from_path /opt/stack/neutron/neutron/api/extensions.py:449}}
Jul 31 17:14:38.412739 np0000006248 devstack@neutron-api.service[90821]: DEBUG neutron.api.extensions [None req-d13fa875-3160-4206-aad2-8d4dd6d70f5d None None] Ext name="L3 Conntrack helper" alias="l3-conntrack-helper" description="Allow adding CT target rules for conntrack helper" updated="2019-04-04T10:00:00-00:00" {{(pid=90821) _check_extension /opt/stack/neutron/neutron/api/extensions.py:415}}
Jul 31 17:14:38.413132 np0000006248 devstack@neutron-api.service[90821]: INFO neutron.api.extensions [None req-d13fa875-3160-4206-aad2-8d4dd6d70f5d None None] Extension l3-conntrack-helper not supported by any of loaded plugins
Jul 31 17:14:38.413132 np0000006248 devstack@neutron-api.service[90821]: DEBUG neutron.api.extensions [None req-d13fa875-3160-4206-aad2-8d4dd6d70f5d None None] Loading extension file: l3_enable_default_route_bfd.py {{(pid=90821) _load_all_extensions_from_path /opt/stack/neutron/neutron/api/extensions.py:449}}
Jul 31 17:14:38.413245 np0000006248 devstack@neutron-api.service[90821]: DEBUG neutron.api.extensions [None req-d13fa875-3160-4206-aad2-8d4dd6d70f5d None None] Ext name="Enable Default Route BFD" alias="enable-default-route-bfd" description="Enables configurable BFD behavior for default routes" updated="2023-02-27T00:00:00-00:00" {{(pid=90821) _check_extension /opt/stack/neutron/neutron/api/extensions.py:415}}
Jul 31 17:14:38.413408 np0000006248 devstack@neutron-api.service[90821]: INFO neutron.api.extensions [None req-d13fa875-3160-4206-aad2-8d4dd6d70f5d None None] Loaded extension: enable-default-route-bfd
Jul 31 17:14:38.413514 np0000006248 devstack@neutron-api.service[90821]: DEBUG neutron.api.extensions [None req-d13fa875-3160-4206-aad2-8d4dd6d70f5d None None] Loading extension file: l3_enable_default_route_ecmp.py {{(pid=90821) _load_all_extensions_from_path /opt/stack/neutron/neutron/api/extensions.py:449}}
Jul 31 17:14:38.414058 np0000006248 devstack@neutron-api.service[90821]: DEBUG neutron.api.extensions [None req-d13fa875-3160-4206-aad2-8d4dd6d70f5d None None] Ext name="Enable Default Route ECMP" alias="enable-default-route-ecmp" description="Enables configurable ECMP behavior for default routes" updated="2023-02-27T00:00:00-00:00" {{(pid=90821) _check_extension /opt/stack/neutron/neutron/api/extensions.py:415}}
Jul 31 17:14:38.414058 np0000006248 devstack@neutron-api.service[90821]: INFO neutron.api.extensions [None req-d13fa875-3160-4206-aad2-8d4dd6d70f5d None None] Loaded extension: enable-default-route-ecmp
Jul 31 17:14:38.414114 np0000006248 devstack@neutron-api.service[90821]: DEBUG neutron.api.extensions [None req-d13fa875-3160-4206-aad2-8d4dd6d70f5d None None] Loading extension file: l3_ext_gw_mode.py {{(pid=90821) _load_all_extensions_from_path /opt/stack/neutron/neutron/api/extensions.py:449}}
Jul 31 17:14:38.414383 np0000006248 devstack@neutron-api.service[90821]: DEBUG neutron.api.extensions [None req-d13fa875-3160-4206-aad2-8d4dd6d70f5d None None] Ext name="Neutron L3 Configurable external gateway mode" alias="ext-gw-mode" description="Extension of the router abstraction for specifying whether SNAT should occur on the external gateway" updated="2013-03-28T10:00:00-00:00" {{(pid=90821) _check_extension /opt/stack/neutron/neutron/api/extensions.py:415}}
Jul 31 17:14:38.414587 np0000006248 devstack@neutron-api.service[90821]: INFO neutron.api.extensions [None req-d13fa875-3160-4206-aad2-8d4dd6d70f5d None None] Loaded extension: ext-gw-mode
Jul 31 17:14:38.414722 np0000006248 devstack@neutron-api.service[90821]: DEBUG neutron.api.extensions [None req-d13fa875-3160-4206-aad2-8d4dd6d70f5d None None] Loading extension file: l3_ext_ha_mode.py {{(pid=90821) _load_all_extensions_from_path /opt/stack/neutron/neutron/api/extensions.py:449}}
Jul 31 17:14:38.414986 np0000006248 devstack@neutron-api.service[90821]: DEBUG neutron.api.extensions [None req-d13fa875-3160-4206-aad2-8d4dd6d70f5d None None] Ext name="HA Router extension" alias="l3-ha" description="Adds HA capability to routers." updated="2014-04-26T00:00:00-00:00" {{(pid=90821) _check_extension /opt/stack/neutron/neutron/api/extensions.py:415}}
Jul 31 17:14:38.415171 np0000006248 devstack@neutron-api.service[90821]: INFO neutron.api.extensions [None req-d13fa875-3160-4206-aad2-8d4dd6d70f5d None None] Loaded extension: l3-ha
Jul 31 17:14:38.415286 np0000006248 devstack@neutron-api.service[90821]: DEBUG neutron.api.extensions [None req-d13fa875-3160-4206-aad2-8d4dd6d70f5d None None] Loading extension file: l3_ext_ndp_proxy.py {{(pid=90821) _load_all_extensions_from_path /opt/stack/neutron/neutron/api/extensions.py:449}}
Jul 31 17:14:38.416832 np0000006248 devstack@neutron-api.service[90821]: DEBUG neutron.api.extensions [None req-d13fa875-3160-4206-aad2-8d4dd6d70f5d None None] Ext name="Router support to enable NDP proxy" alias="l3-ext-ndp-proxy" description="Router extension to enable ndp proxy" updated="2020-08-25T00:00:00-00:00" {{(pid=90821) _check_extension /opt/stack/neutron/neutron/api/extensions.py:415}}
Jul 31 17:14:38.417044 np0000006248 devstack@neutron-api.service[90821]: INFO neutron.api.extensions [None req-d13fa875-3160-4206-aad2-8d4dd6d70f5d None None] Extension l3-ext-ndp-proxy not supported by any of loaded plugins
Jul 31 17:14:38.417166 np0000006248 devstack@neutron-api.service[90821]: DEBUG neutron.api.extensions [None req-d13fa875-3160-4206-aad2-8d4dd6d70f5d None None] Loading extension file: l3_extra_gws.py {{(pid=90821) _load_all_extensions_from_path /opt/stack/neutron/neutron/api/extensions.py:449}}
Jul 31 17:14:38.417474 np0000006248 devstack@neutron-api.service[90821]: DEBUG neutron.api.extensions [None req-d13fa875-3160-4206-aad2-8d4dd6d70f5d None None] Ext name="Neutron L3 External Gateway Multihoming" alias="external-gateway-multihoming" description="Allow multiple external gateway ports per router" updated="2023-01-18T00:00:00-00:00" {{(pid=90821) _check_extension /opt/stack/neutron/neutron/api/extensions.py:415}}
Jul 31 17:14:38.417702 np0000006248 devstack@neutron-api.service[90821]: INFO neutron.api.extensions [None req-d13fa875-3160-4206-aad2-8d4dd6d70f5d None None] Loaded extension: external-gateway-multihoming
Jul 31 17:14:38.417806 np0000006248 devstack@neutron-api.service[90821]: DEBUG neutron.api.extensions [None req-d13fa875-3160-4206-aad2-8d4dd6d70f5d None None] Loading extension file: l3_flavors.py {{(pid=90821) _load_all_extensions_from_path /opt/stack/neutron/neutron/api/extensions.py:449}}
Jul 31 17:14:38.418090 np0000006248 devstack@neutron-api.service[90821]: DEBUG neutron.api.extensions [None req-d13fa875-3160-4206-aad2-8d4dd6d70f5d None None] Ext name="Router Flavor Extension" alias="l3-flavors" description="Flavor support for routers." updated="2016-05-17T00:00:00-00:00" {{(pid=90821) _check_extension /opt/stack/neutron/neutron/api/extensions.py:415}}
Jul 31 17:14:38.418395 np0000006248 devstack@neutron-api.service[90821]: INFO neutron.api.extensions [None req-d13fa875-3160-4206-aad2-8d4dd6d70f5d None None] Loaded extension: l3-flavors
Jul 31 17:14:38.418395 np0000006248 devstack@neutron-api.service[90821]: DEBUG neutron.api.extensions [None req-d13fa875-3160-4206-aad2-8d4dd6d70f5d None None] Loading extension file: l3_ndp_proxy.py {{(pid=90821) _load_all_extensions_from_path /opt/stack/neutron/neutron/api/extensions.py:449}}
Jul 31 17:14:38.418737 np0000006248 devstack@neutron-api.service[90821]: DEBUG neutron.api.extensions [None req-d13fa875-3160-4206-aad2-8d4dd6d70f5d None None] Ext name="name" alias="l3-ndp-proxy" description="description" updated="2021-06-29T10:00:00-00:00" {{(pid=90821) _check_extension /opt/stack/neutron/neutron/api/extensions.py:415}}
Jul 31 17:14:38.418934 np0000006248 devstack@neutron-api.service[90821]: INFO neutron.api.extensions [None req-d13fa875-3160-4206-aad2-8d4dd6d70f5d None None] Extension l3-ndp-proxy not supported by any of loaded plugins
Jul 31 17:14:38.419045 np0000006248 devstack@neutron-api.service[90821]: DEBUG neutron.api.extensions [None req-d13fa875-3160-4206-aad2-8d4dd6d70f5d None None] Loading extension file: l3_port_ip_change_not_allowed.py {{(pid=90821) _load_all_extensions_from_path /opt/stack/neutron/neutron/api/extensions.py:449}}
Jul 31 17:14:38.419306 np0000006248 devstack@neutron-api.service[90821]: DEBUG neutron.api.extensions [None req-d13fa875-3160-4206-aad2-8d4dd6d70f5d None None] Ext name="Prevent L3 router ports IP address change extension" alias="l3-port-ip-change-not-allowed" description="Prevent change of IP address for some L3 router ports" updated="2018-10-09T10:00:00-00:00" {{(pid=90821) _check_extension /opt/stack/neutron/neutron/api/extensions.py:415}}
Jul 31 17:14:38.419515 np0000006248 devstack@neutron-api.service[90821]: INFO neutron.api.extensions [None req-d13fa875-3160-4206-aad2-8d4dd6d70f5d None None] Extension l3-port-ip-change-not-allowed not supported by any of loaded plugins
Jul 31 17:14:38.419655 np0000006248 devstack@neutron-api.service[90821]: DEBUG neutron.api.extensions [None req-d13fa875-3160-4206-aad2-8d4dd6d70f5d None None] Loading extension file: l3agentscheduler.py {{(pid=90821) _load_all_extensions_from_path /opt/stack/neutron/neutron/api/extensions.py:449}}
Jul 31 17:14:38.420350 np0000006248 devstack@neutron-api.service[90821]: DEBUG neutron.api.extensions [None req-d13fa875-3160-4206-aad2-8d4dd6d70f5d None None] Ext name="L3 Agent Scheduler" alias="l3_agent_scheduler" description="Schedule routers among l3 agents" updated="2013-02-07T10:00:00-00:00" {{(pid=90821) _check_extension /opt/stack/neutron/neutron/api/extensions.py:415}}
Jul 31 17:14:38.420554 np0000006248 devstack@neutron-api.service[90821]: INFO neutron.api.extensions [None req-d13fa875-3160-4206-aad2-8d4dd6d70f5d None None] Loaded extension: l3_agent_scheduler
Jul 31 17:14:38.420688 np0000006248 devstack@neutron-api.service[90821]: DEBUG neutron.api.extensions [None req-d13fa875-3160-4206-aad2-8d4dd6d70f5d None None] Loading extension file: local_ip.py {{(pid=90821) _load_all_extensions_from_path /opt/stack/neutron/neutron/api/extensions.py:449}}
Jul 31 17:14:38.421051 np0000006248 devstack@neutron-api.service[90821]: DEBUG neutron.api.extensions [None req-d13fa875-3160-4206-aad2-8d4dd6d70f5d None None] Ext name="Local IP" alias="local_ip" description="Support Node Local Virtual IP" updated="2021-07-26T10:00:00-00:00" {{(pid=90821) _check_extension /opt/stack/neutron/neutron/api/extensions.py:415}}
Jul 31 17:14:38.421237 np0000006248 devstack@neutron-api.service[90821]: INFO neutron.api.extensions [None req-d13fa875-3160-4206-aad2-8d4dd6d70f5d None None] Extension local_ip not supported by any of loaded plugins
Jul 31 17:14:38.421374 np0000006248 devstack@neutron-api.service[90821]: DEBUG neutron.api.extensions [None req-d13fa875-3160-4206-aad2-8d4dd6d70f5d None None] Loading extension file: logging.py {{(pid=90821) _load_all_extensions_from_path /opt/stack/neutron/neutron/api/extensions.py:449}}
Jul 31 17:14:38.421711 np0000006248 devstack@neutron-api.service[90821]: DEBUG neutron.api.extensions [None req-d13fa875-3160-4206-aad2-8d4dd6d70f5d None None] Ext name="Logging API Extension" alias="logging" description="Provides a logging API for resources such as security group and firewall." updated="2017-01-01T10:00:00-00:00" {{(pid=90821) _check_extension /opt/stack/neutron/neutron/api/extensions.py:415}}
Jul 31 17:14:38.421895 np0000006248 devstack@neutron-api.service[90821]: INFO neutron.api.extensions [None req-d13fa875-3160-4206-aad2-8d4dd6d70f5d None None] Extension logging not supported by any of loaded plugins
Jul 31 17:14:38.422007 np0000006248 devstack@neutron-api.service[90821]: DEBUG neutron.api.extensions [None req-d13fa875-3160-4206-aad2-8d4dd6d70f5d None None] Loading extension file: metering.py {{(pid=90821) _load_all_extensions_from_path /opt/stack/neutron/neutron/api/extensions.py:449}}
Jul 31 17:14:38.422376 np0000006248 devstack@neutron-api.service[90821]: DEBUG neutron.api.extensions [None req-d13fa875-3160-4206-aad2-8d4dd6d70f5d None None] Ext name="Neutron Metering" alias="metering" description="Neutron Metering extension." updated="2013-06-12T10:00:00-00:00" {{(pid=90821) _check_extension /opt/stack/neutron/neutron/api/extensions.py:415}}
Jul 31 17:14:38.422585 np0000006248 devstack@neutron-api.service[90821]: INFO neutron.api.extensions [None req-d13fa875-3160-4206-aad2-8d4dd6d70f5d None None] Extension metering not supported by any of loaded plugins
Jul 31 17:14:38.422687 np0000006248 devstack@neutron-api.service[90821]: DEBUG neutron.api.extensions [None req-d13fa875-3160-4206-aad2-8d4dd6d70f5d None None] Loading extension file: metering_source_and_destination_fields.py {{(pid=90821) _load_all_extensions_from_path /opt/stack/neutron/neutron/api/extensions.py:449}}
Jul 31 17:14:38.422940 np0000006248 devstack@neutron-api.service[90821]: DEBUG neutron.api.extensions [None req-d13fa875-3160-4206-aad2-8d4dd6d70f5d None None] Ext name="Neutron Metering with source and destination filtering" alias="metering_source_and_destination_fields" description="Neutron Metering extension that enables the use of source and destination IP prefixes to create metering label rules." updated="2020-08-21T08:12:00-00:00" {{(pid=90821) _check_extension /opt/stack/neutron/neutron/api/extensions.py:415}}
Jul 31 17:14:38.423093 np0000006248 devstack@neutron-api.service[90821]: INFO neutron.api.extensions [None req-d13fa875-3160-4206-aad2-8d4dd6d70f5d None None] Extension metering_source_and_destination_fields not supported by any of loaded plugins
Jul 31 17:14:38.423156 np0000006248 devstack@neutron-api.service[90820]: DEBUG neutron_lib.callbacks.manager [None req-1c880b71-4128-465f-aebe-5ef298db9d93 None None] Subscribe: > router before_delete 55550000, False {{(pid=90820) subscribe /opt/stack/data/venv/lib/python3.12/site-packages/neutron_lib/callbacks/manager.py:52}}
Jul 31 17:14:38.423416 np0000006248 devstack@neutron-api.service[90821]: DEBUG neutron.api.extensions [None req-d13fa875-3160-4206-aad2-8d4dd6d70f5d None None] Loading extension file: multiprovidernet.py {{(pid=90821) _load_all_extensions_from_path /opt/stack/neutron/neutron/api/extensions.py:449}}
Jul 31 17:14:38.423456 np0000006248 devstack@neutron-api.service[90820]: DEBUG neutron_lib.callbacks.manager [None req-1c880b71-4128-465f-aebe-5ef298db9d93 None None] Subscribe: port before_update 55550000, False {{(pid=90820) subscribe /opt/stack/data/venv/lib/python3.12/site-packages/neutron_lib/callbacks/manager.py:52}}
Jul 31 17:14:38.423506 np0000006248 devstack@neutron-api.service[90821]: DEBUG neutron.api.extensions [None req-d13fa875-3160-4206-aad2-8d4dd6d70f5d None None] Ext name="Multi Provider Network" alias="multi-provider" description="Expose mapping of virtual networks to multiple physical networks" updated="2013-06-27T10:00:00-00:00" {{(pid=90821) _check_extension /opt/stack/neutron/neutron/api/extensions.py:415}}
Jul 31 17:14:38.423549 np0000006248 devstack@neutron-api.service[90820]: DEBUG neutron_lib.callbacks.manager [None req-1c880b71-4128-465f-aebe-5ef298db9d93 None None] Subscribe: port after_update 55550000, False {{(pid=90820) subscribe /opt/stack/data/venv/lib/python3.12/site-packages/neutron_lib/callbacks/manager.py:52}}
Jul 31 17:14:38.423549 np0000006248 devstack@neutron-api.service[90820]: DEBUG neutron_lib.callbacks.manager [None req-1c880b71-4128-465f-aebe-5ef298db9d93 None None] Subscribe: > port precommit_delete 55550000, False {{(pid=90820) subscribe /opt/stack/data/venv/lib/python3.12/site-packages/neutron_lib/callbacks/manager.py:52}}
Jul 31 17:14:38.423626 np0000006248 devstack@neutron-api.service[90821]: INFO neutron.api.extensions [None req-d13fa875-3160-4206-aad2-8d4dd6d70f5d None None] Loaded extension: multi-provider
Jul 31 17:14:38.423653 np0000006248 devstack@neutron-api.service[90821]: DEBUG neutron.api.extensions [None req-d13fa875-3160-4206-aad2-8d4dd6d70f5d None None] Loading extension file: netmtu.py {{(pid=90821) _load_all_extensions_from_path /opt/stack/neutron/neutron/api/extensions.py:449}}
Jul 31 17:14:38.423677 np0000006248 devstack@neutron-api.service[90820]: DEBUG neutron_lib.callbacks.manager [None req-1c880b71-4128-465f-aebe-5ef298db9d93 None None] Subscribe: port before_update 55550000, False {{(pid=90820) subscribe /opt/stack/data/venv/lib/python3.12/site-packages/neutron_lib/callbacks/manager.py:52}}
Jul 31 17:14:38.423791 np0000006248 devstack@neutron-api.service[90820]: DEBUG neutron_lib.callbacks.manager [None req-1c880b71-4128-465f-aebe-5ef298db9d93 None None] Subscribe: port before_delete 55550000, False {{(pid=90820) subscribe /opt/stack/data/venv/lib/python3.12/site-packages/neutron_lib/callbacks/manager.py:52}}
Jul 31 17:14:38.423875 np0000006248 devstack@neutron-api.service[90821]: DEBUG neutron.api.extensions [None req-d13fa875-3160-4206-aad2-8d4dd6d70f5d None None] Ext name="Network MTU" alias="net-mtu" description="Provides MTU attribute for a network resource." updated="2015-03-25T10:00:00-00:00" {{(pid=90821) _check_extension /opt/stack/neutron/neutron/api/extensions.py:415}}
Jul 31 17:14:38.423906 np0000006248 devstack@neutron-api.service[90820]: DEBUG neutron_lib.callbacks.manager [None req-1c880b71-4128-465f-aebe-5ef298db9d93 None None] Subscribe: > router precommit_create 55550000, False {{(pid=90820) subscribe /opt/stack/data/venv/lib/python3.12/site-packages/neutron_lib/callbacks/manager.py:52}}
Jul 31 17:14:38.424007 np0000006248 devstack@neutron-api.service[90820]: DEBUG neutron_lib.callbacks.manager [None req-1c880b71-4128-465f-aebe-5ef298db9d93 None None] Subscribe: > router precommit_create 55550000, False {{(pid=90820) subscribe /opt/stack/data/venv/lib/python3.12/site-packages/neutron_lib/callbacks/manager.py:52}}
Jul 31 17:14:38.424039 np0000006248 devstack@neutron-api.service[90821]: INFO neutron.api.extensions [None req-d13fa875-3160-4206-aad2-8d4dd6d70f5d None None] Loaded extension: net-mtu
Jul 31 17:14:38.424100 np0000006248 devstack@neutron-api.service[90821]: DEBUG neutron.api.extensions [None req-d13fa875-3160-4206-aad2-8d4dd6d70f5d None None] Loading extension file: netmtu_writable.py {{(pid=90821) _load_all_extensions_from_path /opt/stack/neutron/neutron/api/extensions.py:449}}
Jul 31 17:14:38.424126 np0000006248 devstack@neutron-api.service[90820]: DEBUG neutron_lib.callbacks.manager [None req-1c880b71-4128-465f-aebe-5ef298db9d93 None None] Subscribe: > router precommit_update 55550000, False {{(pid=90820) subscribe /opt/stack/data/venv/lib/python3.12/site-packages/neutron_lib/callbacks/manager.py:52}}
Jul 31 17:14:38.424217 np0000006248 devstack@neutron-api.service[90820]: DEBUG neutron_lib.callbacks.manager [None req-1c880b71-4128-465f-aebe-5ef298db9d93 None None] Subscribe: subnet after_update 55550000, False {{(pid=90820) subscribe /opt/stack/data/venv/lib/python3.12/site-packages/neutron_lib/callbacks/manager.py:52}}
Jul 31 17:14:38.424312 np0000006248 devstack@neutron-api.service[90821]: DEBUG neutron.api.extensions [None req-d13fa875-3160-4206-aad2-8d4dd6d70f5d None None] Ext name="Network MTU (writable)" alias="net-mtu-writable" description="Provides a writable MTU attribute for a network resource." updated="2017-07-12T00:00:00-00:00" {{(pid=90821) _check_extension /opt/stack/neutron/neutron/api/extensions.py:415}}
Jul 31 17:14:38.424466 np0000006248 devstack@neutron-api.service[90820]: DEBUG neutron.quota.resource_registry [None req-1c880b71-4128-465f-aebe-5ef298db9d93 None None] Tracking information for resource: router configured {{(pid=90820) set_tracked_resource /opt/stack/neutron/neutron/quota/resource_registry.py:203}}
Jul 31 17:14:38.424500 np0000006248 devstack@neutron-api.service[90821]: INFO neutron.api.extensions [None req-d13fa875-3160-4206-aad2-8d4dd6d70f5d None None] Loaded extension: net-mtu-writable
Jul 31 17:14:38.424570 np0000006248 devstack@neutron-api.service[90820]: DEBUG neutron.quota.resource_registry [None req-1c880b71-4128-465f-aebe-5ef298db9d93 None None] Tracking information for resource: floatingip configured {{(pid=90820) set_tracked_resource /opt/stack/neutron/neutron/quota/resource_registry.py:203}}
Jul 31 17:14:38.424601 np0000006248 devstack@neutron-api.service[90821]: DEBUG neutron.api.extensions [None req-d13fa875-3160-4206-aad2-8d4dd6d70f5d None None] Loading extension file: network_availability_zone.py {{(pid=90821) _load_all_extensions_from_path /opt/stack/neutron/neutron/api/extensions.py:449}}
Jul 31 17:14:38.424687 np0000006248 devstack@neutron-api.service[90820]: INFO neutron.services.ovn_l3.plugin [None req-1c880b71-4128-465f-aebe-5ef298db9d93 None None] Starting OVNL3RouterPlugin
Jul 31 17:14:38.424951 np0000006248 devstack@neutron-api.service[90821]: DEBUG neutron.api.extensions [None req-d13fa875-3160-4206-aad2-8d4dd6d70f5d None None] Ext name="Network Availability Zone" alias="network_availability_zone" description="Availability zone support for network." updated="2015-01-01T10:00:00-00:00" {{(pid=90821) _check_extension /opt/stack/neutron/neutron/api/extensions.py:415}}
Jul 31 17:14:38.425070 np0000006248 devstack@neutron-api.service[90820]: DEBUG neutron_lib.callbacks.manager [None req-1c880b71-4128-465f-aebe-5ef298db9d93 None None] Subscribe: > port_forwarding_plugin after_init 55550000, False {{(pid=90820) subscribe /opt/stack/data/venv/lib/python3.12/site-packages/neutron_lib/callbacks/manager.py:52}}
Jul 31 17:14:38.425115 np0000006248 devstack@neutron-api.service[90821]: INFO neutron.api.extensions [None req-d13fa875-3160-4206-aad2-8d4dd6d70f5d None None] Loaded extension: network_availability_zone
Jul 31 17:14:38.425170 np0000006248 devstack@neutron-api.service[90821]: DEBUG neutron.api.extensions [None req-d13fa875-3160-4206-aad2-8d4dd6d70f5d None None] Loading extension file: network_ha.py {{(pid=90821) _load_all_extensions_from_path /opt/stack/neutron/neutron/api/extensions.py:449}}
Jul 31 17:14:38.425307 np0000006248 devstack@neutron-api.service[90820]: DEBUG neutron_lib.callbacks.manager [None req-1c880b71-4128-465f-aebe-5ef298db9d93 None None] Subscribe: > router before_create 55550100, False {{(pid=90820) subscribe /opt/stack/data/venv/lib/python3.12/site-packages/neutron_lib/callbacks/manager.py:52}}
Jul 31 17:14:38.425396 np0000006248 devstack@neutron-api.service[90821]: DEBUG neutron.api.extensions [None req-d13fa875-3160-4206-aad2-8d4dd6d70f5d None None] Ext name="Network HA creation flag" alias="network_ha" description="Network high availability creation flag." updated="2023-04-27T10:00:00-00:00" {{(pid=90821) _check_extension /opt/stack/neutron/neutron/api/extensions.py:415}}
Jul 31 17:14:38.425448 np0000006248 devstack@neutron-api.service[90820]: DEBUG neutron_lib.callbacks.manager [None req-1c880b71-4128-465f-aebe-5ef298db9d93 None None] Subscribe: > router precommit_delete 55550100, False {{(pid=90820) subscribe /opt/stack/data/venv/lib/python3.12/site-packages/neutron_lib/callbacks/manager.py:52}}
Jul 31 17:14:38.425539 np0000006248 devstack@neutron-api.service[90821]: INFO neutron.api.extensions [None req-d13fa875-3160-4206-aad2-8d4dd6d70f5d None None] Extension network_ha not supported by any of loaded plugins
Jul 31 17:14:38.425574 np0000006248 devstack@neutron-api.service[90820]: DEBUG neutron_lib.callbacks.manager [None req-1c880b71-4128-465f-aebe-5ef298db9d93 None None] Subscribe: > router precommit_create 55550100, False {{(pid=90820) subscribe /opt/stack/data/venv/lib/python3.12/site-packages/neutron_lib/callbacks/manager.py:52}}
Jul 31 17:14:38.425632 np0000006248 devstack@neutron-api.service[90821]: DEBUG neutron.api.extensions [None req-d13fa875-3160-4206-aad2-8d4dd6d70f5d None None] Loading extension file: network_ip_availability.py {{(pid=90821) _load_all_extensions_from_path /opt/stack/neutron/neutron/api/extensions.py:449}}
Jul 31 17:14:38.425686 np0000006248 devstack@neutron-api.service[90820]: DEBUG neutron_lib.callbacks.manager [None req-1c880b71-4128-465f-aebe-5ef298db9d93 None None] Subscribe: > router precommit_update 55550100, False {{(pid=90820) subscribe /opt/stack/data/venv/lib/python3.12/site-packages/neutron_lib/callbacks/manager.py:52}}
Jul 31 17:14:38.425994 np0000006248 devstack@neutron-api.service[90821]: DEBUG neutron.api.extensions [None req-d13fa875-3160-4206-aad2-8d4dd6d70f5d None None] Ext name="Network IP Availability" alias="network-ip-availability" description="Provides IP availability data for each network and subnet." updated="2015-09-24T00:00:00-00:00" {{(pid=90821) _check_extension /opt/stack/neutron/neutron/api/extensions.py:415}}
Jul 31 17:14:38.426198 np0000006248 devstack@neutron-api.service[90821]: INFO neutron.api.extensions [None req-d13fa875-3160-4206-aad2-8d4dd6d70f5d None None] Loaded extension: network-ip-availability
Jul 31 17:14:38.426311 np0000006248 devstack@neutron-api.service[90821]: DEBUG neutron.api.extensions [None req-d13fa875-3160-4206-aad2-8d4dd6d70f5d None None] Loading extension file: network_ip_availability_details.py {{(pid=90821) _load_all_extensions_from_path /opt/stack/neutron/neutron/api/extensions.py:449}}
Jul 31 17:14:38.426606 np0000006248 devstack@neutron-api.service[90821]: DEBUG neutron.api.extensions [None req-d13fa875-3160-4206-aad2-8d4dd6d70f5d None None] Ext name="Network IP Availability Details Extension" alias="network-ip-availability-details" description="Add ip_availability_details attribute to network-ip-availabilities resource." updated="2025-10-31T00:00:00-00:00" {{(pid=90821) _check_extension /opt/stack/neutron/neutron/api/extensions.py:415}}
Jul 31 17:14:38.426804 np0000006248 devstack@neutron-api.service[90821]: INFO neutron.api.extensions [None req-d13fa875-3160-4206-aad2-8d4dd6d70f5d None None] Loaded extension: network-ip-availability-details
Jul 31 17:14:38.426911 np0000006248 devstack@neutron-api.service[90821]: DEBUG neutron.api.extensions [None req-d13fa875-3160-4206-aad2-8d4dd6d70f5d None None] Loading extension file: network_segment_range.py {{(pid=90821) _load_all_extensions_from_path /opt/stack/neutron/neutron/api/extensions.py:449}}
Jul 31 17:14:38.427266 np0000006248 devstack@neutron-api.service[90821]: DEBUG neutron.api.extensions [None req-d13fa875-3160-4206-aad2-8d4dd6d70f5d None None] Ext name="Neutron Network Segment Range" alias="network-segment-range" description="Provides support for the network segment range management" updated="2018-11-29T00:00:00-00:00" {{(pid=90821) _check_extension /opt/stack/neutron/neutron/api/extensions.py:415}}
Jul 31 17:14:38.427484 np0000006248 devstack@neutron-api.service[90821]: INFO neutron.api.extensions [None req-d13fa875-3160-4206-aad2-8d4dd6d70f5d None None] Extension network-segment-range not supported by any of loaded plugins
Jul 31 17:14:38.427600 np0000006248 devstack@neutron-api.service[90821]: DEBUG neutron.api.extensions [None req-d13fa875-3160-4206-aad2-8d4dd6d70f5d None None] Loading extension file: pagination.py {{(pid=90821) _load_all_extensions_from_path /opt/stack/neutron/neutron/api/extensions.py:449}}
Jul 31 17:14:38.427893 np0000006248 devstack@neutron-api.service[90821]: DEBUG neutron.api.extensions [None req-d13fa875-3160-4206-aad2-8d4dd6d70f5d None None] Ext name="Pagination support" alias="pagination" description="Extension that indicates that pagination is enabled." updated="2016-06-12T00:00:00-00:00" {{(pid=90821) _check_extension /opt/stack/neutron/neutron/api/extensions.py:415}}
Jul 31 17:14:38.428019 np0000006248 devstack@neutron-api.service[90821]: INFO neutron.api.extensions [None req-d13fa875-3160-4206-aad2-8d4dd6d70f5d None None] Loaded extension: pagination
Jul 31 17:14:38.428116 np0000006248 devstack@neutron-api.service[90821]: DEBUG neutron.api.extensions [None req-d13fa875-3160-4206-aad2-8d4dd6d70f5d None None] Loading extension file: port_device_profile.py {{(pid=90821) _load_all_extensions_from_path /opt/stack/neutron/neutron/api/extensions.py:449}}
Jul 31 17:14:38.428391 np0000006248 devstack@neutron-api.service[90821]: DEBUG neutron.api.extensions [None req-d13fa875-3160-4206-aad2-8d4dd6d70f5d None None] Ext name="Port device profile" alias="port-device-profile" description="Expose the port device profile (Cyborg)" updated="2020-12-17T10:00:00-00:00" {{(pid=90821) _check_extension /opt/stack/neutron/neutron/api/extensions.py:415}}
Jul 31 17:14:38.428548 np0000006248 devstack@neutron-api.service[90821]: INFO neutron.api.extensions [None req-d13fa875-3160-4206-aad2-8d4dd6d70f5d None None] Loaded extension: port-device-profile
Jul 31 17:14:38.428687 np0000006248 devstack@neutron-api.service[90821]: DEBUG neutron.api.extensions [None req-d13fa875-3160-4206-aad2-8d4dd6d70f5d None None] Loading extension file: port_hardware_offload_type.py {{(pid=90821) _load_all_extensions_from_path /opt/stack/neutron/neutron/api/extensions.py:449}}
Jul 31 17:14:38.428980 np0000006248 devstack@neutron-api.service[90821]: DEBUG neutron.api.extensions [None req-d13fa875-3160-4206-aad2-8d4dd6d70f5d None None] Ext name="Port hardware offload" alias="port-hardware-offload-type" description="Expose port hardware offload extension" updated="2023-05-09T10:00:00-00:00" {{(pid=90821) _check_extension /opt/stack/neutron/neutron/api/extensions.py:415}}
Jul 31 17:14:38.429145 np0000006248 devstack@neutron-api.service[90821]: INFO neutron.api.extensions [None req-d13fa875-3160-4206-aad2-8d4dd6d70f5d None None] Extension port-hardware-offload-type not supported by any of loaded plugins
Jul 31 17:14:38.429224 np0000006248 devstack@neutron-api.service[90821]: DEBUG neutron.api.extensions [None req-d13fa875-3160-4206-aad2-8d4dd6d70f5d None None] Loading extension file: port_hint_ovs_tx_steering.py {{(pid=90821) _load_all_extensions_from_path /opt/stack/neutron/neutron/api/extensions.py:449}}
Jul 31 17:14:38.429918 np0000006248 devstack@neutron-api.service[90821]: DEBUG neutron.api.extensions [None req-d13fa875-3160-4206-aad2-8d4dd6d70f5d None None] Ext name="Port hint: Open vSwitch Tx steering" alias="port-hint-ovs-tx-steering" description="Enable Port hint: Open vSwitch Tx steering" updated="2023-01-01T00:00:00-00:00" {{(pid=90821) _check_extension /opt/stack/neutron/neutron/api/extensions.py:415}}
Jul 31 17:14:38.429918 np0000006248 devstack@neutron-api.service[90821]: INFO neutron.api.extensions [None req-d13fa875-3160-4206-aad2-8d4dd6d70f5d None None] Extension port-hint-ovs-tx-steering not supported by any of loaded plugins
Jul 31 17:14:38.429918 np0000006248 devstack@neutron-api.service[90821]: DEBUG neutron.api.extensions [None req-d13fa875-3160-4206-aad2-8d4dd6d70f5d None None] Loading extension file: port_hints.py {{(pid=90821) _load_all_extensions_from_path /opt/stack/neutron/neutron/api/extensions.py:449}}
Jul 31 17:14:38.430213 np0000006248 devstack@neutron-api.service[90821]: DEBUG neutron.api.extensions [None req-d13fa875-3160-4206-aad2-8d4dd6d70f5d None None] Ext name="Port hints" alias="port-hints" description="Backend specific port hints to allow backend specific tuning" updated="2023-01-01T00:00:00-00:00" {{(pid=90821) _check_extension /opt/stack/neutron/neutron/api/extensions.py:415}}
Jul 31 17:14:38.430213 np0000006248 devstack@neutron-api.service[90821]: INFO neutron.api.extensions [None req-d13fa875-3160-4206-aad2-8d4dd6d70f5d None None] Extension port-hints not supported by any of loaded plugins
Jul 31 17:14:38.430461 np0000006248 devstack@neutron-api.service[90821]: DEBUG neutron.api.extensions [None req-d13fa875-3160-4206-aad2-8d4dd6d70f5d None None] Loading extension file: port_mac_address_override.py {{(pid=90821) _load_all_extensions_from_path /opt/stack/neutron/neutron/api/extensions.py:449}}
Jul 31 17:14:38.431216 np0000006248 devstack@neutron-api.service[90821]: DEBUG neutron.api.extensions [None req-d13fa875-3160-4206-aad2-8d4dd6d70f5d None None] Ext name="Neutron Port MAC address override" alias="port-mac-override" description="Allow overriding the MAC address of a direct-physical Port via the active binding profile" updated="2022-03-18T10:00:00-00:00" {{(pid=90821) _check_extension /opt/stack/neutron/neutron/api/extensions.py:415}}
Jul 31 17:14:38.431216 np0000006248 devstack@neutron-api.service[90821]: INFO neutron.api.extensions [None req-d13fa875-3160-4206-aad2-8d4dd6d70f5d None None] Extension port-mac-override not supported by any of loaded plugins
Jul 31 17:14:38.431799 np0000006248 devstack@neutron-api.service[90820]: DEBUG neutron.services.provider_configuration [None req-1c880b71-4128-465f-aebe-5ef298db9d93 None None] Service providers = [] {{(pid=90820) parse_service_provider_opt /opt/stack/neutron/neutron/services/provider_configuration.py:170}}
Jul 31 17:14:38.432014 np0000006248 devstack@neutron-api.service[90821]: DEBUG neutron.api.extensions [None req-d13fa875-3160-4206-aad2-8d4dd6d70f5d None None] Loading extension file: port_mac_address_regenerate.py {{(pid=90821) _load_all_extensions_from_path /opt/stack/neutron/neutron/api/extensions.py:449}}
Jul 31 17:14:38.432299 np0000006248 devstack@neutron-api.service[90820]: DEBUG neutron.db.servicetype_db [None req-1c880b71-4128-465f-aebe-5ef298db9d93 None None] Adding provider configuration for service L3_ROUTER_NAT {{(pid=90820) add_provider_configuration /opt/stack/neutron/neutron/db/servicetype_db.py:45}}
Jul 31 17:14:38.432659 np0000006248 devstack@neutron-api.service[90821]: DEBUG neutron.api.extensions [None req-d13fa875-3160-4206-aad2-8d4dd6d70f5d None None] Ext name="Neutron Port MAC address regenerate" alias="port-mac-address-regenerate" description="Network port MAC address regenerate" updated="2018-05-03T10:00:00-00:00" {{(pid=90821) _check_extension /opt/stack/neutron/neutron/api/extensions.py:415}}
Jul 31 17:14:38.432659 np0000006248 devstack@neutron-api.service[90821]: INFO neutron.api.extensions [None req-d13fa875-3160-4206-aad2-8d4dd6d70f5d None None] Loaded extension: port-mac-address-regenerate
Jul 31 17:14:38.432659 np0000006248 devstack@neutron-api.service[90821]: DEBUG neutron.api.extensions [None req-d13fa875-3160-4206-aad2-8d4dd6d70f5d None None] Loading extension file: port_numa_affinity_policy.py {{(pid=90821) _load_all_extensions_from_path /opt/stack/neutron/neutron/api/extensions.py:449}}
Jul 31 17:14:38.432659 np0000006248 devstack@neutron-api.service[90821]: DEBUG neutron.api.extensions [None req-d13fa875-3160-4206-aad2-8d4dd6d70f5d None None] Ext name="Port NUMA affinity policy" alias="port-numa-affinity-policy" description="Expose the port NUMA affinity policy" updated="2020-07-08T10:00:00-00:00" {{(pid=90821) _check_extension /opt/stack/neutron/neutron/api/extensions.py:415}}
Jul 31 17:14:38.432659 np0000006248 devstack@neutron-api.service[90821]: INFO neutron.api.extensions [None req-d13fa875-3160-4206-aad2-8d4dd6d70f5d None None] Loaded extension: port-numa-affinity-policy
Jul 31 17:14:38.432659 np0000006248 devstack@neutron-api.service[90821]: DEBUG neutron.api.extensions [None req-d13fa875-3160-4206-aad2-8d4dd6d70f5d None None] Loading extension file: port_numa_affinity_policy_socket.py {{(pid=90821) _load_all_extensions_from_path /opt/stack/neutron/neutron/api/extensions.py:449}}
Jul 31 17:14:38.432659 np0000006248 devstack@neutron-api.service[90821]: DEBUG neutron.api.extensions [None req-d13fa875-3160-4206-aad2-8d4dd6d70f5d None None] Ext name="Port NUMA affinity policy "socket"" alias="port-numa-affinity-policy-socket" description="Adds "socket" to the supported port NUMA affinity policies" updated="2024-02-09T10:00:00-00:00" {{(pid=90821) _check_extension /opt/stack/neutron/neutron/api/extensions.py:415}}
Jul 31 17:14:38.433130 np0000006248 devstack@neutron-api.service[90821]: INFO neutron.api.extensions [None req-d13fa875-3160-4206-aad2-8d4dd6d70f5d None None] Loaded extension: port-numa-affinity-policy-socket
Jul 31 17:14:38.433130 np0000006248 devstack@neutron-api.service[90821]: DEBUG neutron.api.extensions [None req-d13fa875-3160-4206-aad2-8d4dd6d70f5d None None] Loading extension file: port_resource_request.py {{(pid=90821) _load_all_extensions_from_path /opt/stack/neutron/neutron/api/extensions.py:449}}
Jul 31 17:14:38.433130 np0000006248 devstack@neutron-api.service[90821]: DEBUG neutron.api.extensions [None req-d13fa875-3160-4206-aad2-8d4dd6d70f5d None None] Ext name="Port Resource Request" alias="port-resource-request" description="Expose resource request to Port" updated="2018-05-08T10:00:00-00:00" {{(pid=90821) _check_extension /opt/stack/neutron/neutron/api/extensions.py:415}}
Jul 31 17:14:38.433130 np0000006248 devstack@neutron-api.service[90821]: INFO neutron.api.extensions [None req-d13fa875-3160-4206-aad2-8d4dd6d70f5d None None] Extension port-resource-request not supported by any of loaded plugins
Jul 31 17:14:38.433130 np0000006248 devstack@neutron-api.service[90821]: DEBUG neutron.api.extensions [None req-d13fa875-3160-4206-aad2-8d4dd6d70f5d None None] Loading extension file: port_resource_request_groups.py {{(pid=90821) _load_all_extensions_from_path /opt/stack/neutron/neutron/api/extensions.py:449}}
Jul 31 17:14:38.433580 np0000006248 devstack@neutron-api.service[90820]: DEBUG neutron_lib.callbacks.manager [None req-1c880b71-4128-465f-aebe-5ef298db9d93 None None] Subscribe: > router precommit_create 55549900, False {{(pid=90820) subscribe /opt/stack/data/venv/lib/python3.12/site-packages/neutron_lib/callbacks/manager.py:52}}
Jul 31 17:14:38.433910 np0000006248 devstack@neutron-api.service[90821]: DEBUG neutron.api.extensions [None req-d13fa875-3160-4206-aad2-8d4dd6d70f5d None None] Ext name="Port Resource Request Groups" alias="port-resource-request-groups" description="Support requesting multiple groups of resources and traits from the same RP subtree in resource_request" updated="2021-08-02T10:00:00-00:00" {{(pid=90821) _check_extension /opt/stack/neutron/neutron/api/extensions.py:415}}
Jul 31 17:14:38.434216 np0000006248 devstack@neutron-api.service[90820]: DEBUG neutron_lib.callbacks.manager [None req-1c880b71-4128-465f-aebe-5ef298db9d93 None None] Subscribe: > router_interface after_create 55550000, False {{(pid=90820) subscribe /opt/stack/data/venv/lib/python3.12/site-packages/neutron_lib/callbacks/manager.py:52}}
Jul 31 17:14:38.434560 np0000006248 devstack@neutron-api.service[90821]: INFO neutron.api.extensions [None req-d13fa875-3160-4206-aad2-8d4dd6d70f5d None None] Extension port-resource-request-groups not supported by any of loaded plugins
Jul 31 17:14:38.434960 np0000006248 devstack@neutron-api.service[90820]: DEBUG neutron_lib.callbacks.manager [None req-1c880b71-4128-465f-aebe-5ef298db9d93 None None] Subscribe: > floatingip after_create 55550000, False {{(pid=90820) subscribe /opt/stack/data/venv/lib/python3.12/site-packages/neutron_lib/callbacks/manager.py:52}}
