Aug 19 19:28:11.652517 np0000007808 systemd[1]: Starting devstack@n-api-meta.service - Devstack devstack@n-api-meta.service...
Aug 19 19:28:11.658387 np0000007808 devstack@n-api-meta.service[96022]: [uWSGI] getting INI configuration from /etc/nova/nova-metadata-uwsgi.ini
Aug 19 19:28:11.660854 np0000007808 devstack@n-api-meta.service[96022]: *** Starting uWSGI 2.0.24-debian (64bit) on [Wed Aug 19 19:28:11 2026] ***
Aug 19 19:28:11.660854 np0000007808 devstack@n-api-meta.service[96022]: compiled with version: 13.2.0 on 17 April 2024 16:23:48
Aug 19 19:28:11.660854 np0000007808 devstack@n-api-meta.service[96022]: os: Linux-6.8.0-100-generic #100-Ubuntu SMP PREEMPT_DYNAMIC Tue Jan 13 16:40:06 UTC 2026
Aug 19 19:28:11.660854 np0000007808 devstack@n-api-meta.service[96022]: nodename: np0000007808
Aug 19 19:28:11.660854 np0000007808 devstack@n-api-meta.service[96022]: machine: x86_64
Aug 19 19:28:11.660854 np0000007808 devstack@n-api-meta.service[96022]: clock source: unix
Aug 19 19:28:11.660854 np0000007808 devstack@n-api-meta.service[96022]: pcre jit disabled
Aug 19 19:28:11.660854 np0000007808 devstack@n-api-meta.service[96022]: detected number of CPU cores: 16
Aug 19 19:28:11.660854 np0000007808 devstack@n-api-meta.service[96022]: current working directory: /
Aug 19 19:28:11.660854 np0000007808 devstack@n-api-meta.service[96022]: detected binary path: /usr/bin/uwsgi-core
Aug 19 19:28:11.660854 np0000007808 devstack@n-api-meta.service[96022]: your processes number limit is 257052
Aug 19 19:28:11.660854 np0000007808 devstack@n-api-meta.service[96022]: your memory page size is 4096 bytes
Aug 19 19:28:11.660854 np0000007808 devstack@n-api-meta.service[96022]: detected max file descriptor number: 2048
Aug 19 19:28:11.660854 np0000007808 devstack@n-api-meta.service[96022]: lock engine: pthread robust mutexes
Aug 19 19:28:11.661274 np0000007808 devstack@n-api-meta.service[96022]: thunder lock: enabled
Aug 19 19:28:11.661389 np0000007808 devstack@n-api-meta.service[96022]: uWSGI http bound on 0.0.0.0:8775 fd 5
Aug 19 19:28:11.661441 np0000007808 devstack@n-api-meta.service[96022]: uwsgi socket 0 bound to TCP address 127.0.0.1:44647 (port auto-assigned) fd 4
Aug 19 19:28:11.661479 np0000007808 devstack@n-api-meta.service[96022]: Python version: 3.12.3 (main, Jun 19 2026, 12:46:00) [GCC 13.3.0]
Aug 19 19:28:11.661479 np0000007808 devstack@n-api-meta.service[96022]: PEP 405 virtualenv detected: /opt/stack/data/venv
Aug 19 19:28:11.661479 np0000007808 devstack@n-api-meta.service[96022]: Set PythonHome to /opt/stack/data/venv
Aug 19 19:28:11.700560 np0000007808 devstack@n-api-meta.service[96022]: Python main interpreter initialized at 0x754a1aea4668
Aug 19 19:28:11.700560 np0000007808 devstack@n-api-meta.service[96022]: python threads support enabled
Aug 19 19:28:11.700560 np0000007808 devstack@n-api-meta.service[96022]: your server socket listen backlog is limited to 100 connections
Aug 19 19:28:11.700560 np0000007808 devstack@n-api-meta.service[96022]: your mercy for graceful operations on workers is 80 seconds
Aug 19 19:28:11.701076 np0000007808 devstack@n-api-meta.service[96022]: mapped 671795 bytes (656 KB) for 4 cores
Aug 19 19:28:11.701248 np0000007808 devstack@n-api-meta.service[96022]: *** Operational MODE: preforking ***
Aug 19 19:28:11.701494 np0000007808 devstack@n-api-meta.service[96022]: *** uWSGI is running in multiple interpreter mode ***
Aug 19 19:28:11.701494 np0000007808 devstack@n-api-meta.service[96022]: spawned uWSGI master process (pid: 96022)
Aug 19 19:28:11.701706 np0000007808 systemd[1]: Started devstack@n-api-meta.service - Devstack devstack@n-api-meta.service.
Aug 19 19:28:11.702045 np0000007808 devstack@n-api-meta.service[96022]: spawned uWSGI worker 1 (pid: 96023, cores: 1)
Aug 19 19:28:11.702655 np0000007808 devstack@n-api-meta.service[96022]: spawned uWSGI worker 2 (pid: 96024, cores: 1)
Aug 19 19:28:11.703188 np0000007808 devstack@n-api-meta.service[96022]: spawned uWSGI worker 3 (pid: 96025, cores: 1)
Aug 19 19:28:11.703727 np0000007808 devstack@n-api-meta.service[96022]: spawned uWSGI worker 4 (pid: 96026, cores: 1)
Aug 19 19:28:11.704280 np0000007808 devstack@n-api-meta.service[96022]: spawned uWSGI http 1 (pid: 96027)
Aug 19 19:28:11.704280 np0000007808 devstack@n-api-meta.service[96022]: running "unix_signal:15 gracefully_kill_them_all" (master-start)...
Aug 19 19:28:13.622764 np0000007808 devstack@n-api-meta.service[96026]: INFO dbcounter [None req-234f24fe-98e4-4ecf-b68b-e685bd3c1493 None None] Registered counter for database nova_api
Aug 19 19:28:13.643271 np0000007808 devstack@n-api-meta.service[96025]: INFO dbcounter [None req-0a3cdc6e-0a3f-4936-99cc-5a60a3823d9a None None] Registered counter for database nova_api
Aug 19 19:28:13.672731 np0000007808 devstack@n-api-meta.service[96026]: DEBUG oslo_db.sqlalchemy.engines [None req-234f24fe-98e4-4ecf-b68b-e685bd3c1493 None None] MySQL server mode set to STRICT_TRANS_TABLES,STRICT_ALL_TABLES,NO_ZERO_IN_DATE,NO_ZERO_DATE,ERROR_FOR_DIVISION_BY_ZERO,TRADITIONAL,NO_ENGINE_SUBSTITUTION {{(pid=96026) _check_effective_sql_mode /opt/stack/data/venv/lib/python3.12/site-packages/oslo_db/sqlalchemy/engines.py:325}}
Aug 19 19:28:13.694754 np0000007808 devstack@n-api-meta.service[96025]: DEBUG oslo_db.sqlalchemy.engines [None req-0a3cdc6e-0a3f-4936-99cc-5a60a3823d9a None None] MySQL server mode set to STRICT_TRANS_TABLES,STRICT_ALL_TABLES,NO_ZERO_IN_DATE,NO_ZERO_DATE,ERROR_FOR_DIVISION_BY_ZERO,TRADITIONAL,NO_ENGINE_SUBSTITUTION {{(pid=96025) _check_effective_sql_mode /opt/stack/data/venv/lib/python3.12/site-packages/oslo_db/sqlalchemy/engines.py:325}}
Aug 19 19:28:13.707661 np0000007808 devstack@n-api-meta.service[96026]: DEBUG dbcounter [-] [96026] Writer thread running {{(pid=96026) stat_writer /opt/stack/data/venv/lib/python3.12/site-packages/dbcounter.py:102}}
Aug 19 19:28:13.710814 np0000007808 devstack@n-api-meta.service[96026]: DEBUG nova.context [None req-234f24fe-98e4-4ecf-b68b-e685bd3c1493 None None] Found 2 cells: 00000000-0000-0000-0000-000000000000(cell0),e67f075e-87ce-47ec-bc1f-61364cdeaac1(cell1) {{(pid=96026) load_cells /opt/stack/nova/nova/context.py:509}}
Aug 19 19:28:13.711175 np0000007808 devstack@n-api-meta.service[96026]: INFO nova.utils [None req-234f24fe-98e4-4ecf-b68b-e685bd3c1493 None None] The cell worker thread pool MainProcess.cell_worker is initialized
Aug 19 19:28:13.713170 np0000007808 devstack@n-api-meta.service[96026]: DEBUG oslo_concurrency.lockutils [None req-234f24fe-98e4-4ecf-b68b-e685bd3c1493 None None] Acquiring lock "00000000-0000-0000-0000-000000000000" by "nova.context.set_target_cell..get_or_set_cached_cell_and_set_connections" {{(pid=96026) inner /opt/stack/data/venv/lib/python3.12/site-packages/oslo_concurrency/lockutils.py:512}}
Aug 19 19:28:13.713431 np0000007808 devstack@n-api-meta.service[96026]: DEBUG oslo_concurrency.lockutils [None req-234f24fe-98e4-4ecf-b68b-e685bd3c1493 None None] Lock "00000000-0000-0000-0000-000000000000" acquired by "nova.context.set_target_cell..get_or_set_cached_cell_and_set_connections" :: waited 0.000s {{(pid=96026) inner /opt/stack/data/venv/lib/python3.12/site-packages/oslo_concurrency/lockutils.py:525}}
Aug 19 19:28:13.713877 np0000007808 devstack@n-api-meta.service[96026]: DEBUG oslo_concurrency.lockutils [None req-234f24fe-98e4-4ecf-b68b-e685bd3c1493 None None] Lock "00000000-0000-0000-0000-000000000000" "released" by "nova.context.set_target_cell..get_or_set_cached_cell_and_set_connections" :: held 0.001s {{(pid=96026) inner /opt/stack/data/venv/lib/python3.12/site-packages/oslo_concurrency/lockutils.py:544}}
Aug 19 19:28:13.714717 np0000007808 devstack@n-api-meta.service[96026]: DEBUG oslo_concurrency.lockutils [None req-234f24fe-98e4-4ecf-b68b-e685bd3c1493 None None] Acquiring lock "e67f075e-87ce-47ec-bc1f-61364cdeaac1" by "nova.context.set_target_cell..get_or_set_cached_cell_and_set_connections" {{(pid=96026) inner /opt/stack/data/venv/lib/python3.12/site-packages/oslo_concurrency/lockutils.py:512}}
Aug 19 19:28:13.715081 np0000007808 devstack@n-api-meta.service[96026]: DEBUG oslo_concurrency.lockutils [None req-234f24fe-98e4-4ecf-b68b-e685bd3c1493 None None] Lock "e67f075e-87ce-47ec-bc1f-61364cdeaac1" acquired by "nova.context.set_target_cell..get_or_set_cached_cell_and_set_connections" :: waited 0.000s {{(pid=96026) inner /opt/stack/data/venv/lib/python3.12/site-packages/oslo_concurrency/lockutils.py:525}}
Aug 19 19:28:13.716035 np0000007808 devstack@n-api-meta.service[96026]: DEBUG oslo_concurrency.lockutils [None req-234f24fe-98e4-4ecf-b68b-e685bd3c1493 None None] Lock "e67f075e-87ce-47ec-bc1f-61364cdeaac1" "released" by "nova.context.set_target_cell..get_or_set_cached_cell_and_set_connections" :: held 0.001s {{(pid=96026) inner /opt/stack/data/venv/lib/python3.12/site-packages/oslo_concurrency/lockutils.py:544}}
Aug 19 19:28:13.717625 np0000007808 devstack@n-api-meta.service[96026]: INFO dbcounter [None req-234f24fe-98e4-4ecf-b68b-e685bd3c1493 None None] Registered counter for database nova_cell0
Aug 19 19:28:13.721052 np0000007808 devstack@n-api-meta.service[96026]: INFO dbcounter [None req-234f24fe-98e4-4ecf-b68b-e685bd3c1493 None None] Registered counter for database nova_cell1
Aug 19 19:28:13.730751 np0000007808 devstack@n-api-meta.service[96025]: DEBUG dbcounter [-] [96025] Writer thread running {{(pid=96025) stat_writer /opt/stack/data/venv/lib/python3.12/site-packages/dbcounter.py:102}}
Aug 19 19:28:13.733931 np0000007808 devstack@n-api-meta.service[96025]: DEBUG nova.context [None req-0a3cdc6e-0a3f-4936-99cc-5a60a3823d9a None None] Found 2 cells: 00000000-0000-0000-0000-000000000000(cell0),e67f075e-87ce-47ec-bc1f-61364cdeaac1(cell1) {{(pid=96025) load_cells /opt/stack/nova/nova/context.py:509}}
Aug 19 19:28:13.734287 np0000007808 devstack@n-api-meta.service[96025]: INFO nova.utils [None req-0a3cdc6e-0a3f-4936-99cc-5a60a3823d9a None None] The cell worker thread pool MainProcess.cell_worker is initialized
Aug 19 19:28:13.736634 np0000007808 devstack@n-api-meta.service[96025]: DEBUG oslo_concurrency.lockutils [None req-0a3cdc6e-0a3f-4936-99cc-5a60a3823d9a None None] Acquiring lock "00000000-0000-0000-0000-000000000000" by "nova.context.set_target_cell..get_or_set_cached_cell_and_set_connections" {{(pid=96025) inner /opt/stack/data/venv/lib/python3.12/site-packages/oslo_concurrency/lockutils.py:512}}
Aug 19 19:28:13.736862 np0000007808 devstack@n-api-meta.service[96025]: DEBUG oslo_concurrency.lockutils [None req-0a3cdc6e-0a3f-4936-99cc-5a60a3823d9a None None] Lock "00000000-0000-0000-0000-000000000000" acquired by "nova.context.set_target_cell..get_or_set_cached_cell_and_set_connections" :: waited 0.000s {{(pid=96025) inner /opt/stack/data/venv/lib/python3.12/site-packages/oslo_concurrency/lockutils.py:525}}
Aug 19 19:28:13.737389 np0000007808 devstack@n-api-meta.service[96025]: DEBUG oslo_concurrency.lockutils [None req-0a3cdc6e-0a3f-4936-99cc-5a60a3823d9a None None] Lock "00000000-0000-0000-0000-000000000000" "released" by "nova.context.set_target_cell..get_or_set_cached_cell_and_set_connections" :: held 0.001s {{(pid=96025) inner /opt/stack/data/venv/lib/python3.12/site-packages/oslo_concurrency/lockutils.py:544}}
Aug 19 19:28:13.738312 np0000007808 devstack@n-api-meta.service[96025]: DEBUG oslo_concurrency.lockutils [None req-0a3cdc6e-0a3f-4936-99cc-5a60a3823d9a None None] Acquiring lock "e67f075e-87ce-47ec-bc1f-61364cdeaac1" by "nova.context.set_target_cell..get_or_set_cached_cell_and_set_connections" {{(pid=96025) inner /opt/stack/data/venv/lib/python3.12/site-packages/oslo_concurrency/lockutils.py:512}}
Aug 19 19:28:13.738624 np0000007808 devstack@n-api-meta.service[96025]: DEBUG oslo_concurrency.lockutils [None req-0a3cdc6e-0a3f-4936-99cc-5a60a3823d9a None None] Lock "e67f075e-87ce-47ec-bc1f-61364cdeaac1" acquired by "nova.context.set_target_cell..get_or_set_cached_cell_and_set_connections" :: waited 0.000s {{(pid=96025) inner /opt/stack/data/venv/lib/python3.12/site-packages/oslo_concurrency/lockutils.py:525}}
Aug 19 19:28:13.741637 np0000007808 devstack@n-api-meta.service[96025]: INFO dbcounter [None req-0a3cdc6e-0a3f-4936-99cc-5a60a3823d9a None None] Registered counter for database nova_cell0
Aug 19 19:28:13.743329 np0000007808 devstack@n-api-meta.service[96025]: DEBUG oslo_concurrency.lockutils [None req-0a3cdc6e-0a3f-4936-99cc-5a60a3823d9a None None] Lock "e67f075e-87ce-47ec-bc1f-61364cdeaac1" "released" by "nova.context.set_target_cell..get_or_set_cached_cell_and_set_connections" :: held 0.003s {{(pid=96025) inner /opt/stack/data/venv/lib/python3.12/site-packages/oslo_concurrency/lockutils.py:544}}
Aug 19 19:28:13.745707 np0000007808 devstack@n-api-meta.service[96025]: INFO dbcounter [None req-0a3cdc6e-0a3f-4936-99cc-5a60a3823d9a None None] Registered counter for database nova_cell1
Aug 19 19:28:13.782447 np0000007808 devstack@n-api-meta.service[96026]: DEBUG oslo_db.sqlalchemy.engines [None req-234f24fe-98e4-4ecf-b68b-e685bd3c1493 None None] MySQL server mode set to STRICT_TRANS_TABLES,STRICT_ALL_TABLES,NO_ZERO_IN_DATE,NO_ZERO_DATE,ERROR_FOR_DIVISION_BY_ZERO,TRADITIONAL,NO_ENGINE_SUBSTITUTION {{(pid=96026) _check_effective_sql_mode /opt/stack/data/venv/lib/python3.12/site-packages/oslo_db/sqlalchemy/engines.py:325}}
Aug 19 19:28:13.793151 np0000007808 devstack@n-api-meta.service[96026]: DEBUG oslo_db.sqlalchemy.engines [None req-234f24fe-98e4-4ecf-b68b-e685bd3c1493 None None] MySQL server mode set to STRICT_TRANS_TABLES,STRICT_ALL_TABLES,NO_ZERO_IN_DATE,NO_ZERO_DATE,ERROR_FOR_DIVISION_BY_ZERO,TRADITIONAL,NO_ENGINE_SUBSTITUTION {{(pid=96026) _check_effective_sql_mode /opt/stack/data/venv/lib/python3.12/site-packages/oslo_db/sqlalchemy/engines.py:325}}
Aug 19 19:28:13.800720 np0000007808 devstack@n-api-meta.service[96025]: DEBUG oslo_db.sqlalchemy.engines [None req-0a3cdc6e-0a3f-4936-99cc-5a60a3823d9a None None] MySQL server mode set to STRICT_TRANS_TABLES,STRICT_ALL_TABLES,NO_ZERO_IN_DATE,NO_ZERO_DATE,ERROR_FOR_DIVISION_BY_ZERO,TRADITIONAL,NO_ENGINE_SUBSTITUTION {{(pid=96025) _check_effective_sql_mode /opt/stack/data/venv/lib/python3.12/site-packages/oslo_db/sqlalchemy/engines.py:325}}
Aug 19 19:28:13.804074 np0000007808 devstack@n-api-meta.service[96023]: INFO dbcounter [None req-73d41f73-354b-41f8-b713-3302c1f03c82 None None] Registered counter for database nova_api
Aug 19 19:28:13.863312 np0000007808 devstack@n-api-meta.service[96025]: DEBUG oslo_db.sqlalchemy.engines [None req-0a3cdc6e-0a3f-4936-99cc-5a60a3823d9a None None] MySQL server mode set to STRICT_TRANS_TABLES,STRICT_ALL_TABLES,NO_ZERO_IN_DATE,NO_ZERO_DATE,ERROR_FOR_DIVISION_BY_ZERO,TRADITIONAL,NO_ENGINE_SUBSTITUTION {{(pid=96025) _check_effective_sql_mode /opt/stack/data/venv/lib/python3.12/site-packages/oslo_db/sqlalchemy/engines.py:325}}
Aug 19 19:28:13.870573 np0000007808 devstack@n-api-meta.service[96023]: DEBUG oslo_db.sqlalchemy.engines [None req-73d41f73-354b-41f8-b713-3302c1f03c82 None None] MySQL server mode set to STRICT_TRANS_TABLES,STRICT_ALL_TABLES,NO_ZERO_IN_DATE,NO_ZERO_DATE,ERROR_FOR_DIVISION_BY_ZERO,TRADITIONAL,NO_ENGINE_SUBSTITUTION {{(pid=96023) _check_effective_sql_mode /opt/stack/data/venv/lib/python3.12/site-packages/oslo_db/sqlalchemy/engines.py:325}}
Aug 19 19:28:13.896172 np0000007808 devstack@n-api-meta.service[96026]: DEBUG dbcounter [-] [96026] Writer thread running {{(pid=96026) stat_writer /opt/stack/data/venv/lib/python3.12/site-packages/dbcounter.py:102}}
Aug 19 19:28:13.902301 np0000007808 devstack@n-api-meta.service[96024]: INFO dbcounter [None req-27a9c598-4c8f-4403-a636-c50df3ea2f0a None None] Registered counter for database nova_api
Aug 19 19:28:13.902741 np0000007808 devstack@n-api-meta.service[96026]: DEBUG dbcounter [-] [96026] Writer thread running {{(pid=96026) stat_writer /opt/stack/data/venv/lib/python3.12/site-packages/dbcounter.py:102}}
Aug 19 19:28:13.907813 np0000007808 devstack@n-api-meta.service[96026]: INFO dbcounter [None req-234f24fe-98e4-4ecf-b68b-e685bd3c1493 None None] Registered counter for database nova_cell0
Aug 19 19:28:13.915610 np0000007808 devstack@n-api-meta.service[96023]: DEBUG dbcounter [-] [96023] Writer thread running {{(pid=96023) stat_writer /opt/stack/data/venv/lib/python3.12/site-packages/dbcounter.py:102}}
Aug 19 19:28:13.918073 np0000007808 devstack@n-api-meta.service[96025]: DEBUG dbcounter [-] [96025] Writer thread running {{(pid=96025) stat_writer /opt/stack/data/venv/lib/python3.12/site-packages/dbcounter.py:102}}
Aug 19 19:28:13.919011 np0000007808 devstack@n-api-meta.service[96023]: DEBUG nova.context [None req-73d41f73-354b-41f8-b713-3302c1f03c82 None None] Found 2 cells: 00000000-0000-0000-0000-000000000000(cell0),e67f075e-87ce-47ec-bc1f-61364cdeaac1(cell1) {{(pid=96023) load_cells /opt/stack/nova/nova/context.py:509}}
Aug 19 19:28:13.919323 np0000007808 devstack@n-api-meta.service[96023]: INFO nova.utils [None req-73d41f73-354b-41f8-b713-3302c1f03c82 None None] The cell worker thread pool MainProcess.cell_worker is initialized
Aug 19 19:28:13.921551 np0000007808 devstack@n-api-meta.service[96023]: DEBUG oslo_concurrency.lockutils [None req-73d41f73-354b-41f8-b713-3302c1f03c82 None None] Acquiring lock "00000000-0000-0000-0000-000000000000" by "nova.context.set_target_cell..get_or_set_cached_cell_and_set_connections" {{(pid=96023) inner /opt/stack/data/venv/lib/python3.12/site-packages/oslo_concurrency/lockutils.py:512}}
Aug 19 19:28:13.921745 np0000007808 devstack@n-api-meta.service[96023]: DEBUG oslo_concurrency.lockutils [None req-73d41f73-354b-41f8-b713-3302c1f03c82 None None] Lock "00000000-0000-0000-0000-000000000000" acquired by "nova.context.set_target_cell..get_or_set_cached_cell_and_set_connections" :: waited 0.000s {{(pid=96023) inner /opt/stack/data/venv/lib/python3.12/site-packages/oslo_concurrency/lockutils.py:525}}
Aug 19 19:28:13.922240 np0000007808 devstack@n-api-meta.service[96023]: DEBUG oslo_concurrency.lockutils [None req-73d41f73-354b-41f8-b713-3302c1f03c82 None None] Lock "00000000-0000-0000-0000-000000000000" "released" by "nova.context.set_target_cell..get_or_set_cached_cell_and_set_connections" :: held 0.000s {{(pid=96023) inner /opt/stack/data/venv/lib/python3.12/site-packages/oslo_concurrency/lockutils.py:544}}
Aug 19 19:28:13.922969 np0000007808 devstack@n-api-meta.service[96023]: DEBUG oslo_concurrency.lockutils [None req-73d41f73-354b-41f8-b713-3302c1f03c82 None None] Acquiring lock "e67f075e-87ce-47ec-bc1f-61364cdeaac1" by "nova.context.set_target_cell..get_or_set_cached_cell_and_set_connections" {{(pid=96023) inner /opt/stack/data/venv/lib/python3.12/site-packages/oslo_concurrency/lockutils.py:512}}
Aug 19 19:28:13.923127 np0000007808 devstack@n-api-meta.service[96023]: DEBUG oslo_concurrency.lockutils [None req-73d41f73-354b-41f8-b713-3302c1f03c82 None None] Lock "e67f075e-87ce-47ec-bc1f-61364cdeaac1" acquired by "nova.context.set_target_cell..get_or_set_cached_cell_and_set_connections" :: waited 0.000s {{(pid=96023) inner /opt/stack/data/venv/lib/python3.12/site-packages/oslo_concurrency/lockutils.py:525}}
Aug 19 19:28:13.923938 np0000007808 devstack@n-api-meta.service[96023]: DEBUG oslo_concurrency.lockutils [None req-73d41f73-354b-41f8-b713-3302c1f03c82 None None] Lock "e67f075e-87ce-47ec-bc1f-61364cdeaac1" "released" by "nova.context.set_target_cell..get_or_set_cached_cell_and_set_connections" :: held 0.001s {{(pid=96023) inner /opt/stack/data/venv/lib/python3.12/site-packages/oslo_concurrency/lockutils.py:544}}
Aug 19 19:28:13.925786 np0000007808 devstack@n-api-meta.service[96025]: DEBUG dbcounter [-] [96025] Writer thread running {{(pid=96025) stat_writer /opt/stack/data/venv/lib/python3.12/site-packages/dbcounter.py:102}}
Aug 19 19:28:13.926652 np0000007808 devstack@n-api-meta.service[96023]: INFO dbcounter [None req-73d41f73-354b-41f8-b713-3302c1f03c82 None None] Registered counter for database nova_cell0
Aug 19 19:28:13.930702 np0000007808 devstack@n-api-meta.service[96025]: INFO dbcounter [None req-0a3cdc6e-0a3f-4936-99cc-5a60a3823d9a None None] Registered counter for database nova_cell0
Aug 19 19:28:13.930925 np0000007808 devstack@n-api-meta.service[96023]: INFO dbcounter [None req-73d41f73-354b-41f8-b713-3302c1f03c82 None None] Registered counter for database nova_cell1
Aug 19 19:28:13.950750 np0000007808 devstack@n-api-meta.service[96026]: DEBUG oslo_db.sqlalchemy.engines [None req-234f24fe-98e4-4ecf-b68b-e685bd3c1493 None None] MySQL server mode set to STRICT_TRANS_TABLES,STRICT_ALL_TABLES,NO_ZERO_IN_DATE,NO_ZERO_DATE,ERROR_FOR_DIVISION_BY_ZERO,TRADITIONAL,NO_ENGINE_SUBSTITUTION {{(pid=96026) _check_effective_sql_mode /opt/stack/data/venv/lib/python3.12/site-packages/oslo_db/sqlalchemy/engines.py:325}}
Aug 19 19:28:13.959540 np0000007808 devstack@n-api-meta.service[96026]: DEBUG dbcounter [-] [96026] Writer thread running {{(pid=96026) stat_writer /opt/stack/data/venv/lib/python3.12/site-packages/dbcounter.py:102}}
Aug 19 19:28:13.961097 np0000007808 devstack@n-api-meta.service[96024]: DEBUG oslo_db.sqlalchemy.engines [None req-27a9c598-4c8f-4403-a636-c50df3ea2f0a None None] MySQL server mode set to STRICT_TRANS_TABLES,STRICT_ALL_TABLES,NO_ZERO_IN_DATE,NO_ZERO_DATE,ERROR_FOR_DIVISION_BY_ZERO,TRADITIONAL,NO_ENGINE_SUBSTITUTION {{(pid=96024) _check_effective_sql_mode /opt/stack/data/venv/lib/python3.12/site-packages/oslo_db/sqlalchemy/engines.py:325}}
Aug 19 19:28:13.987137 np0000007808 devstack@n-api-meta.service[96023]: DEBUG oslo_db.sqlalchemy.engines [None req-73d41f73-354b-41f8-b713-3302c1f03c82 None None] MySQL server mode set to STRICT_TRANS_TABLES,STRICT_ALL_TABLES,NO_ZERO_IN_DATE,NO_ZERO_DATE,ERROR_FOR_DIVISION_BY_ZERO,TRADITIONAL,NO_ENGINE_SUBSTITUTION {{(pid=96023) _check_effective_sql_mode /opt/stack/data/venv/lib/python3.12/site-packages/oslo_db/sqlalchemy/engines.py:325}}
Aug 19 19:28:13.989755 np0000007808 devstack@n-api-meta.service[96025]: DEBUG oslo_db.sqlalchemy.engines [None req-0a3cdc6e-0a3f-4936-99cc-5a60a3823d9a None None] MySQL server mode set to STRICT_TRANS_TABLES,STRICT_ALL_TABLES,NO_ZERO_IN_DATE,NO_ZERO_DATE,ERROR_FOR_DIVISION_BY_ZERO,TRADITIONAL,NO_ENGINE_SUBSTITUTION {{(pid=96025) _check_effective_sql_mode /opt/stack/data/venv/lib/python3.12/site-packages/oslo_db/sqlalchemy/engines.py:325}}
Aug 19 19:28:13.999396 np0000007808 devstack@n-api-meta.service[96025]: DEBUG dbcounter [-] [96025] Writer thread running {{(pid=96025) stat_writer /opt/stack/data/venv/lib/python3.12/site-packages/dbcounter.py:102}}
Aug 19 19:28:14.001431 np0000007808 devstack@n-api-meta.service[96024]: DEBUG dbcounter [-] [96024] Writer thread running {{(pid=96024) stat_writer /opt/stack/data/venv/lib/python3.12/site-packages/dbcounter.py:102}}
Aug 19 19:28:14.004804 np0000007808 devstack@n-api-meta.service[96024]: DEBUG nova.context [None req-27a9c598-4c8f-4403-a636-c50df3ea2f0a None None] Found 2 cells: 00000000-0000-0000-0000-000000000000(cell0),e67f075e-87ce-47ec-bc1f-61364cdeaac1(cell1) {{(pid=96024) load_cells /opt/stack/nova/nova/context.py:509}}
Aug 19 19:28:14.005168 np0000007808 devstack@n-api-meta.service[96024]: INFO nova.utils [None req-27a9c598-4c8f-4403-a636-c50df3ea2f0a None None] The cell worker thread pool MainProcess.cell_worker is initialized
Aug 19 19:28:14.007657 np0000007808 devstack@n-api-meta.service[96024]: DEBUG oslo_concurrency.lockutils [None req-27a9c598-4c8f-4403-a636-c50df3ea2f0a None None] Acquiring lock "00000000-0000-0000-0000-000000000000" by "nova.context.set_target_cell..get_or_set_cached_cell_and_set_connections" {{(pid=96024) inner /opt/stack/data/venv/lib/python3.12/site-packages/oslo_concurrency/lockutils.py:512}}
Aug 19 19:28:14.007909 np0000007808 devstack@n-api-meta.service[96024]: DEBUG oslo_concurrency.lockutils [None req-27a9c598-4c8f-4403-a636-c50df3ea2f0a None None] Lock "00000000-0000-0000-0000-000000000000" acquired by "nova.context.set_target_cell..get_or_set_cached_cell_and_set_connections" :: waited 0.000s {{(pid=96024) inner /opt/stack/data/venv/lib/python3.12/site-packages/oslo_concurrency/lockutils.py:525}}
Aug 19 19:28:14.008585 np0000007808 devstack@n-api-meta.service[96024]: DEBUG oslo_concurrency.lockutils [None req-27a9c598-4c8f-4403-a636-c50df3ea2f0a None None] Lock "00000000-0000-0000-0000-000000000000" "released" by "nova.context.set_target_cell..get_or_set_cached_cell_and_set_connections" :: held 0.001s {{(pid=96024) inner /opt/stack/data/venv/lib/python3.12/site-packages/oslo_concurrency/lockutils.py:544}}
Aug 19 19:28:14.009618 np0000007808 devstack@n-api-meta.service[96024]: DEBUG oslo_concurrency.lockutils [None req-27a9c598-4c8f-4403-a636-c50df3ea2f0a None None] Acquiring lock "e67f075e-87ce-47ec-bc1f-61364cdeaac1" by "nova.context.set_target_cell..get_or_set_cached_cell_and_set_connections" {{(pid=96024) inner /opt/stack/data/venv/lib/python3.12/site-packages/oslo_concurrency/lockutils.py:512}}
Aug 19 19:28:14.009833 np0000007808 devstack@n-api-meta.service[96024]: DEBUG oslo_concurrency.lockutils [None req-27a9c598-4c8f-4403-a636-c50df3ea2f0a None None] Lock "e67f075e-87ce-47ec-bc1f-61364cdeaac1" acquired by "nova.context.set_target_cell..get_or_set_cached_cell_and_set_connections" :: waited 0.000s {{(pid=96024) inner /opt/stack/data/venv/lib/python3.12/site-packages/oslo_concurrency/lockutils.py:525}}
Aug 19 19:28:14.011008 np0000007808 devstack@n-api-meta.service[96024]: DEBUG oslo_concurrency.lockutils [None req-27a9c598-4c8f-4403-a636-c50df3ea2f0a None None] Lock "e67f075e-87ce-47ec-bc1f-61364cdeaac1" "released" by "nova.context.set_target_cell..get_or_set_cached_cell_and_set_connections" :: held 0.001s {{(pid=96024) inner /opt/stack/data/venv/lib/python3.12/site-packages/oslo_concurrency/lockutils.py:544}}
Aug 19 19:28:14.013265 np0000007808 devstack@n-api-meta.service[96024]: INFO dbcounter [None req-27a9c598-4c8f-4403-a636-c50df3ea2f0a None None] Registered counter for database nova_cell0
Aug 19 19:28:14.015926 np0000007808 devstack@n-api-meta.service[96026]: WARNING nova.api.metadata.handler [None req-234f24fe-98e4-4ecf-b68b-e685bd3c1493 None None] metadata_proxy_shared_secret is not configured, the metadata information returned by the proxy cannot be trusted
Aug 19 19:28:14.017126 np0000007808 devstack@n-api-meta.service[96024]: INFO dbcounter [None req-27a9c598-4c8f-4403-a636-c50df3ea2f0a None None] Registered counter for database nova_cell1
Aug 19 19:28:14.019042 np0000007808 devstack@n-api-meta.service[96026]: DEBUG nova.api.openstack.wsgi_app [None req-234f24fe-98e4-4ecf-b68b-e685bd3c1493 None None] ******************************************************************************** {{(pid=96026) log_opt_values /opt/stack/data/venv/lib/python3.12/site-packages/oslo_config/cfg.py:3533}}
Aug 19 19:28:14.019200 np0000007808 devstack@n-api-meta.service[96026]: DEBUG nova.api.openstack.wsgi_app [None req-234f24fe-98e4-4ecf-b68b-e685bd3c1493 None None] Configuration options gathered from: {{(pid=96026) log_opt_values /opt/stack/data/venv/lib/python3.12/site-packages/oslo_config/cfg.py:3534}}
Aug 19 19:28:14.019411 np0000007808 devstack@n-api-meta.service[96026]: DEBUG nova.api.openstack.wsgi_app [None req-234f24fe-98e4-4ecf-b68b-e685bd3c1493 None None] command line args: [] {{(pid=96026) log_opt_values /opt/stack/data/venv/lib/python3.12/site-packages/oslo_config/cfg.py:3535}}
Aug 19 19:28:14.019632 np0000007808 devstack@n-api-meta.service[96026]: DEBUG nova.api.openstack.wsgi_app [None req-234f24fe-98e4-4ecf-b68b-e685bd3c1493 None None] config files: ['/etc/nova/api-paste.ini', '/etc/nova/nova.conf'] {{(pid=96026) log_opt_values /opt/stack/data/venv/lib/python3.12/site-packages/oslo_config/cfg.py:3536}}
Aug 19 19:28:14.019732 np0000007808 devstack@n-api-meta.service[96026]: DEBUG nova.api.openstack.wsgi_app [None req-234f24fe-98e4-4ecf-b68b-e685bd3c1493 None None] ================================================================================ {{(pid=96026) log_opt_values /opt/stack/data/venv/lib/python3.12/site-packages/oslo_config/cfg.py:3541}}
Aug 19 19:28:14.019976 np0000007808 devstack@n-api-meta.service[96026]: DEBUG nova.api.openstack.wsgi_app [None req-234f24fe-98e4-4ecf-b68b-e685bd3c1493 None None] allow_resize_to_same_host = True {{(pid=96026) log_opt_values /opt/stack/data/venv/lib/python3.12/site-packages/oslo_config/cfg.py:3549}}
Aug 19 19:28:14.020209 np0000007808 devstack@n-api-meta.service[96026]: DEBUG nova.api.openstack.wsgi_app [None req-234f24fe-98e4-4ecf-b68b-e685bd3c1493 None None] arq_binding_timeout = 300 {{(pid=96026) log_opt_values /opt/stack/data/venv/lib/python3.12/site-packages/oslo_config/cfg.py:3549}}
Aug 19 19:28:14.020388 np0000007808 devstack@n-api-meta.service[96026]: DEBUG nova.api.openstack.wsgi_app [None req-234f24fe-98e4-4ecf-b68b-e685bd3c1493 None None] block_device_allocate_retries = 60 {{(pid=96026) log_opt_values /opt/stack/data/venv/lib/python3.12/site-packages/oslo_config/cfg.py:3549}}
Aug 19 19:28:14.020611 np0000007808 devstack@n-api-meta.service[96026]: DEBUG nova.api.openstack.wsgi_app [None req-234f24fe-98e4-4ecf-b68b-e685bd3c1493 None None] block_device_allocate_retries_interval = 3 {{(pid=96026) log_opt_values /opt/stack/data/venv/lib/python3.12/site-packages/oslo_config/cfg.py:3549}}
Aug 19 19:28:14.020760 np0000007808 devstack@n-api-meta.service[96026]: DEBUG nova.api.openstack.wsgi_app [None req-234f24fe-98e4-4ecf-b68b-e685bd3c1493 None None] cell_worker_thread_pool_size = 5 {{(pid=96026) log_opt_values /opt/stack/data/venv/lib/python3.12/site-packages/oslo_config/cfg.py:3549}}
Aug 19 19:28:14.020952 np0000007808 devstack@n-api-meta.service[96026]: DEBUG nova.api.openstack.wsgi_app [None req-234f24fe-98e4-4ecf-b68b-e685bd3c1493 None None] cert = self.pem {{(pid=96026) log_opt_values /opt/stack/data/venv/lib/python3.12/site-packages/oslo_config/cfg.py:3549}}
Aug 19 19:28:14.021166 np0000007808 devstack@n-api-meta.service[96026]: DEBUG nova.api.openstack.wsgi_app [None req-234f24fe-98e4-4ecf-b68b-e685bd3c1493 None None] compute_driver = libvirt.LibvirtDriver {{(pid=96026) log_opt_values /opt/stack/data/venv/lib/python3.12/site-packages/oslo_config/cfg.py:3549}}
Aug 19 19:28:14.021385 np0000007808 devstack@n-api-meta.service[96026]: DEBUG nova.api.openstack.wsgi_app [None req-234f24fe-98e4-4ecf-b68b-e685bd3c1493 None None] compute_monitors = [] {{(pid=96026) log_opt_values /opt/stack/data/venv/lib/python3.12/site-packages/oslo_config/cfg.py:3549}}
Aug 19 19:28:14.021568 np0000007808 devstack@n-api-meta.service[96026]: DEBUG nova.api.openstack.wsgi_app [None req-234f24fe-98e4-4ecf-b68b-e685bd3c1493 None None] concurrency_backend = auto {{(pid=96026) log_opt_values /opt/stack/data/venv/lib/python3.12/site-packages/oslo_config/cfg.py:3549}}
Aug 19 19:28:14.021764 np0000007808 devstack@n-api-meta.service[96026]: DEBUG nova.api.openstack.wsgi_app [None req-234f24fe-98e4-4ecf-b68b-e685bd3c1493 None None] config_dir = [] {{(pid=96026) log_opt_values /opt/stack/data/venv/lib/python3.12/site-packages/oslo_config/cfg.py:3549}}
Aug 19 19:28:14.021953 np0000007808 devstack@n-api-meta.service[96026]: DEBUG nova.api.openstack.wsgi_app [None req-234f24fe-98e4-4ecf-b68b-e685bd3c1493 None None] config_drive_format = iso9660 {{(pid=96026) log_opt_values /opt/stack/data/venv/lib/python3.12/site-packages/oslo_config/cfg.py:3549}}
Aug 19 19:28:14.022119 np0000007808 devstack@n-api-meta.service[96026]: DEBUG nova.api.openstack.wsgi_app [None req-234f24fe-98e4-4ecf-b68b-e685bd3c1493 None None] config_file = ['/etc/nova/api-paste.ini', '/etc/nova/nova.conf'] {{(pid=96026) log_opt_values /opt/stack/data/venv/lib/python3.12/site-packages/oslo_config/cfg.py:3549}}
Aug 19 19:28:14.022314 np0000007808 devstack@n-api-meta.service[96026]: DEBUG nova.api.openstack.wsgi_app [None req-234f24fe-98e4-4ecf-b68b-e685bd3c1493 None None] config_source = [] {{(pid=96026) log_opt_values /opt/stack/data/venv/lib/python3.12/site-packages/oslo_config/cfg.py:3549}}
Aug 19 19:28:14.022512 np0000007808 devstack@n-api-meta.service[96026]: DEBUG nova.api.openstack.wsgi_app [None req-234f24fe-98e4-4ecf-b68b-e685bd3c1493 None None] console_host = np0000007808 {{(pid=96026) log_opt_values /opt/stack/data/venv/lib/python3.12/site-packages/oslo_config/cfg.py:3549}}
Aug 19 19:28:14.022686 np0000007808 devstack@n-api-meta.service[96026]: DEBUG nova.api.openstack.wsgi_app [None req-234f24fe-98e4-4ecf-b68b-e685bd3c1493 None None] control_exchange = nova {{(pid=96026) log_opt_values /opt/stack/data/venv/lib/python3.12/site-packages/oslo_config/cfg.py:3549}}
Aug 19 19:28:14.022852 np0000007808 devstack@n-api-meta.service[96026]: DEBUG nova.api.openstack.wsgi_app [None req-234f24fe-98e4-4ecf-b68b-e685bd3c1493 None None] cpu_allocation_ratio = None {{(pid=96026) log_opt_values /opt/stack/data/venv/lib/python3.12/site-packages/oslo_config/cfg.py:3549}}
Aug 19 19:28:14.023034 np0000007808 devstack@n-api-meta.service[96026]: DEBUG nova.api.openstack.wsgi_app [None req-234f24fe-98e4-4ecf-b68b-e685bd3c1493 None None] daemon = False {{(pid=96026) log_opt_values /opt/stack/data/venv/lib/python3.12/site-packages/oslo_config/cfg.py:3549}}
Aug 19 19:28:14.023206 np0000007808 devstack@n-api-meta.service[96026]: DEBUG nova.api.openstack.wsgi_app [None req-234f24fe-98e4-4ecf-b68b-e685bd3c1493 None None] debug = True {{(pid=96026) log_opt_values /opt/stack/data/venv/lib/python3.12/site-packages/oslo_config/cfg.py:3549}}
Aug 19 19:28:14.023351 np0000007808 devstack@n-api-meta.service[96026]: DEBUG nova.api.openstack.wsgi_app [None req-234f24fe-98e4-4ecf-b68b-e685bd3c1493 None None] default_access_ip_network_name = None {{(pid=96026) log_opt_values /opt/stack/data/venv/lib/python3.12/site-packages/oslo_config/cfg.py:3549}}
Aug 19 19:28:14.023616 np0000007808 devstack@n-api-meta.service[96026]: DEBUG nova.api.openstack.wsgi_app [None req-234f24fe-98e4-4ecf-b68b-e685bd3c1493 None None] default_availability_zone = nova {{(pid=96026) log_opt_values /opt/stack/data/venv/lib/python3.12/site-packages/oslo_config/cfg.py:3549}}
Aug 19 19:28:14.023616 np0000007808 devstack@n-api-meta.service[96026]: DEBUG nova.api.openstack.wsgi_app [None req-234f24fe-98e4-4ecf-b68b-e685bd3c1493 None None] default_ephemeral_format = ext4 {{(pid=96026) log_opt_values /opt/stack/data/venv/lib/python3.12/site-packages/oslo_config/cfg.py:3549}}
Aug 19 19:28:14.023721 np0000007808 devstack@n-api-meta.service[96026]: DEBUG nova.api.openstack.wsgi_app [None req-234f24fe-98e4-4ecf-b68b-e685bd3c1493 None None] default_green_pool_size = 1000 {{(pid=96026) log_opt_values /opt/stack/data/venv/lib/python3.12/site-packages/oslo_config/cfg.py:3549}}
Aug 19 19:28:14.023911 np0000007808 devstack@n-api-meta.service[96026]: DEBUG nova.api.openstack.wsgi_app [None req-234f24fe-98e4-4ecf-b68b-e685bd3c1493 None None] default_log_levels = ['amqp=WARN', 'boto=WARN', 'sqlalchemy=WARN', 'suds=INFO', 'oslo.messaging=INFO', 'oslo_messaging=INFO', 'iso8601=WARN', 'requests.packages.urllib3.connectionpool=WARN', 'urllib3.connectionpool=WARN', 'websocket=WARN', 'requests.packages.urllib3.util.retry=WARN', 'urllib3.util.retry=WARN', 'keystonemiddleware=WARN', 'routes.middleware=WARN', 'stevedore=WARN', 'taskflow=WARN', 'keystoneauth=WARN', 'oslo.cache=INFO', 'oslo_policy=INFO', 'dogpile.core.dogpile=INFO', 'glanceclient=WARN', 'oslo.privsep.daemon=INFO'] {{(pid=96026) log_opt_values /opt/stack/data/venv/lib/python3.12/site-packages/oslo_config/cfg.py:3549}}
Aug 19 19:28:14.024086 np0000007808 devstack@n-api-meta.service[96026]: DEBUG nova.api.openstack.wsgi_app [None req-234f24fe-98e4-4ecf-b68b-e685bd3c1493 None None] default_schedule_zone = None {{(pid=96026) log_opt_values /opt/stack/data/venv/lib/python3.12/site-packages/oslo_config/cfg.py:3549}}
Aug 19 19:28:14.024210 np0000007808 devstack@n-api-meta.service[96026]: DEBUG nova.api.openstack.wsgi_app [None req-234f24fe-98e4-4ecf-b68b-e685bd3c1493 None None] default_thread_pool_size = 10 {{(pid=96026) log_opt_values /opt/stack/data/venv/lib/python3.12/site-packages/oslo_config/cfg.py:3549}}
Aug 19 19:28:14.024416 np0000007808 devstack@n-api-meta.service[96026]: DEBUG nova.api.openstack.wsgi_app [None req-234f24fe-98e4-4ecf-b68b-e685bd3c1493 None None] disk_allocation_ratio = None {{(pid=96026) log_opt_values /opt/stack/data/venv/lib/python3.12/site-packages/oslo_config/cfg.py:3549}}
Aug 19 19:28:14.024613 np0000007808 devstack@n-api-meta.service[96026]: DEBUG nova.api.openstack.wsgi_app [None req-234f24fe-98e4-4ecf-b68b-e685bd3c1493 None None] enable_new_services = True {{(pid=96026) log_opt_values /opt/stack/data/venv/lib/python3.12/site-packages/oslo_config/cfg.py:3549}}
Aug 19 19:28:14.024797 np0000007808 devstack@n-api-meta.service[96026]: DEBUG nova.api.openstack.wsgi_app [None req-234f24fe-98e4-4ecf-b68b-e685bd3c1493 None None] flat_injected = False {{(pid=96026) log_opt_values /opt/stack/data/venv/lib/python3.12/site-packages/oslo_config/cfg.py:3549}}
Aug 19 19:28:14.025000 np0000007808 devstack@n-api-meta.service[96026]: DEBUG nova.api.openstack.wsgi_app [None req-234f24fe-98e4-4ecf-b68b-e685bd3c1493 None None] force_config_drive = True {{(pid=96026) log_opt_values /opt/stack/data/venv/lib/python3.12/site-packages/oslo_config/cfg.py:3549}}
Aug 19 19:28:14.025157 np0000007808 devstack@n-api-meta.service[96026]: DEBUG nova.api.openstack.wsgi_app [None req-234f24fe-98e4-4ecf-b68b-e685bd3c1493 None None] force_raw_images = True {{(pid=96026) log_opt_values /opt/stack/data/venv/lib/python3.12/site-packages/oslo_config/cfg.py:3549}}
Aug 19 19:28:14.025326 np0000007808 devstack@n-api-meta.service[96026]: DEBUG nova.api.openstack.wsgi_app [None req-234f24fe-98e4-4ecf-b68b-e685bd3c1493 None None] graceful_shutdown_timeout = 5 {{(pid=96026) log_opt_values /opt/stack/data/venv/lib/python3.12/site-packages/oslo_config/cfg.py:3549}}
Aug 19 19:28:14.025473 np0000007808 devstack@n-api-meta.service[96026]: DEBUG nova.api.openstack.wsgi_app [None req-234f24fe-98e4-4ecf-b68b-e685bd3c1493 None None] heal_instance_info_cache_interval = -1 {{(pid=96026) log_opt_values /opt/stack/data/venv/lib/python3.12/site-packages/oslo_config/cfg.py:3549}}
Aug 19 19:28:14.025721 np0000007808 devstack@n-api-meta.service[96026]: DEBUG nova.api.openstack.wsgi_app [None req-234f24fe-98e4-4ecf-b68b-e685bd3c1493 None None] host = np0000007808 {{(pid=96026) log_opt_values /opt/stack/data/venv/lib/python3.12/site-packages/oslo_config/cfg.py:3549}}
Aug 19 19:28:14.025885 np0000007808 devstack@n-api-meta.service[96026]: DEBUG nova.api.openstack.wsgi_app [None req-234f24fe-98e4-4ecf-b68b-e685bd3c1493 None None] initial_cpu_allocation_ratio = 4.0 {{(pid=96026) log_opt_values /opt/stack/data/venv/lib/python3.12/site-packages/oslo_config/cfg.py:3549}}
Aug 19 19:28:14.026037 np0000007808 devstack@n-api-meta.service[96026]: DEBUG nova.api.openstack.wsgi_app [None req-234f24fe-98e4-4ecf-b68b-e685bd3c1493 None None] initial_disk_allocation_ratio = 1.0 {{(pid=96026) log_opt_values /opt/stack/data/venv/lib/python3.12/site-packages/oslo_config/cfg.py:3549}}
Aug 19 19:28:14.026179 np0000007808 devstack@n-api-meta.service[96026]: DEBUG nova.api.openstack.wsgi_app [None req-234f24fe-98e4-4ecf-b68b-e685bd3c1493 None None] initial_ram_allocation_ratio = 1.0 {{(pid=96026) log_opt_values /opt/stack/data/venv/lib/python3.12/site-packages/oslo_config/cfg.py:3549}}
Aug 19 19:28:14.026397 np0000007808 devstack@n-api-meta.service[96026]: DEBUG nova.api.openstack.wsgi_app [None req-234f24fe-98e4-4ecf-b68b-e685bd3c1493 None None] injected_network_template = /opt/stack/nova/nova/virt/interfaces.template {{(pid=96026) log_opt_values /opt/stack/data/venv/lib/python3.12/site-packages/oslo_config/cfg.py:3549}}
Aug 19 19:28:14.026524 np0000007808 devstack@n-api-meta.service[96026]: DEBUG nova.api.openstack.wsgi_app [None req-234f24fe-98e4-4ecf-b68b-e685bd3c1493 None None] instance_build_timeout = 0 {{(pid=96026) log_opt_values /opt/stack/data/venv/lib/python3.12/site-packages/oslo_config/cfg.py:3549}}
Aug 19 19:28:14.026690 np0000007808 devstack@n-api-meta.service[96026]: DEBUG nova.api.openstack.wsgi_app [None req-234f24fe-98e4-4ecf-b68b-e685bd3c1493 None None] instance_delete_interval = 300 {{(pid=96026) log_opt_values /opt/stack/data/venv/lib/python3.12/site-packages/oslo_config/cfg.py:3549}}
Aug 19 19:28:14.026823 np0000007808 devstack@n-api-meta.service[96026]: DEBUG nova.api.openstack.wsgi_app [None req-234f24fe-98e4-4ecf-b68b-e685bd3c1493 None None] instance_format = [instance: %(uuid)s] {{(pid=96026) log_opt_values /opt/stack/data/venv/lib/python3.12/site-packages/oslo_config/cfg.py:3549}}
Aug 19 19:28:14.026975 np0000007808 devstack@n-api-meta.service[96026]: DEBUG nova.api.openstack.wsgi_app [None req-234f24fe-98e4-4ecf-b68b-e685bd3c1493 None None] instance_name_template = instance-%08x {{(pid=96026) log_opt_values /opt/stack/data/venv/lib/python3.12/site-packages/oslo_config/cfg.py:3549}}
Aug 19 19:28:14.027160 np0000007808 devstack@n-api-meta.service[96026]: DEBUG nova.api.openstack.wsgi_app [None req-234f24fe-98e4-4ecf-b68b-e685bd3c1493 None None] instance_usage_audit = False {{(pid=96026) log_opt_values /opt/stack/data/venv/lib/python3.12/site-packages/oslo_config/cfg.py:3549}}
Aug 19 19:28:14.027288 np0000007808 devstack@n-api-meta.service[96026]: DEBUG nova.api.openstack.wsgi_app [None req-234f24fe-98e4-4ecf-b68b-e685bd3c1493 None None] instance_usage_audit_period = month {{(pid=96026) log_opt_values /opt/stack/data/venv/lib/python3.12/site-packages/oslo_config/cfg.py:3549}}
Aug 19 19:28:14.027545 np0000007808 devstack@n-api-meta.service[96026]: DEBUG nova.api.openstack.wsgi_app [None req-234f24fe-98e4-4ecf-b68b-e685bd3c1493 None None] instance_uuid_format = [instance: %(uuid)s] {{(pid=96026) log_opt_values /opt/stack/data/venv/lib/python3.12/site-packages/oslo_config/cfg.py:3549}}
Aug 19 19:28:14.027545 np0000007808 devstack@n-api-meta.service[96026]: DEBUG nova.api.openstack.wsgi_app [None req-234f24fe-98e4-4ecf-b68b-e685bd3c1493 None None] instances_path = /opt/stack/data/nova/instances {{(pid=96026) log_opt_values /opt/stack/data/venv/lib/python3.12/site-packages/oslo_config/cfg.py:3549}}
Aug 19 19:28:14.027701 np0000007808 devstack@n-api-meta.service[96026]: DEBUG nova.api.openstack.wsgi_app [None req-234f24fe-98e4-4ecf-b68b-e685bd3c1493 None None] internal_service_availability_zone = internal {{(pid=96026) log_opt_values /opt/stack/data/venv/lib/python3.12/site-packages/oslo_config/cfg.py:3549}}
Aug 19 19:28:14.027798 np0000007808 devstack@n-api-meta.service[96026]: DEBUG nova.api.openstack.wsgi_app [None req-234f24fe-98e4-4ecf-b68b-e685bd3c1493 None None] key = None {{(pid=96026) log_opt_values /opt/stack/data/venv/lib/python3.12/site-packages/oslo_config/cfg.py:3549}}
Aug 19 19:28:14.027936 np0000007808 devstack@n-api-meta.service[96026]: DEBUG nova.api.openstack.wsgi_app [None req-234f24fe-98e4-4ecf-b68b-e685bd3c1493 None None] live_migration_retry_count = 30 {{(pid=96026) log_opt_values /opt/stack/data/venv/lib/python3.12/site-packages/oslo_config/cfg.py:3549}}
Aug 19 19:28:14.028078 np0000007808 devstack@n-api-meta.service[96026]: DEBUG nova.api.openstack.wsgi_app [None req-234f24fe-98e4-4ecf-b68b-e685bd3c1493 None None] log_color = False {{(pid=96026) log_opt_values /opt/stack/data/venv/lib/python3.12/site-packages/oslo_config/cfg.py:3549}}
Aug 19 19:28:14.028254 np0000007808 devstack@n-api-meta.service[96026]: DEBUG nova.api.openstack.wsgi_app [None req-234f24fe-98e4-4ecf-b68b-e685bd3c1493 None None] log_config_append = None {{(pid=96026) log_opt_values /opt/stack/data/venv/lib/python3.12/site-packages/oslo_config/cfg.py:3549}}
Aug 19 19:28:14.028391 np0000007808 devstack@n-api-meta.service[96026]: DEBUG nova.api.openstack.wsgi_app [None req-234f24fe-98e4-4ecf-b68b-e685bd3c1493 None None] log_date_format = %Y-%m-%d %H:%M:%S {{(pid=96026) log_opt_values /opt/stack/data/venv/lib/python3.12/site-packages/oslo_config/cfg.py:3549}}
Aug 19 19:28:14.028540 np0000007808 devstack@n-api-meta.service[96026]: DEBUG nova.api.openstack.wsgi_app [None req-234f24fe-98e4-4ecf-b68b-e685bd3c1493 None None] log_dir = None {{(pid=96026) log_opt_values /opt/stack/data/venv/lib/python3.12/site-packages/oslo_config/cfg.py:3549}}
Aug 19 19:28:14.028748 np0000007808 devstack@n-api-meta.service[96026]: DEBUG nova.api.openstack.wsgi_app [None req-234f24fe-98e4-4ecf-b68b-e685bd3c1493 None None] log_file = None {{(pid=96026) log_opt_values /opt/stack/data/venv/lib/python3.12/site-packages/oslo_config/cfg.py:3549}}
Aug 19 19:28:14.028897 np0000007808 devstack@n-api-meta.service[96026]: DEBUG nova.api.openstack.wsgi_app [None req-234f24fe-98e4-4ecf-b68b-e685bd3c1493 None None] log_options = True {{(pid=96026) log_opt_values /opt/stack/data/venv/lib/python3.12/site-packages/oslo_config/cfg.py:3549}}
Aug 19 19:28:14.029047 np0000007808 devstack@n-api-meta.service[96026]: DEBUG nova.api.openstack.wsgi_app [None req-234f24fe-98e4-4ecf-b68b-e685bd3c1493 None None] log_rotate_interval = 1 {{(pid=96026) log_opt_values /opt/stack/data/venv/lib/python3.12/site-packages/oslo_config/cfg.py:3549}}
Aug 19 19:28:14.029236 np0000007808 devstack@n-api-meta.service[96026]: DEBUG nova.api.openstack.wsgi_app [None req-234f24fe-98e4-4ecf-b68b-e685bd3c1493 None None] log_rotate_interval_type = days {{(pid=96026) log_opt_values /opt/stack/data/venv/lib/python3.12/site-packages/oslo_config/cfg.py:3549}}
Aug 19 19:28:14.029375 np0000007808 devstack@n-api-meta.service[96026]: DEBUG nova.api.openstack.wsgi_app [None req-234f24fe-98e4-4ecf-b68b-e685bd3c1493 None None] log_rotation_type = none {{(pid=96026) log_opt_values /opt/stack/data/venv/lib/python3.12/site-packages/oslo_config/cfg.py:3549}}
Aug 19 19:28:14.029509 np0000007808 devstack@n-api-meta.service[96026]: DEBUG nova.api.openstack.wsgi_app [None req-234f24fe-98e4-4ecf-b68b-e685bd3c1493 None None] logging_context_format_string = %(color)s%(levelname)s %(name)s [%(global_request_id)s %(request_id)s %(project_name)s %(user_name)s%(color)s] %(instance)s%(color)s%(message)s {{(pid=96026) log_opt_values /opt/stack/data/venv/lib/python3.12/site-packages/oslo_config/cfg.py:3549}}
Aug 19 19:28:14.029630 np0000007808 devstack@n-api-meta.service[96026]: DEBUG nova.api.openstack.wsgi_app [None req-234f24fe-98e4-4ecf-b68b-e685bd3c1493 None None] logging_debug_format_suffix = {{(pid=%(process)d) %(funcName)s %(pathname)s:%(lineno)d}} {{(pid=96026) log_opt_values /opt/stack/data/venv/lib/python3.12/site-packages/oslo_config/cfg.py:3549}}
Aug 19 19:28:14.029764 np0000007808 devstack@n-api-meta.service[96026]: DEBUG nova.api.openstack.wsgi_app [None req-234f24fe-98e4-4ecf-b68b-e685bd3c1493 None None] logging_default_format_string = %(color)s%(levelname)s %(name)s [-%(color)s] %(instance)s%(color)s%(message)s {{(pid=96026) log_opt_values /opt/stack/data/venv/lib/python3.12/site-packages/oslo_config/cfg.py:3549}}
Aug 19 19:28:14.029899 np0000007808 devstack@n-api-meta.service[96026]: DEBUG nova.api.openstack.wsgi_app [None req-234f24fe-98e4-4ecf-b68b-e685bd3c1493 None None] logging_exception_prefix = ERROR %(name)s %(instance)s {{(pid=96026) log_opt_values /opt/stack/data/venv/lib/python3.12/site-packages/oslo_config/cfg.py:3549}}
Aug 19 19:28:14.030029 np0000007808 devstack@n-api-meta.service[96026]: DEBUG nova.api.openstack.wsgi_app [None req-234f24fe-98e4-4ecf-b68b-e685bd3c1493 None None] logging_user_identity_format = %(user)s %(project)s %(domain)s %(system_scope)s %(user_domain)s %(project_domain)s {{(pid=96026) log_opt_values /opt/stack/data/venv/lib/python3.12/site-packages/oslo_config/cfg.py:3549}}
Aug 19 19:28:14.030217 np0000007808 devstack@n-api-meta.service[96026]: DEBUG nova.api.openstack.wsgi_app [None req-234f24fe-98e4-4ecf-b68b-e685bd3c1493 None None] long_rpc_timeout = 1800 {{(pid=96026) log_opt_values /opt/stack/data/venv/lib/python3.12/site-packages/oslo_config/cfg.py:3549}}
Aug 19 19:28:14.030390 np0000007808 devstack@n-api-meta.service[96026]: DEBUG nova.api.openstack.wsgi_app [None req-234f24fe-98e4-4ecf-b68b-e685bd3c1493 None None] manager_shutdown_timeout = 160 {{(pid=96026) log_opt_values /opt/stack/data/venv/lib/python3.12/site-packages/oslo_config/cfg.py:3549}}
Aug 19 19:28:14.030558 np0000007808 devstack@n-api-meta.service[96026]: DEBUG nova.api.openstack.wsgi_app [None req-234f24fe-98e4-4ecf-b68b-e685bd3c1493 None None] max_concurrent_builds = 10 {{(pid=96026) log_opt_values /opt/stack/data/venv/lib/python3.12/site-packages/oslo_config/cfg.py:3549}}
Aug 19 19:28:14.030700 np0000007808 devstack@n-api-meta.service[96026]: DEBUG nova.api.openstack.wsgi_app [None req-234f24fe-98e4-4ecf-b68b-e685bd3c1493 None None] max_concurrent_live_migrations = 1 {{(pid=96026) log_opt_values /opt/stack/data/venv/lib/python3.12/site-packages/oslo_config/cfg.py:3549}}
Aug 19 19:28:14.030864 np0000007808 devstack@n-api-meta.service[96026]: DEBUG nova.api.openstack.wsgi_app [None req-234f24fe-98e4-4ecf-b68b-e685bd3c1493 None None] max_concurrent_snapshots = 5 {{(pid=96026) log_opt_values /opt/stack/data/venv/lib/python3.12/site-packages/oslo_config/cfg.py:3549}}
Aug 19 19:28:14.031019 np0000007808 devstack@n-api-meta.service[96026]: DEBUG nova.api.openstack.wsgi_app [None req-234f24fe-98e4-4ecf-b68b-e685bd3c1493 None None] max_local_block_devices = 3 {{(pid=96026) log_opt_values /opt/stack/data/venv/lib/python3.12/site-packages/oslo_config/cfg.py:3549}}
Aug 19 19:28:14.031175 np0000007808 devstack@n-api-meta.service[96026]: DEBUG nova.api.openstack.wsgi_app [None req-234f24fe-98e4-4ecf-b68b-e685bd3c1493 None None] max_logfile_count = 30 {{(pid=96026) log_opt_values /opt/stack/data/venv/lib/python3.12/site-packages/oslo_config/cfg.py:3549}}
Aug 19 19:28:14.031400 np0000007808 devstack@n-api-meta.service[96026]: DEBUG nova.api.openstack.wsgi_app [None req-234f24fe-98e4-4ecf-b68b-e685bd3c1493 None None] max_logfile_size_mb = 200 {{(pid=96026) log_opt_values /opt/stack/data/venv/lib/python3.12/site-packages/oslo_config/cfg.py:3549}}
