Aug 19 19:28:13.331041 np0000007808 nova-scheduler[96600]: DEBUG cotyledon.oslo_config_glue [-] workarounds.never_download_image_if_on_rbd = False {{(pid=96600) log_opt_values /opt/stack/data/venv/lib/python3.12/site-packages/oslo_config/cfg.py:3560}}
Aug 19 19:28:13.331041 np0000007808 nova-scheduler[96600]: DEBUG cotyledon.oslo_config_glue [-] workarounds.qemu_monitor_announce_self_count = 3 {{(pid=96600) log_opt_values /opt/stack/data/venv/lib/python3.12/site-packages/oslo_config/cfg.py:3560}}
Aug 19 19:28:13.331041 np0000007808 nova-scheduler[96600]: DEBUG cotyledon.oslo_config_glue [-] workarounds.qemu_monitor_announce_self_interval = 1 {{(pid=96600) log_opt_values /opt/stack/data/venv/lib/python3.12/site-packages/oslo_config/cfg.py:3560}}
Aug 19 19:28:13.331041 np0000007808 nova-scheduler[96600]: DEBUG cotyledon.oslo_config_glue [-] workarounds.reserve_disk_resource_for_image_cache = False {{(pid=96600) log_opt_values /opt/stack/data/venv/lib/python3.12/site-packages/oslo_config/cfg.py:3560}}
Aug 19 19:28:13.331041 np0000007808 nova-scheduler[96600]: DEBUG cotyledon.oslo_config_glue [-] workarounds.skip_cpu_compare_at_startup = False {{(pid=96600) log_opt_values /opt/stack/data/venv/lib/python3.12/site-packages/oslo_config/cfg.py:3560}}
Aug 19 19:28:13.331041 np0000007808 nova-scheduler[96600]: DEBUG cotyledon.oslo_config_glue [-] workarounds.skip_cpu_compare_on_dest = False {{(pid=96600) log_opt_values /opt/stack/data/venv/lib/python3.12/site-packages/oslo_config/cfg.py:3560}}
Aug 19 19:28:13.331230 np0000007808 nova-scheduler[96600]: DEBUG cotyledon.oslo_config_glue [-] workarounds.skip_hypervisor_version_check_on_lm = False {{(pid=96600) log_opt_values /opt/stack/data/venv/lib/python3.12/site-packages/oslo_config/cfg.py:3560}}
Aug 19 19:28:13.331230 np0000007808 nova-scheduler[96600]: DEBUG cotyledon.oslo_config_glue [-] workarounds.skip_reserve_in_use_ironic_nodes = False {{(pid=96600) log_opt_values /opt/stack/data/venv/lib/python3.12/site-packages/oslo_config/cfg.py:3560}}
Aug 19 19:28:13.331230 np0000007808 nova-scheduler[96600]: DEBUG cotyledon.oslo_config_glue [-] workarounds.unified_limits_count_pcpu_as_vcpu = False {{(pid=96600) log_opt_values /opt/stack/data/venv/lib/python3.12/site-packages/oslo_config/cfg.py:3560}}
Aug 19 19:28:13.331230 np0000007808 nova-scheduler[96600]: DEBUG cotyledon.oslo_config_glue [-] workarounds.wait_for_vif_plugged_event_during_hard_reboot = [] {{(pid=96600) log_opt_values /opt/stack/data/venv/lib/python3.12/site-packages/oslo_config/cfg.py:3560}}
Aug 19 19:28:13.331230 np0000007808 nova-scheduler[96600]: DEBUG cotyledon.oslo_config_glue [-] wsgi.api_paste_config = /etc/nova/api-paste.ini {{(pid=96600) log_opt_values /opt/stack/data/venv/lib/python3.12/site-packages/oslo_config/cfg.py:3560}}
Aug 19 19:28:13.331230 np0000007808 nova-scheduler[96600]: DEBUG cotyledon.oslo_config_glue [-] wsgi.secure_proxy_ssl_header = None {{(pid=96600) log_opt_values /opt/stack/data/venv/lib/python3.12/site-packages/oslo_config/cfg.py:3560}}
Aug 19 19:28:13.331230 np0000007808 nova-scheduler[96600]: DEBUG cotyledon.oslo_config_glue [-] zvm.ca_file = None {{(pid=96600) log_opt_values /opt/stack/data/venv/lib/python3.12/site-packages/oslo_config/cfg.py:3560}}
Aug 19 19:28:13.331230 np0000007808 nova-scheduler[96600]: DEBUG cotyledon.oslo_config_glue [-] zvm.cloud_connector_url = None {{(pid=96600) log_opt_values /opt/stack/data/venv/lib/python3.12/site-packages/oslo_config/cfg.py:3560}}
Aug 19 19:28:13.331230 np0000007808 nova-scheduler[96600]: DEBUG cotyledon.oslo_config_glue [-] zvm.image_tmp_path = /opt/stack/data/nova/images {{(pid=96600) log_opt_values /opt/stack/data/venv/lib/python3.12/site-packages/oslo_config/cfg.py:3560}}
Aug 19 19:28:13.331409 np0000007808 nova-scheduler[96600]: DEBUG cotyledon.oslo_config_glue [-] zvm.reachable_timeout = 300 {{(pid=96600) log_opt_values /opt/stack/data/venv/lib/python3.12/site-packages/oslo_config/cfg.py:3560}}
Aug 19 19:28:13.331409 np0000007808 nova-scheduler[96600]: DEBUG cotyledon.oslo_config_glue [-] oslo_versionedobjects.fatal_exception_format_errors = False {{(pid=96600) log_opt_values /opt/stack/data/venv/lib/python3.12/site-packages/oslo_config/cfg.py:3560}}
Aug 19 19:28:13.331409 np0000007808 nova-scheduler[96600]: DEBUG cotyledon.oslo_config_glue [-] oslo_middleware.http_basic_auth_user_file = /etc/htpasswd {{(pid=96600) log_opt_values /opt/stack/data/venv/lib/python3.12/site-packages/oslo_config/cfg.py:3560}}
Aug 19 19:28:13.331409 np0000007808 nova-scheduler[96600]: DEBUG cotyledon.oslo_config_glue [-] oslo_messaging_metrics.metrics_buffer_size = 1000 {{(pid=96600) log_opt_values /opt/stack/data/venv/lib/python3.12/site-packages/oslo_config/cfg.py:3560}}
Aug 19 19:28:13.331409 np0000007808 nova-scheduler[96600]: DEBUG cotyledon.oslo_config_glue [-] oslo_messaging_metrics.metrics_enabled = False {{(pid=96600) log_opt_values /opt/stack/data/venv/lib/python3.12/site-packages/oslo_config/cfg.py:3560}}
Aug 19 19:28:13.331409 np0000007808 nova-scheduler[96600]: DEBUG cotyledon.oslo_config_glue [-] oslo_messaging_metrics.metrics_process_name = {{(pid=96600) log_opt_values /opt/stack/data/venv/lib/python3.12/site-packages/oslo_config/cfg.py:3560}}
Aug 19 19:28:13.331409 np0000007808 nova-scheduler[96600]: DEBUG cotyledon.oslo_config_glue [-] oslo_messaging_metrics.metrics_socket_file = /var/tmp/metrics_collector.sock {{(pid=96600) log_opt_values /opt/stack/data/venv/lib/python3.12/site-packages/oslo_config/cfg.py:3560}}
Aug 19 19:28:13.331409 np0000007808 nova-scheduler[96600]: DEBUG cotyledon.oslo_config_glue [-] oslo_messaging_metrics.metrics_thread_stop_timeout = 10 {{(pid=96600) log_opt_values /opt/stack/data/venv/lib/python3.12/site-packages/oslo_config/cfg.py:3560}}
Aug 19 19:28:13.331567 np0000007808 nova-scheduler[96600]: DEBUG cotyledon.oslo_config_glue [-] profiler.connection_string = messaging:// {{(pid=96600) log_opt_values /opt/stack/data/venv/lib/python3.12/site-packages/oslo_config/cfg.py:3560}}
Aug 19 19:28:13.331567 np0000007808 nova-scheduler[96600]: DEBUG cotyledon.oslo_config_glue [-] profiler.enabled = False {{(pid=96600) log_opt_values /opt/stack/data/venv/lib/python3.12/site-packages/oslo_config/cfg.py:3560}}
Aug 19 19:28:13.331567 np0000007808 nova-scheduler[96600]: DEBUG cotyledon.oslo_config_glue [-] profiler.es_doc_type = notification {{(pid=96600) log_opt_values /opt/stack/data/venv/lib/python3.12/site-packages/oslo_config/cfg.py:3560}}
Aug 19 19:28:13.331567 np0000007808 nova-scheduler[96600]: DEBUG cotyledon.oslo_config_glue [-] profiler.es_scroll_size = 10000 {{(pid=96600) log_opt_values /opt/stack/data/venv/lib/python3.12/site-packages/oslo_config/cfg.py:3560}}
Aug 19 19:28:13.331567 np0000007808 nova-scheduler[96600]: DEBUG cotyledon.oslo_config_glue [-] profiler.es_scroll_time = 2m {{(pid=96600) log_opt_values /opt/stack/data/venv/lib/python3.12/site-packages/oslo_config/cfg.py:3560}}
Aug 19 19:28:13.331567 np0000007808 nova-scheduler[96600]: DEBUG cotyledon.oslo_config_glue [-] profiler.filter_error_trace = False {{(pid=96600) log_opt_values /opt/stack/data/venv/lib/python3.12/site-packages/oslo_config/cfg.py:3560}}
Aug 19 19:28:13.331567 np0000007808 nova-scheduler[96600]: DEBUG cotyledon.oslo_config_glue [-] profiler.hmac_keys = **** {{(pid=96600) log_opt_values /opt/stack/data/venv/lib/python3.12/site-packages/oslo_config/cfg.py:3560}}
Aug 19 19:28:13.331567 np0000007808 nova-scheduler[96600]: DEBUG cotyledon.oslo_config_glue [-] profiler.sentinel_service_name = mymaster {{(pid=96600) log_opt_values /opt/stack/data/venv/lib/python3.12/site-packages/oslo_config/cfg.py:3560}}
Aug 19 19:28:13.331567 np0000007808 nova-scheduler[96600]: DEBUG cotyledon.oslo_config_glue [-] profiler.socket_timeout = 0.1 {{(pid=96600) log_opt_values /opt/stack/data/venv/lib/python3.12/site-packages/oslo_config/cfg.py:3560}}
Aug 19 19:28:13.331723 np0000007808 nova-scheduler[96600]: DEBUG cotyledon.oslo_config_glue [-] profiler.trace_requests = False {{(pid=96600) log_opt_values /opt/stack/data/venv/lib/python3.12/site-packages/oslo_config/cfg.py:3560}}
Aug 19 19:28:13.331723 np0000007808 nova-scheduler[96600]: DEBUG cotyledon.oslo_config_glue [-] profiler.trace_sqlalchemy = False {{(pid=96600) log_opt_values /opt/stack/data/venv/lib/python3.12/site-packages/oslo_config/cfg.py:3560}}
Aug 19 19:28:13.331723 np0000007808 nova-scheduler[96600]: DEBUG cotyledon.oslo_config_glue [-] profiler_jaeger.process_tags = {} {{(pid=96600) log_opt_values /opt/stack/data/venv/lib/python3.12/site-packages/oslo_config/cfg.py:3560}}
Aug 19 19:28:13.331723 np0000007808 nova-scheduler[96600]: DEBUG cotyledon.oslo_config_glue [-] profiler_jaeger.service_name_prefix = None {{(pid=96600) log_opt_values /opt/stack/data/venv/lib/python3.12/site-packages/oslo_config/cfg.py:3560}}
Aug 19 19:28:13.331723 np0000007808 nova-scheduler[96600]: DEBUG cotyledon.oslo_config_glue [-] profiler_otlp.service_name_prefix = None {{(pid=96600) log_opt_values /opt/stack/data/venv/lib/python3.12/site-packages/oslo_config/cfg.py:3560}}
Aug 19 19:28:13.331723 np0000007808 nova-scheduler[96600]: DEBUG cotyledon.oslo_config_glue [-] oslo_messaging_rabbit.amqp_auto_delete = False {{(pid=96600) log_opt_values /opt/stack/data/venv/lib/python3.12/site-packages/oslo_config/cfg.py:3560}}
Aug 19 19:28:13.331723 np0000007808 nova-scheduler[96600]: DEBUG cotyledon.oslo_config_glue [-] oslo_messaging_rabbit.amqp_durable_queues = False {{(pid=96600) log_opt_values /opt/stack/data/venv/lib/python3.12/site-packages/oslo_config/cfg.py:3560}}
Aug 19 19:28:13.331723 np0000007808 nova-scheduler[96600]: DEBUG cotyledon.oslo_config_glue [-] oslo_messaging_rabbit.conn_pool_min_size = 2 {{(pid=96600) log_opt_values /opt/stack/data/venv/lib/python3.12/site-packages/oslo_config/cfg.py:3560}}
Aug 19 19:28:13.331723 np0000007808 nova-scheduler[96600]: DEBUG cotyledon.oslo_config_glue [-] oslo_messaging_rabbit.conn_pool_ttl = 1200 {{(pid=96600) log_opt_values /opt/stack/data/venv/lib/python3.12/site-packages/oslo_config/cfg.py:3560}}
Aug 19 19:28:13.331886 np0000007808 nova-scheduler[96600]: DEBUG cotyledon.oslo_config_glue [-] oslo_messaging_rabbit.direct_mandatory_flag = True {{(pid=96600) log_opt_values /opt/stack/data/venv/lib/python3.12/site-packages/oslo_config/cfg.py:3560}}
Aug 19 19:28:13.331886 np0000007808 nova-scheduler[96600]: DEBUG cotyledon.oslo_config_glue [-] oslo_messaging_rabbit.enable_cancel_on_failover = False {{(pid=96600) log_opt_values /opt/stack/data/venv/lib/python3.12/site-packages/oslo_config/cfg.py:3560}}
Aug 19 19:28:13.331886 np0000007808 nova-scheduler[96600]: DEBUG cotyledon.oslo_config_glue [-] oslo_messaging_rabbit.heartbeat_rate = 3 {{(pid=96600) log_opt_values /opt/stack/data/venv/lib/python3.12/site-packages/oslo_config/cfg.py:3560}}
Aug 19 19:28:13.331886 np0000007808 nova-scheduler[96600]: DEBUG cotyledon.oslo_config_glue [-] oslo_messaging_rabbit.heartbeat_timeout_threshold = 60 {{(pid=96600) log_opt_values /opt/stack/data/venv/lib/python3.12/site-packages/oslo_config/cfg.py:3560}}
Aug 19 19:28:13.331886 np0000007808 nova-scheduler[96600]: DEBUG cotyledon.oslo_config_glue [-] oslo_messaging_rabbit.hostname = np0000007808 {{(pid=96600) log_opt_values /opt/stack/data/venv/lib/python3.12/site-packages/oslo_config/cfg.py:3560}}
Aug 19 19:28:13.331886 np0000007808 nova-scheduler[96600]: DEBUG cotyledon.oslo_config_glue [-] oslo_messaging_rabbit.kombu_compression = None {{(pid=96600) log_opt_values /opt/stack/data/venv/lib/python3.12/site-packages/oslo_config/cfg.py:3560}}
Aug 19 19:28:13.331886 np0000007808 nova-scheduler[96600]: DEBUG cotyledon.oslo_config_glue [-] oslo_messaging_rabbit.kombu_failover_strategy = round-robin {{(pid=96600) log_opt_values /opt/stack/data/venv/lib/python3.12/site-packages/oslo_config/cfg.py:3560}}
Aug 19 19:28:13.331886 np0000007808 nova-scheduler[96600]: DEBUG cotyledon.oslo_config_glue [-] oslo_messaging_rabbit.kombu_missing_consumer_retry_timeout = 60 {{(pid=96600) log_opt_values /opt/stack/data/venv/lib/python3.12/site-packages/oslo_config/cfg.py:3560}}
Aug 19 19:28:13.331886 np0000007808 nova-scheduler[96600]: DEBUG cotyledon.oslo_config_glue [-] oslo_messaging_rabbit.kombu_reconnect_delay = 1.0 {{(pid=96600) log_opt_values /opt/stack/data/venv/lib/python3.12/site-packages/oslo_config/cfg.py:3560}}
Aug 19 19:28:13.332041 np0000007808 nova-scheduler[96600]: DEBUG cotyledon.oslo_config_glue [-] oslo_messaging_rabbit.kombu_reconnect_splay = 0.0 {{(pid=96600) log_opt_values /opt/stack/data/venv/lib/python3.12/site-packages/oslo_config/cfg.py:3560}}
Aug 19 19:28:13.332041 np0000007808 nova-scheduler[96600]: DEBUG cotyledon.oslo_config_glue [-] oslo_messaging_rabbit.processname = nova-scheduler {{(pid=96600) log_opt_values /opt/stack/data/venv/lib/python3.12/site-packages/oslo_config/cfg.py:3560}}
Aug 19 19:28:13.332041 np0000007808 nova-scheduler[96600]: DEBUG cotyledon.oslo_config_glue [-] oslo_messaging_rabbit.rabbit_ha_queues = False {{(pid=96600) log_opt_values /opt/stack/data/venv/lib/python3.12/site-packages/oslo_config/cfg.py:3560}}
Aug 19 19:28:13.332041 np0000007808 nova-scheduler[96600]: DEBUG cotyledon.oslo_config_glue [-] oslo_messaging_rabbit.rabbit_interval_max = 30 {{(pid=96600) log_opt_values /opt/stack/data/venv/lib/python3.12/site-packages/oslo_config/cfg.py:3560}}
Aug 19 19:28:13.332041 np0000007808 nova-scheduler[96600]: DEBUG cotyledon.oslo_config_glue [-] oslo_messaging_rabbit.rabbit_login_method = AMQPLAIN {{(pid=96600) log_opt_values /opt/stack/data/venv/lib/python3.12/site-packages/oslo_config/cfg.py:3560}}
Aug 19 19:28:13.332041 np0000007808 nova-scheduler[96600]: DEBUG cotyledon.oslo_config_glue [-] oslo_messaging_rabbit.rabbit_qos_prefetch_count = 0 {{(pid=96600) log_opt_values /opt/stack/data/venv/lib/python3.12/site-packages/oslo_config/cfg.py:3560}}
Aug 19 19:28:13.332041 np0000007808 nova-scheduler[96600]: DEBUG cotyledon.oslo_config_glue [-] oslo_messaging_rabbit.rabbit_quorum_delivery_limit = 0 {{(pid=96600) log_opt_values /opt/stack/data/venv/lib/python3.12/site-packages/oslo_config/cfg.py:3560}}
Aug 19 19:28:13.332041 np0000007808 nova-scheduler[96600]: DEBUG cotyledon.oslo_config_glue [-] oslo_messaging_rabbit.rabbit_quorum_max_memory_bytes = 0 {{(pid=96600) log_opt_values /opt/stack/data/venv/lib/python3.12/site-packages/oslo_config/cfg.py:3560}}
Aug 19 19:28:13.332041 np0000007808 nova-scheduler[96600]: DEBUG cotyledon.oslo_config_glue [-] oslo_messaging_rabbit.rabbit_quorum_max_memory_length = 0 {{(pid=96600) log_opt_values /opt/stack/data/venv/lib/python3.12/site-packages/oslo_config/cfg.py:3560}}
Aug 19 19:28:13.332220 np0000007808 nova-scheduler[96600]: DEBUG cotyledon.oslo_config_glue [-] oslo_messaging_rabbit.rabbit_quorum_queue = False {{(pid=96600) log_opt_values /opt/stack/data/venv/lib/python3.12/site-packages/oslo_config/cfg.py:3560}}
Aug 19 19:28:13.332220 np0000007808 nova-scheduler[96600]: DEBUG cotyledon.oslo_config_glue [-] oslo_messaging_rabbit.rabbit_retry_backoff = 2 {{(pid=96600) log_opt_values /opt/stack/data/venv/lib/python3.12/site-packages/oslo_config/cfg.py:3560}}
Aug 19 19:28:13.332220 np0000007808 nova-scheduler[96600]: DEBUG cotyledon.oslo_config_glue [-] oslo_messaging_rabbit.rabbit_retry_interval = 1 {{(pid=96600) log_opt_values /opt/stack/data/venv/lib/python3.12/site-packages/oslo_config/cfg.py:3560}}
Aug 19 19:28:13.332220 np0000007808 nova-scheduler[96600]: DEBUG cotyledon.oslo_config_glue [-] oslo_messaging_rabbit.rabbit_stream_fanout = False {{(pid=96600) log_opt_values /opt/stack/data/venv/lib/python3.12/site-packages/oslo_config/cfg.py:3560}}
Aug 19 19:28:13.332220 np0000007808 nova-scheduler[96600]: DEBUG cotyledon.oslo_config_glue [-] oslo_messaging_rabbit.rabbit_transient_queues_ttl = 1800 {{(pid=96600) log_opt_values /opt/stack/data/venv/lib/python3.12/site-packages/oslo_config/cfg.py:3560}}
Aug 19 19:28:13.332220 np0000007808 nova-scheduler[96600]: DEBUG cotyledon.oslo_config_glue [-] oslo_messaging_rabbit.rabbit_transient_quorum_queue = False {{(pid=96600) log_opt_values /opt/stack/data/venv/lib/python3.12/site-packages/oslo_config/cfg.py:3560}}
Aug 19 19:28:13.332220 np0000007808 nova-scheduler[96600]: DEBUG cotyledon.oslo_config_glue [-] oslo_messaging_rabbit.rpc_conn_pool_size = 30 {{(pid=96600) log_opt_values /opt/stack/data/venv/lib/python3.12/site-packages/oslo_config/cfg.py:3560}}
Aug 19 19:28:13.332220 np0000007808 nova-scheduler[96600]: DEBUG cotyledon.oslo_config_glue [-] oslo_messaging_rabbit.ssl = False {{(pid=96600) log_opt_values /opt/stack/data/venv/lib/python3.12/site-packages/oslo_config/cfg.py:3560}}
Aug 19 19:28:13.332220 np0000007808 nova-scheduler[96600]: DEBUG cotyledon.oslo_config_glue [-] oslo_messaging_rabbit.ssl_ca_file = {{(pid=96600) log_opt_values /opt/stack/data/venv/lib/python3.12/site-packages/oslo_config/cfg.py:3560}}
Aug 19 19:28:13.332393 np0000007808 nova-scheduler[96600]: DEBUG cotyledon.oslo_config_glue [-] oslo_messaging_rabbit.ssl_cert_file = {{(pid=96600) log_opt_values /opt/stack/data/venv/lib/python3.12/site-packages/oslo_config/cfg.py:3560}}
Aug 19 19:28:13.332393 np0000007808 nova-scheduler[96600]: DEBUG cotyledon.oslo_config_glue [-] oslo_messaging_rabbit.ssl_enforce_fips_mode = False {{(pid=96600) log_opt_values /opt/stack/data/venv/lib/python3.12/site-packages/oslo_config/cfg.py:3560}}
Aug 19 19:28:13.332393 np0000007808 nova-scheduler[96600]: DEBUG cotyledon.oslo_config_glue [-] oslo_messaging_rabbit.ssl_enforce_hostname_verification = True {{(pid=96600) log_opt_values /opt/stack/data/venv/lib/python3.12/site-packages/oslo_config/cfg.py:3560}}
Aug 19 19:28:13.332393 np0000007808 nova-scheduler[96600]: DEBUG cotyledon.oslo_config_glue [-] oslo_messaging_rabbit.ssl_key_file = {{(pid=96600) log_opt_values /opt/stack/data/venv/lib/python3.12/site-packages/oslo_config/cfg.py:3560}}
Aug 19 19:28:13.332393 np0000007808 nova-scheduler[96600]: DEBUG cotyledon.oslo_config_glue [-] oslo_messaging_rabbit.ssl_version = {{(pid=96600) log_opt_values /opt/stack/data/venv/lib/python3.12/site-packages/oslo_config/cfg.py:3560}}
Aug 19 19:28:13.332393 np0000007808 nova-scheduler[96600]: DEBUG cotyledon.oslo_config_glue [-] oslo_messaging_rabbit.use_queue_manager = False {{(pid=96600) log_opt_values /opt/stack/data/venv/lib/python3.12/site-packages/oslo_config/cfg.py:3560}}
Aug 19 19:28:13.332393 np0000007808 nova-scheduler[96600]: DEBUG cotyledon.oslo_config_glue [-] oslo_messaging_notifications.driver = ['messagingv2'] {{(pid=96600) log_opt_values /opt/stack/data/venv/lib/python3.12/site-packages/oslo_config/cfg.py:3560}}
Aug 19 19:28:13.332393 np0000007808 nova-scheduler[96600]: DEBUG cotyledon.oslo_config_glue [-] oslo_messaging_notifications.retry = -1 {{(pid=96600) log_opt_values /opt/stack/data/venv/lib/python3.12/site-packages/oslo_config/cfg.py:3560}}
Aug 19 19:28:13.332393 np0000007808 nova-scheduler[96600]: DEBUG cotyledon.oslo_config_glue [-] oslo_messaging_notifications.topics = ['notifications'] {{(pid=96600) log_opt_values /opt/stack/data/venv/lib/python3.12/site-packages/oslo_config/cfg.py:3560}}
Aug 19 19:28:13.332558 np0000007808 nova-scheduler[96600]: DEBUG cotyledon.oslo_config_glue [-] oslo_messaging_notifications.transport_url = **** {{(pid=96600) log_opt_values /opt/stack/data/venv/lib/python3.12/site-packages/oslo_config/cfg.py:3560}}
Aug 19 19:28:13.332558 np0000007808 nova-scheduler[96600]: DEBUG cotyledon.oslo_config_glue [-] oslo_limit.auth_section = None {{(pid=96600) log_opt_values /opt/stack/data/venv/lib/python3.12/site-packages/oslo_config/cfg.py:3560}}
Aug 19 19:28:13.332558 np0000007808 nova-scheduler[96600]: DEBUG cotyledon.oslo_config_glue [-] oslo_limit.auth_type = None {{(pid=96600) log_opt_values /opt/stack/data/venv/lib/python3.12/site-packages/oslo_config/cfg.py:3560}}
Aug 19 19:28:13.332558 np0000007808 nova-scheduler[96600]: DEBUG cotyledon.oslo_config_glue [-] oslo_limit.cafile = None {{(pid=96600) log_opt_values /opt/stack/data/venv/lib/python3.12/site-packages/oslo_config/cfg.py:3560}}
Aug 19 19:28:13.332558 np0000007808 nova-scheduler[96600]: DEBUG cotyledon.oslo_config_glue [-] oslo_limit.certfile = None {{(pid=96600) log_opt_values /opt/stack/data/venv/lib/python3.12/site-packages/oslo_config/cfg.py:3560}}
Aug 19 19:28:13.332558 np0000007808 nova-scheduler[96600]: DEBUG cotyledon.oslo_config_glue [-] oslo_limit.collect_timing = False {{(pid=96600) log_opt_values /opt/stack/data/venv/lib/python3.12/site-packages/oslo_config/cfg.py:3560}}
Aug 19 19:28:13.332558 np0000007808 nova-scheduler[96600]: DEBUG cotyledon.oslo_config_glue [-] oslo_limit.connect_retries = None {{(pid=96600) log_opt_values /opt/stack/data/venv/lib/python3.12/site-packages/oslo_config/cfg.py:3560}}
Aug 19 19:28:13.332558 np0000007808 nova-scheduler[96600]: DEBUG cotyledon.oslo_config_glue [-] oslo_limit.connect_retry_delay = None {{(pid=96600) log_opt_values /opt/stack/data/venv/lib/python3.12/site-packages/oslo_config/cfg.py:3560}}
Aug 19 19:28:13.332558 np0000007808 nova-scheduler[96600]: DEBUG cotyledon.oslo_config_glue [-] oslo_limit.endpoint_id = None {{(pid=96600) log_opt_values /opt/stack/data/venv/lib/python3.12/site-packages/oslo_config/cfg.py:3560}}
Aug 19 19:28:13.332707 np0000007808 nova-scheduler[96600]: DEBUG cotyledon.oslo_config_glue [-] oslo_limit.endpoint_interface = public {{(pid=96600) log_opt_values /opt/stack/data/venv/lib/python3.12/site-packages/oslo_config/cfg.py:3560}}
Aug 19 19:28:13.332707 np0000007808 nova-scheduler[96600]: DEBUG cotyledon.oslo_config_glue [-] oslo_limit.endpoint_override = None {{(pid=96600) log_opt_values /opt/stack/data/venv/lib/python3.12/site-packages/oslo_config/cfg.py:3560}}
Aug 19 19:28:13.332707 np0000007808 nova-scheduler[96600]: DEBUG cotyledon.oslo_config_glue [-] oslo_limit.endpoint_region_name = None {{(pid=96600) log_opt_values /opt/stack/data/venv/lib/python3.12/site-packages/oslo_config/cfg.py:3560}}
Aug 19 19:28:13.332707 np0000007808 nova-scheduler[96600]: DEBUG cotyledon.oslo_config_glue [-] oslo_limit.endpoint_service_name = None {{(pid=96600) log_opt_values /opt/stack/data/venv/lib/python3.12/site-packages/oslo_config/cfg.py:3560}}
Aug 19 19:28:13.332707 np0000007808 nova-scheduler[96600]: DEBUG cotyledon.oslo_config_glue [-] oslo_limit.endpoint_service_type = None {{(pid=96600) log_opt_values /opt/stack/data/venv/lib/python3.12/site-packages/oslo_config/cfg.py:3560}}
Aug 19 19:28:13.332707 np0000007808 nova-scheduler[96600]: DEBUG cotyledon.oslo_config_glue [-] oslo_limit.insecure = False {{(pid=96600) log_opt_values /opt/stack/data/venv/lib/python3.12/site-packages/oslo_config/cfg.py:3560}}
Aug 19 19:28:13.332707 np0000007808 nova-scheduler[96600]: DEBUG cotyledon.oslo_config_glue [-] oslo_limit.keyfile = None {{(pid=96600) log_opt_values /opt/stack/data/venv/lib/python3.12/site-packages/oslo_config/cfg.py:3560}}
Aug 19 19:28:13.332707 np0000007808 nova-scheduler[96600]: DEBUG cotyledon.oslo_config_glue [-] oslo_limit.max_version = None {{(pid=96600) log_opt_values /opt/stack/data/venv/lib/python3.12/site-packages/oslo_config/cfg.py:3560}}
Aug 19 19:28:13.332707 np0000007808 nova-scheduler[96600]: DEBUG cotyledon.oslo_config_glue [-] oslo_limit.min_version = None {{(pid=96600) log_opt_values /opt/stack/data/venv/lib/python3.12/site-packages/oslo_config/cfg.py:3560}}
Aug 19 19:28:13.332862 np0000007808 nova-scheduler[96600]: DEBUG cotyledon.oslo_config_glue [-] oslo_limit.region_name = None {{(pid=96600) log_opt_values /opt/stack/data/venv/lib/python3.12/site-packages/oslo_config/cfg.py:3560}}
Aug 19 19:28:13.332862 np0000007808 nova-scheduler[96600]: DEBUG cotyledon.oslo_config_glue [-] oslo_limit.retriable_status_codes = None {{(pid=96600) log_opt_values /opt/stack/data/venv/lib/python3.12/site-packages/oslo_config/cfg.py:3560}}
Aug 19 19:28:13.332862 np0000007808 nova-scheduler[96600]: DEBUG cotyledon.oslo_config_glue [-] oslo_limit.service_name = None {{(pid=96600) log_opt_values /opt/stack/data/venv/lib/python3.12/site-packages/oslo_config/cfg.py:3560}}
Aug 19 19:28:13.332862 np0000007808 nova-scheduler[96600]: DEBUG cotyledon.oslo_config_glue [-] oslo_limit.service_type = None {{(pid=96600) log_opt_values /opt/stack/data/venv/lib/python3.12/site-packages/oslo_config/cfg.py:3560}}
Aug 19 19:28:13.332862 np0000007808 nova-scheduler[96600]: DEBUG cotyledon.oslo_config_glue [-] oslo_limit.split_loggers = False {{(pid=96600) log_opt_values /opt/stack/data/venv/lib/python3.12/site-packages/oslo_config/cfg.py:3560}}
Aug 19 19:28:13.332862 np0000007808 nova-scheduler[96600]: DEBUG cotyledon.oslo_config_glue [-] oslo_limit.status_code_retries = None {{(pid=96600) log_opt_values /opt/stack/data/venv/lib/python3.12/site-packages/oslo_config/cfg.py:3560}}
Aug 19 19:28:13.332862 np0000007808 nova-scheduler[96600]: DEBUG cotyledon.oslo_config_glue [-] oslo_limit.status_code_retry_delay = None {{(pid=96600) log_opt_values /opt/stack/data/venv/lib/python3.12/site-packages/oslo_config/cfg.py:3560}}
Aug 19 19:28:13.332862 np0000007808 nova-scheduler[96600]: DEBUG cotyledon.oslo_config_glue [-] oslo_limit.timeout = None {{(pid=96600) log_opt_values /opt/stack/data/venv/lib/python3.12/site-packages/oslo_config/cfg.py:3560}}
Aug 19 19:28:13.332862 np0000007808 nova-scheduler[96600]: DEBUG cotyledon.oslo_config_glue [-] oslo_limit.valid_interfaces = None {{(pid=96600) log_opt_values /opt/stack/data/venv/lib/python3.12/site-packages/oslo_config/cfg.py:3560}}
Aug 19 19:28:13.333018 np0000007808 nova-scheduler[96600]: DEBUG cotyledon.oslo_config_glue [-] oslo_limit.version = None {{(pid=96600) log_opt_values /opt/stack/data/venv/lib/python3.12/site-packages/oslo_config/cfg.py:3560}}
Aug 19 19:28:13.333018 np0000007808 nova-scheduler[96600]: DEBUG cotyledon.oslo_config_glue [-] oslo_reports.file_event_handler = None {{(pid=96600) log_opt_values /opt/stack/data/venv/lib/python3.12/site-packages/oslo_config/cfg.py:3560}}
Aug 19 19:28:13.333018 np0000007808 nova-scheduler[96600]: DEBUG cotyledon.oslo_config_glue [-] oslo_reports.file_event_handler_interval = 1 {{(pid=96600) log_opt_values /opt/stack/data/venv/lib/python3.12/site-packages/oslo_config/cfg.py:3560}}
Aug 19 19:28:13.333018 np0000007808 nova-scheduler[96600]: DEBUG cotyledon.oslo_config_glue [-] oslo_reports.log_dir = None {{(pid=96600) log_opt_values /opt/stack/data/venv/lib/python3.12/site-packages/oslo_config/cfg.py:3560}}
Aug 19 19:28:13.333018 np0000007808 nova-scheduler[96600]: DEBUG cotyledon.oslo_config_glue [-] ******************************************************************************** {{(pid=96600) log_opt_values /opt/stack/data/venv/lib/python3.12/site-packages/oslo_config/cfg.py:3567}}
Aug 19 19:28:13.333018 np0000007808 nova-scheduler[96600]: DEBUG cotyledon._service_worker [-] Run service ServiceWrapper(3) [96600] {{(pid=96600) wait_forever /opt/stack/data/venv/lib/python3.12/site-packages/cotyledon/_service_worker.py:218}}
Aug 19 19:28:13.333018 np0000007808 nova-scheduler[96600]: INFO nova.service [-] Starting scheduler node (version 33.1.0)
Aug 19 19:28:13.333018 np0000007808 nova-scheduler[96600]: INFO dbcounter [None req-b100fa39-b75d-4603-94ef-a083fb267c0e None None] Registered counter for database nova_cell0
Aug 19 19:28:13.333682 np0000007808 nova-scheduler[96594]: DEBUG oslo_db.sqlalchemy.engines [None req-a2c95c20-f56d-4085-9044-3190a15a1a48 None None] MySQL server mode set to STRICT_TRANS_TABLES,STRICT_ALL_TABLES,NO_ZERO_IN_DATE,NO_ZERO_DATE,ERROR_FOR_DIVISION_BY_ZERO,TRADITIONAL,NO_ENGINE_SUBSTITUTION {{(pid=96594) _check_effective_sql_mode /opt/stack/data/venv/lib/python3.12/site-packages/oslo_db/sqlalchemy/engines.py:325}}
Aug 19 19:28:13.333682 np0000007808 nova-scheduler[96594]: DEBUG dbcounter [-] [96594] Writer thread running {{(pid=96594) stat_writer /opt/stack/data/venv/lib/python3.12/site-packages/dbcounter.py:102}}
Aug 19 19:28:13.333740 np0000007808 nova-scheduler[96598]: DEBUG oslo_db.sqlalchemy.engines [None req-09320ca1-e62a-48cb-a577-e20a6fb25544 None None] MySQL server mode set to STRICT_TRANS_TABLES,STRICT_ALL_TABLES,NO_ZERO_IN_DATE,NO_ZERO_DATE,ERROR_FOR_DIVISION_BY_ZERO,TRADITIONAL,NO_ENGINE_SUBSTITUTION {{(pid=96598) _check_effective_sql_mode /opt/stack/data/venv/lib/python3.12/site-packages/oslo_db/sqlalchemy/engines.py:325}}
Aug 19 19:28:13.333766 np0000007808 nova-scheduler[96596]: DEBUG oslo_db.sqlalchemy.engines [None req-a05af425-3ce8-42dc-9d21-6825e1dd5690 None None] MySQL server mode set to STRICT_TRANS_TABLES,STRICT_ALL_TABLES,NO_ZERO_IN_DATE,NO_ZERO_DATE,ERROR_FOR_DIVISION_BY_ZERO,TRADITIONAL,NO_ENGINE_SUBSTITUTION {{(pid=96596) _check_effective_sql_mode /opt/stack/data/venv/lib/python3.12/site-packages/oslo_db/sqlalchemy/engines.py:325}}
Aug 19 19:28:13.333789 np0000007808 nova-scheduler[96594]: DEBUG nova.service [None req-a2c95c20-f56d-4085-9044-3190a15a1a48 None None] Creating RPC server for service: nova-scheduler on topic: scheduler {{(pid=96594) start /opt/stack/nova/nova/service.py:262}}
Aug 19 19:28:13.338587 np0000007808 nova-scheduler[96598]: DEBUG dbcounter [-] [96598] Writer thread running {{(pid=96598) stat_writer /opt/stack/data/venv/lib/python3.12/site-packages/dbcounter.py:102}}
Aug 19 19:28:13.338649 np0000007808 nova-scheduler[96596]: DEBUG dbcounter [-] [96596] Writer thread running {{(pid=96596) stat_writer /opt/stack/data/venv/lib/python3.12/site-packages/dbcounter.py:102}}
Aug 19 19:28:13.344019 np0000007808 nova-scheduler[96596]: DEBUG nova.service [None req-a05af425-3ce8-42dc-9d21-6825e1dd5690 None None] Creating RPC server for service: nova-scheduler on topic: scheduler {{(pid=96596) start /opt/stack/nova/nova/service.py:262}}
Aug 19 19:28:13.347278 np0000007808 nova-scheduler[96600]: DEBUG oslo_db.sqlalchemy.engines [None req-b100fa39-b75d-4603-94ef-a083fb267c0e None None] MySQL server mode set to STRICT_TRANS_TABLES,STRICT_ALL_TABLES,NO_ZERO_IN_DATE,NO_ZERO_DATE,ERROR_FOR_DIVISION_BY_ZERO,TRADITIONAL,NO_ENGINE_SUBSTITUTION {{(pid=96600) _check_effective_sql_mode /opt/stack/data/venv/lib/python3.12/site-packages/oslo_db/sqlalchemy/engines.py:325}}
Aug 19 19:28:13.348796 np0000007808 nova-scheduler[96598]: DEBUG nova.service [None req-09320ca1-e62a-48cb-a577-e20a6fb25544 None None] Creating RPC server for service: nova-scheduler on topic: scheduler {{(pid=96598) start /opt/stack/nova/nova/service.py:262}}
Aug 19 19:28:13.363640 np0000007808 nova-scheduler[96600]: DEBUG dbcounter [-] [96600] Writer thread running {{(pid=96600) stat_writer /opt/stack/data/venv/lib/python3.12/site-packages/dbcounter.py:102}}
Aug 19 19:28:13.370882 np0000007808 nova-scheduler[96600]: DEBUG nova.service [None req-b100fa39-b75d-4603-94ef-a083fb267c0e None None] Creating RPC server for service: nova-scheduler on topic: scheduler {{(pid=96600) start /opt/stack/nova/nova/service.py:262}}
Aug 19 19:28:13.377662 np0000007808 nova-scheduler[96594]: DEBUG nova.service [None req-a2c95c20-f56d-4085-9044-3190a15a1a48 None None] Join ServiceGroup membership for this service scheduler {{(pid=96594) start /opt/stack/nova/nova/service.py:288}}
Aug 19 19:28:13.377878 np0000007808 nova-scheduler[96594]: DEBUG nova.servicegroup.drivers.db [None req-a2c95c20-f56d-4085-9044-3190a15a1a48 None None] DB_Driver: join new ServiceGroup member np0000007808 to the scheduler group, service = {{(pid=96594) join /opt/stack/nova/nova/servicegroup/drivers/db.py:44}}
Aug 19 19:28:13.383022 np0000007808 nova-scheduler[96598]: DEBUG nova.service [None req-09320ca1-e62a-48cb-a577-e20a6fb25544 None None] Join ServiceGroup membership for this service scheduler {{(pid=96598) start /opt/stack/nova/nova/service.py:288}}
Aug 19 19:28:13.383546 np0000007808 nova-scheduler[96598]: DEBUG nova.servicegroup.drivers.db [None req-09320ca1-e62a-48cb-a577-e20a6fb25544 None None] DB_Driver: join new ServiceGroup member np0000007808 to the scheduler group, service = {{(pid=96598) join /opt/stack/nova/nova/servicegroup/drivers/db.py:44}}
Aug 19 19:28:13.383863 np0000007808 nova-scheduler[96596]: DEBUG nova.service [None req-a05af425-3ce8-42dc-9d21-6825e1dd5690 None None] Join ServiceGroup membership for this service scheduler {{(pid=96596) start /opt/stack/nova/nova/service.py:288}}
Aug 19 19:28:13.384772 np0000007808 nova-scheduler[96596]: DEBUG nova.servicegroup.drivers.db [None req-a05af425-3ce8-42dc-9d21-6825e1dd5690 None None] DB_Driver: join new ServiceGroup member np0000007808 to the scheduler group, service = {{(pid=96596) join /opt/stack/nova/nova/servicegroup/drivers/db.py:44}}
Aug 19 19:28:13.402438 np0000007808 nova-scheduler[96600]: DEBUG nova.service [None req-b100fa39-b75d-4603-94ef-a083fb267c0e None None] Join ServiceGroup membership for this service scheduler {{(pid=96600) start /opt/stack/nova/nova/service.py:288}}
Aug 19 19:28:13.402821 np0000007808 nova-scheduler[96600]: DEBUG nova.servicegroup.drivers.db [None req-b100fa39-b75d-4603-94ef-a083fb267c0e None None] DB_Driver: join new ServiceGroup member np0000007808 to the scheduler group, service = {{(pid=96600) join /opt/stack/nova/nova/servicegroup/drivers/db.py:44}}
Aug 19 19:28:18.395760 np0000007808 nova-scheduler[96594]: DEBUG oslo.service.backend._threading.loopingcall [-] Fixed interval looping call 'nova.servicegroup.drivers.db.DbDriver._report_state' sleeping for 119.99 seconds {{(pid=96594) _run_loop /opt/stack/data/venv/lib/python3.12/site-packages/oslo_service/backend/_threading/loopingcall.py:125}}
Aug 19 19:28:18.405136 np0000007808 nova-scheduler[96598]: DEBUG oslo.service.backend._threading.loopingcall [-] Fixed interval looping call 'nova.servicegroup.drivers.db.DbDriver._report_state' sleeping for 119.98 seconds {{(pid=96598) _run_loop /opt/stack/data/venv/lib/python3.12/site-packages/oslo_service/backend/_threading/loopingcall.py:125}}
Aug 19 19:28:18.405934 np0000007808 nova-scheduler[96596]: DEBUG oslo.service.backend._threading.loopingcall [-] Fixed interval looping call 'nova.servicegroup.drivers.db.DbDriver._report_state' sleeping for 119.98 seconds {{(pid=96596) _run_loop /opt/stack/data/venv/lib/python3.12/site-packages/oslo_service/backend/_threading/loopingcall.py:125}}
Aug 19 19:28:18.415435 np0000007808 nova-scheduler[96600]: DEBUG oslo.service.backend._threading.loopingcall [-] Fixed interval looping call 'nova.servicegroup.drivers.db.DbDriver._report_state' sleeping for 119.99 seconds {{(pid=96600) _run_loop /opt/stack/data/venv/lib/python3.12/site-packages/oslo_service/backend/_threading/loopingcall.py:125}}
Aug 19 19:28:19.382528 np0000007808 nova-scheduler[96594]: DEBUG oslo.service.backend._threading.loopingcall [None req-7c6872e4-b598-4a18-915f-a9cc42583e45 None None] Dynamic interval looping call 'nova.service.Service.periodic_tasks' sleeping for 60.00 seconds {{(pid=96594) _run_loop /opt/stack/data/venv/lib/python3.12/site-packages/oslo_service/backend/_threading/loopingcall.py:125}}
Aug 19 19:28:21.811131 np0000007808 nova-scheduler[95400]: DEBUG dbcounter [-] [95400] Writing DB stats nova_api:SELECT=3 {{(pid=95400) stat_writer /opt/stack/data/venv/lib/python3.12/site-packages/dbcounter.py:115}}
Aug 19 19:28:21.983603 np0000007808 nova-scheduler[95400]: DEBUG dbcounter [-] [95400] Writing DB stats nova_cell1:SELECT=1 {{(pid=95400) stat_writer /opt/stack/data/venv/lib/python3.12/site-packages/dbcounter.py:115}}
Aug 19 19:28:21.989129 np0000007808 nova-scheduler[95400]: DEBUG dbcounter [-] [95400] Writing DB stats nova_cell0:SELECT=1 {{(pid=95400) stat_writer /opt/stack/data/venv/lib/python3.12/site-packages/dbcounter.py:115}}
Aug 19 19:28:22.388983 np0000007808 nova-scheduler[96596]: DEBUG oslo.service.backend._threading.loopingcall [None req-f73dda96-2369-4c1c-91a0-89033ae7aab1 None None] Dynamic interval looping call 'nova.service.Service.periodic_tasks' sleeping for 60.00 seconds {{(pid=96596) _run_loop /opt/stack/data/venv/lib/python3.12/site-packages/oslo_service/backend/_threading/loopingcall.py:125}}
Aug 19 19:28:28.391022 np0000007808 nova-scheduler[96594]: DEBUG dbcounter [-] [96594] Writing DB stats nova_cell0:SELECT=4,nova_cell0:INSERT=1,nova_cell0:UPDATE=1 {{(pid=96594) stat_writer /opt/stack/data/venv/lib/python3.12/site-packages/dbcounter.py:115}}
Aug 19 19:28:28.398889 np0000007808 nova-scheduler[96596]: DEBUG dbcounter [-] [96596] Writing DB stats nova_cell0:SELECT=3 {{(pid=96596) stat_writer /opt/stack/data/venv/lib/python3.12/site-packages/dbcounter.py:115}}
Aug 19 19:28:28.400440 np0000007808 nova-scheduler[96598]: DEBUG dbcounter [-] [96598] Writing DB stats nova_cell0:SELECT=3 {{(pid=96598) stat_writer /opt/stack/data/venv/lib/python3.12/site-packages/dbcounter.py:115}}
Aug 19 19:28:28.412840 np0000007808 nova-scheduler[96600]: DEBUG dbcounter [-] [96600] Writing DB stats nova_cell0:SELECT=3 {{(pid=96600) stat_writer /opt/stack/data/venv/lib/python3.12/site-packages/dbcounter.py:115}}
Aug 19 19:28:30.388946 np0000007808 nova-scheduler[96598]: DEBUG oslo.service.backend._threading.loopingcall [None req-bae5d2c2-6448-4c4e-8f1b-3f89327b0928 None None] Dynamic interval looping call 'nova.service.Service.periodic_tasks' sleeping for 60.00 seconds {{(pid=96598) _run_loop /opt/stack/data/venv/lib/python3.12/site-packages/oslo_service/backend/_threading/loopingcall.py:125}}
Aug 19 19:29:04.405655 np0000007808 nova-scheduler[96600]: DEBUG oslo.service.backend._threading.loopingcall [None req-94baeab5-3127-4997-8539-dd8f631bf5ae None None] Dynamic interval looping call 'nova.service.Service.periodic_tasks' sleeping for 60.00 seconds {{(pid=96600) _run_loop /opt/stack/data/venv/lib/python3.12/site-packages/oslo_service/backend/_threading/loopingcall.py:125}}
Aug 19 19:29:19.383030 np0000007808 nova-scheduler[96594]: DEBUG oslo.service.backend._threading.loopingcall [None req-7c6872e4-b598-4a18-915f-a9cc42583e45 None None] Dynamic interval looping call 'nova.service.Service.periodic_tasks' sleeping for 60.00 seconds {{(pid=96594) _run_loop /opt/stack/data/venv/lib/python3.12/site-packages/oslo_service/backend/_threading/loopingcall.py:125}}
Aug 19 19:29:22.389553 np0000007808 nova-scheduler[96596]: DEBUG oslo.service.backend._threading.loopingcall [None req-f73dda96-2369-4c1c-91a0-89033ae7aab1 None None] Dynamic interval looping call 'nova.service.Service.periodic_tasks' sleeping for 60.00 seconds {{(pid=96596) _run_loop /opt/stack/data/venv/lib/python3.12/site-packages/oslo_service/backend/_threading/loopingcall.py:125}}
Aug 19 19:29:30.389548 np0000007808 nova-scheduler[96598]: DEBUG oslo.service.backend._threading.loopingcall [None req-bae5d2c2-6448-4c4e-8f1b-3f89327b0928 None None] Dynamic interval looping call 'nova.service.Service.periodic_tasks' sleeping for 60.00 seconds {{(pid=96598) _run_loop /opt/stack/data/venv/lib/python3.12/site-packages/oslo_service/backend/_threading/loopingcall.py:125}}
Aug 19 19:30:04.406333 np0000007808 nova-scheduler[96600]: DEBUG oslo.service.backend._threading.loopingcall [None req-94baeab5-3127-4997-8539-dd8f631bf5ae None None] Dynamic interval looping call 'nova.service.Service.periodic_tasks' sleeping for 60.00 seconds {{(pid=96600) _run_loop /opt/stack/data/venv/lib/python3.12/site-packages/oslo_service/backend/_threading/loopingcall.py:125}}
Aug 19 19:30:18.394738 np0000007808 nova-scheduler[96594]: DEBUG oslo.service.backend._threading.loopingcall [-] Fixed interval looping call 'nova.servicegroup.drivers.db.DbDriver._report_state' sleeping for 119.99 seconds {{(pid=96594) _run_loop /opt/stack/data/venv/lib/python3.12/site-packages/oslo_service/backend/_threading/loopingcall.py:125}}
Aug 19 19:30:18.395214 np0000007808 nova-scheduler[96598]: DEBUG oslo.service.backend._threading.loopingcall [-] Fixed interval looping call 'nova.servicegroup.drivers.db.DbDriver._report_state' sleeping for 119.99 seconds {{(pid=96598) _run_loop /opt/stack/data/venv/lib/python3.12/site-packages/oslo_service/backend/_threading/loopingcall.py:125}}
Aug 19 19:30:18.395985 np0000007808 nova-scheduler[96596]: DEBUG oslo.service.backend._threading.loopingcall [-] Fixed interval looping call 'nova.servicegroup.drivers.db.DbDriver._report_state' sleeping for 119.99 seconds {{(pid=96596) _run_loop /opt/stack/data/venv/lib/python3.12/site-packages/oslo_service/backend/_threading/loopingcall.py:125}}
Aug 19 19:30:18.409214 np0000007808 nova-scheduler[96600]: DEBUG oslo.service.backend._threading.loopingcall [-] Fixed interval looping call 'nova.servicegroup.drivers.db.DbDriver._report_state' sleeping for 120.00 seconds {{(pid=96600) _run_loop /opt/stack/data/venv/lib/python3.12/site-packages/oslo_service/backend/_threading/loopingcall.py:125}}
Aug 19 19:30:19.383678 np0000007808 nova-scheduler[96594]: DEBUG oslo.service.backend._threading.loopingcall [None req-7c6872e4-b598-4a18-915f-a9cc42583e45 None None] Dynamic interval looping call 'nova.service.Service.periodic_tasks' sleeping for 60.00 seconds {{(pid=96594) _run_loop /opt/stack/data/venv/lib/python3.12/site-packages/oslo_service/backend/_threading/loopingcall.py:125}}
Aug 19 19:30:22.390062 np0000007808 nova-scheduler[96596]: DEBUG oslo.service.backend._threading.loopingcall [None req-f73dda96-2369-4c1c-91a0-89033ae7aab1 None None] Dynamic interval looping call 'nova.service.Service.periodic_tasks' sleeping for 60.00 seconds {{(pid=96596) _run_loop /opt/stack/data/venv/lib/python3.12/site-packages/oslo_service/backend/_threading/loopingcall.py:125}}
Aug 19 19:30:28.389711 np0000007808 nova-scheduler[96594]: DEBUG dbcounter [-] [96594] Writing DB stats nova_cell0:SELECT=1,nova_cell0:UPDATE=1 {{(pid=96594) stat_writer /opt/stack/data/venv/lib/python3.12/site-packages/dbcounter.py:115}}
Aug 19 19:30:28.391434 np0000007808 nova-scheduler[96598]: DEBUG dbcounter [-] [96598] Writing DB stats nova_cell0:SELECT=1,nova_cell0:UPDATE=1 {{(pid=96598) stat_writer /opt/stack/data/venv/lib/python3.12/site-packages/dbcounter.py:115}}
Aug 19 19:30:28.392851 np0000007808 nova-scheduler[96596]: DEBUG dbcounter [-] [96596] Writing DB stats nova_cell0:SELECT=1,nova_cell0:UPDATE=1 {{(pid=96596) stat_writer /opt/stack/data/venv/lib/python3.12/site-packages/dbcounter.py:115}}
Aug 19 19:30:28.407479 np0000007808 nova-scheduler[96600]: DEBUG dbcounter [-] [96600] Writing DB stats nova_cell0:SELECT=1 {{(pid=96600) stat_writer /opt/stack/data/venv/lib/python3.12/site-packages/dbcounter.py:115}}
Aug 19 19:30:30.390202 np0000007808 nova-scheduler[96598]: DEBUG oslo.service.backend._threading.loopingcall [None req-bae5d2c2-6448-4c4e-8f1b-3f89327b0928 None None] Dynamic interval looping call 'nova.service.Service.periodic_tasks' sleeping for 60.00 seconds {{(pid=96598) _run_loop /opt/stack/data/venv/lib/python3.12/site-packages/oslo_service/backend/_threading/loopingcall.py:125}}
Aug 19 19:31:04.406992 np0000007808 nova-scheduler[96600]: DEBUG oslo.service.backend._threading.loopingcall [None req-94baeab5-3127-4997-8539-dd8f631bf5ae None None] Dynamic interval looping call 'nova.service.Service.periodic_tasks' sleeping for 60.00 seconds {{(pid=96600) _run_loop /opt/stack/data/venv/lib/python3.12/site-packages/oslo_service/backend/_threading/loopingcall.py:125}}
Aug 19 19:31:05.043030 np0000007808 nova-scheduler[96594]: DEBUG nova.scheduler.manager [None req-20c6d6a2-0d25-4a25-a537-d872740f0f3f tempest-AttachSCSIVolumeTestJSON-1219260941 tempest-AttachSCSIVolumeTestJSON-1219260941-project-member] Starting to schedule for instances: ['098c6b96-ace5-498d-b227-6151081d8c60'] {{(pid=96594) select_destinations /opt/stack/nova/nova/scheduler/manager.py:197}}
Aug 19 19:31:05.043615 np0000007808 nova-scheduler[96594]: DEBUG nova.scheduler.request_filter [None req-20c6d6a2-0d25-4a25-a537-d872740f0f3f tempest-AttachSCSIVolumeTestJSON-1219260941 tempest-AttachSCSIVolumeTestJSON-1219260941-project-member] compute_status_filter request filter added forbidden trait COMPUTE_STATUS_DISABLED {{(pid=96594) compute_status_filter /opt/stack/nova/nova/scheduler/request_filter.py:253}}
Aug 19 19:31:05.043724 np0000007808 nova-scheduler[96594]: DEBUG nova.scheduler.request_filter [None req-20c6d6a2-0d25-4a25-a537-d872740f0f3f tempest-AttachSCSIVolumeTestJSON-1219260941 tempest-AttachSCSIVolumeTestJSON-1219260941-project-member] Request filter 'compute_status_filter' took 0.0 seconds {{(pid=96594) wrapper /opt/stack/nova/nova/scheduler/request_filter.py:46}}
Aug 19 19:31:05.043962 np0000007808 nova-scheduler[96594]: DEBUG nova.scheduler.request_filter [None req-20c6d6a2-0d25-4a25-a537-d872740f0f3f tempest-AttachSCSIVolumeTestJSON-1219260941 tempest-AttachSCSIVolumeTestJSON-1219260941-project-member] Request filter 'accelerators_filter' took 0.0 seconds {{(pid=96594) wrapper /opt/stack/nova/nova/scheduler/request_filter.py:46}}
Aug 19 19:31:05.044203 np0000007808 nova-scheduler[96594]: DEBUG nova.scheduler.request_filter [None req-20c6d6a2-0d25-4a25-a537-d872740f0f3f tempest-AttachSCSIVolumeTestJSON-1219260941 tempest-AttachSCSIVolumeTestJSON-1219260941-project-member] Request filter 'packed_virtqueue_filter' took 0.0 seconds {{(pid=96594) wrapper /opt/stack/nova/nova/scheduler/request_filter.py:46}}
Aug 19 19:31:05.044522 np0000007808 nova-scheduler[96594]: DEBUG nova.scheduler.request_filter [None req-20c6d6a2-0d25-4a25-a537-d872740f0f3f tempest-AttachSCSIVolumeTestJSON-1219260941 tempest-AttachSCSIVolumeTestJSON-1219260941-project-member] Request filter 'remote_managed_ports_filter' took 0.0 seconds {{(pid=96594) wrapper /opt/stack/nova/nova/scheduler/request_filter.py:46}}
Aug 19 19:31:05.044678 np0000007808 nova-scheduler[96594]: DEBUG nova.scheduler.request_filter [None req-20c6d6a2-0d25-4a25-a537-d872740f0f3f tempest-AttachSCSIVolumeTestJSON-1219260941 tempest-AttachSCSIVolumeTestJSON-1219260941-project-member] ephemeral_encryption_filter skipped {{(pid=96594) ephemeral_encryption_filter /opt/stack/nova/nova/scheduler/request_filter.py:426}}
Aug 19 19:31:05.044846 np0000007808 nova-scheduler[96594]: DEBUG nova.scheduler.request_filter [None req-20c6d6a2-0d25-4a25-a537-d872740f0f3f tempest-AttachSCSIVolumeTestJSON-1219260941 tempest-AttachSCSIVolumeTestJSON-1219260941-project-member] virtio_sound_filter skipped {{(pid=96594) virtio_sound_filter /opt/stack/nova/nova/scheduler/request_filter.py:460}}
Aug 19 19:31:05.045102 np0000007808 nova-scheduler[96594]: DEBUG nova.scheduler.request_filter [None req-20c6d6a2-0d25-4a25-a537-d872740f0f3f tempest-AttachSCSIVolumeTestJSON-1219260941 tempest-AttachSCSIVolumeTestJSON-1219260941-project-member] tpm_secret_security_filter skipped {{(pid=96594) tpm_secret_security_filter /opt/stack/nova/nova/scheduler/request_filter.py:477}}
Aug 19 19:31:05.674443 np0000007808 nova-scheduler[96594]: INFO nova.utils [None req-20c6d6a2-0d25-4a25-a537-d872740f0f3f tempest-AttachSCSIVolumeTestJSON-1219260941 tempest-AttachSCSIVolumeTestJSON-1219260941-project-member] The cell worker thread pool ForkProcess-1.cell_worker is initialized
Aug 19 19:31:05.676175 np0000007808 nova-scheduler[96594]: DEBUG oslo_concurrency.lockutils [None req-20c6d6a2-0d25-4a25-a537-d872740f0f3f tempest-AttachSCSIVolumeTestJSON-1219260941 tempest-AttachSCSIVolumeTestJSON-1219260941-project-member] Acquiring lock "e67f075e-87ce-47ec-bc1f-61364cdeaac1" by "nova.context.set_target_cell..get_or_set_cached_cell_and_set_connections" {{(pid=96594) inner /opt/stack/data/venv/lib/python3.12/site-packages/oslo_concurrency/lockutils.py:512}}
Aug 19 19:31:05.676175 np0000007808 nova-scheduler[96594]: DEBUG oslo_concurrency.lockutils [None req-20c6d6a2-0d25-4a25-a537-d872740f0f3f tempest-AttachSCSIVolumeTestJSON-1219260941 tempest-AttachSCSIVolumeTestJSON-1219260941-project-member] Lock "e67f075e-87ce-47ec-bc1f-61364cdeaac1" acquired by "nova.context.set_target_cell..get_or_set_cached_cell_and_set_connections" :: waited 0.000s {{(pid=96594) inner /opt/stack/data/venv/lib/python3.12/site-packages/oslo_concurrency/lockutils.py:525}}
Aug 19 19:31:05.677381 np0000007808 nova-scheduler[96594]: DEBUG oslo_concurrency.lockutils [None req-20c6d6a2-0d25-4a25-a537-d872740f0f3f tempest-AttachSCSIVolumeTestJSON-1219260941 tempest-AttachSCSIVolumeTestJSON-1219260941-project-member] Lock "e67f075e-87ce-47ec-bc1f-61364cdeaac1" "released" by "nova.context.set_target_cell..get_or_set_cached_cell_and_set_connections" :: held 0.002s {{(pid=96594) inner /opt/stack/data/venv/lib/python3.12/site-packages/oslo_concurrency/lockutils.py:544}}
Aug 19 19:31:05.680337 np0000007808 nova-scheduler[96594]: INFO dbcounter [None req-20c6d6a2-0d25-4a25-a537-d872740f0f3f tempest-AttachSCSIVolumeTestJSON-1219260941 tempest-AttachSCSIVolumeTestJSON-1219260941-project-member] Registered counter for database nova_cell1
Aug 19 19:31:05.736541 np0000007808 nova-scheduler[96594]: DEBUG oslo_db.sqlalchemy.engines [None req-20c6d6a2-0d25-4a25-a537-d872740f0f3f tempest-AttachSCSIVolumeTestJSON-1219260941 tempest-AttachSCSIVolumeTestJSON-1219260941-project-member] MySQL server mode set to STRICT_TRANS_TABLES,STRICT_ALL_TABLES,NO_ZERO_IN_DATE,NO_ZERO_DATE,ERROR_FOR_DIVISION_BY_ZERO,TRADITIONAL,NO_ENGINE_SUBSTITUTION {{(pid=96594) _check_effective_sql_mode /opt/stack/data/venv/lib/python3.12/site-packages/oslo_db/sqlalchemy/engines.py:325}}
Aug 19 19:31:05.743617 np0000007808 nova-scheduler[96594]: DEBUG dbcounter [-] [96594] Writer thread running {{(pid=96594) stat_writer /opt/stack/data/venv/lib/python3.12/site-packages/dbcounter.py:102}}
Aug 19 19:31:05.760743 np0000007808 nova-scheduler[96594]: DEBUG oslo_db.sqlalchemy.engines [None req-20c6d6a2-0d25-4a25-a537-d872740f0f3f tempest-AttachSCSIVolumeTestJSON-1219260941 tempest-AttachSCSIVolumeTestJSON-1219260941-project-member] Parent process 95400 forked (96594) with an open database connection, which is being discarded and recreated. {{(pid=96594) checkout /opt/stack/data/venv/lib/python3.12/site-packages/oslo_db/sqlalchemy/engines.py:402}}
Aug 19 19:31:05.814651 np0000007808 nova-scheduler[96594]: DEBUG dbcounter [-] [96594] Writer thread running {{(pid=96594) stat_writer /opt/stack/data/venv/lib/python3.12/site-packages/dbcounter.py:102}}
