Aug 19 19:28:19.478157 np0000007808 nova-conductor[99077]: DEBUG cotyledon.oslo_config_glue [-] workarounds.disable_group_policy_check_upcall = False {{(pid=99077) log_opt_values /opt/stack/data/venv/lib/python3.12/site-packages/oslo_config/cfg.py:3560}}
Aug 19 19:28:19.478157 np0000007808 nova-conductor[99077]: DEBUG cotyledon.oslo_config_glue [-] workarounds.disable_libvirt_livesnapshot = False {{(pid=99077) log_opt_values /opt/stack/data/venv/lib/python3.12/site-packages/oslo_config/cfg.py:3560}}
Aug 19 19:28:19.478157 np0000007808 nova-conductor[99077]: DEBUG cotyledon.oslo_config_glue [-] workarounds.disable_rootwrap = False {{(pid=99077) log_opt_values /opt/stack/data/venv/lib/python3.12/site-packages/oslo_config/cfg.py:3560}}
Aug 19 19:28:19.478157 np0000007808 nova-conductor[99077]: DEBUG cotyledon.oslo_config_glue [-] workarounds.enable_numa_live_migration = False {{(pid=99077) log_opt_values /opt/stack/data/venv/lib/python3.12/site-packages/oslo_config/cfg.py:3560}}
Aug 19 19:28:19.478157 np0000007808 nova-conductor[99077]: DEBUG cotyledon.oslo_config_glue [-] workarounds.enable_qemu_monitor_announce_self = False {{(pid=99077) log_opt_values /opt/stack/data/venv/lib/python3.12/site-packages/oslo_config/cfg.py:3560}}
Aug 19 19:28:19.478157 np0000007808 nova-conductor[99077]: DEBUG cotyledon.oslo_config_glue [-] workarounds.ensure_libvirt_rbd_instance_dir_cleanup = False {{(pid=99077) log_opt_values /opt/stack/data/venv/lib/python3.12/site-packages/oslo_config/cfg.py:3560}}
Aug 19 19:28:19.478157 np0000007808 nova-conductor[99077]: DEBUG cotyledon.oslo_config_glue [-] workarounds.handle_virt_lifecycle_events = True {{(pid=99077) log_opt_values /opt/stack/data/venv/lib/python3.12/site-packages/oslo_config/cfg.py:3560}}
Aug 19 19:28:19.478378 np0000007808 nova-conductor[99077]: DEBUG cotyledon.oslo_config_glue [-] workarounds.libvirt_disable_apic = False {{(pid=99077) log_opt_values /opt/stack/data/venv/lib/python3.12/site-packages/oslo_config/cfg.py:3560}}
Aug 19 19:28:19.478378 np0000007808 nova-conductor[99077]: DEBUG cotyledon.oslo_config_glue [-] workarounds.never_download_image_if_on_rbd = False {{(pid=99077) log_opt_values /opt/stack/data/venv/lib/python3.12/site-packages/oslo_config/cfg.py:3560}}
Aug 19 19:28:19.478378 np0000007808 nova-conductor[99077]: DEBUG cotyledon.oslo_config_glue [-] workarounds.qemu_monitor_announce_self_count = 3 {{(pid=99077) log_opt_values /opt/stack/data/venv/lib/python3.12/site-packages/oslo_config/cfg.py:3560}}
Aug 19 19:28:19.478378 np0000007808 nova-conductor[99077]: DEBUG cotyledon.oslo_config_glue [-] workarounds.qemu_monitor_announce_self_interval = 1 {{(pid=99077) log_opt_values /opt/stack/data/venv/lib/python3.12/site-packages/oslo_config/cfg.py:3560}}
Aug 19 19:28:19.478378 np0000007808 nova-conductor[99077]: DEBUG cotyledon.oslo_config_glue [-] workarounds.reserve_disk_resource_for_image_cache = False {{(pid=99077) log_opt_values /opt/stack/data/venv/lib/python3.12/site-packages/oslo_config/cfg.py:3560}}
Aug 19 19:28:19.478378 np0000007808 nova-conductor[99077]: DEBUG cotyledon.oslo_config_glue [-] workarounds.skip_cpu_compare_at_startup = False {{(pid=99077) log_opt_values /opt/stack/data/venv/lib/python3.12/site-packages/oslo_config/cfg.py:3560}}
Aug 19 19:28:19.478378 np0000007808 nova-conductor[99077]: DEBUG cotyledon.oslo_config_glue [-] workarounds.skip_cpu_compare_on_dest = False {{(pid=99077) log_opt_values /opt/stack/data/venv/lib/python3.12/site-packages/oslo_config/cfg.py:3560}}
Aug 19 19:28:19.478378 np0000007808 nova-conductor[99077]: DEBUG cotyledon.oslo_config_glue [-] workarounds.skip_hypervisor_version_check_on_lm = False {{(pid=99077) log_opt_values /opt/stack/data/venv/lib/python3.12/site-packages/oslo_config/cfg.py:3560}}
Aug 19 19:28:19.478378 np0000007808 nova-conductor[99077]: DEBUG cotyledon.oslo_config_glue [-] workarounds.skip_reserve_in_use_ironic_nodes = False {{(pid=99077) log_opt_values /opt/stack/data/venv/lib/python3.12/site-packages/oslo_config/cfg.py:3560}}
Aug 19 19:28:19.478595 np0000007808 nova-conductor[99077]: DEBUG cotyledon.oslo_config_glue [-] workarounds.unified_limits_count_pcpu_as_vcpu = False {{(pid=99077) log_opt_values /opt/stack/data/venv/lib/python3.12/site-packages/oslo_config/cfg.py:3560}}
Aug 19 19:28:19.478595 np0000007808 nova-conductor[99077]: DEBUG cotyledon.oslo_config_glue [-] workarounds.wait_for_vif_plugged_event_during_hard_reboot = [] {{(pid=99077) log_opt_values /opt/stack/data/venv/lib/python3.12/site-packages/oslo_config/cfg.py:3560}}
Aug 19 19:28:19.478595 np0000007808 nova-conductor[99077]: DEBUG cotyledon.oslo_config_glue [-] wsgi.api_paste_config = /etc/nova/api-paste.ini {{(pid=99077) log_opt_values /opt/stack/data/venv/lib/python3.12/site-packages/oslo_config/cfg.py:3560}}
Aug 19 19:28:19.478595 np0000007808 nova-conductor[99077]: DEBUG cotyledon.oslo_config_glue [-] wsgi.secure_proxy_ssl_header = None {{(pid=99077) log_opt_values /opt/stack/data/venv/lib/python3.12/site-packages/oslo_config/cfg.py:3560}}
Aug 19 19:28:19.478595 np0000007808 nova-conductor[99077]: DEBUG cotyledon.oslo_config_glue [-] zvm.ca_file = None {{(pid=99077) log_opt_values /opt/stack/data/venv/lib/python3.12/site-packages/oslo_config/cfg.py:3560}}
Aug 19 19:28:19.478595 np0000007808 nova-conductor[99077]: DEBUG cotyledon.oslo_config_glue [-] zvm.cloud_connector_url = None {{(pid=99077) log_opt_values /opt/stack/data/venv/lib/python3.12/site-packages/oslo_config/cfg.py:3560}}
Aug 19 19:28:19.478595 np0000007808 nova-conductor[99077]: DEBUG cotyledon.oslo_config_glue [-] zvm.image_tmp_path = /opt/stack/data/nova/images {{(pid=99077) log_opt_values /opt/stack/data/venv/lib/python3.12/site-packages/oslo_config/cfg.py:3560}}
Aug 19 19:28:19.478595 np0000007808 nova-conductor[99077]: DEBUG cotyledon.oslo_config_glue [-] zvm.reachable_timeout = 300 {{(pid=99077) log_opt_values /opt/stack/data/venv/lib/python3.12/site-packages/oslo_config/cfg.py:3560}}
Aug 19 19:28:19.478595 np0000007808 nova-conductor[99077]: DEBUG cotyledon.oslo_config_glue [-] oslo_versionedobjects.fatal_exception_format_errors = False {{(pid=99077) log_opt_values /opt/stack/data/venv/lib/python3.12/site-packages/oslo_config/cfg.py:3560}}
Aug 19 19:28:19.478845 np0000007808 nova-conductor[99077]: DEBUG cotyledon.oslo_config_glue [-] oslo_middleware.http_basic_auth_user_file = /etc/htpasswd {{(pid=99077) log_opt_values /opt/stack/data/venv/lib/python3.12/site-packages/oslo_config/cfg.py:3560}}
Aug 19 19:28:19.478845 np0000007808 nova-conductor[99077]: DEBUG cotyledon.oslo_config_glue [-] profiler.connection_string = messaging:// {{(pid=99077) log_opt_values /opt/stack/data/venv/lib/python3.12/site-packages/oslo_config/cfg.py:3560}}
Aug 19 19:28:19.478845 np0000007808 nova-conductor[99077]: DEBUG cotyledon.oslo_config_glue [-] profiler.enabled = False {{(pid=99077) log_opt_values /opt/stack/data/venv/lib/python3.12/site-packages/oslo_config/cfg.py:3560}}
Aug 19 19:28:19.478845 np0000007808 nova-conductor[99077]: DEBUG cotyledon.oslo_config_glue [-] profiler.es_doc_type = notification {{(pid=99077) log_opt_values /opt/stack/data/venv/lib/python3.12/site-packages/oslo_config/cfg.py:3560}}
Aug 19 19:28:19.478845 np0000007808 nova-conductor[99077]: DEBUG cotyledon.oslo_config_glue [-] profiler.es_scroll_size = 10000 {{(pid=99077) log_opt_values /opt/stack/data/venv/lib/python3.12/site-packages/oslo_config/cfg.py:3560}}
Aug 19 19:28:19.478845 np0000007808 nova-conductor[99077]: DEBUG cotyledon.oslo_config_glue [-] profiler.es_scroll_time = 2m {{(pid=99077) log_opt_values /opt/stack/data/venv/lib/python3.12/site-packages/oslo_config/cfg.py:3560}}
Aug 19 19:28:19.478845 np0000007808 nova-conductor[99077]: DEBUG cotyledon.oslo_config_glue [-] profiler.filter_error_trace = False {{(pid=99077) log_opt_values /opt/stack/data/venv/lib/python3.12/site-packages/oslo_config/cfg.py:3560}}
Aug 19 19:28:19.478845 np0000007808 nova-conductor[99077]: DEBUG cotyledon.oslo_config_glue [-] profiler.hmac_keys = **** {{(pid=99077) log_opt_values /opt/stack/data/venv/lib/python3.12/site-packages/oslo_config/cfg.py:3560}}
Aug 19 19:28:19.478845 np0000007808 nova-conductor[99077]: DEBUG cotyledon.oslo_config_glue [-] profiler.sentinel_service_name = mymaster {{(pid=99077) log_opt_values /opt/stack/data/venv/lib/python3.12/site-packages/oslo_config/cfg.py:3560}}
Aug 19 19:28:19.479130 np0000007808 nova-conductor[99077]: DEBUG cotyledon.oslo_config_glue [-] profiler.socket_timeout = 0.1 {{(pid=99077) log_opt_values /opt/stack/data/venv/lib/python3.12/site-packages/oslo_config/cfg.py:3560}}
Aug 19 19:28:19.479130 np0000007808 nova-conductor[99077]: DEBUG cotyledon.oslo_config_glue [-] profiler.trace_requests = False {{(pid=99077) log_opt_values /opt/stack/data/venv/lib/python3.12/site-packages/oslo_config/cfg.py:3560}}
Aug 19 19:28:19.479130 np0000007808 nova-conductor[99077]: DEBUG cotyledon.oslo_config_glue [-] profiler.trace_sqlalchemy = False {{(pid=99077) log_opt_values /opt/stack/data/venv/lib/python3.12/site-packages/oslo_config/cfg.py:3560}}
Aug 19 19:28:19.479130 np0000007808 nova-conductor[99077]: DEBUG cotyledon.oslo_config_glue [-] profiler_jaeger.process_tags = {} {{(pid=99077) log_opt_values /opt/stack/data/venv/lib/python3.12/site-packages/oslo_config/cfg.py:3560}}
Aug 19 19:28:19.479130 np0000007808 nova-conductor[99077]: DEBUG cotyledon.oslo_config_glue [-] profiler_jaeger.service_name_prefix = None {{(pid=99077) log_opt_values /opt/stack/data/venv/lib/python3.12/site-packages/oslo_config/cfg.py:3560}}
Aug 19 19:28:19.479130 np0000007808 nova-conductor[99077]: DEBUG cotyledon.oslo_config_glue [-] profiler_otlp.service_name_prefix = None {{(pid=99077) log_opt_values /opt/stack/data/venv/lib/python3.12/site-packages/oslo_config/cfg.py:3560}}
Aug 19 19:28:19.479130 np0000007808 nova-conductor[99077]: DEBUG cotyledon.oslo_config_glue [-] oslo_messaging_rabbit.amqp_auto_delete = False {{(pid=99077) log_opt_values /opt/stack/data/venv/lib/python3.12/site-packages/oslo_config/cfg.py:3560}}
Aug 19 19:28:19.479130 np0000007808 nova-conductor[99077]: DEBUG cotyledon.oslo_config_glue [-] oslo_messaging_rabbit.amqp_durable_queues = False {{(pid=99077) log_opt_values /opt/stack/data/venv/lib/python3.12/site-packages/oslo_config/cfg.py:3560}}
Aug 19 19:28:19.479130 np0000007808 nova-conductor[99077]: DEBUG cotyledon.oslo_config_glue [-] oslo_messaging_rabbit.conn_pool_min_size = 2 {{(pid=99077) log_opt_values /opt/stack/data/venv/lib/python3.12/site-packages/oslo_config/cfg.py:3560}}
Aug 19 19:28:19.479433 np0000007808 nova-conductor[99077]: DEBUG cotyledon.oslo_config_glue [-] oslo_messaging_rabbit.conn_pool_ttl = 1200 {{(pid=99077) log_opt_values /opt/stack/data/venv/lib/python3.12/site-packages/oslo_config/cfg.py:3560}}
Aug 19 19:28:19.479433 np0000007808 nova-conductor[99077]: DEBUG cotyledon.oslo_config_glue [-] oslo_messaging_rabbit.direct_mandatory_flag = True {{(pid=99077) log_opt_values /opt/stack/data/venv/lib/python3.12/site-packages/oslo_config/cfg.py:3560}}
Aug 19 19:28:19.479433 np0000007808 nova-conductor[99077]: DEBUG cotyledon.oslo_config_glue [-] oslo_messaging_rabbit.enable_cancel_on_failover = False {{(pid=99077) log_opt_values /opt/stack/data/venv/lib/python3.12/site-packages/oslo_config/cfg.py:3560}}
Aug 19 19:28:19.479433 np0000007808 nova-conductor[99077]: DEBUG cotyledon.oslo_config_glue [-] oslo_messaging_rabbit.heartbeat_rate = 3 {{(pid=99077) log_opt_values /opt/stack/data/venv/lib/python3.12/site-packages/oslo_config/cfg.py:3560}}
Aug 19 19:28:19.479433 np0000007808 nova-conductor[99077]: DEBUG cotyledon.oslo_config_glue [-] oslo_messaging_rabbit.heartbeat_timeout_threshold = 60 {{(pid=99077) log_opt_values /opt/stack/data/venv/lib/python3.12/site-packages/oslo_config/cfg.py:3560}}
Aug 19 19:28:19.479433 np0000007808 nova-conductor[99077]: DEBUG cotyledon.oslo_config_glue [-] oslo_messaging_rabbit.hostname = np0000007808 {{(pid=99077) log_opt_values /opt/stack/data/venv/lib/python3.12/site-packages/oslo_config/cfg.py:3560}}
Aug 19 19:28:19.479433 np0000007808 nova-conductor[99077]: DEBUG cotyledon.oslo_config_glue [-] oslo_messaging_rabbit.kombu_compression = None {{(pid=99077) log_opt_values /opt/stack/data/venv/lib/python3.12/site-packages/oslo_config/cfg.py:3560}}
Aug 19 19:28:19.479433 np0000007808 nova-conductor[99077]: DEBUG cotyledon.oslo_config_glue [-] oslo_messaging_rabbit.kombu_failover_strategy = round-robin {{(pid=99077) log_opt_values /opt/stack/data/venv/lib/python3.12/site-packages/oslo_config/cfg.py:3560}}
Aug 19 19:28:19.479433 np0000007808 nova-conductor[99077]: DEBUG cotyledon.oslo_config_glue [-] oslo_messaging_rabbit.kombu_missing_consumer_retry_timeout = 60 {{(pid=99077) log_opt_values /opt/stack/data/venv/lib/python3.12/site-packages/oslo_config/cfg.py:3560}}
Aug 19 19:28:19.479644 np0000007808 nova-conductor[99077]: DEBUG cotyledon.oslo_config_glue [-] oslo_messaging_rabbit.kombu_reconnect_delay = 1.0 {{(pid=99077) log_opt_values /opt/stack/data/venv/lib/python3.12/site-packages/oslo_config/cfg.py:3560}}
Aug 19 19:28:19.479644 np0000007808 nova-conductor[99077]: DEBUG cotyledon.oslo_config_glue [-] oslo_messaging_rabbit.kombu_reconnect_splay = 0.0 {{(pid=99077) log_opt_values /opt/stack/data/venv/lib/python3.12/site-packages/oslo_config/cfg.py:3560}}
Aug 19 19:28:19.479644 np0000007808 nova-conductor[99077]: DEBUG cotyledon.oslo_config_glue [-] oslo_messaging_rabbit.processname = nova-conductor {{(pid=99077) log_opt_values /opt/stack/data/venv/lib/python3.12/site-packages/oslo_config/cfg.py:3560}}
Aug 19 19:28:19.479644 np0000007808 nova-conductor[99077]: DEBUG cotyledon.oslo_config_glue [-] oslo_messaging_rabbit.rabbit_ha_queues = False {{(pid=99077) log_opt_values /opt/stack/data/venv/lib/python3.12/site-packages/oslo_config/cfg.py:3560}}
Aug 19 19:28:19.479644 np0000007808 nova-conductor[99077]: DEBUG cotyledon.oslo_config_glue [-] oslo_messaging_rabbit.rabbit_interval_max = 30 {{(pid=99077) log_opt_values /opt/stack/data/venv/lib/python3.12/site-packages/oslo_config/cfg.py:3560}}
Aug 19 19:28:19.479644 np0000007808 nova-conductor[99077]: DEBUG cotyledon.oslo_config_glue [-] oslo_messaging_rabbit.rabbit_login_method = AMQPLAIN {{(pid=99077) log_opt_values /opt/stack/data/venv/lib/python3.12/site-packages/oslo_config/cfg.py:3560}}
Aug 19 19:28:19.479644 np0000007808 nova-conductor[99077]: DEBUG cotyledon.oslo_config_glue [-] oslo_messaging_rabbit.rabbit_qos_prefetch_count = 0 {{(pid=99077) log_opt_values /opt/stack/data/venv/lib/python3.12/site-packages/oslo_config/cfg.py:3560}}
Aug 19 19:28:19.479644 np0000007808 nova-conductor[99077]: DEBUG cotyledon.oslo_config_glue [-] oslo_messaging_rabbit.rabbit_quorum_delivery_limit = 0 {{(pid=99077) log_opt_values /opt/stack/data/venv/lib/python3.12/site-packages/oslo_config/cfg.py:3560}}
Aug 19 19:28:19.479644 np0000007808 nova-conductor[99077]: DEBUG cotyledon.oslo_config_glue [-] oslo_messaging_rabbit.rabbit_quorum_max_memory_bytes = 0 {{(pid=99077) log_opt_values /opt/stack/data/venv/lib/python3.12/site-packages/oslo_config/cfg.py:3560}}
Aug 19 19:28:19.479843 np0000007808 nova-conductor[99077]: DEBUG cotyledon.oslo_config_glue [-] oslo_messaging_rabbit.rabbit_quorum_max_memory_length = 0 {{(pid=99077) log_opt_values /opt/stack/data/venv/lib/python3.12/site-packages/oslo_config/cfg.py:3560}}
Aug 19 19:28:19.479843 np0000007808 nova-conductor[99077]: DEBUG cotyledon.oslo_config_glue [-] oslo_messaging_rabbit.rabbit_quorum_queue = False {{(pid=99077) log_opt_values /opt/stack/data/venv/lib/python3.12/site-packages/oslo_config/cfg.py:3560}}
Aug 19 19:28:19.479843 np0000007808 nova-conductor[99077]: DEBUG cotyledon.oslo_config_glue [-] oslo_messaging_rabbit.rabbit_retry_backoff = 2 {{(pid=99077) log_opt_values /opt/stack/data/venv/lib/python3.12/site-packages/oslo_config/cfg.py:3560}}
Aug 19 19:28:19.479843 np0000007808 nova-conductor[99077]: DEBUG cotyledon.oslo_config_glue [-] oslo_messaging_rabbit.rabbit_retry_interval = 1 {{(pid=99077) log_opt_values /opt/stack/data/venv/lib/python3.12/site-packages/oslo_config/cfg.py:3560}}
Aug 19 19:28:19.479843 np0000007808 nova-conductor[99077]: DEBUG cotyledon.oslo_config_glue [-] oslo_messaging_rabbit.rabbit_stream_fanout = False {{(pid=99077) log_opt_values /opt/stack/data/venv/lib/python3.12/site-packages/oslo_config/cfg.py:3560}}
Aug 19 19:28:19.479843 np0000007808 nova-conductor[99077]: DEBUG cotyledon.oslo_config_glue [-] oslo_messaging_rabbit.rabbit_transient_queues_ttl = 1800 {{(pid=99077) log_opt_values /opt/stack/data/venv/lib/python3.12/site-packages/oslo_config/cfg.py:3560}}
Aug 19 19:28:19.479843 np0000007808 nova-conductor[99077]: DEBUG cotyledon.oslo_config_glue [-] oslo_messaging_rabbit.rabbit_transient_quorum_queue = False {{(pid=99077) log_opt_values /opt/stack/data/venv/lib/python3.12/site-packages/oslo_config/cfg.py:3560}}
Aug 19 19:28:19.479843 np0000007808 nova-conductor[99077]: DEBUG cotyledon.oslo_config_glue [-] oslo_messaging_rabbit.rpc_conn_pool_size = 30 {{(pid=99077) log_opt_values /opt/stack/data/venv/lib/python3.12/site-packages/oslo_config/cfg.py:3560}}
Aug 19 19:28:19.479843 np0000007808 nova-conductor[99077]: DEBUG cotyledon.oslo_config_glue [-] oslo_messaging_rabbit.ssl = False {{(pid=99077) log_opt_values /opt/stack/data/venv/lib/python3.12/site-packages/oslo_config/cfg.py:3560}}
Aug 19 19:28:19.480012 np0000007808 nova-conductor[99077]: DEBUG cotyledon.oslo_config_glue [-] oslo_messaging_rabbit.ssl_ca_file = {{(pid=99077) log_opt_values /opt/stack/data/venv/lib/python3.12/site-packages/oslo_config/cfg.py:3560}}
Aug 19 19:28:19.480012 np0000007808 nova-conductor[99077]: DEBUG cotyledon.oslo_config_glue [-] oslo_messaging_rabbit.ssl_cert_file = {{(pid=99077) log_opt_values /opt/stack/data/venv/lib/python3.12/site-packages/oslo_config/cfg.py:3560}}
Aug 19 19:28:19.480012 np0000007808 nova-conductor[99077]: DEBUG cotyledon.oslo_config_glue [-] oslo_messaging_rabbit.ssl_enforce_fips_mode = False {{(pid=99077) log_opt_values /opt/stack/data/venv/lib/python3.12/site-packages/oslo_config/cfg.py:3560}}
Aug 19 19:28:19.480012 np0000007808 nova-conductor[99077]: DEBUG cotyledon.oslo_config_glue [-] oslo_messaging_rabbit.ssl_enforce_hostname_verification = True {{(pid=99077) log_opt_values /opt/stack/data/venv/lib/python3.12/site-packages/oslo_config/cfg.py:3560}}
Aug 19 19:28:19.480012 np0000007808 nova-conductor[99077]: DEBUG cotyledon.oslo_config_glue [-] oslo_messaging_rabbit.ssl_key_file = {{(pid=99077) log_opt_values /opt/stack/data/venv/lib/python3.12/site-packages/oslo_config/cfg.py:3560}}
Aug 19 19:28:19.480012 np0000007808 nova-conductor[99077]: DEBUG cotyledon.oslo_config_glue [-] oslo_messaging_rabbit.ssl_version = {{(pid=99077) log_opt_values /opt/stack/data/venv/lib/python3.12/site-packages/oslo_config/cfg.py:3560}}
Aug 19 19:28:19.480012 np0000007808 nova-conductor[99077]: DEBUG cotyledon.oslo_config_glue [-] oslo_messaging_rabbit.use_queue_manager = False {{(pid=99077) log_opt_values /opt/stack/data/venv/lib/python3.12/site-packages/oslo_config/cfg.py:3560}}
Aug 19 19:28:19.480012 np0000007808 nova-conductor[99077]: DEBUG cotyledon.oslo_config_glue [-] oslo_messaging_notifications.driver = ['messagingv2'] {{(pid=99077) log_opt_values /opt/stack/data/venv/lib/python3.12/site-packages/oslo_config/cfg.py:3560}}
Aug 19 19:28:19.480012 np0000007808 nova-conductor[99077]: DEBUG cotyledon.oslo_config_glue [-] oslo_messaging_notifications.retry = -1 {{(pid=99077) log_opt_values /opt/stack/data/venv/lib/python3.12/site-packages/oslo_config/cfg.py:3560}}
Aug 19 19:28:19.480570 np0000007808 nova-conductor[99077]: DEBUG cotyledon.oslo_config_glue [-] oslo_messaging_notifications.topics = ['notifications'] {{(pid=99077) log_opt_values /opt/stack/data/venv/lib/python3.12/site-packages/oslo_config/cfg.py:3560}}
Aug 19 19:28:19.480570 np0000007808 nova-conductor[99077]: DEBUG cotyledon.oslo_config_glue [-] oslo_messaging_notifications.transport_url = **** {{(pid=99077) log_opt_values /opt/stack/data/venv/lib/python3.12/site-packages/oslo_config/cfg.py:3560}}
Aug 19 19:28:19.480570 np0000007808 nova-conductor[99077]: DEBUG cotyledon.oslo_config_glue [-] oslo_limit.auth_section = None {{(pid=99077) log_opt_values /opt/stack/data/venv/lib/python3.12/site-packages/oslo_config/cfg.py:3560}}
Aug 19 19:28:19.480570 np0000007808 nova-conductor[99077]: DEBUG cotyledon.oslo_config_glue [-] oslo_limit.auth_type = None {{(pid=99077) log_opt_values /opt/stack/data/venv/lib/python3.12/site-packages/oslo_config/cfg.py:3560}}
Aug 19 19:28:19.480570 np0000007808 nova-conductor[99077]: DEBUG cotyledon.oslo_config_glue [-] oslo_limit.cafile = None {{(pid=99077) log_opt_values /opt/stack/data/venv/lib/python3.12/site-packages/oslo_config/cfg.py:3560}}
Aug 19 19:28:19.480570 np0000007808 nova-conductor[99077]: DEBUG cotyledon.oslo_config_glue [-] oslo_limit.certfile = None {{(pid=99077) log_opt_values /opt/stack/data/venv/lib/python3.12/site-packages/oslo_config/cfg.py:3560}}
Aug 19 19:28:19.480570 np0000007808 nova-conductor[99077]: DEBUG cotyledon.oslo_config_glue [-] oslo_limit.collect_timing = False {{(pid=99077) log_opt_values /opt/stack/data/venv/lib/python3.12/site-packages/oslo_config/cfg.py:3560}}
Aug 19 19:28:19.480570 np0000007808 nova-conductor[99077]: DEBUG cotyledon.oslo_config_glue [-] oslo_limit.connect_retries = None {{(pid=99077) log_opt_values /opt/stack/data/venv/lib/python3.12/site-packages/oslo_config/cfg.py:3560}}
Aug 19 19:28:19.480570 np0000007808 nova-conductor[99077]: DEBUG cotyledon.oslo_config_glue [-] oslo_limit.connect_retry_delay = None {{(pid=99077) log_opt_values /opt/stack/data/venv/lib/python3.12/site-packages/oslo_config/cfg.py:3560}}
Aug 19 19:28:19.480852 np0000007808 nova-conductor[99077]: DEBUG cotyledon.oslo_config_glue [-] oslo_limit.endpoint_id = None {{(pid=99077) log_opt_values /opt/stack/data/venv/lib/python3.12/site-packages/oslo_config/cfg.py:3560}}
Aug 19 19:28:19.480852 np0000007808 nova-conductor[99077]: DEBUG cotyledon.oslo_config_glue [-] oslo_limit.endpoint_interface = public {{(pid=99077) log_opt_values /opt/stack/data/venv/lib/python3.12/site-packages/oslo_config/cfg.py:3560}}
Aug 19 19:28:19.480852 np0000007808 nova-conductor[99077]: DEBUG cotyledon.oslo_config_glue [-] oslo_limit.endpoint_override = None {{(pid=99077) log_opt_values /opt/stack/data/venv/lib/python3.12/site-packages/oslo_config/cfg.py:3560}}
Aug 19 19:28:19.480852 np0000007808 nova-conductor[99077]: DEBUG cotyledon.oslo_config_glue [-] oslo_limit.endpoint_region_name = None {{(pid=99077) log_opt_values /opt/stack/data/venv/lib/python3.12/site-packages/oslo_config/cfg.py:3560}}
Aug 19 19:28:19.480852 np0000007808 nova-conductor[99077]: DEBUG cotyledon.oslo_config_glue [-] oslo_limit.endpoint_service_name = None {{(pid=99077) log_opt_values /opt/stack/data/venv/lib/python3.12/site-packages/oslo_config/cfg.py:3560}}
Aug 19 19:28:19.480852 np0000007808 nova-conductor[99077]: DEBUG cotyledon.oslo_config_glue [-] oslo_limit.endpoint_service_type = None {{(pid=99077) log_opt_values /opt/stack/data/venv/lib/python3.12/site-packages/oslo_config/cfg.py:3560}}
Aug 19 19:28:19.480852 np0000007808 nova-conductor[99077]: DEBUG cotyledon.oslo_config_glue [-] oslo_limit.insecure = False {{(pid=99077) log_opt_values /opt/stack/data/venv/lib/python3.12/site-packages/oslo_config/cfg.py:3560}}
Aug 19 19:28:19.480852 np0000007808 nova-conductor[99077]: DEBUG cotyledon.oslo_config_glue [-] oslo_limit.keyfile = None {{(pid=99077) log_opt_values /opt/stack/data/venv/lib/python3.12/site-packages/oslo_config/cfg.py:3560}}
Aug 19 19:28:19.480852 np0000007808 nova-conductor[99077]: DEBUG cotyledon.oslo_config_glue [-] oslo_limit.max_version = None {{(pid=99077) log_opt_values /opt/stack/data/venv/lib/python3.12/site-packages/oslo_config/cfg.py:3560}}
Aug 19 19:28:19.481116 np0000007808 nova-conductor[99077]: DEBUG cotyledon.oslo_config_glue [-] oslo_limit.min_version = None {{(pid=99077) log_opt_values /opt/stack/data/venv/lib/python3.12/site-packages/oslo_config/cfg.py:3560}}
Aug 19 19:28:19.481116 np0000007808 nova-conductor[99077]: DEBUG cotyledon.oslo_config_glue [-] oslo_limit.region_name = None {{(pid=99077) log_opt_values /opt/stack/data/venv/lib/python3.12/site-packages/oslo_config/cfg.py:3560}}
Aug 19 19:28:19.481116 np0000007808 nova-conductor[99077]: DEBUG cotyledon.oslo_config_glue [-] oslo_limit.retriable_status_codes = None {{(pid=99077) log_opt_values /opt/stack/data/venv/lib/python3.12/site-packages/oslo_config/cfg.py:3560}}
Aug 19 19:28:19.481116 np0000007808 nova-conductor[99077]: DEBUG cotyledon.oslo_config_glue [-] oslo_limit.service_name = None {{(pid=99077) log_opt_values /opt/stack/data/venv/lib/python3.12/site-packages/oslo_config/cfg.py:3560}}
Aug 19 19:28:19.481116 np0000007808 nova-conductor[99077]: DEBUG cotyledon.oslo_config_glue [-] oslo_limit.service_type = None {{(pid=99077) log_opt_values /opt/stack/data/venv/lib/python3.12/site-packages/oslo_config/cfg.py:3560}}
Aug 19 19:28:19.481116 np0000007808 nova-conductor[99077]: DEBUG cotyledon.oslo_config_glue [-] oslo_limit.split_loggers = False {{(pid=99077) log_opt_values /opt/stack/data/venv/lib/python3.12/site-packages/oslo_config/cfg.py:3560}}
Aug 19 19:28:19.481116 np0000007808 nova-conductor[99077]: DEBUG cotyledon.oslo_config_glue [-] oslo_limit.status_code_retries = None {{(pid=99077) log_opt_values /opt/stack/data/venv/lib/python3.12/site-packages/oslo_config/cfg.py:3560}}
Aug 19 19:28:19.481116 np0000007808 nova-conductor[99077]: DEBUG cotyledon.oslo_config_glue [-] oslo_limit.status_code_retry_delay = None {{(pid=99077) log_opt_values /opt/stack/data/venv/lib/python3.12/site-packages/oslo_config/cfg.py:3560}}
Aug 19 19:28:19.481116 np0000007808 nova-conductor[99077]: DEBUG cotyledon.oslo_config_glue [-] oslo_limit.timeout = None {{(pid=99077) log_opt_values /opt/stack/data/venv/lib/python3.12/site-packages/oslo_config/cfg.py:3560}}
Aug 19 19:28:19.481431 np0000007808 nova-conductor[99077]: DEBUG cotyledon.oslo_config_glue [-] oslo_limit.valid_interfaces = None {{(pid=99077) log_opt_values /opt/stack/data/venv/lib/python3.12/site-packages/oslo_config/cfg.py:3560}}
Aug 19 19:28:19.481431 np0000007808 nova-conductor[99077]: DEBUG cotyledon.oslo_config_glue [-] oslo_limit.version = None {{(pid=99077) log_opt_values /opt/stack/data/venv/lib/python3.12/site-packages/oslo_config/cfg.py:3560}}
Aug 19 19:28:19.481431 np0000007808 nova-conductor[99077]: DEBUG cotyledon.oslo_config_glue [-] oslo_reports.file_event_handler = None {{(pid=99077) log_opt_values /opt/stack/data/venv/lib/python3.12/site-packages/oslo_config/cfg.py:3560}}
Aug 19 19:28:19.481431 np0000007808 nova-conductor[99077]: DEBUG cotyledon.oslo_config_glue [-] oslo_reports.file_event_handler_interval = 1 {{(pid=99077) log_opt_values /opt/stack/data/venv/lib/python3.12/site-packages/oslo_config/cfg.py:3560}}
Aug 19 19:28:19.481431 np0000007808 nova-conductor[99077]: DEBUG cotyledon.oslo_config_glue [-] oslo_reports.log_dir = None {{(pid=99077) log_opt_values /opt/stack/data/venv/lib/python3.12/site-packages/oslo_config/cfg.py:3560}}
Aug 19 19:28:19.481431 np0000007808 nova-conductor[99077]: DEBUG cotyledon.oslo_config_glue [-] ******************************************************************************** {{(pid=99077) log_opt_values /opt/stack/data/venv/lib/python3.12/site-packages/oslo_config/cfg.py:3567}}
Aug 19 19:28:19.481431 np0000007808 nova-conductor[99077]: DEBUG cotyledon._service_worker [-] Run service ServiceWrapper(3) [99077] {{(pid=99077) wait_forever /opt/stack/data/venv/lib/python3.12/site-packages/cotyledon/_service_worker.py:218}}
Aug 19 19:28:19.481431 np0000007808 nova-conductor[99077]: INFO nova.service [-] Starting conductor node (version 33.1.0)
Aug 19 19:28:19.481431 np0000007808 nova-conductor[99077]: INFO dbcounter [None req-811a5181-5b66-4c83-90c3-8629025e4054 None None] Registered counter for database nova_cell0
Aug 19 19:28:19.481745 np0000007808 nova-conductor[99049]: DEBUG oslo_db.sqlalchemy.engines [None req-8ffe4b29-00c4-43a4-8299-abb7a66c8941 None None] MySQL server mode set to STRICT_TRANS_TABLES,STRICT_ALL_TABLES,NO_ZERO_IN_DATE,NO_ZERO_DATE,ERROR_FOR_DIVISION_BY_ZERO,TRADITIONAL,NO_ENGINE_SUBSTITUTION {{(pid=99049) _check_effective_sql_mode /opt/stack/data/venv/lib/python3.12/site-packages/oslo_db/sqlalchemy/engines.py:325}}
Aug 19 19:28:19.481745 np0000007808 nova-conductor[99049]: DEBUG dbcounter [-] [99049] Writer thread running {{(pid=99049) stat_writer /opt/stack/data/venv/lib/python3.12/site-packages/dbcounter.py:102}}
Aug 19 19:28:19.481840 np0000007808 nova-conductor[99063]: DEBUG oslo_db.sqlalchemy.engines [None req-0613daee-d6cc-4489-b0f2-994d776a415a None None] MySQL server mode set to STRICT_TRANS_TABLES,STRICT_ALL_TABLES,NO_ZERO_IN_DATE,NO_ZERO_DATE,ERROR_FOR_DIVISION_BY_ZERO,TRADITIONAL,NO_ENGINE_SUBSTITUTION {{(pid=99063) _check_effective_sql_mode /opt/stack/data/venv/lib/python3.12/site-packages/oslo_db/sqlalchemy/engines.py:325}}
Aug 19 19:28:19.486668 np0000007808 nova-conductor[99071]: DEBUG oslo_db.sqlalchemy.engines [None req-19da34f5-7a01-4ab6-b3c6-9041ed8e960c None None] MySQL server mode set to STRICT_TRANS_TABLES,STRICT_ALL_TABLES,NO_ZERO_IN_DATE,NO_ZERO_DATE,ERROR_FOR_DIVISION_BY_ZERO,TRADITIONAL,NO_ENGINE_SUBSTITUTION {{(pid=99071) _check_effective_sql_mode /opt/stack/data/venv/lib/python3.12/site-packages/oslo_db/sqlalchemy/engines.py:325}}
Aug 19 19:28:19.488292 np0000007808 nova-conductor[99063]: DEBUG dbcounter [-] [99063] Writer thread running {{(pid=99063) stat_writer /opt/stack/data/venv/lib/python3.12/site-packages/dbcounter.py:102}}
Aug 19 19:28:19.494676 np0000007808 nova-conductor[99049]: DEBUG nova.service [None req-8ffe4b29-00c4-43a4-8299-abb7a66c8941 None None] Creating RPC server for service: nova-conductor on topic: conductor {{(pid=99049) start /opt/stack/nova/nova/service.py:262}}
Aug 19 19:28:19.497419 np0000007808 nova-conductor[99071]: DEBUG dbcounter [-] [99071] Writer thread running {{(pid=99071) stat_writer /opt/stack/data/venv/lib/python3.12/site-packages/dbcounter.py:102}}
Aug 19 19:28:19.500893 np0000007808 nova-conductor[99071]: DEBUG nova.service [None req-19da34f5-7a01-4ab6-b3c6-9041ed8e960c None None] Creating RPC server for service: nova-conductor on topic: conductor {{(pid=99071) start /opt/stack/nova/nova/service.py:262}}
Aug 19 19:28:19.504711 np0000007808 nova-conductor[99063]: DEBUG nova.service [None req-0613daee-d6cc-4489-b0f2-994d776a415a None None] Creating RPC server for service: nova-conductor on topic: conductor {{(pid=99063) start /opt/stack/nova/nova/service.py:262}}
Aug 19 19:28:19.510232 np0000007808 nova-conductor[99077]: DEBUG oslo_db.sqlalchemy.engines [None req-811a5181-5b66-4c83-90c3-8629025e4054 None None] MySQL server mode set to STRICT_TRANS_TABLES,STRICT_ALL_TABLES,NO_ZERO_IN_DATE,NO_ZERO_DATE,ERROR_FOR_DIVISION_BY_ZERO,TRADITIONAL,NO_ENGINE_SUBSTITUTION {{(pid=99077) _check_effective_sql_mode /opt/stack/data/venv/lib/python3.12/site-packages/oslo_db/sqlalchemy/engines.py:325}}
Aug 19 19:28:19.522979 np0000007808 nova-conductor[99077]: DEBUG dbcounter [-] [99077] Writer thread running {{(pid=99077) stat_writer /opt/stack/data/venv/lib/python3.12/site-packages/dbcounter.py:102}}
Aug 19 19:28:19.526671 np0000007808 nova-conductor[99077]: DEBUG nova.service [None req-811a5181-5b66-4c83-90c3-8629025e4054 None None] Creating RPC server for service: nova-conductor on topic: conductor {{(pid=99077) start /opt/stack/nova/nova/service.py:262}}
Aug 19 19:28:19.529755 np0000007808 nova-conductor[99071]: DEBUG nova.service [None req-19da34f5-7a01-4ab6-b3c6-9041ed8e960c None None] Join ServiceGroup membership for this service conductor {{(pid=99071) start /opt/stack/nova/nova/service.py:288}}
Aug 19 19:28:19.529913 np0000007808 nova-conductor[99049]: DEBUG nova.service [None req-8ffe4b29-00c4-43a4-8299-abb7a66c8941 None None] Join ServiceGroup membership for this service conductor {{(pid=99049) start /opt/stack/nova/nova/service.py:288}}
Aug 19 19:28:19.530080 np0000007808 nova-conductor[99071]: DEBUG nova.servicegroup.drivers.db [None req-19da34f5-7a01-4ab6-b3c6-9041ed8e960c None None] DB_Driver: join new ServiceGroup member np0000007808 to the conductor group, service = {{(pid=99071) join /opt/stack/nova/nova/servicegroup/drivers/db.py:44}}
Aug 19 19:28:19.530150 np0000007808 nova-conductor[99049]: DEBUG nova.servicegroup.drivers.db [None req-8ffe4b29-00c4-43a4-8299-abb7a66c8941 None None] DB_Driver: join new ServiceGroup member np0000007808 to the conductor group, service = {{(pid=99049) join /opt/stack/nova/nova/servicegroup/drivers/db.py:44}}
Aug 19 19:28:19.533407 np0000007808 nova-conductor[99063]: DEBUG nova.service [None req-0613daee-d6cc-4489-b0f2-994d776a415a None None] Join ServiceGroup membership for this service conductor {{(pid=99063) start /opt/stack/nova/nova/service.py:288}}
Aug 19 19:28:19.533649 np0000007808 nova-conductor[99063]: DEBUG nova.servicegroup.drivers.db [None req-0613daee-d6cc-4489-b0f2-994d776a415a None None] DB_Driver: join new ServiceGroup member np0000007808 to the conductor group, service = {{(pid=99063) join /opt/stack/nova/nova/servicegroup/drivers/db.py:44}}
Aug 19 19:28:19.546361 np0000007808 nova-conductor[99077]: DEBUG nova.service [None req-811a5181-5b66-4c83-90c3-8629025e4054 None None] Join ServiceGroup membership for this service conductor {{(pid=99077) start /opt/stack/nova/nova/service.py:288}}
Aug 19 19:28:19.546621 np0000007808 nova-conductor[99077]: DEBUG nova.servicegroup.drivers.db [None req-811a5181-5b66-4c83-90c3-8629025e4054 None None] DB_Driver: join new ServiceGroup member np0000007808 to the conductor group, service = {{(pid=99077) join /opt/stack/nova/nova/servicegroup/drivers/db.py:44}}
Aug 19 19:28:24.550269 np0000007808 nova-conductor[99049]: DEBUG oslo.service.backend._threading.loopingcall [-] Fixed interval looping call 'nova.servicegroup.drivers.db.DbDriver._report_state' sleeping for 119.98 seconds {{(pid=99049) _run_loop /opt/stack/data/venv/lib/python3.12/site-packages/oslo_service/backend/_threading/loopingcall.py:125}}
Aug 19 19:28:24.552204 np0000007808 nova-conductor[99063]: DEBUG oslo.service.backend._threading.loopingcall [-] Fixed interval looping call 'nova.servicegroup.drivers.db.DbDriver._report_state' sleeping for 119.98 seconds {{(pid=99063) _run_loop /opt/stack/data/venv/lib/python3.12/site-packages/oslo_service/backend/_threading/loopingcall.py:125}}
Aug 19 19:28:24.552940 np0000007808 nova-conductor[99071]: DEBUG oslo.service.backend._threading.loopingcall [-] Fixed interval looping call 'nova.servicegroup.drivers.db.DbDriver._report_state' sleeping for 119.98 seconds {{(pid=99071) _run_loop /opt/stack/data/venv/lib/python3.12/site-packages/oslo_service/backend/_threading/loopingcall.py:125}}
Aug 19 19:28:24.560099 np0000007808 nova-conductor[99077]: DEBUG oslo.service.backend._threading.loopingcall [-] Fixed interval looping call 'nova.servicegroup.drivers.db.DbDriver._report_state' sleeping for 119.99 seconds {{(pid=99077) _run_loop /opt/stack/data/venv/lib/python3.12/site-packages/oslo_service/backend/_threading/loopingcall.py:125}}
Aug 19 19:28:28.064276 np0000007808 nova-conductor[97540]: DEBUG dbcounter [-] [97540] Writing DB stats nova_api:SELECT=1 {{(pid=97540) stat_writer /opt/stack/data/venv/lib/python3.12/site-packages/dbcounter.py:115}}
Aug 19 19:28:28.209099 np0000007808 nova-conductor[97540]: DEBUG dbcounter [-] [97540] Writing DB stats nova_cell0:SELECT=1 {{(pid=97540) stat_writer /opt/stack/data/venv/lib/python3.12/site-packages/dbcounter.py:115}}
Aug 19 19:28:28.214746 np0000007808 nova-conductor[97540]: DEBUG dbcounter [-] [97540] Writing DB stats nova_cell1:SELECT=1 {{(pid=97540) stat_writer /opt/stack/data/venv/lib/python3.12/site-packages/dbcounter.py:115}}
Aug 19 19:28:34.544735 np0000007808 nova-conductor[99049]: DEBUG dbcounter [-] [99049] Writing DB stats nova_cell0:SELECT=4,nova_cell0:INSERT=1,nova_cell0:UPDATE=1 {{(pid=99049) stat_writer /opt/stack/data/venv/lib/python3.12/site-packages/dbcounter.py:115}}
Aug 19 19:28:34.549132 np0000007808 nova-conductor[99063]: DEBUG dbcounter [-] [99063] Writing DB stats nova_cell0:SELECT=4,nova_cell0:INSERT=1,nova_cell0:UPDATE=1 {{(pid=99063) stat_writer /opt/stack/data/venv/lib/python3.12/site-packages/dbcounter.py:115}}
Aug 19 19:28:34.549555 np0000007808 nova-conductor[99071]: DEBUG dbcounter [-] [99071] Writing DB stats nova_cell0:SELECT=3,nova_cell0:UPDATE=1 {{(pid=99071) stat_writer /opt/stack/data/venv/lib/python3.12/site-packages/dbcounter.py:115}}
Aug 19 19:28:34.556989 np0000007808 nova-conductor[99077]: DEBUG dbcounter [-] [99077] Writing DB stats nova_cell0:SELECT=3 {{(pid=99077) stat_writer /opt/stack/data/venv/lib/python3.12/site-packages/dbcounter.py:115}}
Aug 19 19:28:41.548806 np0000007808 nova-conductor[99077]: DEBUG oslo.service.backend._threading.loopingcall [None req-756411a1-97a5-451a-ac79-5428911773cc None None] Dynamic interval looping call 'nova.service.Service.periodic_tasks' sleeping for 60.00 seconds {{(pid=99077) _run_loop /opt/stack/data/venv/lib/python3.12/site-packages/oslo_service/backend/_threading/loopingcall.py:125}}
Aug 19 19:29:00.536012 np0000007808 nova-conductor[99063]: DEBUG oslo.service.backend._threading.loopingcall [None req-abe2736b-cebc-40e7-b53f-1ee4fd0bca1d None None] Dynamic interval looping call 'nova.service.Service.periodic_tasks' sleeping for 60.00 seconds {{(pid=99063) _run_loop /opt/stack/data/venv/lib/python3.12/site-packages/oslo_service/backend/_threading/loopingcall.py:125}}
Aug 19 19:29:15.532741 np0000007808 nova-conductor[99071]: DEBUG oslo.service.backend._threading.loopingcall [None req-0d32948a-c598-497d-afd3-6b9acd2e6c09 None None] Dynamic interval looping call 'nova.service.Service.periodic_tasks' sleeping for 60.00 seconds {{(pid=99071) _run_loop /opt/stack/data/venv/lib/python3.12/site-packages/oslo_service/backend/_threading/loopingcall.py:125}}
Aug 19 19:29:19.532746 np0000007808 nova-conductor[99049]: DEBUG oslo.service.backend._threading.loopingcall [None req-dc625280-fa2f-4f4e-8d12-1a08d351a9e1 None None] Dynamic interval looping call 'nova.service.Service.periodic_tasks' sleeping for 60.00 seconds {{(pid=99049) _run_loop /opt/stack/data/venv/lib/python3.12/site-packages/oslo_service/backend/_threading/loopingcall.py:125}}
Aug 19 19:29:41.549312 np0000007808 nova-conductor[99077]: DEBUG oslo.service.backend._threading.loopingcall [None req-756411a1-97a5-451a-ac79-5428911773cc None None] Dynamic interval looping call 'nova.service.Service.periodic_tasks' sleeping for 60.00 seconds {{(pid=99077) _run_loop /opt/stack/data/venv/lib/python3.12/site-packages/oslo_service/backend/_threading/loopingcall.py:125}}
Aug 19 19:30:00.536545 np0000007808 nova-conductor[99063]: DEBUG oslo.service.backend._threading.loopingcall [None req-abe2736b-cebc-40e7-b53f-1ee4fd0bca1d None None] Dynamic interval looping call 'nova.service.Service.periodic_tasks' sleeping for 60.00 seconds {{(pid=99063) _run_loop /opt/stack/data/venv/lib/python3.12/site-packages/oslo_service/backend/_threading/loopingcall.py:125}}
Aug 19 19:30:15.533280 np0000007808 nova-conductor[99071]: DEBUG oslo.service.backend._threading.loopingcall [None req-0d32948a-c598-497d-afd3-6b9acd2e6c09 None None] Dynamic interval looping call 'nova.service.Service.periodic_tasks' sleeping for 60.00 seconds {{(pid=99071) _run_loop /opt/stack/data/venv/lib/python3.12/site-packages/oslo_service/backend/_threading/loopingcall.py:125}}
Aug 19 19:30:19.533276 np0000007808 nova-conductor[99049]: DEBUG oslo.service.backend._threading.loopingcall [None req-dc625280-fa2f-4f4e-8d12-1a08d351a9e1 None None] Dynamic interval looping call 'nova.service.Service.periodic_tasks' sleeping for 60.00 seconds {{(pid=99049) _run_loop /opt/stack/data/venv/lib/python3.12/site-packages/oslo_service/backend/_threading/loopingcall.py:125}}
Aug 19 19:30:24.542240 np0000007808 nova-conductor[99049]: DEBUG oslo.service.backend._threading.loopingcall [-] Fixed interval looping call 'nova.servicegroup.drivers.db.DbDriver._report_state' sleeping for 119.99 seconds {{(pid=99049) _run_loop /opt/stack/data/venv/lib/python3.12/site-packages/oslo_service/backend/_threading/loopingcall.py:125}}
Aug 19 19:30:24.543043 np0000007808 nova-conductor[99063]: DEBUG oslo.service.backend._threading.loopingcall [-] Fixed interval looping call 'nova.servicegroup.drivers.db.DbDriver._report_state' sleeping for 119.99 seconds {{(pid=99063) _run_loop /opt/stack/data/venv/lib/python3.12/site-packages/oslo_service/backend/_threading/loopingcall.py:125}}
Aug 19 19:30:24.543393 np0000007808 nova-conductor[99071]: DEBUG oslo.service.backend._threading.loopingcall [-] Fixed interval looping call 'nova.servicegroup.drivers.db.DbDriver._report_state' sleeping for 119.99 seconds {{(pid=99071) _run_loop /opt/stack/data/venv/lib/python3.12/site-packages/oslo_service/backend/_threading/loopingcall.py:125}}
Aug 19 19:30:24.553823 np0000007808 nova-conductor[99077]: DEBUG oslo.service.backend._threading.loopingcall [-] Fixed interval looping call 'nova.servicegroup.drivers.db.DbDriver._report_state' sleeping for 120.00 seconds {{(pid=99077) _run_loop /opt/stack/data/venv/lib/python3.12/site-packages/oslo_service/backend/_threading/loopingcall.py:125}}
Aug 19 19:30:34.535316 np0000007808 nova-conductor[99049]: DEBUG dbcounter [-] [99049] Writing DB stats nova_cell0:SELECT=1,nova_cell0:UPDATE=1 {{(pid=99049) stat_writer /opt/stack/data/venv/lib/python3.12/site-packages/dbcounter.py:115}}
Aug 19 19:30:34.536383 np0000007808 nova-conductor[99063]: DEBUG dbcounter [-] [99063] Writing DB stats nova_cell0:SELECT=1,nova_cell0:UPDATE=1 {{(pid=99063) stat_writer /opt/stack/data/venv/lib/python3.12/site-packages/dbcounter.py:115}}
Aug 19 19:30:34.536626 np0000007808 nova-conductor[99071]: DEBUG dbcounter [-] [99071] Writing DB stats nova_cell0:SELECT=1,nova_cell0:UPDATE=1 {{(pid=99071) stat_writer /opt/stack/data/venv/lib/python3.12/site-packages/dbcounter.py:115}}
Aug 19 19:30:34.552415 np0000007808 nova-conductor[99077]: DEBUG dbcounter [-] [99077] Writing DB stats nova_cell0:SELECT=1 {{(pid=99077) stat_writer /opt/stack/data/venv/lib/python3.12/site-packages/dbcounter.py:115}}
Aug 19 19:30:41.549901 np0000007808 nova-conductor[99077]: DEBUG oslo.service.backend._threading.loopingcall [None req-756411a1-97a5-451a-ac79-5428911773cc None None] Dynamic interval looping call 'nova.service.Service.periodic_tasks' sleeping for 60.00 seconds {{(pid=99077) _run_loop /opt/stack/data/venv/lib/python3.12/site-packages/oslo_service/backend/_threading/loopingcall.py:125}}
Aug 19 19:31:00.537365 np0000007808 nova-conductor[99063]: DEBUG oslo.service.backend._threading.loopingcall [None req-abe2736b-cebc-40e7-b53f-1ee4fd0bca1d None None] Dynamic interval looping call 'nova.service.Service.periodic_tasks' sleeping for 60.00 seconds {{(pid=99063) _run_loop /opt/stack/data/venv/lib/python3.12/site-packages/oslo_service/backend/_threading/loopingcall.py:125}}
Aug 19 19:31:04.952432 np0000007808 nova-conductor[99071]: DEBUG oslo_db.sqlalchemy.engines [None req-20c6d6a2-0d25-4a25-a537-d872740f0f3f tempest-AttachSCSIVolumeTestJSON-1219260941 tempest-AttachSCSIVolumeTestJSON-1219260941-project-member] Parent process 97540 forked (99071) with an open database connection, which is being discarded and recreated. {{(pid=99071) checkout /opt/stack/data/venv/lib/python3.12/site-packages/oslo_db/sqlalchemy/engines.py:402}}
Aug 19 19:31:05.001123 np0000007808 nova-conductor[99071]: DEBUG dbcounter [-] [99071] Writer thread running {{(pid=99071) stat_writer /opt/stack/data/venv/lib/python3.12/site-packages/dbcounter.py:102}}
Aug 19 19:31:05.832701 np0000007808 nova-conductor[99049]: DEBUG dbcounter [-] [99049] Writer thread running {{(pid=99049) stat_writer /opt/stack/data/venv/lib/python3.12/site-packages/dbcounter.py:102}}
Aug 19 19:31:06.087190 np0000007808 nova-conductor[99071]: DEBUG nova.conductor.manager [None req-20c6d6a2-0d25-4a25-a537-d872740f0f3f tempest-AttachSCSIVolumeTestJSON-1219260941 tempest-AttachSCSIVolumeTestJSON-1219260941-project-member] Took 1.08 seconds to select destinations for 1 instance(s). {{(pid=99071) _schedule_instances /opt/stack/nova/nova/conductor/manager.py:956}}
Aug 19 19:31:06.118042 np0000007808 nova-conductor[99071]: DEBUG oslo_concurrency.lockutils [None req-20c6d6a2-0d25-4a25-a537-d872740f0f3f tempest-AttachSCSIVolumeTestJSON-1219260941 tempest-AttachSCSIVolumeTestJSON-1219260941-project-member] Acquiring lock "e67f075e-87ce-47ec-bc1f-61364cdeaac1" by "nova.context.set_target_cell..get_or_set_cached_cell_and_set_connections" {{(pid=99071) inner /opt/stack/data/venv/lib/python3.12/site-packages/oslo_concurrency/lockutils.py:512}}
Aug 19 19:31:06.118353 np0000007808 nova-conductor[99071]: DEBUG oslo_concurrency.lockutils [None req-20c6d6a2-0d25-4a25-a537-d872740f0f3f tempest-AttachSCSIVolumeTestJSON-1219260941 tempest-AttachSCSIVolumeTestJSON-1219260941-project-member] Lock "e67f075e-87ce-47ec-bc1f-61364cdeaac1" acquired by "nova.context.set_target_cell..get_or_set_cached_cell_and_set_connections" :: waited 0.000s {{(pid=99071) inner /opt/stack/data/venv/lib/python3.12/site-packages/oslo_concurrency/lockutils.py:525}}
Aug 19 19:31:06.120405 np0000007808 nova-conductor[99071]: DEBUG oslo_concurrency.lockutils [None req-20c6d6a2-0d25-4a25-a537-d872740f0f3f tempest-AttachSCSIVolumeTestJSON-1219260941 tempest-AttachSCSIVolumeTestJSON-1219260941-project-member] Lock "e67f075e-87ce-47ec-bc1f-61364cdeaac1" "released" by "nova.context.set_target_cell..get_or_set_cached_cell_and_set_connections" :: held 0.002s {{(pid=99071) inner /opt/stack/data/venv/lib/python3.12/site-packages/oslo_concurrency/lockutils.py:544}}
Aug 19 19:31:06.122989 np0000007808 nova-conductor[99071]: INFO dbcounter [None req-20c6d6a2-0d25-4a25-a537-d872740f0f3f tempest-AttachSCSIVolumeTestJSON-1219260941 tempest-AttachSCSIVolumeTestJSON-1219260941-project-member] Registered counter for database nova_cell1
Aug 19 19:31:06.177914 np0000007808 nova-conductor[99071]: DEBUG oslo_db.sqlalchemy.engines [None req-20c6d6a2-0d25-4a25-a537-d872740f0f3f tempest-AttachSCSIVolumeTestJSON-1219260941 tempest-AttachSCSIVolumeTestJSON-1219260941-project-member] MySQL server mode set to STRICT_TRANS_TABLES,STRICT_ALL_TABLES,NO_ZERO_IN_DATE,NO_ZERO_DATE,ERROR_FOR_DIVISION_BY_ZERO,TRADITIONAL,NO_ENGINE_SUBSTITUTION {{(pid=99071) _check_effective_sql_mode /opt/stack/data/venv/lib/python3.12/site-packages/oslo_db/sqlalchemy/engines.py:325}}
Aug 19 19:31:06.185457 np0000007808 nova-conductor[99071]: DEBUG dbcounter [-] [99071] Writer thread running {{(pid=99071) stat_writer /opt/stack/data/venv/lib/python3.12/site-packages/dbcounter.py:102}}
Aug 19 19:31:06.280958 np0000007808 nova-conductor[99071]: INFO nova.utils [None req-20c6d6a2-0d25-4a25-a537-d872740f0f3f tempest-AttachSCSIVolumeTestJSON-1219260941 tempest-AttachSCSIVolumeTestJSON-1219260941-project-member] The cell worker thread pool ForkProcess-3.cell_worker is initialized
Aug 19 19:31:06.281464 np0000007808 nova-conductor[99071]: DEBUG oslo_concurrency.lockutils [None req-20c6d6a2-0d25-4a25-a537-d872740f0f3f tempest-AttachSCSIVolumeTestJSON-1219260941 tempest-AttachSCSIVolumeTestJSON-1219260941-project-member] Acquiring lock "00000000-0000-0000-0000-000000000000" by "nova.context.set_target_cell..get_or_set_cached_cell_and_set_connections" {{(pid=99071) inner /opt/stack/data/venv/lib/python3.12/site-packages/oslo_concurrency/lockutils.py:512}}
Aug 19 19:31:06.281583 np0000007808 nova-conductor[99071]: DEBUG oslo_concurrency.lockutils [None req-20c6d6a2-0d25-4a25-a537-d872740f0f3f tempest-AttachSCSIVolumeTestJSON-1219260941 tempest-AttachSCSIVolumeTestJSON-1219260941-project-member] Lock "00000000-0000-0000-0000-000000000000" acquired by "nova.context.set_target_cell..get_or_set_cached_cell_and_set_connections" :: waited 0.000s {{(pid=99071) inner /opt/stack/data/venv/lib/python3.12/site-packages/oslo_concurrency/lockutils.py:525}}
Aug 19 19:31:06.282010 np0000007808 nova-conductor[99071]: DEBUG oslo_concurrency.lockutils [None req-20c6d6a2-0d25-4a25-a537-d872740f0f3f tempest-AttachSCSIVolumeTestJSON-1219260941 tempest-AttachSCSIVolumeTestJSON-1219260941-project-member] Lock "00000000-0000-0000-0000-000000000000" "released" by "nova.context.set_target_cell..get_or_set_cached_cell_and_set_connections" :: held 0.000s {{(pid=99071) inner /opt/stack/data/venv/lib/python3.12/site-packages/oslo_concurrency/lockutils.py:544}}
Aug 19 19:31:06.282858 np0000007808 nova-conductor[99071]: DEBUG oslo_concurrency.lockutils [None req-20c6d6a2-0d25-4a25-a537-d872740f0f3f tempest-AttachSCSIVolumeTestJSON-1219260941 tempest-AttachSCSIVolumeTestJSON-1219260941-project-member] Acquiring lock "e67f075e-87ce-47ec-bc1f-61364cdeaac1" by "nova.context.set_target_cell..get_or_set_cached_cell_and_set_connections" {{(pid=99071) inner /opt/stack/data/venv/lib/python3.12/site-packages/oslo_concurrency/lockutils.py:512}}
Aug 19 19:31:06.283047 np0000007808 nova-conductor[99071]: DEBUG oslo_concurrency.lockutils [None req-20c6d6a2-0d25-4a25-a537-d872740f0f3f tempest-AttachSCSIVolumeTestJSON-1219260941 tempest-AttachSCSIVolumeTestJSON-1219260941-project-member] Lock "e67f075e-87ce-47ec-bc1f-61364cdeaac1" acquired by "nova.context.set_target_cell..get_or_set_cached_cell_and_set_connections" :: waited 0.000s {{(pid=99071) inner /opt/stack/data/venv/lib/python3.12/site-packages/oslo_concurrency/lockutils.py:525}}
Aug 19 19:31:06.283230 np0000007808 nova-conductor[99071]: DEBUG oslo_concurrency.lockutils [None req-20c6d6a2-0d25-4a25-a537-d872740f0f3f tempest-AttachSCSIVolumeTestJSON-1219260941 tempest-AttachSCSIVolumeTestJSON-1219260941-project-member] Lock "e67f075e-87ce-47ec-bc1f-61364cdeaac1" "released" by "nova.context.set_target_cell..get_or_set_cached_cell_and_set_connections" :: held 0.000s {{(pid=99071) inner /opt/stack/data/venv/lib/python3.12/site-packages/oslo_concurrency/lockutils.py:544}}
