Jun 18 15:05:53.822842 np0000003152 devstack@neutron-api.service[90002]: INFO ovsdbapp.backend.ovs_idl.vlog [None req-5bf64fd2-e74a-4c30-a484-7c275bf218cd None None] ssl:10.4.3.244:6642: connecting...
Jun 18 15:05:53.827884 np0000003152 devstack@neutron-api.service[90002]: INFO ovsdbapp.backend.ovs_idl.vlog [None req-5bf64fd2-e74a-4c30-a484-7c275bf218cd None None] ssl:10.4.3.244:6642: connected
Jun 18 15:05:53.859211 np0000003152 devstack@neutron-api.service[90002]: DEBUG neutron.common.ovn.hash_ring_manager [None req-5bf64fd2-e74a-4c30-a484-7c275bf218cd None None] Allow caching, nodes 3>=3 {{(pid=90002) _wait_startup_before_caching /opt/stack/neutron/neutron/common/ovn/hash_ring_manager.py:71}}
Jun 18 15:05:53.863050 np0000003152 devstack@neutron-api.service[90002]: DEBUG neutron.common.ovn.hash_ring_manager [None req-5bf64fd2-e74a-4c30-a484-7c275bf218cd None None] Hash Ring loaded. 3 active nodes. 0 offline nodes {{(pid=90002) _load_hash_ring /opt/stack/neutron/neutron/common/ovn/hash_ring_manager.py:110}}
Jun 18 15:05:53.863510 np0000003152 devstack@neutron-api.service[90002]: DEBUG neutron.plugins.ml2.drivers.ovn.mech_driver.ovsdb.ovsdb_monitor [None req-5bf64fd2-e74a-4c30-a484-7c275bf218cd None None] ChassisOVNAgentWriteEvent : Matched Chassis_Private, create, None None {{(pid=90002) matches /opt/stack/neutron/neutron/plugins/ml2/drivers/ovn/mech_driver/ovsdb/ovsdb_monitor.py:64}}
Jun 18 15:05:53.863510 np0000003152 devstack@neutron-api.service[90002]: DEBUG neutron.plugins.ml2.drivers.ovn.mech_driver.ovsdb.ovsdb_monitor [None req-5bf64fd2-e74a-4c30-a484-7c275bf218cd None None] ChassisAgentWriteEvent : Matched Chassis_Private, create, None None {{(pid=90002) matches /opt/stack/neutron/neutron/plugins/ml2/drivers/ovn/mech_driver/ovsdb/ovsdb_monitor.py:64}}
Jun 18 15:05:53.865271 np0000003152 devstack@neutron-api.service[90002]: INFO neutron.plugins.ml2.drivers.ovn.mech_driver.mech_driver [None req-5bf64fd2-e74a-4c30-a484-7c275bf218cd None None] WorkerService process has finished the post initialization
Jun 18 15:05:53.865599 np0000003152 devstack@neutron-api.service[90002]: DEBUG oslo_concurrency.processutils [None req-5bf64fd2-e74a-4c30-a484-7c275bf218cd None None] Running cmd (subprocess): ovsdb-client transact ssl:10.4.3.244:6641 --timeout 180 -p /opt/stack/data/CA/int-ca/private/devstack-cert.key -c /opt/stack/data/CA/int-ca/devstack-cert.crt -C /opt/stack/data/CA/int-ca/ca-chain.pem ["OVN_Northbound", {"op": "wait", "timeout": 0, "table": "Port_Group", "where": [["name", "==", "pvlan_pg_drop"]], "until": "==", "rows": []}, {"op": "insert", "table": "ACL", "row": {"action": "drop", "direction": "to-lport", "match": "outport == @pvlan_pg_drop && ip", "priority": 1010}, "uuid-name": "pvlandroptoport"}, {"op": "insert", "table": "ACL", "row": {"action": "drop", "direction": "from-lport", "match": "inport == @pvlan_pg_drop && ip", "priority": 1010}, "uuid-name": "pvlandropfromport"}, {"op": "insert", "table": "Port_Group", "row": {"name": "pvlan_pg_drop", "acls": ["set", [["named-uuid", "pvlandroptoport"], ["named-uuid", "pvlandropfromport"]]]}}] {{(pid=90002) execute /opt/stack/data/venv/lib/python3.12/site-packages/oslo_concurrency/processutils.py:440}}
Jun 18 15:05:53.889444 np0000003152 devstack@neutron-api.service[90002]: DEBUG oslo_concurrency.processutils [None req-5bf64fd2-e74a-4c30-a484-7c275bf218cd None None] CMD "ovsdb-client transact ssl:10.4.3.244:6641 --timeout 180 -p /opt/stack/data/CA/int-ca/private/devstack-cert.key -c /opt/stack/data/CA/int-ca/devstack-cert.crt -C /opt/stack/data/CA/int-ca/ca-chain.pem ["OVN_Northbound", {"op": "wait", "timeout": 0, "table": "Port_Group", "where": [["name", "==", "pvlan_pg_drop"]], "until": "==", "rows": []}, {"op": "insert", "table": "ACL", "row": {"action": "drop", "direction": "to-lport", "match": "outport == @pvlan_pg_drop && ip", "priority": 1010}, "uuid-name": "pvlandroptoport"}, {"op": "insert", "table": "ACL", "row": {"action": "drop", "direction": "from-lport", "match": "inport == @pvlan_pg_drop && ip", "priority": 1010}, "uuid-name": "pvlandropfromport"}, {"op": "insert", "table": "Port_Group", "row": {"name": "pvlan_pg_drop", "acls": ["set", [["named-uuid", "pvlandroptoport"], ["named-uuid", "pvlandropfromport"]]]}}]" returned: 0 in 0.023s {{(pid=90002) execute /opt/stack/data/venv/lib/python3.12/site-packages/oslo_concurrency/processutils.py:468}}
Jun 18 15:05:53.892092 np0000003152 devstack@neutron-api.service[90002]: WSGI app 0 (mountpoint='') ready in 6 seconds on interpreter 0x70cbad8a3668 pid: 90002 (default app)
Jun 18 15:05:54.443010 np0000003152 devstack@neutron-api.service[90003]: DEBUG neutron.common.ovn.hash_ring_manager [-] Allow caching, nodes 3>=3 {{(pid=90003) _wait_startup_before_caching /opt/stack/neutron/neutron/common/ovn/hash_ring_manager.py:71}}
Jun 18 15:05:54.443349 np0000003152 devstack@neutron-api.service[90003]: DEBUG neutron.plugins.ml2.drivers.ovn.mech_driver.ovsdb.ovsdb_monitor [-] Hash Ring: Node f7bd6651fadd500084686a776dd3fbef (host: np0000003152) handling event "update" for row 67bd57b3-8f3c-444e-ba2d-ea5f918be62f (table: Connection) {{(pid=90003) notify /opt/stack/neutron/neutron/plugins/ml2/drivers/ovn/mech_driver/ovsdb/ovsdb_monitor.py:1015}}
Jun 18 15:05:56.938083 np0000003152 devstack@neutron-api.service[90003]: DEBUG neutron.plugins.ml2.drivers.ovn.mech_driver.ovsdb.ovsdb_monitor [-] Hash Ring: Node f7bd6651fadd500084686a776dd3fbef (host: np0000003152) handling event "update" for row 67bd57b3-8f3c-444e-ba2d-ea5f918be62f (table: Connection) {{(pid=90003) notify /opt/stack/neutron/neutron/plugins/ml2/drivers/ovn/mech_driver/ovsdb/ovsdb_monitor.py:1015}}
Jun 18 15:05:57.676008 np0000003152 devstack@neutron-api.service[90003]: DEBUG neutron.api.wsgi [None req-6ac6116e-1530-46e1-bb13-43184089a24d admin admin] Missing Content-Type {{(pid=90003) get_content_type /opt/stack/neutron/neutron/api/wsgi.py:80}}
Jun 18 15:05:57.676335 np0000003152 devstack@neutron-api.service[90003]: DEBUG neutron.api.wsgi [None req-6ac6116e-1530-46e1-bb13-43184089a24d admin admin] https://10.4.3.244/networking/v2.0/extensions returned with HTTP 200 {{(pid=90003) __call__ /opt/stack/neutron/neutron/api/wsgi.py:540}}
Jun 18 15:05:57.676676 np0000003152 devstack@neutron-api.service[90003]: [pid: 90003|app: 0|req: 2/2] 10.4.3.244 () {64 vars in 1292 bytes} [Thu Jun 18 15:05:57 2026] GET /networking/v2.0/extensions => generated 15873 bytes in 571 msecs (HTTP/1.1 200) 4 headers in 159 bytes (1 switches on core 0)
Jun 18 15:05:58.017992 np0000003152 devstack@neutron-api.service[90004]: DEBUG neutron.api.v2.base [None req-7a4a91a7-dae7-48e1-b707-fa816cf420de admin admin] Request body: {'subnetpool': {'prefixes': ['10.1.0.0/20'], 'name': 'shared-default-subnetpool-v4', 'is_default': True, 'shared': True, 'default_prefixlen': 26}} {{(pid=90004) prepare_request_body /opt/stack/neutron/neutron/api/v2/base.py:727}}
Jun 18 15:05:58.208174 np0000003152 devstack@neutron-api.service[90004]: DEBUG neutron.policy [None req-7a4a91a7-dae7-48e1-b707-fa816cf420de admin admin] Loaded default policies from ['neutron'] under neutron.policies entry points {{(pid=90004) register_rules /opt/stack/neutron/neutron/policy.py:65}}
Jun 18 15:05:58.336577 np0000003152 devstack@neutron-api.service[90004]: DEBUG neutron_lib.callbacks.manager [None req-7a4a91a7-dae7-48e1-b707-fa816cf420de admin admin] Publish callbacks ['neutron.objects.securitygroup.RbacNeutronDbObjectMixin.validate_rbac_policy_change-3167475625793', 'neutron.objects.address_group.RbacNeutronDbObjectMixin.validate_rbac_policy_change-3167475713860', 'neutron.objects.network.RbacNeutronDbObjectMixin.validate_rbac_policy_change-3167475848112', 'neutron.objects.qos.policy.RbacNeutronDbObjectMixin.validate_rbac_policy_change-3167475853078', 'neutron.objects.subnetpool.RbacNeutronDbObjectMixin.validate_rbac_policy_change-3167475799160', 'neutron.objects.address_scope.RbacNeutronDbObjectMixin.validate_rbac_policy_change-3167475838115', 'neutron.plugins.ml2.plugin.External_net_db_mixin._process_ext_policy_create-440272', 'neutron.plugins.ml2.plugin.NeutronDbPluginV2.validate_network_rbac_policy_change-481212'] for rbac-policy (None), before_create {{(pid=90004) _notify_loop /opt/stack/data/venv/lib/python3.12/site-packages/neutron_lib/callbacks/manager.py:184}}
Jun 18 15:05:58.373251 np0000003152 devstack@neutron-api.service[90004]: DEBUG neutron_lib.callbacks.manager [None req-7a4a91a7-dae7-48e1-b707-fa816cf420de admin admin] Publish callbacks [] for subnetpool (None), before_response {{(pid=90004) _notify_loop /opt/stack/data/venv/lib/python3.12/site-packages/neutron_lib/callbacks/manager.py:184}}
Jun 18 15:05:58.373825 np0000003152 devstack@neutron-api.service[90004]: [pid: 90004|app: 0|req: 1/3] 10.4.3.244 () {68 vars in 1336 bytes} [Thu Jun 18 15:05:57 2026] POST /networking/v2.0/subnetpools => generated 533 bytes in 445 msecs (HTTP/1.1 201) 4 headers in 162 bytes (1 switches on core 0)
Jun 18 15:05:58.688908 np0000003152 devstack@neutron-api.service[90002]: DEBUG neutron.api.v2.base [None req-2ba1fddf-8306-4cba-a567-999e1dd070d1 admin admin] Request body: {'subnetpool': {'prefixes': ['fdca:4068:a49d::/56'], 'name': 'shared-default-subnetpool-v6', 'is_default': True, 'shared': True, 'default_prefixlen': 64}} {{(pid=90002) prepare_request_body /opt/stack/neutron/neutron/api/v2/base.py:727}}
Jun 18 15:05:58.853851 np0000003152 devstack@neutron-api.service[90002]: DEBUG neutron.policy [None req-2ba1fddf-8306-4cba-a567-999e1dd070d1 admin admin] Loaded default policies from ['neutron'] under neutron.policies entry points {{(pid=90002) register_rules /opt/stack/neutron/neutron/policy.py:65}}
Jun 18 15:05:58.979071 np0000003152 devstack@neutron-api.service[90002]: DEBUG neutron_lib.callbacks.manager [None req-2ba1fddf-8306-4cba-a567-999e1dd070d1 admin admin] Publish callbacks ['neutron.objects.securitygroup.RbacNeutronDbObjectMixin.validate_rbac_policy_change-3167475821303', 'neutron.objects.address_group.RbacNeutronDbObjectMixin.validate_rbac_policy_change-3167475663790', 'neutron.objects.network.RbacNeutronDbObjectMixin.validate_rbac_policy_change-3167475791830', 'neutron.objects.qos.policy.RbacNeutronDbObjectMixin.validate_rbac_policy_change-3167475772941', 'neutron.objects.subnetpool.RbacNeutronDbObjectMixin.validate_rbac_policy_change-3167475758017', 'neutron.objects.address_scope.RbacNeutronDbObjectMixin.validate_rbac_policy_change-3167475763739', 'neutron.plugins.ml2.plugin.External_net_db_mixin._process_ext_policy_create-457512', 'neutron.plugins.ml2.plugin.NeutronDbPluginV2.validate_network_rbac_policy_change-465800'] for rbac-policy (None), before_create {{(pid=90002) _notify_loop /opt/stack/data/venv/lib/python3.12/site-packages/neutron_lib/callbacks/manager.py:184}}
Jun 18 15:05:59.015508 np0000003152 devstack@neutron-api.service[90002]: DEBUG neutron_lib.callbacks.manager [None req-2ba1fddf-8306-4cba-a567-999e1dd070d1 admin admin] Publish callbacks [] for subnetpool (None), before_response {{(pid=90002) _notify_loop /opt/stack/data/venv/lib/python3.12/site-packages/neutron_lib/callbacks/manager.py:184}}
Jun 18 15:05:59.015968 np0000003152 devstack@neutron-api.service[90002]: [pid: 90002|app: 0|req: 1/4] 10.4.3.244 () {68 vars in 1336 bytes} [Thu Jun 18 15:05:58 2026] POST /networking/v2.0/subnetpools => generated 543 bytes in 417 msecs (HTTP/1.1 201) 4 headers in 162 bytes (1 switches on core 0)
Jun 18 15:05:59.228777 np0000003152 devstack@neutron-api.service[90003]: DEBUG neutron.api.v2.base [None req-c50b739a-26e3-4f36-8ff0-3519009a5105 admin admin] Request body: {'network': {'admin_state_up': True, 'name': 'private'}} {{(pid=90003) prepare_request_body /opt/stack/neutron/neutron/api/v2/base.py:727}}
Jun 18 15:05:59.257889 np0000003152 devstack@neutron-api.service[90003]: DEBUG neutron.pecan_wsgi.hooks.quota_enforcement [None req-c50b739a-26e3-4f36-8ff0-3519009a5105 admin admin] Made reservation on behalf of f7ba80a2febc44248ee355fbdd2b2555 for: {'network': 1} {{(pid=90003) before /opt/stack/neutron/neutron/pecan_wsgi/hooks/quota_enforcement.py:66}}
Jun 18 15:05:59.430106 np0000003152 devstack@neutron-api.service[90003]: DEBUG neutron.policy [None req-c50b739a-26e3-4f36-8ff0-3519009a5105 admin admin] Loaded default policies from ['neutron'] under neutron.policies entry points {{(pid=90003) register_rules /opt/stack/neutron/neutron/policy.py:65}}
Jun 18 15:05:59.528193 np0000003152 devstack@neutron-api.service[90003]: DEBUG neutron_lib.callbacks.manager [None req-c50b739a-26e3-4f36-8ff0-3519009a5105 admin admin] Publish callbacks ['neutron.plugins.ml2.plugin.SecurityGroupDbMixin._ensure_default_security_group_handler-15889'] for network (None), before_create {{(pid=90003) _notify_loop /opt/stack/data/venv/lib/python3.12/site-packages/neutron_lib/callbacks/manager.py:184}}
Jun 18 15:05:59.548332 np0000003152 devstack@neutron-api.service[90003]: DEBUG neutron_lib.callbacks.manager [None req-c50b739a-26e3-4f36-8ff0-3519009a5105 admin admin] Publish callbacks [] for security_group (None), before_create {{(pid=90003) _notify_loop /opt/stack/data/venv/lib/python3.12/site-packages/neutron_lib/callbacks/manager.py:184}}
Jun 18 15:05:59.640200 np0000003152 devstack@neutron-api.service[90003]: DEBUG neutron_lib.callbacks.manager [None req-c50b739a-26e3-4f36-8ff0-3519009a5105 admin admin] Publish callbacks ['neutron.plugins.ml2.drivers.ovn.mech_driver.mech_driver.OVNMechanismDriver._create_security_group_precommit-168783'] for security_group (3dd298ac-2078-4856-8264-363f31b01fa6), precommit_create {{(pid=90003) _notify_loop /opt/stack/data/venv/lib/python3.12/site-packages/neutron_lib/callbacks/manager.py:184}}
Jun 18 15:05:59.640336 np0000003152 devstack@neutron-api.service[90003]: DEBUG neutron.db.ovn_revision_numbers_db [None req-c50b739a-26e3-4f36-8ff0-3519009a5105 admin admin] create_initial_revision uuid=3dd298ac-2078-4856-8264-363f31b01fa6, type=security_groups, rev=-1 {{(pid=90003) create_initial_revision /opt/stack/neutron/neutron/db/ovn_revision_numbers_db.py:98}}
Jun 18 15:05:59.642446 np0000003152 devstack@neutron-api.service[90003]: DEBUG neutron.db.ovn_revision_numbers_db [None req-c50b739a-26e3-4f36-8ff0-3519009a5105 admin admin] create_initial_revision uuid=00f723d2-c425-42f8-828a-0a618742c9d0, type=security_group_rules, rev=-1 {{(pid=90003) create_initial_revision /opt/stack/neutron/neutron/db/ovn_revision_numbers_db.py:98}}
Jun 18 15:05:59.643456 np0000003152 devstack@neutron-api.service[90003]: DEBUG neutron.db.ovn_revision_numbers_db [None req-c50b739a-26e3-4f36-8ff0-3519009a5105 admin admin] create_initial_revision uuid=a9328e0b-4121-4b38-8594-dd25892fcd81, type=security_group_rules, rev=-1 {{(pid=90003) create_initial_revision /opt/stack/neutron/neutron/db/ovn_revision_numbers_db.py:98}}
Jun 18 15:05:59.644252 np0000003152 devstack@neutron-api.service[90003]: DEBUG neutron.db.ovn_revision_numbers_db [None req-c50b739a-26e3-4f36-8ff0-3519009a5105 admin admin] create_initial_revision uuid=b80b1da5-687b-450c-975b-2587f4826d8e, type=security_group_rules, rev=-1 {{(pid=90003) create_initial_revision /opt/stack/neutron/neutron/db/ovn_revision_numbers_db.py:98}}
Jun 18 15:05:59.645032 np0000003152 devstack@neutron-api.service[90003]: DEBUG neutron.db.ovn_revision_numbers_db [None req-c50b739a-26e3-4f36-8ff0-3519009a5105 admin admin] create_initial_revision uuid=f38aa71d-b2b6-4746-80f6-080830414a34, type=security_group_rules, rev=-1 {{(pid=90003) create_initial_revision /opt/stack/neutron/neutron/db/ovn_revision_numbers_db.py:98}}
Jun 18 15:05:59.648114 np0000003152 devstack@neutron-api.service[90003]: DEBUG neutron_lib.callbacks.manager [None req-c50b739a-26e3-4f36-8ff0-3519009a5105 admin admin] Publish callbacks ['neutron.plugins.ml2.drivers.ovn.mech_driver.mech_driver.OVNMechanismDriver._create_security_group-168753', 'neutron.plugins.ml2.ovo_rpc._ObjectChangeHandler.handle_event-3400260'] for security_group (3dd298ac-2078-4856-8264-363f31b01fa6), after_create {{(pid=90003) _notify_loop /opt/stack/data/venv/lib/python3.12/site-packages/neutron_lib/callbacks/manager.py:184}}
Jun 18 15:05:59.648957 np0000003152 devstack@neutron-api.service[90003]: DEBUG ovsdbapp.backend.ovs_idl.transaction [-] Running txn n=1 command(idx=0): PgAddCommand(_result=None, name=pg_3dd298ac_2078_4856_8264_363f31b01fa6, may_exist=False, columns={'acls': [], 'external_ids': {'neutron:security_group_id': '3dd298ac-2078-4856-8264-363f31b01fa6'}}) {{(pid=90003) do_commit /opt/stack/data/venv/lib/python3.12/site-packages/ovsdbapp/backend/ovs_idl/transaction.py:89}}
Jun 18 15:05:59.649917 np0000003152 devstack@neutron-api.service[90003]: DEBUG ovsdbapp.backend.ovs_idl.transaction [-] Running txn n=1 command(idx=1): PgAclAddCommand(_result=None, entity=pg_3dd298ac_2078_4856_8264_363f31b01fa6, direction=from-lport, priority=1002, match=inport == @pg_3dd298ac_2078_4856_8264_363f31b01fa6 && ip6, action=allow-related, log=False, may_exist=True, severity=[], name=[], meter=[], external_ids={'neutron:security_group_rule_id': '00f723d2-c425-42f8-828a-0a618742c9d0'}) {{(pid=90003) do_commit /opt/stack/data/venv/lib/python3.12/site-packages/ovsdbapp/backend/ovs_idl/transaction.py:89}}
Jun 18 15:05:59.650237 np0000003152 devstack@neutron-api.service[90003]: DEBUG ovsdbapp.backend.ovs_idl.transaction [-] Running txn n=1 command(idx=2): PgAclAddCommand(_result=None, entity=pg_3dd298ac_2078_4856_8264_363f31b01fa6, direction=from-lport, priority=1002, match=inport == @pg_3dd298ac_2078_4856_8264_363f31b01fa6 && ip4, action=allow-related, log=False, may_exist=True, severity=[], name=[], meter=[], external_ids={'neutron:security_group_rule_id': 'a9328e0b-4121-4b38-8594-dd25892fcd81'}) {{(pid=90003) do_commit /opt/stack/data/venv/lib/python3.12/site-packages/ovsdbapp/backend/ovs_idl/transaction.py:89}}
Jun 18 15:05:59.650463 np0000003152 devstack@neutron-api.service[90003]: DEBUG ovsdbapp.backend.ovs_idl.transaction [-] Running txn n=1 command(idx=3): PgAclAddCommand(_result=None, entity=pg_3dd298ac_2078_4856_8264_363f31b01fa6, direction=to-lport, priority=1002, match=outport == @pg_3dd298ac_2078_4856_8264_363f31b01fa6 && ip6 && ip6.src == $pg_3dd298ac_2078_4856_8264_363f31b01fa6_ip6, action=allow-related, log=False, may_exist=True, severity=[], name=[], meter=[], external_ids={'neutron:security_group_rule_id': 'b80b1da5-687b-450c-975b-2587f4826d8e'}) {{(pid=90003) do_commit /opt/stack/data/venv/lib/python3.12/site-packages/ovsdbapp/backend/ovs_idl/transaction.py:89}}
Jun 18 15:05:59.650630 np0000003152 devstack@neutron-api.service[90003]: DEBUG ovsdbapp.backend.ovs_idl.transaction [-] Running txn n=1 command(idx=4): PgAclAddCommand(_result=None, entity=pg_3dd298ac_2078_4856_8264_363f31b01fa6, direction=to-lport, priority=1002, match=outport == @pg_3dd298ac_2078_4856_8264_363f31b01fa6 && ip4 && ip4.src == $pg_3dd298ac_2078_4856_8264_363f31b01fa6_ip4, action=allow-related, log=False, may_exist=True, severity=[], name=[], meter=[], external_ids={'neutron:security_group_rule_id': 'f38aa71d-b2b6-4746-80f6-080830414a34'}) {{(pid=90003) do_commit /opt/stack/data/venv/lib/python3.12/site-packages/ovsdbapp/backend/ovs_idl/transaction.py:89}}
Jun 18 15:05:59.655177 np0000003152 devstack@neutron-api.service[90003]: DEBUG neutron.plugins.ml2.drivers.ovn.mech_driver.ovsdb.ovsdb_monitor [-] Hash Ring: Node f7bd6651fadd500084686a776dd3fbef (host: np0000003152) handling event "create" for row 0e038bf7-8d3c-46a1-9261-ece644911279 (table: ACL) {{(pid=90003) notify /opt/stack/neutron/neutron/plugins/ml2/drivers/ovn/mech_driver/ovsdb/ovsdb_monitor.py:1015}}
Jun 18 15:05:59.655783 np0000003152 devstack@neutron-api.service[90003]: DEBUG neutron.plugins.ml2.drivers.ovn.mech_driver.ovsdb.ovsdb_monitor [-] Hash Ring: Node f7bd6651fadd500084686a776dd3fbef (host: np0000003152) handling event "create" for row 27255cad-8aef-42a5-a6a7-a7d3829c9800 (table: ACL) {{(pid=90003) notify /opt/stack/neutron/neutron/plugins/ml2/drivers/ovn/mech_driver/ovsdb/ovsdb_monitor.py:1015}}
Jun 18 15:05:59.656192 np0000003152 devstack@neutron-api.service[90002]: DEBUG neutron.plugins.ml2.drivers.ovn.mech_driver.ovsdb.ovsdb_monitor [-] Hash Ring: Node bae5fe66097e533fae1decd9baf86b5c (host: np0000003152) handling event "create" for row 37899579-a664-47f6-b381-a61de044aec6 (table: ACL) {{(pid=90002) notify /opt/stack/neutron/neutron/plugins/ml2/drivers/ovn/mech_driver/ovsdb/ovsdb_monitor.py:1015}}
Jun 18 15:05:59.656243 np0000003152 devstack@neutron-api.service[90003]: DEBUG neutron.plugins.ml2.drivers.ovn.mech_driver.ovsdb.ovsdb_monitor [-] Hash Ring: Node f7bd6651fadd500084686a776dd3fbef (host: np0000003152) handling event "create" for row 37899579-a664-47f6-b381-a61de044aec6 (table: ACL) {{(pid=90003) notify /opt/stack/neutron/neutron/plugins/ml2/drivers/ovn/mech_driver/ovsdb/ovsdb_monitor.py:1015}}
Jun 18 15:05:59.656243 np0000003152 devstack@neutron-api.service[90003]: DEBUG neutron.plugins.ml2.drivers.ovn.mech_driver.ovsdb.ovsdb_monitor [-] Hash Ring: Node f7bd6651fadd500084686a776dd3fbef (host: np0000003152) handling event "create" for row 4ee6ec84-8886-4168-a463-175b7c7b42c5 (table: ACL) {{(pid=90003) notify /opt/stack/neutron/neutron/plugins/ml2/drivers/ovn/mech_driver/ovsdb/ovsdb_monitor.py:1015}}
Jun 18 15:05:59.656498 np0000003152 devstack@neutron-api.service[90002]: DEBUG neutron.plugins.ml2.drivers.ovn.mech_driver.ovsdb.ovsdb_monitor [-] Hash Ring: Node bae5fe66097e533fae1decd9baf86b5c (host: np0000003152) handling event "create" for row 447ea8e6-69d9-419d-a7e8-8aeba8d6e32e (table: Port_Group) {{(pid=90002) notify /opt/stack/neutron/neutron/plugins/ml2/drivers/ovn/mech_driver/ovsdb/ovsdb_monitor.py:1015}}
Jun 18 15:05:59.656694 np0000003152 devstack@neutron-api.service[90003]: DEBUG neutron.plugins.ml2.drivers.ovn.mech_driver.ovsdb.ovsdb_monitor [-] Hash Ring: Node f7bd6651fadd500084686a776dd3fbef (host: np0000003152) handling event "create" for row 447ea8e6-69d9-419d-a7e8-8aeba8d6e32e (table: Port_Group) {{(pid=90003) notify /opt/stack/neutron/neutron/plugins/ml2/drivers/ovn/mech_driver/ovsdb/ovsdb_monitor.py:1015}}
Jun 18 15:05:59.657040 np0000003152 devstack@neutron-api.service[90004]: DEBUG neutron.plugins.ml2.drivers.ovn.mech_driver.ovsdb.ovsdb_monitor [-] Hash Ring: Node 8ba29e884c2e5cebb20cff58df17fc22 (host: np0000003152) handling event "create" for row 27255cad-8aef-42a5-a6a7-a7d3829c9800 (table: ACL) {{(pid=90004) notify /opt/stack/neutron/neutron/plugins/ml2/drivers/ovn/mech_driver/ovsdb/ovsdb_monitor.py:1015}}
Jun 18 15:05:59.657040 np0000003152 devstack@neutron-api.service[90004]: DEBUG neutron.plugins.ml2.drivers.ovn.mech_driver.ovsdb.ovsdb_monitor [-] Hash Ring: Node 8ba29e884c2e5cebb20cff58df17fc22 (host: np0000003152) handling event "create" for row 37899579-a664-47f6-b381-a61de044aec6 (table: ACL) {{(pid=90004) notify /opt/stack/neutron/neutron/plugins/ml2/drivers/ovn/mech_driver/ovsdb/ovsdb_monitor.py:1015}}
Jun 18 15:05:59.677633 np0000003152 devstack@neutron-api.service[90003]: INFO neutron.db.ovn_revision_numbers_db [None req-c50b739a-26e3-4f36-8ff0-3519009a5105 admin admin] Successfully bumped revision number for resource 3dd298ac-2078-4856-8264-363f31b01fa6 (type: security_groups) to 1
Jun 18 15:05:59.688631 np0000003152 devstack@neutron-api.service[90003]: INFO neutron.db.ovn_revision_numbers_db [None req-c50b739a-26e3-4f36-8ff0-3519009a5105 admin admin] Successfully bumped revision number for resource 00f723d2-c425-42f8-828a-0a618742c9d0 (type: security_group_rules) to 0
Jun 18 15:05:59.696922 np0000003152 devstack@neutron-api.service[90003]: INFO neutron.db.ovn_revision_numbers_db [None req-c50b739a-26e3-4f36-8ff0-3519009a5105 admin admin] Successfully bumped revision number for resource a9328e0b-4121-4b38-8594-dd25892fcd81 (type: security_group_rules) to 0
Jun 18 15:05:59.705007 np0000003152 devstack@neutron-api.service[90003]: INFO neutron.db.ovn_revision_numbers_db [None req-c50b739a-26e3-4f36-8ff0-3519009a5105 admin admin] Successfully bumped revision number for resource b80b1da5-687b-450c-975b-2587f4826d8e (type: security_group_rules) to 0
Jun 18 15:05:59.713543 np0000003152 devstack@neutron-api.service[90003]: INFO neutron.db.ovn_revision_numbers_db [None req-c50b739a-26e3-4f36-8ff0-3519009a5105 admin admin] Successfully bumped revision number for resource f38aa71d-b2b6-4746-80f6-080830414a34 (type: security_group_rules) to 0
Jun 18 15:05:59.732694 np0000003152 devstack@neutron-api.service[90003]: DEBUG neutron.api.rpc.handlers.resources_rpc [None req-c50b739a-26e3-4f36-8ff0-3519009a5105 admin admin] Pushing event updated for resources: {'SecurityGroup': ['ID=3dd298ac-2078-4856-8264-363f31b01fa6,revision_number=1']} {{(pid=90003) push /opt/stack/neutron/neutron/api/rpc/handlers/resources_rpc.py:237}}
Jun 18 15:05:59.739588 np0000003152 devstack@neutron-api.service[90003]: DEBUG ovsdbapp.backend.ovs_idl.transaction [-] Running txn n=1 command(idx=0): CheckLivenessCommand(_result=None) {{(pid=90003) do_commit /opt/stack/data/venv/lib/python3.12/site-packages/ovsdbapp/backend/ovs_idl/transaction.py:89}}
Jun 18 15:05:59.741300 np0000003152 devstack@neutron-api.service[90003]: DEBUG neutron.plugins.ml2.drivers.ovn.mech_driver.ovsdb.ovsdb_monitor [-] Hash Ring: Node f7bd6651fadd500084686a776dd3fbef (host: np0000003152) handling event "update" for row 38c07d4f-2feb-4a58-a5fb-d286a9c5cdf4 (table: NB_Global) {{(pid=90003) notify /opt/stack/neutron/neutron/plugins/ml2/drivers/ovn/mech_driver/ovsdb/ovsdb_monitor.py:1015}}
Jun 18 15:05:59.742626 np0000003152 devstack@neutron-api.service[90002]: DEBUG neutron.plugins.ml2.drivers.ovn.mech_driver.ovsdb.ovsdb_monitor [-] Hash Ring: Node bae5fe66097e533fae1decd9baf86b5c (host: np0000003152) handling event "update" for row 38c07d4f-2feb-4a58-a5fb-d286a9c5cdf4 (table: NB_Global) {{(pid=90002) notify /opt/stack/neutron/neutron/plugins/ml2/drivers/ovn/mech_driver/ovsdb/ovsdb_monitor.py:1015}}
Jun 18 15:05:59.743472 np0000003152 devstack@neutron-api.service[90003]: DEBUG neutron.plugins.ml2.drivers.ovn.mech_driver.ovsdb.ovsdb_monitor [-] Hash Ring: Node f7bd6651fadd500084686a776dd3fbef (host: np0000003152) handling event "update" for row 38c07d4f-2feb-4a58-a5fb-d286a9c5cdf4 (table: NB_Global) {{(pid=90003) notify /opt/stack/neutron/neutron/plugins/ml2/drivers/ovn/mech_driver/ovsdb/ovsdb_monitor.py:1015}}
Jun 18 15:05:59.744042 np0000003152 devstack@neutron-api.service[90002]: DEBUG neutron.plugins.ml2.drivers.ovn.mech_driver.ovsdb.ovsdb_monitor [-] Hash Ring: Node bae5fe66097e533fae1decd9baf86b5c (host: np0000003152) handling event "update" for row 38c07d4f-2feb-4a58-a5fb-d286a9c5cdf4 (table: NB_Global) {{(pid=90002) notify /opt/stack/neutron/neutron/plugins/ml2/drivers/ovn/mech_driver/ovsdb/ovsdb_monitor.py:1015}}
Jun 18 15:05:59.744526 np0000003152 devstack@neutron-api.service[90003]: DEBUG neutron.plugins.ml2.drivers.ovn.mech_driver.ovsdb.ovsdb_monitor [-] Hash Ring: Node f7bd6651fadd500084686a776dd3fbef (host: np0000003152) handling event "update" for row 38c07d4f-2feb-4a58-a5fb-d286a9c5cdf4 (table: NB_Global) {{(pid=90003) notify /opt/stack/neutron/neutron/plugins/ml2/drivers/ovn/mech_driver/ovsdb/ovsdb_monitor.py:1015}}
Jun 18 15:05:59.745688 np0000003152 devstack@neutron-api.service[90002]: DEBUG neutron.plugins.ml2.drivers.ovn.mech_driver.ovsdb.ovsdb_monitor [-] Hash Ring: Node bae5fe66097e533fae1decd9baf86b5c (host: np0000003152) handling event "update" for row 38c07d4f-2feb-4a58-a5fb-d286a9c5cdf4 (table: NB_Global) {{(pid=90002) notify /opt/stack/neutron/neutron/plugins/ml2/drivers/ovn/mech_driver/ovsdb/ovsdb_monitor.py:1015}}
Jun 18 15:05:59.745688 np0000003152 devstack@neutron-api.service[90002]: DEBUG neutron.plugins.ml2.drivers.ovn.mech_driver.ovsdb.ovsdb_monitor [-] ChassisAgentWriteEvent : Matched Chassis_Private, update, None None {{(pid=90002) matches /opt/stack/neutron/neutron/plugins/ml2/drivers/ovn/mech_driver/ovsdb/ovsdb_monitor.py:64}}
Jun 18 15:05:59.747819 np0000003152 devstack@neutron-api.service[90004]: DEBUG neutron.plugins.ml2.drivers.ovn.mech_driver.ovsdb.ovsdb_monitor [-] ChassisAgentWriteEvent : Matched Chassis_Private, update, None None {{(pid=90004) matches /opt/stack/neutron/neutron/plugins/ml2/drivers/ovn/mech_driver/ovsdb/ovsdb_monitor.py:64}}
Jun 18 15:05:59.748851 np0000003152 devstack@neutron-api.service[90003]: DEBUG neutron.api.rpc.callbacks.version_manager [None req-c50b739a-26e3-4f36-8ff0-3519009a5105 admin admin] Tracked resource versions report:
Jun 18 15:05:59.748851 np0000003152 devstack@neutron-api.service[90003]: pushed versions:
Jun 18 15:05:59.748851 np0000003152 devstack@neutron-api.service[90003]: { 'AddressGroup': {'1.2'},
Jun 18 15:05:59.748851 np0000003152 devstack@neutron-api.service[90003]: 'Agent': {'1.1'},
Jun 18 15:05:59.748851 np0000003152 devstack@neutron-api.service[90003]: 'ConntrackHelper': {'1.0'},
Jun 18 15:05:59.748851 np0000003152 devstack@neutron-api.service[90003]: 'LocalIPAssociation': {'1.0'},
Jun 18 15:05:59.748851 np0000003152 devstack@neutron-api.service[90003]: 'Log': {'1.0'},
Jun 18 15:05:59.748851 np0000003152 devstack@neutron-api.service[90003]: 'NDPProxy': {'1.0'},
Jun 18 15:05:59.748851 np0000003152 devstack@neutron-api.service[90003]: 'Network': {'1.3'},
Jun 18 15:05:59.748851 np0000003152 devstack@neutron-api.service[90003]: 'Port': {'1.11'},
Jun 18 15:05:59.748851 np0000003152 devstack@neutron-api.service[90003]: 'PortForwarding': {'1.3'},
Jun 18 15:05:59.748851 np0000003152 devstack@neutron-api.service[90003]: 'QosPolicy': {'1.10'},
Jun 18 15:05:59.748851 np0000003152 devstack@neutron-api.service[90003]: 'SecurityGroup': {'1.6'},
Jun 18 15:05:59.748851 np0000003152 devstack@neutron-api.service[90003]: 'SecurityGroupRule': {'1.3'},
Jun 18 15:05:59.748851 np0000003152 devstack@neutron-api.service[90003]: 'SubPort': {'1.0'},
Jun 18 15:05:59.748851 np0000003152 devstack@neutron-api.service[90003]: 'Subnet': {'1.2'},
Jun 18 15:05:59.748851 np0000003152 devstack@neutron-api.service[90003]: 'Trunk': {'1.1'}}
Jun 18 15:05:59.748851 np0000003152 devstack@neutron-api.service[90003]: consumer versions:
Jun 18 15:05:59.748851 np0000003152 devstack@neutron-api.service[90003]: {}
Jun 18 15:05:59.748851 np0000003152 devstack@neutron-api.service[90003]: {{(pid=90003) report /opt/stack/neutron/neutron/api/rpc/callbacks/version_manager.py:183}}
Jun 18 15:05:59.751252 np0000003152 devstack@neutron-api.service[90004]: DEBUG neutron.plugins.ml2.drivers.ovn.mech_driver.ovsdb.ovsdb_monitor [-] Hash Ring: Node 8ba29e884c2e5cebb20cff58df17fc22 (host: np0000003152) handling event "update" for row 38a5d2c8-64ac-485a-b154-e409449a2f11 (table: Chassis_Private) {{(pid=90004) notify /opt/stack/neutron/neutron/plugins/ml2/drivers/ovn/mech_driver/ovsdb/ovsdb_monitor.py:1015}}
Jun 18 15:05:59.751431 np0000003152 devstack@neutron-api.service[90002]: DEBUG neutron.plugins.ml2.drivers.ovn.mech_driver.ovsdb.ovsdb_monitor [-] Hash Ring: Node bae5fe66097e533fae1decd9baf86b5c (host: np0000003152) handling event "update" for row 38c07d4f-2feb-4a58-a5fb-d286a9c5cdf4 (table: NB_Global) {{(pid=90002) notify /opt/stack/neutron/neutron/plugins/ml2/drivers/ovn/mech_driver/ovsdb/ovsdb_monitor.py:1015}}
Jun 18 15:05:59.751431 np0000003152 devstack@neutron-api.service[90002]: DEBUG neutron.plugins.ml2.drivers.ovn.mech_driver.ovsdb.ovsdb_monitor [-] ChassisOVNAgentWriteEvent : Matched Chassis_Private, update, None None {{(pid=90002) matches /opt/stack/neutron/neutron/plugins/ml2/drivers/ovn/mech_driver/ovsdb/ovsdb_monitor.py:64}}
Jun 18 15:05:59.751622 np0000003152 devstack@neutron-api.service[90004]: DEBUG neutron.plugins.ml2.drivers.ovn.mech_driver.ovsdb.ovsdb_monitor [-] ChassisOVNAgentWriteEvent : Matched Chassis_Private, update, None None {{(pid=90004) matches /opt/stack/neutron/neutron/plugins/ml2/drivers/ovn/mech_driver/ovsdb/ovsdb_monitor.py:64}}
Jun 18 15:05:59.751748 np0000003152 devstack@neutron-api.service[90003]: DEBUG neutron.plugins.ml2.drivers.ovn.mech_driver.ovsdb.ovsdb_monitor [-] ChassisAgentWriteEvent : Matched Chassis_Private, update, None None {{(pid=90003) matches /opt/stack/neutron/neutron/plugins/ml2/drivers/ovn/mech_driver/ovsdb/ovsdb_monitor.py:64}}
Jun 18 15:05:59.752105 np0000003152 devstack@neutron-api.service[90004]: DEBUG neutron.plugins.ml2.drivers.ovn.mech_driver.ovsdb.ovsdb_monitor [-] Hash Ring: Node 8ba29e884c2e5cebb20cff58df17fc22 (host: np0000003152) handling event "update" for row 38a5d2c8-64ac-485a-b154-e409449a2f11 (table: Chassis_Private) {{(pid=90004) notify /opt/stack/neutron/neutron/plugins/ml2/drivers/ovn/mech_driver/ovsdb/ovsdb_monitor.py:1015}}
Jun 18 15:05:59.753783 np0000003152 devstack@neutron-api.service[90003]: DEBUG neutron.plugins.ml2.drivers.ovn.mech_driver.ovsdb.ovsdb_monitor [-] Hash Ring: Node f7bd6651fadd500084686a776dd3fbef (host: np0000003152) handling event "update" for row 38c07d4f-2feb-4a58-a5fb-d286a9c5cdf4 (table: NB_Global) {{(pid=90003) notify /opt/stack/neutron/neutron/plugins/ml2/drivers/ovn/mech_driver/ovsdb/ovsdb_monitor.py:1015}}
Jun 18 15:05:59.756255 np0000003152 devstack@neutron-api.service[90003]: DEBUG neutron.common.ovn.hash_ring_manager [-] Allow caching, nodes 3>=3 {{(pid=90003) _wait_startup_before_caching /opt/stack/neutron/neutron/common/ovn/hash_ring_manager.py:71}}
Jun 18 15:05:59.756416 np0000003152 devstack@neutron-api.service[90003]: DEBUG neutron.plugins.ml2.drivers.ovn.mech_driver.ovsdb.ovsdb_monitor [-] Hash Ring: Node f7bd6651fadd500084686a776dd3fbef (host: np0000003152) handling event "update" for row 38a5d2c8-64ac-485a-b154-e409449a2f11 (table: Chassis_Private) {{(pid=90003) notify /opt/stack/neutron/neutron/plugins/ml2/drivers/ovn/mech_driver/ovsdb/ovsdb_monitor.py:1015}}
Jun 18 15:05:59.757538 np0000003152 devstack@neutron-api.service[90003]: DEBUG neutron.plugins.ml2.drivers.ovn.mech_driver.ovsdb.ovsdb_monitor [-] ChassisOVNAgentWriteEvent : Matched Chassis_Private, update, None None {{(pid=90003) matches /opt/stack/neutron/neutron/plugins/ml2/drivers/ovn/mech_driver/ovsdb/ovsdb_monitor.py:64}}
Jun 18 15:05:59.757952 np0000003152 devstack@neutron-api.service[90003]: DEBUG neutron.plugins.ml2.drivers.ovn.mech_driver.ovsdb.ovsdb_monitor [-] Hash Ring: Node f7bd6651fadd500084686a776dd3fbef (host: np0000003152) handling event "update" for row 38a5d2c8-64ac-485a-b154-e409449a2f11 (table: Chassis_Private) {{(pid=90003) notify /opt/stack/neutron/neutron/plugins/ml2/drivers/ovn/mech_driver/ovsdb/ovsdb_monitor.py:1015}}
Jun 18 15:05:59.792596 np0000003152 devstack@neutron-api.service[90003]: DEBUG neutron.plugins.ml2.drivers.helpers [None req-c50b739a-26e3-4f36-8ff0-3519009a5105 admin admin] geneve segment allocate from pool success with {'geneve_vni': 24575} {{(pid=90003) allocate_partially_specified_segment /opt/stack/neutron/neutron/plugins/ml2/drivers/helpers.py:142}}
Jun 18 15:05:59.804741 np0000003152 devstack@neutron-api.service[90003]: DEBUG neutron_lib.callbacks.manager [None req-c50b739a-26e3-4f36-8ff0-3519009a5105 admin admin] Publish callbacks ['neutron.services.segments.db._add_segment_host_mapping_for_segment-7751248534128', 'neutron.plugins.ml2.plugin.Ml2Plugin._handle_segment_change-890073'] for segment (6eafd58b-9ddb-4337-b618-ae14ac422f11), precommit_create {{(pid=90003) _notify_loop /opt/stack/data/venv/lib/python3.12/site-packages/neutron_lib/callbacks/manager.py:184}}
Jun 18 15:05:59.805002 np0000003152 devstack@neutron-api.service[90003]: INFO neutron.db.segments_db [None req-c50b739a-26e3-4f36-8ff0-3519009a5105 admin admin] Added segment 6eafd58b-9ddb-4337-b618-ae14ac422f11 of type geneve for network 649cb6c6-9a44-4fe3-9d58-fcb6af3d75b2
Jun 18 15:05:59.843449 np0000003152 devstack@neutron-api.service[90003]: DEBUG neutron_lib.callbacks.manager [None req-c50b739a-26e3-4f36-8ff0-3519009a5105 admin admin] Publish callbacks ['neutron.services.auto_allocate.db._ensure_external_network_default_value_callback-7751247430670'] for network (649cb6c6-9a44-4fe3-9d58-fcb6af3d75b2), precommit_create {{(pid=90003) _notify_loop /opt/stack/data/venv/lib/python3.12/site-packages/neutron_lib/callbacks/manager.py:184}}
Jun 18 15:05:59.860641 np0000003152 devstack@neutron-api.service[90003]: DEBUG neutron.plugins.ml2.drivers.ovn.mech_driver.mech_driver [None req-c50b739a-26e3-4f36-8ff0-3519009a5105 admin admin] Validating network segment with type geneve, segmentation ID 24575, physical network None {{(pid=90003) _validate_network_segments /opt/stack/neutron/neutron/plugins/ml2/drivers/ovn/mech_driver/mech_driver.py:643}}
Jun 18 15:05:59.860827 np0000003152 devstack@neutron-api.service[90003]: DEBUG neutron.db.ovn_revision_numbers_db [None req-c50b739a-26e3-4f36-8ff0-3519009a5105 admin admin] create_initial_revision uuid=649cb6c6-9a44-4fe3-9d58-fcb6af3d75b2, type=networks, rev=-1 {{(pid=90003) create_initial_revision /opt/stack/neutron/neutron/db/ovn_revision_numbers_db.py:98}}
Jun 18 15:05:59.876402 np0000003152 devstack@neutron-api.service[90003]: DEBUG neutron_lib.callbacks.manager [None req-c50b739a-26e3-4f36-8ff0-3519009a5105 admin admin] Publish callbacks ['neutron.plugins.ml2.ovo_rpc._ObjectChangeHandler.handle_event-3400257'] for network (649cb6c6-9a44-4fe3-9d58-fcb6af3d75b2), after_create {{(pid=90003) _notify_loop /opt/stack/data/venv/lib/python3.12/site-packages/neutron_lib/callbacks/manager.py:184}}
Jun 18 15:05:59.927367 np0000003152 devstack@neutron-api.service[90003]: DEBUG neutron.api.rpc.handlers.resources_rpc [None req-c50b739a-26e3-4f36-8ff0-3519009a5105 admin admin] Pushing event updated for resources: {'Network': ['ID=649cb6c6-9a44-4fe3-9d58-fcb6af3d75b2,revision_number=1']} {{(pid=90003) push /opt/stack/neutron/neutron/api/rpc/handlers/resources_rpc.py:237}}
Jun 18 15:05:59.935240 np0000003152 devstack@neutron-api.service[90003]: DEBUG ovsdbapp.backend.ovs_idl.transaction [-] Running txn n=1 command(idx=0): AddNetworkCommand(_result=None, network_uuid=649cb6c6-9a44-4fe3-9d58-fcb6af3d75b2, may_exist=True, columns={'external_ids': {'neutron:network_name': 'private', 'neutron:mtu': '1372', 'neutron:revision_number': '1', 'neutron:availability_zone_hints': '', 'neutron:provnet-network-type': 'geneve'}, 'other_config': {'mcast_snoop': 'false', 'mcast_flood_unregistered': 'false', 'vlan-passthru': 'false'}}) {{(pid=90003) do_commit /opt/stack/data/venv/lib/python3.12/site-packages/ovsdbapp/backend/ovs_idl/transaction.py:89}}
Jun 18 15:05:59.935395 np0000003152 devstack@neutron-api.service[90003]: DEBUG neutron.common.ovn.utils [-] OVS persist_uuid supported=True {{(pid=90003) ovs_persist_uuid_supported /opt/stack/neutron/neutron/common/ovn/utils.py:1544}}
Jun 18 15:05:59.937511 np0000003152 devstack@neutron-api.service[90003]: DEBUG neutron.plugins.ml2.drivers.ovn.mech_driver.ovsdb.ovsdb_monitor [-] Hash Ring: Node f7bd6651fadd500084686a776dd3fbef (host: np0000003152) handling event "create" for row 649cb6c6-9a44-4fe3-9d58-fcb6af3d75b2 (table: Logical_Switch) {{(pid=90003) notify /opt/stack/neutron/neutron/plugins/ml2/drivers/ovn/mech_driver/ovsdb/ovsdb_monitor.py:1015}}
Jun 18 15:05:59.938460 np0000003152 devstack@neutron-api.service[90002]: DEBUG neutron.plugins.ml2.drivers.ovn.mech_driver.ovsdb.ovsdb_monitor [-] Hash Ring: Node bae5fe66097e533fae1decd9baf86b5c (host: np0000003152) handling event "create" for row 649cb6c6-9a44-4fe3-9d58-fcb6af3d75b2 (table: Logical_Switch) {{(pid=90002) notify /opt/stack/neutron/neutron/plugins/ml2/drivers/ovn/mech_driver/ovsdb/ovsdb_monitor.py:1015}}
Jun 18 15:05:59.948662 np0000003152 devstack@neutron-api.service[90003]: DEBUG neutron.plugins.ml2.drivers.ovn.mech_driver.ovsdb.ovsdb_monitor [-] Hash Ring: Node f7bd6651fadd500084686a776dd3fbef (host: np0000003152) handling event "create" for row 475a4e46-1855-4e49-ae90-ece3a77ba775 (table: Datapath_Binding) {{(pid=90003) notify /opt/stack/neutron/neutron/plugins/ml2/drivers/ovn/mech_driver/ovsdb/ovsdb_monitor.py:1015}}
Jun 18 15:05:59.963140 np0000003152 devstack@neutron-api.service[90003]: INFO neutron.db.ovn_revision_numbers_db [None req-c50b739a-26e3-4f36-8ff0-3519009a5105 admin admin] Successfully bumped revision number for resource 649cb6c6-9a44-4fe3-9d58-fcb6af3d75b2 (type: networks) to 1
Jun 18 15:06:00.018938 np0000003152 devstack@neutron-api.service[90003]: DEBUG neutron_lib.callbacks.manager [None req-c50b739a-26e3-4f36-8ff0-3519009a5105 admin admin] Publish callbacks ['neutron.plugins.ml2.plugin.SecurityGroupDbMixin._ensure_default_security_group_handler-15889'] for port (None), before_create {{(pid=90003) _notify_loop /opt/stack/data/venv/lib/python3.12/site-packages/neutron_lib/callbacks/manager.py:184}}
Jun 18 15:06:00.103373 np0000003152 devstack@neutron-api.service[90003]: DEBUG neutron_lib.callbacks.manager [None req-c50b739a-26e3-4f36-8ff0-3519009a5105 admin admin] Publish callbacks ['neutron.plugins.ml2.drivers.ovn.mech_driver.mech_driver.OVNMechanismDriver._validate_allowed_address_pairs-168903'] for allowed_address_pair (f4194a47-5b6b-48f8-a001-223713780bcb), before_create {{(pid=90003) _notify_loop /opt/stack/data/venv/lib/python3.12/site-packages/neutron_lib/callbacks/manager.py:184}}
Jun 18 15:06:00.103908 np0000003152 devstack@neutron-api.service[90003]: DEBUG neutron_lib.callbacks.manager [None req-c50b739a-26e3-4f36-8ff0-3519009a5105 admin admin] Publish callbacks [] for port (f4194a47-5b6b-48f8-a001-223713780bcb), precommit_create {{(pid=90003) _notify_loop /opt/stack/data/venv/lib/python3.12/site-packages/neutron_lib/callbacks/manager.py:184}}
Jun 18 15:06:00.104166 np0000003152 devstack@neutron-api.service[90003]: DEBUG neutron.plugins.ml2.drivers.ovn.mech_driver.mech_driver [None req-c50b739a-26e3-4f36-8ff0-3519009a5105 admin admin] No provisioning block for port f4194a47-5b6b-48f8-a001-223713780bcb since it does not have a host {{(pid=90003) _is_port_provisioning_required /opt/stack/neutron/neutron/plugins/ml2/drivers/ovn/mech_driver/mech_driver.py:896}}
Jun 18 15:06:00.104306 np0000003152 devstack@neutron-api.service[90003]: DEBUG neutron.db.ovn_revision_numbers_db [None req-c50b739a-26e3-4f36-8ff0-3519009a5105 admin admin] create_initial_revision uuid=f4194a47-5b6b-48f8-a001-223713780bcb, type=ports, rev=-1 {{(pid=90003) create_initial_revision /opt/stack/neutron/neutron/db/ovn_revision_numbers_db.py:98}}
Jun 18 15:06:00.155866 np0000003152 devstack@neutron-api.service[90003]: DEBUG neutron_lib.callbacks.manager [None req-c50b739a-26e3-4f36-8ff0-3519009a5105 admin admin] Publish callbacks ['neutron.plugins.ml2.ovo_rpc._ObjectChangeHandler.handle_event-3400272'] for port (f4194a47-5b6b-48f8-a001-223713780bcb), after_create {{(pid=90003) _notify_loop /opt/stack/data/venv/lib/python3.12/site-packages/neutron_lib/callbacks/manager.py:184}}
Jun 18 15:06:00.206495 np0000003152 devstack@neutron-api.service[90003]: DEBUG neutron.api.rpc.handlers.resources_rpc [None req-c50b739a-26e3-4f36-8ff0-3519009a5105 admin admin] Pushing event updated for resources: {'Port': ['ID=f4194a47-5b6b-48f8-a001-223713780bcb,revision_number=1']} {{(pid=90003) push /opt/stack/neutron/neutron/api/rpc/handlers/resources_rpc.py:237}}
Jun 18 15:06:00.235304 np0000003152 devstack@neutron-api.service[90003]: DEBUG neutron.plugins.ml2.drivers.ovn.mech_driver.ovsdb.commands [None req-c50b739a-26e3-4f36-8ff0-3519009a5105 admin admin] Converting tag [] to a tag_request {{(pid=90003) _tag_column_to_tag_request /opt/stack/neutron/neutron/plugins/ml2/drivers/ovn/mech_driver/ovsdb/commands.py:205}}
Jun 18 15:06:00.236089 np0000003152 devstack@neutron-api.service[90003]: DEBUG ovsdbapp.backend.ovs_idl.transaction [-] Running txn n=1 command(idx=0): AddLSwitchPortCommand(_result=None, lport=f4194a47-5b6b-48f8-a001-223713780bcb, lswitch=neutron-649cb6c6-9a44-4fe3-9d58-fcb6af3d75b2, may_exist=True, network_uuid=649cb6c6-9a44-4fe3-9d58-fcb6af3d75b2, columns={'addresses': ['fa:16:3e:7c:85:16'], 'external_ids': {'neutron:port_name': '', 'neutron:device_id': 'ovnmeta-649cb6c6-9a44-4fe3-9d58-fcb6af3d75b2', 'neutron:project_id': 'f7ba80a2febc44248ee355fbdd2b2555', 'neutron:cidrs': '', 'neutron:device_owner': 'network:distributed', 'neutron:subnet_pool_addr_scope4': '', 'neutron:subnet_pool_addr_scope6': '', 'neutron:network_name': 'neutron-649cb6c6-9a44-4fe3-9d58-fcb6af3d75b2', 'neutron:security_group_ids': '', 'neutron:revision_number': '1', 'neutron:vnic_type': 'normal', 'neutron:port_capabilities': '', 'neutron:mtu': '1372'}, 'parent_name': [], 'enabled': True, 'options': {}, 'type': 'localport', 'port_security': [], 'dhcpv4_options': [], 'dhcpv6_options': [], 'tag_request': []}) {{(pid=90003) do_commit /opt/stack/data/venv/lib/python3.12/site-packages/ovsdbapp/backend/ovs_idl/transaction.py:89}}
Jun 18 15:06:00.236510 np0000003152 devstack@neutron-api.service[90003]: DEBUG ovsdbapp.backend.ovs_idl.transaction [-] Running txn n=1 command(idx=1): QoSDelCommand(_result=None, switch=neutron-649cb6c6-9a44-4fe3-9d58-fcb6af3d75b2, conditions=[('direction', '=', 'to-lport'), ('priority', '=', 2002), ('match', '=', 'outport == "f4194a47-5b6b-48f8-a001-223713780bcb"')], if_exists=True) {{(pid=90003) do_commit /opt/stack/data/venv/lib/python3.12/site-packages/ovsdbapp/backend/ovs_idl/transaction.py:89}}
Jun 18 15:06:00.236657 np0000003152 devstack@neutron-api.service[90003]: DEBUG ovsdbapp.backend.ovs_idl.transaction [-] Running txn n=1 command(idx=2): QoSDelCommand(_result=None, switch=neutron-649cb6c6-9a44-4fe3-9d58-fcb6af3d75b2, conditions=[('direction', '=', 'from-lport'), ('priority', '=', 2002), ('match', '=', 'inport == "f4194a47-5b6b-48f8-a001-223713780bcb"')], if_exists=True) {{(pid=90003) do_commit /opt/stack/data/venv/lib/python3.12/site-packages/ovsdbapp/backend/ovs_idl/transaction.py:89}}
Jun 18 15:06:00.239638 np0000003152 devstack@neutron-api.service[90002]: DEBUG neutron.plugins.ml2.drivers.ovn.mech_driver.ovsdb.ovsdb_monitor [-] Hash Ring: Node bae5fe66097e533fae1decd9baf86b5c (host: np0000003152) handling event "update" for row 649cb6c6-9a44-4fe3-9d58-fcb6af3d75b2 (table: Logical_Switch) {{(pid=90002) notify /opt/stack/neutron/neutron/plugins/ml2/drivers/ovn/mech_driver/ovsdb/ovsdb_monitor.py:1015}}
Jun 18 15:06:00.241469 np0000003152 devstack@neutron-api.service[90003]: DEBUG neutron.plugins.ml2.drivers.ovn.mech_driver.ovsdb.ovsdb_monitor [-] Hash Ring: Node f7bd6651fadd500084686a776dd3fbef (host: np0000003152) handling event "update" for row 649cb6c6-9a44-4fe3-9d58-fcb6af3d75b2 (table: Logical_Switch) {{(pid=90003) notify /opt/stack/neutron/neutron/plugins/ml2/drivers/ovn/mech_driver/ovsdb/ovsdb_monitor.py:1015}}
Jun 18 15:06:00.242038 np0000003152 devstack@neutron-api.service[90004]: DEBUG neutron.plugins.ml2.drivers.ovn.mech_driver.ovsdb.ovsdb_monitor [-] Hash Ring: Node 8ba29e884c2e5cebb20cff58df17fc22 (host: np0000003152) handling event "create" for row 193b3c15-bfbd-4260-bcfe-edabec555c83 (table: Logical_Switch_Port) {{(pid=90004) notify /opt/stack/neutron/neutron/plugins/ml2/drivers/ovn/mech_driver/ovsdb/ovsdb_monitor.py:1015}}
Jun 18 15:06:00.242038 np0000003152 devstack@neutron-api.service[90004]: DEBUG ovsdbapp.backend.ovs_idl.event [-] Matched CREATE: LogicalSwitchPortCreateEvent(events=('create',), table='Logical_Switch_Port', conditions=[], old_conditions=None), priority=20 to row=Logical_Switch_Port(uuid=193b3c15-bfbd-4260-bcfe-edabec555c83, addresses=['fa:16:3e:7c:85:16'], dhcpv4_options=[], dhcpv6_options=[], dynamic_addresses=[], enabled=True, external_ids={'neutron:cidrs': '', 'neutron:device_id': 'ovnmeta-649cb6c6-9a44-4fe3-9d58-fcb6af3d75b2', 'neutron:device_owner': 'network:distributed', 'neutron:mtu': '1372', 'neutron:network_name': 'neutron-649cb6c6-9a44-4fe3-9d58-fcb6af3d75b2', 'neutron:port_capabilities': '', 'neutron:port_name': '', 'neutron:project_id': 'f7ba80a2febc44248ee355fbdd2b2555', 'neutron:revision_number': '1', 'neutron:security_group_ids': '', 'neutron:subnet_pool_addr_scope4': '', 'neutron:subnet_pool_addr_scope6': '', 'neutron:vnic_type': 'normal'}, ha_chassis_group=[], mirror_rules=[], name='f4194a47-5b6b-48f8-a001-223713780bcb', options={}, parent_name=[], port_security=[], tag=[], tag_request=[], type='localport', up=[]) old= {{(pid=90004) matches /opt/stack/data/venv/lib/python3.12/site-packages/ovsdbapp/backend/ovs_idl/event.py:55}}
Jun 18 15:06:00.242713 np0000003152 devstack@neutron-api.service[90004]: INFO neutron.plugins.ml2.drivers.ovn.mech_driver.mech_driver [-] OVN reports status down for port: f4194a47-5b6b-48f8-a001-223713780bcb
Jun 18 15:06:00.243335 np0000003152 devstack@neutron-api.service[90004]: DEBUG neutron.plugins.ml2.drivers.ovn.mech_driver.ovsdb.ovsdb_monitor [-] Hash Ring: Node 8ba29e884c2e5cebb20cff58df17fc22 (host: np0000003152) handling event "update" for row 193b3c15-bfbd-4260-bcfe-edabec555c83 (table: Logical_Switch_Port) {{(pid=90004) notify /opt/stack/neutron/neutron/plugins/ml2/drivers/ovn/mech_driver/ovsdb/ovsdb_monitor.py:1015}}
Jun 18 15:06:00.243551 np0000003152 devstack@neutron-api.service[90003]: DEBUG neutron.plugins.ml2.drivers.ovn.mech_driver.ovsdb.ovsdb_monitor [-] Hash Ring: Node f7bd6651fadd500084686a776dd3fbef (host: np0000003152) handling event "create" for row 178f0645-9686-441d-8604-4a89afe1d827 (table: Port_Binding) {{(pid=90003) notify /opt/stack/neutron/neutron/plugins/ml2/drivers/ovn/mech_driver/ovsdb/ovsdb_monitor.py:1015}}
Jun 18 15:06:00.244598 np0000003152 devstack@neutron-api.service[90003]: DEBUG neutron.plugins.ml2.drivers.ovn.mech_driver.ovsdb.ovsdb_monitor [-] Hash Ring: Node f7bd6651fadd500084686a776dd3fbef (host: np0000003152) handling event "create" for row 193b3c15-bfbd-4260-bcfe-edabec555c83 (table: Logical_Switch_Port) {{(pid=90003) notify /opt/stack/neutron/neutron/plugins/ml2/drivers/ovn/mech_driver/ovsdb/ovsdb_monitor.py:1015}}
