Jun 05 07:08:31.250858 np0000002207 devstack@g-api.service[98815]: DEBUG glance.api.middleware.version_negotiation [None req-54a99f0f-1462-453e-86f8-ca283e803d54 tempest-TestEncryptedCinderVolumes-710049683 tempest-TestEncryptedCinderVolumes-710049683-project-member] Determining version of request: GET /v2/schemas/image Accept: */* {{(pid=98815) process_request /opt/stack/glance/glance/api/middleware/version_negotiation.py:44}}
Jun 05 07:08:31.251098 np0000002207 devstack@g-api.service[98815]: DEBUG glance.api.middleware.version_negotiation [None req-54a99f0f-1462-453e-86f8-ca283e803d54 tempest-TestEncryptedCinderVolumes-710049683 tempest-TestEncryptedCinderVolumes-710049683-project-member] Using url versioning {{(pid=98815) process_request /opt/stack/glance/glance/api/middleware/version_negotiation.py:57}}
Jun 05 07:08:31.251270 np0000002207 devstack@g-api.service[98815]: DEBUG glance.api.middleware.version_negotiation [None req-54a99f0f-1462-453e-86f8-ca283e803d54 tempest-TestEncryptedCinderVolumes-710049683 tempest-TestEncryptedCinderVolumes-710049683-project-member] Matched version: v2 {{(pid=98815) process_request /opt/stack/glance/glance/api/middleware/version_negotiation.py:69}}
Jun 05 07:08:31.251381 np0000002207 devstack@g-api.service[98815]: DEBUG glance.api.middleware.version_negotiation [None req-54a99f0f-1462-453e-86f8-ca283e803d54 tempest-TestEncryptedCinderVolumes-710049683 tempest-TestEncryptedCinderVolumes-710049683-project-member] new path /v2/schemas/image {{(pid=98815) process_request /opt/stack/glance/glance/api/middleware/version_negotiation.py:70}}
Jun 05 07:08:31.255307 np0000002207 devstack@g-api.service[98815]: [pid: 98815|app: 0|req: 161/335] 127.0.0.1 () {44 vars in 1055 bytes} [Fri Jun 5 07:08:31 2026] GET /v2/schemas/image => generated 6083 bytes in 5 msecs (HTTP/1.1 200) 4 headers in 158 bytes (1 switches on core 0)
Jun 05 07:08:31.282339 np0000002207 devstack@g-api.service[98814]: DEBUG glance.api.middleware.version_negotiation [None req-54a99f0f-1462-453e-86f8-ca283e803d54 tempest-TestEncryptedCinderVolumes-710049683 tempest-TestEncryptedCinderVolumes-710049683-project-member] Determining version of request: GET /v2/images/6c0b4507-dadb-45cc-9fa1-40002cde329c Accept: */* {{(pid=98814) process_request /opt/stack/glance/glance/api/middleware/version_negotiation.py:44}}
Jun 05 07:08:31.282527 np0000002207 devstack@g-api.service[98814]: DEBUG glance.api.middleware.version_negotiation [None req-54a99f0f-1462-453e-86f8-ca283e803d54 tempest-TestEncryptedCinderVolumes-710049683 tempest-TestEncryptedCinderVolumes-710049683-project-member] Using url versioning {{(pid=98814) process_request /opt/stack/glance/glance/api/middleware/version_negotiation.py:57}}
Jun 05 07:08:31.283852 np0000002207 devstack@g-api.service[98814]: DEBUG glance.api.middleware.version_negotiation [None req-54a99f0f-1462-453e-86f8-ca283e803d54 tempest-TestEncryptedCinderVolumes-710049683 tempest-TestEncryptedCinderVolumes-710049683-project-member] Matched version: v2 {{(pid=98814) process_request /opt/stack/glance/glance/api/middleware/version_negotiation.py:69}}
Jun 05 07:08:31.284030 np0000002207 devstack@g-api.service[98814]: DEBUG glance.api.middleware.version_negotiation [None req-54a99f0f-1462-453e-86f8-ca283e803d54 tempest-TestEncryptedCinderVolumes-710049683 tempest-TestEncryptedCinderVolumes-710049683-project-member] new path /v2/images/6c0b4507-dadb-45cc-9fa1-40002cde329c {{(pid=98814) process_request /opt/stack/glance/glance/api/middleware/version_negotiation.py:70}}
Jun 05 07:08:31.297446 np0000002207 devstack@g-api.service[98814]: [pid: 98814|app: 0|req: 175/336] 127.0.0.1 () {44 vars in 1115 bytes} [Fri Jun 5 07:08:31 2026] GET /v2/images/6c0b4507-dadb-45cc-9fa1-40002cde329c => generated 1044 bytes in 15 msecs (HTTP/1.1 200) 4 headers in 158 bytes (1 switches on core 0)
Jun 05 07:08:31.310133 np0000002207 devstack@g-api.service[98815]: DEBUG glance.api.middleware.version_negotiation [None req-54a99f0f-1462-453e-86f8-ca283e803d54 tempest-TestEncryptedCinderVolumes-710049683 tempest-TestEncryptedCinderVolumes-710049683-project-member] Determining version of request: GET /v2/schemas/image Accept: */* {{(pid=98815) process_request /opt/stack/glance/glance/api/middleware/version_negotiation.py:44}}
Jun 05 07:08:31.310133 np0000002207 devstack@g-api.service[98815]: DEBUG glance.api.middleware.version_negotiation [None req-54a99f0f-1462-453e-86f8-ca283e803d54 tempest-TestEncryptedCinderVolumes-710049683 tempest-TestEncryptedCinderVolumes-710049683-project-member] Using url versioning {{(pid=98815) process_request /opt/stack/glance/glance/api/middleware/version_negotiation.py:57}}
Jun 05 07:08:31.310357 np0000002207 devstack@g-api.service[98815]: DEBUG glance.api.middleware.version_negotiation [None req-54a99f0f-1462-453e-86f8-ca283e803d54 tempest-TestEncryptedCinderVolumes-710049683 tempest-TestEncryptedCinderVolumes-710049683-project-member] Matched version: v2 {{(pid=98815) process_request /opt/stack/glance/glance/api/middleware/version_negotiation.py:69}}
Jun 05 07:08:31.310606 np0000002207 devstack@g-api.service[98815]: DEBUG glance.api.middleware.version_negotiation [None req-54a99f0f-1462-453e-86f8-ca283e803d54 tempest-TestEncryptedCinderVolumes-710049683 tempest-TestEncryptedCinderVolumes-710049683-project-member] new path /v2/schemas/image {{(pid=98815) process_request /opt/stack/glance/glance/api/middleware/version_negotiation.py:70}}
Jun 05 07:08:31.321858 np0000002207 devstack@g-api.service[98815]: [pid: 98815|app: 0|req: 162/337] 127.0.0.1 () {44 vars in 1055 bytes} [Fri Jun 5 07:08:31 2026] GET /v2/schemas/image => generated 6083 bytes in 12 msecs (HTTP/1.1 200) 4 headers in 158 bytes (1 switches on core 0)
Jun 05 07:08:32.941264 np0000002207 devstack@g-api.service[98814]: DEBUG glance.api.middleware.version_negotiation [None req-54a99f0f-1462-453e-86f8-ca283e803d54 tempest-TestEncryptedCinderVolumes-710049683 tempest-TestEncryptedCinderVolumes-710049683-project-member] Determining version of request: GET /versions Accept: */* {{(pid=98814) process_request /opt/stack/glance/glance/api/middleware/version_negotiation.py:44}}
Jun 05 07:08:32.942418 np0000002207 devstack@g-api.service[98814]: [pid: 98814|app: 0|req: 176/338] 127.0.0.1 () {44 vars in 1039 bytes} [Fri Jun 5 07:08:32 2026] GET /versions => generated 1407 bytes in 1 msecs (HTTP/1.1 200) 3 headers in 92 bytes (1 switches on core 0)
Jun 05 07:08:32.953780 np0000002207 devstack@g-api.service[98815]: DEBUG glance.api.middleware.version_negotiation [None req-54a99f0f-1462-453e-86f8-ca283e803d54 tempest-TestEncryptedCinderVolumes-710049683 tempest-TestEncryptedCinderVolumes-710049683-project-member] Determining version of request: GET /v2/images/6c0b4507-dadb-45cc-9fa1-40002cde329c/locations Accept: */* {{(pid=98815) process_request /opt/stack/glance/glance/api/middleware/version_negotiation.py:44}}
Jun 05 07:08:32.954808 np0000002207 devstack@g-api.service[98815]: DEBUG glance.api.middleware.version_negotiation [None req-54a99f0f-1462-453e-86f8-ca283e803d54 tempest-TestEncryptedCinderVolumes-710049683 tempest-TestEncryptedCinderVolumes-710049683-project-member] Using url versioning {{(pid=98815) process_request /opt/stack/glance/glance/api/middleware/version_negotiation.py:57}}
Jun 05 07:08:32.957066 np0000002207 devstack@g-api.service[98815]: DEBUG glance.api.middleware.version_negotiation [None req-54a99f0f-1462-453e-86f8-ca283e803d54 tempest-TestEncryptedCinderVolumes-710049683 tempest-TestEncryptedCinderVolumes-710049683-project-member] Matched version: v2 {{(pid=98815) process_request /opt/stack/glance/glance/api/middleware/version_negotiation.py:69}}
Jun 05 07:08:32.957435 np0000002207 devstack@g-api.service[98815]: DEBUG glance.api.middleware.version_negotiation [None req-54a99f0f-1462-453e-86f8-ca283e803d54 tempest-TestEncryptedCinderVolumes-710049683 tempest-TestEncryptedCinderVolumes-710049683-project-member] new path /v2/images/6c0b4507-dadb-45cc-9fa1-40002cde329c/locations {{(pid=98815) process_request /opt/stack/glance/glance/api/middleware/version_negotiation.py:70}}
Jun 05 07:08:33.038934 np0000002207 devstack@g-api.service[98815]: [pid: 98815|app: 0|req: 163/339] 127.0.0.1 () {44 vars in 1135 bytes} [Fri Jun 5 07:08:32 2026] GET /v2/images/6c0b4507-dadb-45cc-9fa1-40002cde329c/locations => generated 92 bytes in 85 msecs (HTTP/1.1 200) 4 headers in 156 bytes (1 switches on core 0)
Jun 05 07:08:33.062673 np0000002207 devstack@g-api.service[98814]: DEBUG glance.api.middleware.version_negotiation [None req-54a99f0f-1462-453e-86f8-ca283e803d54 tempest-TestEncryptedCinderVolumes-710049683 tempest-TestEncryptedCinderVolumes-710049683-project-member] Determining version of request: GET /v2/images/6c0b4507-dadb-45cc-9fa1-40002cde329c Accept: */* {{(pid=98814) process_request /opt/stack/glance/glance/api/middleware/version_negotiation.py:44}}
Jun 05 07:08:33.062850 np0000002207 devstack@g-api.service[98814]: DEBUG glance.api.middleware.version_negotiation [None req-54a99f0f-1462-453e-86f8-ca283e803d54 tempest-TestEncryptedCinderVolumes-710049683 tempest-TestEncryptedCinderVolumes-710049683-project-member] Using url versioning {{(pid=98814) process_request /opt/stack/glance/glance/api/middleware/version_negotiation.py:57}}
Jun 05 07:08:33.062988 np0000002207 devstack@g-api.service[98814]: DEBUG glance.api.middleware.version_negotiation [None req-54a99f0f-1462-453e-86f8-ca283e803d54 tempest-TestEncryptedCinderVolumes-710049683 tempest-TestEncryptedCinderVolumes-710049683-project-member] Matched version: v2 {{(pid=98814) process_request /opt/stack/glance/glance/api/middleware/version_negotiation.py:69}}
Jun 05 07:08:33.063116 np0000002207 devstack@g-api.service[98814]: DEBUG glance.api.middleware.version_negotiation [None req-54a99f0f-1462-453e-86f8-ca283e803d54 tempest-TestEncryptedCinderVolumes-710049683 tempest-TestEncryptedCinderVolumes-710049683-project-member] new path /v2/images/6c0b4507-dadb-45cc-9fa1-40002cde329c {{(pid=98814) process_request /opt/stack/glance/glance/api/middleware/version_negotiation.py:70}}
Jun 05 07:08:33.075361 np0000002207 devstack@g-api.service[98814]: [pid: 98814|app: 0|req: 177/340] 127.0.0.1 () {44 vars in 1115 bytes} [Fri Jun 5 07:08:33 2026] GET /v2/images/6c0b4507-dadb-45cc-9fa1-40002cde329c => generated 1044 bytes in 13 msecs (HTTP/1.1 200) 4 headers in 158 bytes (1 switches on core 0)
Jun 05 07:08:33.087262 np0000002207 devstack@g-api.service[98815]: DEBUG glance.api.middleware.version_negotiation [None req-54a99f0f-1462-453e-86f8-ca283e803d54 service glance] Determining version of request: GET /v2/schemas/image Accept: */* {{(pid=98815) process_request /opt/stack/glance/glance/api/middleware/version_negotiation.py:44}}
Jun 05 07:08:33.087703 np0000002207 devstack@g-api.service[98815]: DEBUG glance.api.middleware.version_negotiation [None req-54a99f0f-1462-453e-86f8-ca283e803d54 service glance] Using url versioning {{(pid=98815) process_request /opt/stack/glance/glance/api/middleware/version_negotiation.py:57}}
Jun 05 07:08:33.087703 np0000002207 devstack@g-api.service[98815]: DEBUG glance.api.middleware.version_negotiation [None req-54a99f0f-1462-453e-86f8-ca283e803d54 service glance] Matched version: v2 {{(pid=98815) process_request /opt/stack/glance/glance/api/middleware/version_negotiation.py:69}}
Jun 05 07:08:33.087931 np0000002207 devstack@g-api.service[98815]: DEBUG glance.api.middleware.version_negotiation [None req-54a99f0f-1462-453e-86f8-ca283e803d54 service glance] new path /v2/schemas/image {{(pid=98815) process_request /opt/stack/glance/glance/api/middleware/version_negotiation.py:70}}
Jun 05 07:08:33.091300 np0000002207 devstack@g-api.service[98815]: [pid: 98815|app: 0|req: 164/341] 127.0.0.1 () {44 vars in 1055 bytes} [Fri Jun 5 07:08:33 2026] GET /v2/schemas/image => generated 6083 bytes in 4 msecs (HTTP/1.1 200) 4 headers in 158 bytes (1 switches on core 0)
Jun 05 07:08:33.106602 np0000002207 devstack@g-api.service[98814]: DEBUG glance.api.middleware.version_negotiation [None req-54a99f0f-1462-453e-86f8-ca283e803d54 tempest-TestEncryptedCinderVolumes-710049683 tempest-TestEncryptedCinderVolumes-710049683-project-member] Determining version of request: GET /v2/schemas/image Accept: */* {{(pid=98814) process_request /opt/stack/glance/glance/api/middleware/version_negotiation.py:44}}
Jun 05 07:08:33.106880 np0000002207 devstack@g-api.service[98814]: DEBUG glance.api.middleware.version_negotiation [None req-54a99f0f-1462-453e-86f8-ca283e803d54 tempest-TestEncryptedCinderVolumes-710049683 tempest-TestEncryptedCinderVolumes-710049683-project-member] Using url versioning {{(pid=98814) process_request /opt/stack/glance/glance/api/middleware/version_negotiation.py:57}}
Jun 05 07:08:33.107119 np0000002207 devstack@g-api.service[98814]: DEBUG glance.api.middleware.version_negotiation [None req-54a99f0f-1462-453e-86f8-ca283e803d54 tempest-TestEncryptedCinderVolumes-710049683 tempest-TestEncryptedCinderVolumes-710049683-project-member] Matched version: v2 {{(pid=98814) process_request /opt/stack/glance/glance/api/middleware/version_negotiation.py:69}}
Jun 05 07:08:33.107337 np0000002207 devstack@g-api.service[98814]: DEBUG glance.api.middleware.version_negotiation [None req-54a99f0f-1462-453e-86f8-ca283e803d54 tempest-TestEncryptedCinderVolumes-710049683 tempest-TestEncryptedCinderVolumes-710049683-project-member] new path /v2/schemas/image {{(pid=98814) process_request /opt/stack/glance/glance/api/middleware/version_negotiation.py:70}}
Jun 05 07:08:33.116544 np0000002207 devstack@g-api.service[98814]: [pid: 98814|app: 0|req: 178/342] 127.0.0.1 () {44 vars in 1055 bytes} [Fri Jun 5 07:08:33 2026] GET /v2/schemas/image => generated 6083 bytes in 10 msecs (HTTP/1.1 200) 4 headers in 158 bytes (1 switches on core 0)
Jun 05 07:08:33.175064 np0000002207 devstack@g-api.service[98815]: DEBUG glance.api.middleware.version_negotiation [None req-54a99f0f-1462-453e-86f8-ca283e803d54 tempest-TestEncryptedCinderVolumes-710049683 tempest-TestEncryptedCinderVolumes-710049683-project-member] Determining version of request: GET /v2/images/6c0b4507-dadb-45cc-9fa1-40002cde329c Accept: */* {{(pid=98815) process_request /opt/stack/glance/glance/api/middleware/version_negotiation.py:44}}
Jun 05 07:08:33.175463 np0000002207 devstack@g-api.service[98815]: DEBUG glance.api.middleware.version_negotiation [None req-54a99f0f-1462-453e-86f8-ca283e803d54 tempest-TestEncryptedCinderVolumes-710049683 tempest-TestEncryptedCinderVolumes-710049683-project-member] Using url versioning {{(pid=98815) process_request /opt/stack/glance/glance/api/middleware/version_negotiation.py:57}}
Jun 05 07:08:33.175463 np0000002207 devstack@g-api.service[98815]: DEBUG glance.api.middleware.version_negotiation [None req-54a99f0f-1462-453e-86f8-ca283e803d54 tempest-TestEncryptedCinderVolumes-710049683 tempest-TestEncryptedCinderVolumes-710049683-project-member] Matched version: v2 {{(pid=98815) process_request /opt/stack/glance/glance/api/middleware/version_negotiation.py:69}}
Jun 05 07:08:33.175581 np0000002207 devstack@g-api.service[98815]: DEBUG glance.api.middleware.version_negotiation [None req-54a99f0f-1462-453e-86f8-ca283e803d54 tempest-TestEncryptedCinderVolumes-710049683 tempest-TestEncryptedCinderVolumes-710049683-project-member] new path /v2/images/6c0b4507-dadb-45cc-9fa1-40002cde329c {{(pid=98815) process_request /opt/stack/glance/glance/api/middleware/version_negotiation.py:70}}
Jun 05 07:08:33.188161 np0000002207 devstack@g-api.service[98815]: [pid: 98815|app: 0|req: 165/343] 127.0.0.1 () {44 vars in 1115 bytes} [Fri Jun 5 07:08:33 2026] GET /v2/images/6c0b4507-dadb-45cc-9fa1-40002cde329c => generated 1044 bytes in 13 msecs (HTTP/1.1 200) 4 headers in 158 bytes (1 switches on core 0)
Jun 05 07:08:33.197083 np0000002207 devstack@g-api.service[98814]: DEBUG glance.api.middleware.version_negotiation [None req-54a99f0f-1462-453e-86f8-ca283e803d54 tempest-TestEncryptedCinderVolumes-710049683 tempest-TestEncryptedCinderVolumes-710049683-project-member] Determining version of request: GET /v2/images/6c0b4507-dadb-45cc-9fa1-40002cde329c/file Accept: */* {{(pid=98814) process_request /opt/stack/glance/glance/api/middleware/version_negotiation.py:44}}
Jun 05 07:08:33.197585 np0000002207 devstack@g-api.service[98814]: DEBUG glance.api.middleware.version_negotiation [None req-54a99f0f-1462-453e-86f8-ca283e803d54 tempest-TestEncryptedCinderVolumes-710049683 tempest-TestEncryptedCinderVolumes-710049683-project-member] Using url versioning {{(pid=98814) process_request /opt/stack/glance/glance/api/middleware/version_negotiation.py:57}}
Jun 05 07:08:33.197585 np0000002207 devstack@g-api.service[98814]: DEBUG glance.api.middleware.version_negotiation [None req-54a99f0f-1462-453e-86f8-ca283e803d54 tempest-TestEncryptedCinderVolumes-710049683 tempest-TestEncryptedCinderVolumes-710049683-project-member] Matched version: v2 {{(pid=98814) process_request /opt/stack/glance/glance/api/middleware/version_negotiation.py:69}}
Jun 05 07:08:33.197851 np0000002207 devstack@g-api.service[98814]: DEBUG glance.api.middleware.version_negotiation [None req-54a99f0f-1462-453e-86f8-ca283e803d54 tempest-TestEncryptedCinderVolumes-710049683 tempest-TestEncryptedCinderVolumes-710049683-project-member] new path /v2/images/6c0b4507-dadb-45cc-9fa1-40002cde329c/file {{(pid=98814) process_request /opt/stack/glance/glance/api/middleware/version_negotiation.py:70}}
Jun 05 07:08:33.217836 np0000002207 devstack@g-api.service[98814]: DEBUG glance.api.middleware.cache [None req-54a99f0f-1462-453e-86f8-ca283e803d54 tempest-TestEncryptedCinderVolumes-710049683 tempest-TestEncryptedCinderVolumes-710049683-project-member] Cache hit for image '6c0b4507-dadb-45cc-9fa1-40002cde329c' {{(pid=98814) process_request /opt/stack/glance/glance/api/middleware/cache.py:160}}
Jun 05 07:08:33.282456 np0000002207 devstack@g-api.service[98814]: [pid: 98814|app: 0|req: 179/344] 127.0.0.1 () {44 vars in 1125 bytes} [Fri Jun 5 07:08:33 2026] GET /v2/images/6c0b4507-dadb-45cc-9fa1-40002cde329c/file => generated 21692416 bytes in 85 msecs (HTTP/1.1 200) 5 headers in 217 bytes (338 switches on core 0)
Jun 05 07:08:33.313165 np0000002207 devstack@g-api.service[98815]: DEBUG glance.api.middleware.version_negotiation [None req-54a99f0f-1462-453e-86f8-ca283e803d54 tempest-TestEncryptedCinderVolumes-710049683 tempest-TestEncryptedCinderVolumes-710049683-project-member] Determining version of request: DELETE /v2/images/9f0f22ae-5e52-4f40-9909-50328a2f9db0 Accept: application/json {{(pid=98815) process_request /opt/stack/glance/glance/api/middleware/version_negotiation.py:44}}
Jun 05 07:08:33.313420 np0000002207 devstack@g-api.service[98815]: DEBUG glance.api.middleware.version_negotiation [None req-54a99f0f-1462-453e-86f8-ca283e803d54 tempest-TestEncryptedCinderVolumes-710049683 tempest-TestEncryptedCinderVolumes-710049683-project-member] Using url versioning {{(pid=98815) process_request /opt/stack/glance/glance/api/middleware/version_negotiation.py:57}}
Jun 05 07:08:33.313472 np0000002207 devstack@g-api.service[98815]: DEBUG glance.api.middleware.version_negotiation [None req-54a99f0f-1462-453e-86f8-ca283e803d54 tempest-TestEncryptedCinderVolumes-710049683 tempest-TestEncryptedCinderVolumes-710049683-project-member] Matched version: v2 {{(pid=98815) process_request /opt/stack/glance/glance/api/middleware/version_negotiation.py:69}}
Jun 05 07:08:33.313620 np0000002207 devstack@g-api.service[98815]: DEBUG glance.api.middleware.version_negotiation [None req-54a99f0f-1462-453e-86f8-ca283e803d54 tempest-TestEncryptedCinderVolumes-710049683 tempest-TestEncryptedCinderVolumes-710049683-project-member] new path /v2/images/9f0f22ae-5e52-4f40-9909-50328a2f9db0 {{(pid=98815) process_request /opt/stack/glance/glance/api/middleware/version_negotiation.py:70}}
Jun 05 07:08:33.326097 np0000002207 devstack@g-api.service[98815]: WARNING glance.api.v2.images [None req-d404ea54-3b6d-46ec-b8f1-1886dda0e002 tempest-TestInstancesWithCinderVolumes-419684177 tempest-TestInstancesWithCinderVolumes-419684177-project-member] After upload to backend, deletion of staged image data has failed because it cannot be found at /tmp/staging//9f0f22ae-5e52-4f40-9909-50328a2f9db0
Jun 05 07:08:33.326227 np0000002207 devstack@g-api.service[98815]: DEBUG glance_store.backend [None req-d404ea54-3b6d-46ec-b8f1-1886dda0e002 tempest-TestInstancesWithCinderVolumes-419684177 tempest-TestInstancesWithCinderVolumes-419684177-project-member] Attempting to import store swift {{(pid=98815) _load_store /opt/stack/data/venv/lib/python3.12/site-packages/glance_store/backend.py:215}}
Jun 05 07:08:33.328435 np0000002207 devstack@g-api.service[98815]: DEBUG glance_store.capabilities [None req-d404ea54-3b6d-46ec-b8f1-1886dda0e002 tempest-TestInstancesWithCinderVolumes-419684177 tempest-TestInstancesWithCinderVolumes-419684177-project-member] Store glance_store._drivers.swift.store.SingleTenantStore doesn't support updating dynamic storage capabilities. Please overwrite 'update_capabilities' method of the store to implement updating logics if needed. {{(pid=98815) update_capabilities /opt/stack/data/venv/lib/python3.12/site-packages/glance_store/capabilities.py:91}}
Jun 05 07:08:33.328567 np0000002207 devstack@g-api.service[98815]: DEBUG glance_store.driver [None req-d404ea54-3b6d-46ec-b8f1-1886dda0e002 tempest-TestInstancesWithCinderVolumes-419684177 tempest-TestInstancesWithCinderVolumes-419684177-project-member] Late loading location class glance_store._drivers.swift.store.StoreLocation {{(pid=98815) get_store_location_class /opt/stack/data/venv/lib/python3.12/site-packages/glance_store/driver.py:134}}
Jun 05 07:08:33.328694 np0000002207 devstack@g-api.service[98815]: DEBUG glance_store.location [None req-d404ea54-3b6d-46ec-b8f1-1886dda0e002 tempest-TestInstancesWithCinderVolumes-419684177 tempest-TestInstancesWithCinderVolumes-419684177-project-member] Registering scheme swift+https with {'store': , 'location_class': , 'store_entry': 'swift'} {{(pid=98815) register_scheme_map /opt/stack/data/venv/lib/python3.12/site-packages/glance_store/location.py:146}}
Jun 05 07:08:33.328796 np0000002207 devstack@g-api.service[98815]: DEBUG glance_store.location [None req-d404ea54-3b6d-46ec-b8f1-1886dda0e002 tempest-TestInstancesWithCinderVolumes-419684177 tempest-TestInstancesWithCinderVolumes-419684177-project-member] Registering scheme swift+https with {'store': , 'location_class': , 'store_entry': 'swift'} {{(pid=98815) register_scheme_map /opt/stack/data/venv/lib/python3.12/site-packages/glance_store/location.py:146}}
Jun 05 07:08:33.328877 np0000002207 devstack@g-api.service[98815]: DEBUG glance_store.location [None req-d404ea54-3b6d-46ec-b8f1-1886dda0e002 tempest-TestInstancesWithCinderVolumes-419684177 tempest-TestInstancesWithCinderVolumes-419684177-project-member] Registering scheme swift with {'store': , 'location_class': , 'store_entry': 'swift'} {{(pid=98815) register_scheme_map /opt/stack/data/venv/lib/python3.12/site-packages/glance_store/location.py:146}}
Jun 05 07:08:33.328968 np0000002207 devstack@g-api.service[98815]: DEBUG glance_store.location [None req-d404ea54-3b6d-46ec-b8f1-1886dda0e002 tempest-TestInstancesWithCinderVolumes-419684177 tempest-TestInstancesWithCinderVolumes-419684177-project-member] Registering scheme swift+https with {'store': , 'location_class': , 'store_entry': 'swift'} {{(pid=98815) register_scheme_map /opt/stack/data/venv/lib/python3.12/site-packages/glance_store/location.py:146}}
Jun 05 07:08:33.329036 np0000002207 devstack@g-api.service[98815]: DEBUG glance_store.location [None req-d404ea54-3b6d-46ec-b8f1-1886dda0e002 tempest-TestInstancesWithCinderVolumes-419684177 tempest-TestInstancesWithCinderVolumes-419684177-project-member] Registering scheme swift with {'store': , 'location_class': , 'store_entry': 'swift'} {{(pid=98815) register_scheme_map /opt/stack/data/venv/lib/python3.12/site-packages/glance_store/location.py:146}}
Jun 05 07:08:33.329103 np0000002207 devstack@g-api.service[98815]: DEBUG glance_store.location [None req-d404ea54-3b6d-46ec-b8f1-1886dda0e002 tempest-TestInstancesWithCinderVolumes-419684177 tempest-TestInstancesWithCinderVolumes-419684177-project-member] Registering scheme swift+http with {'store': , 'location_class': , 'store_entry': 'swift'} {{(pid=98815) register_scheme_map /opt/stack/data/venv/lib/python3.12/site-packages/glance_store/location.py:146}}
Jun 05 07:08:33.329219 np0000002207 devstack@g-api.service[98815]: DEBUG glance_store.location [None req-d404ea54-3b6d-46ec-b8f1-1886dda0e002 tempest-TestInstancesWithCinderVolumes-419684177 tempest-TestInstancesWithCinderVolumes-419684177-project-member] Registering scheme swift+https with {'store': , 'location_class': , 'store_entry': 'swift'} {{(pid=98815) register_scheme_map /opt/stack/data/venv/lib/python3.12/site-packages/glance_store/location.py:146}}
Jun 05 07:08:33.329270 np0000002207 devstack@g-api.service[98815]: DEBUG glance_store.location [None req-d404ea54-3b6d-46ec-b8f1-1886dda0e002 tempest-TestInstancesWithCinderVolumes-419684177 tempest-TestInstancesWithCinderVolumes-419684177-project-member] Registering scheme swift with {'store': , 'location_class': , 'store_entry': 'swift'} {{(pid=98815) register_scheme_map /opt/stack/data/venv/lib/python3.12/site-packages/glance_store/location.py:146}}
Jun 05 07:08:33.329317 np0000002207 devstack@g-api.service[98815]: DEBUG glance_store.location [None req-d404ea54-3b6d-46ec-b8f1-1886dda0e002 tempest-TestInstancesWithCinderVolumes-419684177 tempest-TestInstancesWithCinderVolumes-419684177-project-member] Registering scheme swift+http with {'store': , 'location_class': , 'store_entry': 'swift'} {{(pid=98815) register_scheme_map /opt/stack/data/venv/lib/python3.12/site-packages/glance_store/location.py:146}}
Jun 05 07:08:33.329378 np0000002207 devstack@g-api.service[98815]: DEBUG glance_store.location [None req-d404ea54-3b6d-46ec-b8f1-1886dda0e002 tempest-TestInstancesWithCinderVolumes-419684177 tempest-TestInstancesWithCinderVolumes-419684177-project-member] Registering scheme swift+config with {'store': , 'location_class': , 'store_entry': 'swift'} {{(pid=98815) register_scheme_map /opt/stack/data/venv/lib/python3.12/site-packages/glance_store/location.py:146}}
Jun 05 07:08:33.329961 np0000002207 devstack@g-api.service[98815]: DEBUG keystoneclient.auth.identity.v3.base [None req-d404ea54-3b6d-46ec-b8f1-1886dda0e002 tempest-TestInstancesWithCinderVolumes-419684177 tempest-TestInstancesWithCinderVolumes-419684177-project-member] Making authentication request to https://10.4.3.193/identity/v3/auth/tokens {{(pid=98815) get_auth_ref /opt/stack/data/venv/lib/python3.12/site-packages/keystoneclient/auth/identity/v3/base.py:185}}
Jun 05 07:08:33.418415 np0000002207 devstack@g-api.service[98814]: DEBUG glance.api.middleware.version_negotiation [None req-54a99f0f-1462-453e-86f8-ca283e803d54 tempest-TestEncryptedCinderVolumes-710049683 tempest-TestEncryptedCinderVolumes-710049683-project-member] Determining version of request: GET /v2/images/6c0b4507-dadb-45cc-9fa1-40002cde329c Accept: */* {{(pid=98814) process_request /opt/stack/glance/glance/api/middleware/version_negotiation.py:44}}
Jun 05 07:08:33.418415 np0000002207 devstack@g-api.service[98814]: DEBUG glance.api.middleware.version_negotiation [None req-54a99f0f-1462-453e-86f8-ca283e803d54 tempest-TestEncryptedCinderVolumes-710049683 tempest-TestEncryptedCinderVolumes-710049683-project-member] Using url versioning {{(pid=98814) process_request /opt/stack/glance/glance/api/middleware/version_negotiation.py:57}}
Jun 05 07:08:33.418415 np0000002207 devstack@g-api.service[98814]: DEBUG glance.api.middleware.version_negotiation [None req-54a99f0f-1462-453e-86f8-ca283e803d54 tempest-TestEncryptedCinderVolumes-710049683 tempest-TestEncryptedCinderVolumes-710049683-project-member] Matched version: v2 {{(pid=98814) process_request /opt/stack/glance/glance/api/middleware/version_negotiation.py:69}}
Jun 05 07:08:33.418415 np0000002207 devstack@g-api.service[98814]: DEBUG glance.api.middleware.version_negotiation [None req-54a99f0f-1462-453e-86f8-ca283e803d54 tempest-TestEncryptedCinderVolumes-710049683 tempest-TestEncryptedCinderVolumes-710049683-project-member] new path /v2/images/6c0b4507-dadb-45cc-9fa1-40002cde329c {{(pid=98814) process_request /opt/stack/glance/glance/api/middleware/version_negotiation.py:70}}
Jun 05 07:08:33.423729 np0000002207 devstack@g-api.service[98815]: DEBUG keystoneclient.auth.identity.v3.base [None req-d404ea54-3b6d-46ec-b8f1-1886dda0e002 tempest-TestInstancesWithCinderVolumes-419684177 tempest-TestInstancesWithCinderVolumes-419684177-project-member] {"token": {"methods": ["password"], "user": {"domain": {"id": "default", "name": "Default"}, "id": "21483c938bb34da58741f2f78cafbcaf", "name": "glance-swift", "password_expires_at": null}, "audit_ids": ["U8PaQU2dQTmRjqxapeZsHw"], "expires_at": "2026-06-05T08:08:33.000000Z", "issued_at": "2026-06-05T07:08:33.000000Z", "project": {"domain": {"id": "default", "name": "Default"}, "id": "0f1c42a505924bd0b28dadf15bc9e543", "name": "service"}, "is_domain": false, "roles": [{"id": "a1d632a2b56b459aafdb599c5ce1b4b4", "name": "service"}, {"id": "315361083ff7425e9dc6adb75279e2ea", "name": "ResellerAdmin"}], "catalog": [{"endpoints": [{"id": "4b0eb8d1993b434ca9b6f3f0340e22f1", "interface": "public", "region_id": "RegionOne", "url": "https://10.4.3.193/image", "region": "RegionOne"}], "id": "13f3ecc629d34a65828e3b55ab8f1634", "type": "image", "name": "glance"}, {"endpoints": [{"id": "750fe5208f344f609e9fe104fdffc74a", "interface": "public", "region_id": "RegionOne", "url": "https://10.4.3.193/placement", "region": "RegionOne"}], "id": "44b6c320bfa44b6c92ce995be7ba52dc", "type": "placement", "name": "placement"}, {"endpoints": [{"id": "7d55917a18b14d70b79a1f3bae9ebaf7", "interface": "public", "region_id": "RegionOne", "url": "https://10.4.3.193:8080/v1/AUTH_0f1c42a505924bd0b28dadf15bc9e543", "region": "RegionOne"}, {"id": "ffe28474c74d4bbcad7d9dd6079fca92", "interface": "admin", "region_id": "RegionOne", "url": "https://10.4.3.193:8080", "region": "RegionOne"}], "id": "48ca8ee4767b462eaf252813230fb7cf", "type": "object-store", "name": "swift"}, {"endpoints": [{"id": "0ce4640ef05744229285fa30478b4b38", "interface": "public", "region_id": "RegionOne", "url": "https://10.4.3.193/identity", "region": "RegionOne"}], "id": "600b421a4cee4ea58d7cbc72ddda912e", "type": "identity", "name": "keystone"}, {"endpoints": [{"id": "b4e9845a7c4f4c669e9d5fcfab1ebf51", "interface": "public", "region_id": "RegionOne", "url": "https://10.4.3.193/volume/v3", "region": "RegionOne"}], "id": "927635f9666d4aba9bf2ee97943d7673", "type": "block-storage", "name": "cinder"}, {"endpoints": [{"id": "2455e92839b741c8b765ea68d802bc27", "interface": "public", "region_id": "RegionOne", "url": "https://10.4.3.193/networking", "region": "RegionOne"}], "id": "cdd44438e5c94d1c9e3ae453ab601d43", "type": "network", "name": "neutron"}, {"endpoints": [{"id": "c64a18cb030f4337973e1e955bec5d7e", "interface": "public", "region_id": "RegionOne", "url": "https://10.4.3.193/compute/v2/0f1c42a505924bd0b28dadf15bc9e543", "region": "RegionOne"}], "id": "da96b46fccb94868826cc6cb34e64d37", "type": "compute_legacy", "name": "nova_legacy"}, {"endpoints": [{"id": "421ef02e42e64cd584037dd2fe287aa8", "interface": "public", "region_id": "RegionOne", "url": "https://10.4.3.193/compute/v2.1", "region": "RegionOne"}], "id": "f069cd64da994819a0af5360bd60fbb1", "type": "compute", "name": "nova"}]}} {{(pid=98815) get_auth_ref /opt/stack/data/venv/lib/python3.12/site-packages/keystoneclient/auth/identity/v3/base.py:190}}
Jun 05 07:08:33.424220 np0000002207 devstack@g-api.service[98815]: DEBUG keystoneclient.httpclient [None req-d404ea54-3b6d-46ec-b8f1-1886dda0e002 tempest-TestInstancesWithCinderVolumes-419684177 tempest-TestInstancesWithCinderVolumes-419684177-project-member] Failed to find endpoint for management url admin endpoint for identity service not found {{(pid=98815) _process_management_url /opt/stack/data/venv/lib/python3.12/site-packages/keystoneclient/httpclient.py:670}}
Jun 05 07:08:33.429992 np0000002207 devstack@g-api.service[98814]: [pid: 98814|app: 0|req: 180/345] 127.0.0.1 () {44 vars in 1115 bytes} [Fri Jun 5 07:08:33 2026] GET /v2/images/6c0b4507-dadb-45cc-9fa1-40002cde329c => generated 1044 bytes in 12 msecs (HTTP/1.1 200) 4 headers in 158 bytes (1 switches on core 0)
Jun 05 07:08:33.439041 np0000002207 devstack@g-api.service[98814]: DEBUG glance.api.middleware.version_negotiation [None req-54a99f0f-1462-453e-86f8-ca283e803d54 tempest-TestEncryptedCinderVolumes-710049683 tempest-TestEncryptedCinderVolumes-710049683-project-member] Determining version of request: GET /v2/schemas/image Accept: */* {{(pid=98814) process_request /opt/stack/glance/glance/api/middleware/version_negotiation.py:44}}
Jun 05 07:08:33.439248 np0000002207 devstack@g-api.service[98814]: DEBUG glance.api.middleware.version_negotiation [None req-54a99f0f-1462-453e-86f8-ca283e803d54 tempest-TestEncryptedCinderVolumes-710049683 tempest-TestEncryptedCinderVolumes-710049683-project-member] Using url versioning {{(pid=98814) process_request /opt/stack/glance/glance/api/middleware/version_negotiation.py:57}}
Jun 05 07:08:33.439392 np0000002207 devstack@g-api.service[98814]: DEBUG glance.api.middleware.version_negotiation [None req-54a99f0f-1462-453e-86f8-ca283e803d54 tempest-TestEncryptedCinderVolumes-710049683 tempest-TestEncryptedCinderVolumes-710049683-project-member] Matched version: v2 {{(pid=98814) process_request /opt/stack/glance/glance/api/middleware/version_negotiation.py:69}}
Jun 05 07:08:33.439462 np0000002207 devstack@g-api.service[98814]: DEBUG glance.api.middleware.version_negotiation [None req-54a99f0f-1462-453e-86f8-ca283e803d54 tempest-TestEncryptedCinderVolumes-710049683 tempest-TestEncryptedCinderVolumes-710049683-project-member] new path /v2/schemas/image {{(pid=98814) process_request /opt/stack/glance/glance/api/middleware/version_negotiation.py:70}}
Jun 05 07:08:33.442096 np0000002207 devstack@g-api.service[98814]: [pid: 98814|app: 0|req: 181/346] 127.0.0.1 () {44 vars in 1055 bytes} [Fri Jun 5 07:08:33 2026] GET /v2/schemas/image => generated 6083 bytes in 3 msecs (HTTP/1.1 200) 4 headers in 158 bytes (1 switches on core 0)
Jun 05 07:08:33.640557 np0000002207 devstack@g-api.service[98815]: DEBUG swiftclient [None req-d404ea54-3b6d-46ec-b8f1-1886dda0e002 tempest-TestInstancesWithCinderVolumes-419684177 tempest-TestInstancesWithCinderVolumes-419684177-project-member] REQ: curl -i https://10.4.3.193:8080/v1/AUTH_0f1c42a505924bd0b28dadf15bc9e543/glance/9f0f22ae-5e52-4f40-9909-50328a2f9db0 -I -H "X-Auth-Token: gAAAAABqInXxof2b..." {{(pid=98815) http_log /opt/stack/data/venv/lib/python3.12/site-packages/swiftclient/client.py:160}}
Jun 05 07:08:33.640708 np0000002207 devstack@g-api.service[98815]: DEBUG swiftclient [None req-d404ea54-3b6d-46ec-b8f1-1886dda0e002 tempest-TestInstancesWithCinderVolumes-419684177 tempest-TestInstancesWithCinderVolumes-419684177-project-member] RESP STATUS: 200 OK {{(pid=98815) http_log /opt/stack/data/venv/lib/python3.12/site-packages/swiftclient/client.py:161}}
Jun 05 07:08:33.641131 np0000002207 devstack@g-api.service[98815]: DEBUG swiftclient [None req-d404ea54-3b6d-46ec-b8f1-1886dda0e002 tempest-TestInstancesWithCinderVolumes-419684177 tempest-TestInstancesWithCinderVolumes-419684177-project-member] RESP HEADERS: {'Date': 'Fri, 05 Jun 2026 07:08:33 GMT', 'Server': 'Apache/2.4.58 (Ubuntu)', 'Content-Type': 'application/octet-stream', 'Content-Length': '21692416', 'X-Object-Manifest': 'glance/9f0f22ae-5e52-4f40-9909-50328a2f9db0-', 'Last-Modified': 'Fri, 05 Jun 2026 07:06:35 GMT', 'X-Timestamp': '1780643194.91415', 'Accept-Ranges': 'bytes', 'Etag': '"737c2a37dd3f91e374c48cad70137398"', 'X-Trans-Id': 'tx05109cc7d3ce4f7386bc8-006a2275f1', 'X-Openstack-Request-Id': 'tx05109cc7d3ce4f7386bc8-006a2275f1', 'Connection': 'close'} {{(pid=98815) http_log /opt/stack/data/venv/lib/python3.12/site-packages/swiftclient/client.py:162}}
Jun 05 07:08:33.669536 np0000002207 devstack@g-api.service[98815]: DEBUG swiftclient [None req-d404ea54-3b6d-46ec-b8f1-1886dda0e002 tempest-TestInstancesWithCinderVolumes-419684177 tempest-TestInstancesWithCinderVolumes-419684177-project-member] REQ: curl -i https://10.4.3.193:8080/v1/AUTH_0f1c42a505924bd0b28dadf15bc9e543/glance?format=json&prefix=9f0f22ae-5e52-4f40-9909-50328a2f9db0- -X GET -H "X-Auth-Token: gAAAAABqInXxof2b..." -H "Accept-Encoding: gzip" {{(pid=98815) http_log /opt/stack/data/venv/lib/python3.12/site-packages/swiftclient/client.py:160}}
Jun 05 07:08:33.669664 np0000002207 devstack@g-api.service[98815]: DEBUG swiftclient [None req-d404ea54-3b6d-46ec-b8f1-1886dda0e002 tempest-TestInstancesWithCinderVolumes-419684177 tempest-TestInstancesWithCinderVolumes-419684177-project-member] RESP STATUS: 200 OK {{(pid=98815) http_log /opt/stack/data/venv/lib/python3.12/site-packages/swiftclient/client.py:161}}
Jun 05 07:08:33.669899 np0000002207 devstack@g-api.service[98815]: DEBUG swiftclient [None req-d404ea54-3b6d-46ec-b8f1-1886dda0e002 tempest-TestInstancesWithCinderVolumes-419684177 tempest-TestInstancesWithCinderVolumes-419684177-project-member] RESP HEADERS: {'Date': 'Fri, 05 Jun 2026 07:08:33 GMT', 'Server': 'Apache/2.4.58 (Ubuntu)', 'Content-Type': 'application/json; charset=utf-8', 'Content-Length': '210', 'X-Container-Object-Count': '7', 'X-Container-Bytes-Used': '139722752', 'X-Timestamp': '1780642769.38752', 'Last-Modified': 'Fri, 05 Jun 2026 06:59:30 GMT', 'Accept-Ranges': 'bytes', 'X-Storage-Policy': 'Policy-0', 'X-Container-Sharding': 'False', 'X-Trans-Id': 'tx079188e186e04b41aea18-006a2275f1', 'X-Openstack-Request-Id': 'tx079188e186e04b41aea18-006a2275f1', 'Connection': 'close'} {{(pid=98815) http_log /opt/stack/data/venv/lib/python3.12/site-packages/swiftclient/client.py:162}}
Jun 05 07:08:33.670096 np0000002207 devstack@g-api.service[98815]: DEBUG swiftclient [None req-d404ea54-3b6d-46ec-b8f1-1886dda0e002 tempest-TestInstancesWithCinderVolumes-419684177 tempest-TestInstancesWithCinderVolumes-419684177-project-member] RESP BODY: b'[{"bytes": 21692416, "hash": "87617e24a5e30cb3b87fda8c0764838f", "name": "9f0f22ae-5e52-4f40-9909-50328a2f9db0-00001", "content_type": "application/octet-stream", "last_modified": "2026-06-05T07:06:34.668670"}]' {{(pid=98815) http_log /opt/stack/data/venv/lib/python3.12/site-packages/swiftclient/client.py:166}}
Jun 05 07:08:33.709575 np0000002207 devstack@g-api.service[98815]: DEBUG swiftclient [None req-d404ea54-3b6d-46ec-b8f1-1886dda0e002 tempest-TestInstancesWithCinderVolumes-419684177 tempest-TestInstancesWithCinderVolumes-419684177-project-member] REQ: curl -i https://10.4.3.193:8080/v1/AUTH_0f1c42a505924bd0b28dadf15bc9e543/glance/9f0f22ae-5e52-4f40-9909-50328a2f9db0-00001 DELETE -H "X-Auth-Token: gAAAAABqInXxof2b..." {{(pid=98815) http_log /opt/stack/data/venv/lib/python3.12/site-packages/swiftclient/client.py:160}}
Jun 05 07:08:33.709709 np0000002207 devstack@g-api.service[98815]: DEBUG swiftclient [None req-d404ea54-3b6d-46ec-b8f1-1886dda0e002 tempest-TestInstancesWithCinderVolumes-419684177 tempest-TestInstancesWithCinderVolumes-419684177-project-member] RESP STATUS: 204 No Content {{(pid=98815) http_log /opt/stack/data/venv/lib/python3.12/site-packages/swiftclient/client.py:161}}
Jun 05 07:08:33.712106 np0000002207 devstack@g-api.service[98815]: DEBUG swiftclient [None req-d404ea54-3b6d-46ec-b8f1-1886dda0e002 tempest-TestInstancesWithCinderVolumes-419684177 tempest-TestInstancesWithCinderVolumes-419684177-project-member] RESP HEADERS: {'Date': 'Fri, 05 Jun 2026 07:08:33 GMT', 'Server': 'Apache/2.4.58 (Ubuntu)', 'Content-Type': 'text/html; charset=UTF-8', 'X-Trans-Id': 'tx74db7e27147b486d83a96-006a2275f1', 'X-Openstack-Request-Id': 'tx74db7e27147b486d83a96-006a2275f1', 'Connection': 'close'} {{(pid=98815) http_log /opt/stack/data/venv/lib/python3.12/site-packages/swiftclient/client.py:162}}
Jun 05 07:08:33.744922 np0000002207 devstack@g-api.service[98815]: DEBUG swiftclient [None req-d404ea54-3b6d-46ec-b8f1-1886dda0e002 tempest-TestInstancesWithCinderVolumes-419684177 tempest-TestInstancesWithCinderVolumes-419684177-project-member] REQ: curl -i https://10.4.3.193:8080/v1/AUTH_0f1c42a505924bd0b28dadf15bc9e543/glance/9f0f22ae-5e52-4f40-9909-50328a2f9db0 DELETE -H "X-Auth-Token: gAAAAABqInXxof2b..." {{(pid=98815) http_log /opt/stack/data/venv/lib/python3.12/site-packages/swiftclient/client.py:160}}
Jun 05 07:08:33.744922 np0000002207 devstack@g-api.service[98815]: DEBUG swiftclient [None req-d404ea54-3b6d-46ec-b8f1-1886dda0e002 tempest-TestInstancesWithCinderVolumes-419684177 tempest-TestInstancesWithCinderVolumes-419684177-project-member] RESP STATUS: 204 No Content {{(pid=98815) http_log /opt/stack/data/venv/lib/python3.12/site-packages/swiftclient/client.py:161}}
Jun 05 07:08:33.744922 np0000002207 devstack@g-api.service[98815]: DEBUG swiftclient [None req-d404ea54-3b6d-46ec-b8f1-1886dda0e002 tempest-TestInstancesWithCinderVolumes-419684177 tempest-TestInstancesWithCinderVolumes-419684177-project-member] RESP HEADERS: {'Date': 'Fri, 05 Jun 2026 07:08:33 GMT', 'Server': 'Apache/2.4.58 (Ubuntu)', 'Content-Type': 'text/html; charset=UTF-8', 'X-Trans-Id': 'tx062ae7d651874505948d3-006a2275f1', 'X-Openstack-Request-Id': 'tx062ae7d651874505948d3-006a2275f1', 'Connection': 'close'} {{(pid=98815) http_log /opt/stack/data/venv/lib/python3.12/site-packages/swiftclient/client.py:162}}
Jun 05 07:08:33.794705 np0000002207 devstack@g-api.service[98815]: DEBUG glance.api.middleware.cache [None req-d404ea54-3b6d-46ec-b8f1-1886dda0e002 tempest-TestInstancesWithCinderVolumes-419684177 tempest-TestInstancesWithCinderVolumes-419684177-project-member] Removing image 9f0f22ae-5e52-4f40-9909-50328a2f9db0 from cache {{(pid=98815) _process_DELETE_response /opt/stack/glance/glance/api/middleware/cache.py:264}}
Jun 05 07:08:33.794705 np0000002207 devstack@g-api.service[98815]: DEBUG glance.image_cache.drivers.centralized_db [None req-d404ea54-3b6d-46ec-b8f1-1886dda0e002 tempest-TestInstancesWithCinderVolumes-419684177 tempest-TestInstancesWithCinderVolumes-419684177-project-member] Deleting image cache file '/opt/stack/data/glance/cache/9f0f22ae-5e52-4f40-9909-50328a2f9db0' {{(pid=98815) delete_cached_file /opt/stack/glance/glance/image_cache/drivers/centralized_db.py:395}}
Jun 05 07:08:33.803026 np0000002207 devstack@g-api.service[98815]: [pid: 98815|app: 0|req: 166/347] 127.0.0.1 () {40 vars in 841 bytes} [Fri Jun 5 07:08:33 2026] DELETE /v2/images/9f0f22ae-5e52-4f40-9909-50328a2f9db0 => generated 0 bytes in 491 msecs (HTTP/1.1 204) 4 headers in 171 bytes (1 switches on core 0)
Jun 05 07:08:33.902957 np0000002207 devstack@g-api.service[98814]: DEBUG glance.api.middleware.version_negotiation [None req-54a99f0f-1462-453e-86f8-ca283e803d54 tempest-TestEncryptedCinderVolumes-710049683 tempest-TestEncryptedCinderVolumes-710049683-project-member] Determining version of request: GET /v2/images/6c0b4507-dadb-45cc-9fa1-40002cde329c Accept: */* {{(pid=98814) process_request /opt/stack/glance/glance/api/middleware/version_negotiation.py:44}}
Jun 05 07:08:33.903699 np0000002207 devstack@g-api.service[98814]: DEBUG glance.api.middleware.version_negotiation [None req-54a99f0f-1462-453e-86f8-ca283e803d54 tempest-TestEncryptedCinderVolumes-710049683 tempest-TestEncryptedCinderVolumes-710049683-project-member] Using url versioning {{(pid=98814) process_request /opt/stack/glance/glance/api/middleware/version_negotiation.py:57}}
Jun 05 07:08:33.903699 np0000002207 devstack@g-api.service[98814]: DEBUG glance.api.middleware.version_negotiation [None req-54a99f0f-1462-453e-86f8-ca283e803d54 tempest-TestEncryptedCinderVolumes-710049683 tempest-TestEncryptedCinderVolumes-710049683-project-member] Matched version: v2 {{(pid=98814) process_request /opt/stack/glance/glance/api/middleware/version_negotiation.py:69}}
Jun 05 07:08:33.903699 np0000002207 devstack@g-api.service[98814]: DEBUG glance.api.middleware.version_negotiation [None req-54a99f0f-1462-453e-86f8-ca283e803d54 tempest-TestEncryptedCinderVolumes-710049683 tempest-TestEncryptedCinderVolumes-710049683-project-member] new path /v2/images/6c0b4507-dadb-45cc-9fa1-40002cde329c {{(pid=98814) process_request /opt/stack/glance/glance/api/middleware/version_negotiation.py:70}}
Jun 05 07:08:33.916743 np0000002207 devstack@g-api.service[98814]: [pid: 98814|app: 0|req: 182/348] 127.0.0.1 () {44 vars in 1115 bytes} [Fri Jun 5 07:08:33 2026] GET /v2/images/6c0b4507-dadb-45cc-9fa1-40002cde329c => generated 1044 bytes in 14 msecs (HTTP/1.1 200) 4 headers in 158 bytes (1 switches on core 0)
Jun 05 07:08:33.926208 np0000002207 devstack@g-api.service[98815]: DEBUG glance.api.middleware.version_negotiation [None req-d404ea54-3b6d-46ec-b8f1-1886dda0e002 tempest-TestInstancesWithCinderVolumes-419684177 tempest-TestInstancesWithCinderVolumes-419684177-project-member] Determining version of request: GET /v2/schemas/image Accept: */* {{(pid=98815) process_request /opt/stack/glance/glance/api/middleware/version_negotiation.py:44}}
Jun 05 07:08:33.926208 np0000002207 devstack@g-api.service[98815]: DEBUG glance.api.middleware.version_negotiation [None req-d404ea54-3b6d-46ec-b8f1-1886dda0e002 tempest-TestInstancesWithCinderVolumes-419684177 tempest-TestInstancesWithCinderVolumes-419684177-project-member] Using url versioning {{(pid=98815) process_request /opt/stack/glance/glance/api/middleware/version_negotiation.py:57}}
Jun 05 07:08:33.926208 np0000002207 devstack@g-api.service[98815]: DEBUG glance.api.middleware.version_negotiation [None req-d404ea54-3b6d-46ec-b8f1-1886dda0e002 tempest-TestInstancesWithCinderVolumes-419684177 tempest-TestInstancesWithCinderVolumes-419684177-project-member] Matched version: v2 {{(pid=98815) process_request /opt/stack/glance/glance/api/middleware/version_negotiation.py:69}}
Jun 05 07:08:33.926208 np0000002207 devstack@g-api.service[98815]: DEBUG glance.api.middleware.version_negotiation [None req-d404ea54-3b6d-46ec-b8f1-1886dda0e002 tempest-TestInstancesWithCinderVolumes-419684177 tempest-TestInstancesWithCinderVolumes-419684177-project-member] new path /v2/schemas/image {{(pid=98815) process_request /opt/stack/glance/glance/api/middleware/version_negotiation.py:70}}
Jun 05 07:08:33.929477 np0000002207 devstack@g-api.service[98815]: [pid: 98815|app: 0|req: 167/349] 127.0.0.1 () {44 vars in 1055 bytes} [Fri Jun 5 07:08:33 2026] GET /v2/schemas/image => generated 6083 bytes in 4 msecs (HTTP/1.1 200) 4 headers in 158 bytes (1 switches on core 0)
Jun 05 07:08:34.512328 np0000002207 devstack@g-api.service[98814]: DEBUG glance.api.middleware.version_negotiation [None req-54a99f0f-1462-453e-86f8-ca283e803d54 tempest-TestEncryptedCinderVolumes-710049683 tempest-TestEncryptedCinderVolumes-710049683-project-member] Determining version of request: GET /v2/schemas/image Accept: */* {{(pid=98814) process_request /opt/stack/glance/glance/api/middleware/version_negotiation.py:44}}
Jun 05 07:08:34.512741 np0000002207 devstack@g-api.service[98814]: DEBUG glance.api.middleware.version_negotiation [None req-54a99f0f-1462-453e-86f8-ca283e803d54 tempest-TestEncryptedCinderVolumes-710049683 tempest-TestEncryptedCinderVolumes-710049683-project-member] Using url versioning {{(pid=98814) process_request /opt/stack/glance/glance/api/middleware/version_negotiation.py:57}}
Jun 05 07:08:34.512741 np0000002207 devstack@g-api.service[98814]: DEBUG glance.api.middleware.version_negotiation [None req-54a99f0f-1462-453e-86f8-ca283e803d54 tempest-TestEncryptedCinderVolumes-710049683 tempest-TestEncryptedCinderVolumes-710049683-project-member] Matched version: v2 {{(pid=98814) process_request /opt/stack/glance/glance/api/middleware/version_negotiation.py:69}}
Jun 05 07:08:34.512904 np0000002207 devstack@g-api.service[98814]: DEBUG glance.api.middleware.version_negotiation [None req-54a99f0f-1462-453e-86f8-ca283e803d54 tempest-TestEncryptedCinderVolumes-710049683 tempest-TestEncryptedCinderVolumes-710049683-project-member] new path /v2/schemas/image {{(pid=98814) process_request /opt/stack/glance/glance/api/middleware/version_negotiation.py:70}}
Jun 05 07:08:34.523556 np0000002207 devstack@g-api.service[98814]: [pid: 98814|app: 0|req: 183/350] 127.0.0.1 () {44 vars in 1055 bytes} [Fri Jun 5 07:08:34 2026] GET /v2/schemas/image => generated 6083 bytes in 13 msecs (HTTP/1.1 200) 4 headers in 158 bytes (1 switches on core 0)
Jun 05 07:08:34.568508 np0000002207 devstack@g-api.service[98815]: DEBUG glance.api.middleware.version_negotiation [None req-54a99f0f-1462-453e-86f8-ca283e803d54 tempest-TestEncryptedCinderVolumes-710049683 tempest-TestEncryptedCinderVolumes-710049683-project-member] Determining version of request: POST /v2/images Accept: */* {{(pid=98815) process_request /opt/stack/glance/glance/api/middleware/version_negotiation.py:44}}
Jun 05 07:08:34.568508 np0000002207 devstack@g-api.service[98815]: DEBUG glance.api.middleware.version_negotiation [None req-54a99f0f-1462-453e-86f8-ca283e803d54 tempest-TestEncryptedCinderVolumes-710049683 tempest-TestEncryptedCinderVolumes-710049683-project-member] Using url versioning {{(pid=98815) process_request /opt/stack/glance/glance/api/middleware/version_negotiation.py:57}}
Jun 05 07:08:34.568508 np0000002207 devstack@g-api.service[98815]: DEBUG glance.api.middleware.version_negotiation [None req-54a99f0f-1462-453e-86f8-ca283e803d54 tempest-TestEncryptedCinderVolumes-710049683 tempest-TestEncryptedCinderVolumes-710049683-project-member] Matched version: v2 {{(pid=98815) process_request /opt/stack/glance/glance/api/middleware/version_negotiation.py:69}}
