May 24 17:01:18.340582 np0000001364 devstack@g-api.service[101922]: DEBUG glance.api.middleware.version_negotiation [None req-21b77cdf-6f78-40ec-b174-ede0ddceca6d tempest-AttachVolumeNegativeTest-1299552970 tempest-AttachVolumeNegativeTest-1299552970-project-member] Determining version of request: GET /v2/schemas/image Accept: */* {{(pid=101922) process_request /opt/stack/glance/glance/api/middleware/version_negotiation.py:44}}
May 24 17:01:18.340958 np0000001364 devstack@g-api.service[101922]: DEBUG glance.api.middleware.version_negotiation [None req-21b77cdf-6f78-40ec-b174-ede0ddceca6d tempest-AttachVolumeNegativeTest-1299552970 tempest-AttachVolumeNegativeTest-1299552970-project-member] Using url versioning {{(pid=101922) process_request /opt/stack/glance/glance/api/middleware/version_negotiation.py:57}}
May 24 17:01:18.340958 np0000001364 devstack@g-api.service[101922]: DEBUG glance.api.middleware.version_negotiation [None req-21b77cdf-6f78-40ec-b174-ede0ddceca6d tempest-AttachVolumeNegativeTest-1299552970 tempest-AttachVolumeNegativeTest-1299552970-project-member] Matched version: v2 {{(pid=101922) process_request /opt/stack/glance/glance/api/middleware/version_negotiation.py:69}}
May 24 17:01:18.340958 np0000001364 devstack@g-api.service[101922]: DEBUG glance.api.middleware.version_negotiation [None req-21b77cdf-6f78-40ec-b174-ede0ddceca6d tempest-AttachVolumeNegativeTest-1299552970 tempest-AttachVolumeNegativeTest-1299552970-project-member] new path /v2/schemas/image {{(pid=101922) process_request /opt/stack/glance/glance/api/middleware/version_negotiation.py:70}}
May 24 17:01:18.344556 np0000001364 devstack@g-api.service[101922]: [pid: 101922|app: 0|req: 30/83] 127.0.0.1 () {44 vars in 1051 bytes} [Sun May 24 17:01:18 2026] GET /v2/schemas/image => generated 6083 bytes in 4 msecs (HTTP/1.1 200) 4 headers in 158 bytes (1 switches on core 0)
May 24 17:01:18.355086 np0000001364 devstack@g-api.service[101924]: DEBUG glance.api.middleware.version_negotiation [None req-388fee35-d20b-4daf-96c0-3592bcd7d6d9 tempest-TaggedBootDevicesTest-904912790 tempest-TaggedBootDevicesTest-904912790-project-member] Determining version of request: GET /v2/images/197bbe5a-aa4b-4444-9537-54e0a6d41dfb Accept: */* {{(pid=101924) process_request /opt/stack/glance/glance/api/middleware/version_negotiation.py:44}}
May 24 17:01:18.355247 np0000001364 devstack@g-api.service[101924]: DEBUG glance.api.middleware.version_negotiation [None req-388fee35-d20b-4daf-96c0-3592bcd7d6d9 tempest-TaggedBootDevicesTest-904912790 tempest-TaggedBootDevicesTest-904912790-project-member] Using url versioning {{(pid=101924) process_request /opt/stack/glance/glance/api/middleware/version_negotiation.py:57}}
May 24 17:01:18.355383 np0000001364 devstack@g-api.service[101924]: DEBUG glance.api.middleware.version_negotiation [None req-388fee35-d20b-4daf-96c0-3592bcd7d6d9 tempest-TaggedBootDevicesTest-904912790 tempest-TaggedBootDevicesTest-904912790-project-member] Matched version: v2 {{(pid=101924) process_request /opt/stack/glance/glance/api/middleware/version_negotiation.py:69}}
May 24 17:01:18.355521 np0000001364 devstack@g-api.service[101924]: DEBUG glance.api.middleware.version_negotiation [None req-388fee35-d20b-4daf-96c0-3592bcd7d6d9 tempest-TaggedBootDevicesTest-904912790 tempest-TaggedBootDevicesTest-904912790-project-member] new path /v2/images/197bbe5a-aa4b-4444-9537-54e0a6d41dfb {{(pid=101924) process_request /opt/stack/glance/glance/api/middleware/version_negotiation.py:70}}
May 24 17:01:18.368765 np0000001364 devstack@g-api.service[101924]: [pid: 101924|app: 0|req: 27/84] 127.0.0.1 () {44 vars in 1111 bytes} [Sun May 24 17:01:18 2026] GET /v2/images/197bbe5a-aa4b-4444-9537-54e0a6d41dfb => generated 1044 bytes in 14 msecs (HTTP/1.1 200) 4 headers in 158 bytes (1 switches on core 0)
May 24 17:01:18.375340 np0000001364 devstack@g-api.service[101923]: DEBUG glance.api.middleware.version_negotiation [None req-388fee35-d20b-4daf-96c0-3592bcd7d6d9 tempest-TaggedBootDevicesTest-904912790 tempest-TaggedBootDevicesTest-904912790-project-member] Determining version of request: GET /v2/schemas/image Accept: */* {{(pid=101923) process_request /opt/stack/glance/glance/api/middleware/version_negotiation.py:44}}
May 24 17:01:18.375479 np0000001364 devstack@g-api.service[101923]: DEBUG glance.api.middleware.version_negotiation [None req-388fee35-d20b-4daf-96c0-3592bcd7d6d9 tempest-TaggedBootDevicesTest-904912790 tempest-TaggedBootDevicesTest-904912790-project-member] Using url versioning {{(pid=101923) process_request /opt/stack/glance/glance/api/middleware/version_negotiation.py:57}}
May 24 17:01:18.375621 np0000001364 devstack@g-api.service[101923]: DEBUG glance.api.middleware.version_negotiation [None req-388fee35-d20b-4daf-96c0-3592bcd7d6d9 tempest-TaggedBootDevicesTest-904912790 tempest-TaggedBootDevicesTest-904912790-project-member] Matched version: v2 {{(pid=101923) process_request /opt/stack/glance/glance/api/middleware/version_negotiation.py:69}}
May 24 17:01:18.375709 np0000001364 devstack@g-api.service[101923]: DEBUG glance.api.middleware.version_negotiation [None req-388fee35-d20b-4daf-96c0-3592bcd7d6d9 tempest-TaggedBootDevicesTest-904912790 tempest-TaggedBootDevicesTest-904912790-project-member] new path /v2/schemas/image {{(pid=101923) process_request /opt/stack/glance/glance/api/middleware/version_negotiation.py:70}}
May 24 17:01:18.377925 np0000001364 devstack@g-api.service[101923]: [pid: 101923|app: 0|req: 28/85] 127.0.0.1 () {44 vars in 1051 bytes} [Sun May 24 17:01:18 2026] GET /v2/schemas/image => generated 6083 bytes in 3 msecs (HTTP/1.1 200) 4 headers in 158 bytes (1 switches on core 0)
May 24 17:01:18.385606 np0000001364 devstack@g-api.service[101922]: DEBUG glance.api.middleware.version_negotiation [None req-388fee35-d20b-4daf-96c0-3592bcd7d6d9 tempest-TaggedBootDevicesTest-904912790 tempest-TaggedBootDevicesTest-904912790-project-member] Determining version of request: GET /v2/schemas/image Accept: */* {{(pid=101922) process_request /opt/stack/glance/glance/api/middleware/version_negotiation.py:44}}
May 24 17:01:18.385606 np0000001364 devstack@g-api.service[101922]: DEBUG glance.api.middleware.version_negotiation [None req-388fee35-d20b-4daf-96c0-3592bcd7d6d9 tempest-TaggedBootDevicesTest-904912790 tempest-TaggedBootDevicesTest-904912790-project-member] Using url versioning {{(pid=101922) process_request /opt/stack/glance/glance/api/middleware/version_negotiation.py:57}}
May 24 17:01:18.385811 np0000001364 devstack@g-api.service[101922]: DEBUG glance.api.middleware.version_negotiation [None req-388fee35-d20b-4daf-96c0-3592bcd7d6d9 tempest-TaggedBootDevicesTest-904912790 tempest-TaggedBootDevicesTest-904912790-project-member] Matched version: v2 {{(pid=101922) process_request /opt/stack/glance/glance/api/middleware/version_negotiation.py:69}}
May 24 17:01:18.385887 np0000001364 devstack@g-api.service[101922]: DEBUG glance.api.middleware.version_negotiation [None req-388fee35-d20b-4daf-96c0-3592bcd7d6d9 tempest-TaggedBootDevicesTest-904912790 tempest-TaggedBootDevicesTest-904912790-project-member] new path /v2/schemas/image {{(pid=101922) process_request /opt/stack/glance/glance/api/middleware/version_negotiation.py:70}}
May 24 17:01:18.388048 np0000001364 devstack@g-api.service[101922]: [pid: 101922|app: 0|req: 31/86] 127.0.0.1 () {44 vars in 1051 bytes} [Sun May 24 17:01:18 2026] GET /v2/schemas/image => generated 6083 bytes in 3 msecs (HTTP/1.1 200) 4 headers in 158 bytes (1 switches on core 0)
May 24 17:01:18.411203 np0000001364 devstack@g-api.service[101924]: DEBUG glance.api.middleware.version_negotiation [None req-388fee35-d20b-4daf-96c0-3592bcd7d6d9 tempest-TaggedBootDevicesTest-904912790 tempest-TaggedBootDevicesTest-904912790-project-member] Determining version of request: GET /v2/images/197bbe5a-aa4b-4444-9537-54e0a6d41dfb Accept: */* {{(pid=101924) process_request /opt/stack/glance/glance/api/middleware/version_negotiation.py:44}}
May 24 17:01:18.411361 np0000001364 devstack@g-api.service[101924]: DEBUG glance.api.middleware.version_negotiation [None req-388fee35-d20b-4daf-96c0-3592bcd7d6d9 tempest-TaggedBootDevicesTest-904912790 tempest-TaggedBootDevicesTest-904912790-project-member] Using url versioning {{(pid=101924) process_request /opt/stack/glance/glance/api/middleware/version_negotiation.py:57}}
May 24 17:01:18.411494 np0000001364 devstack@g-api.service[101924]: DEBUG glance.api.middleware.version_negotiation [None req-388fee35-d20b-4daf-96c0-3592bcd7d6d9 tempest-TaggedBootDevicesTest-904912790 tempest-TaggedBootDevicesTest-904912790-project-member] Matched version: v2 {{(pid=101924) process_request /opt/stack/glance/glance/api/middleware/version_negotiation.py:69}}
May 24 17:01:18.411586 np0000001364 devstack@g-api.service[101924]: DEBUG glance.api.middleware.version_negotiation [None req-388fee35-d20b-4daf-96c0-3592bcd7d6d9 tempest-TaggedBootDevicesTest-904912790 tempest-TaggedBootDevicesTest-904912790-project-member] new path /v2/images/197bbe5a-aa4b-4444-9537-54e0a6d41dfb {{(pid=101924) process_request /opt/stack/glance/glance/api/middleware/version_negotiation.py:70}}
May 24 17:01:18.424495 np0000001364 devstack@g-api.service[101923]: DEBUG glance.api.middleware.version_negotiation [None req-388fee35-d20b-4daf-96c0-3592bcd7d6d9 tempest-TaggedBootDevicesTest-904912790 tempest-TaggedBootDevicesTest-904912790-project-member] Determining version of request: DELETE /v2/images/81f4281b-0ec4-45a9-bbac-57ee074a12f6 Accept: application/json {{(pid=101923) process_request /opt/stack/glance/glance/api/middleware/version_negotiation.py:44}}
May 24 17:01:18.424678 np0000001364 devstack@g-api.service[101923]: DEBUG glance.api.middleware.version_negotiation [None req-388fee35-d20b-4daf-96c0-3592bcd7d6d9 tempest-TaggedBootDevicesTest-904912790 tempest-TaggedBootDevicesTest-904912790-project-member] Using url versioning {{(pid=101923) process_request /opt/stack/glance/glance/api/middleware/version_negotiation.py:57}}
May 24 17:01:18.424814 np0000001364 devstack@g-api.service[101924]: [pid: 101924|app: 0|req: 28/87] 127.0.0.1 () {44 vars in 1111 bytes} [Sun May 24 17:01:18 2026] GET /v2/images/197bbe5a-aa4b-4444-9537-54e0a6d41dfb => generated 1044 bytes in 14 msecs (HTTP/1.1 200) 4 headers in 158 bytes (1 switches on core 0)
May 24 17:01:18.424870 np0000001364 devstack@g-api.service[101923]: DEBUG glance.api.middleware.version_negotiation [None req-388fee35-d20b-4daf-96c0-3592bcd7d6d9 tempest-TaggedBootDevicesTest-904912790 tempest-TaggedBootDevicesTest-904912790-project-member] Matched version: v2 {{(pid=101923) process_request /opt/stack/glance/glance/api/middleware/version_negotiation.py:69}}
May 24 17:01:18.424980 np0000001364 devstack@g-api.service[101923]: DEBUG glance.api.middleware.version_negotiation [None req-388fee35-d20b-4daf-96c0-3592bcd7d6d9 tempest-TaggedBootDevicesTest-904912790 tempest-TaggedBootDevicesTest-904912790-project-member] new path /v2/images/81f4281b-0ec4-45a9-bbac-57ee074a12f6 {{(pid=101923) process_request /opt/stack/glance/glance/api/middleware/version_negotiation.py:70}}
May 24 17:01:18.441339 np0000001364 devstack@g-api.service[101923]: WARNING glance.api.v2.images [None req-c42aed85-7f2c-4811-be6f-1ce4370d4a5c tempest-AttachSCSIVolumeTestJSON-1213079082 tempest-AttachSCSIVolumeTestJSON-1213079082-project-admin] After upload to backend, deletion of staged image data has failed because it cannot be found at /tmp/staging//81f4281b-0ec4-45a9-bbac-57ee074a12f6
May 24 17:01:18.441339 np0000001364 devstack@g-api.service[101923]: DEBUG glance_store.backend [None req-c42aed85-7f2c-4811-be6f-1ce4370d4a5c tempest-AttachSCSIVolumeTestJSON-1213079082 tempest-AttachSCSIVolumeTestJSON-1213079082-project-admin] Attempting to import store swift {{(pid=101923) _load_store /opt/stack/data/venv/lib/python3.12/site-packages/glance_store/backend.py:215}}
May 24 17:01:18.441472 np0000001364 devstack@g-api.service[101922]: DEBUG glance.api.middleware.version_negotiation [None req-388fee35-d20b-4daf-96c0-3592bcd7d6d9 tempest-TaggedBootDevicesTest-904912790 tempest-TaggedBootDevicesTest-904912790-project-member] Determining version of request: GET /v2/schemas/image Accept: */* {{(pid=101922) process_request /opt/stack/glance/glance/api/middleware/version_negotiation.py:44}}
May 24 17:01:18.441472 np0000001364 devstack@g-api.service[101922]: DEBUG glance.api.middleware.version_negotiation [None req-388fee35-d20b-4daf-96c0-3592bcd7d6d9 tempest-TaggedBootDevicesTest-904912790 tempest-TaggedBootDevicesTest-904912790-project-member] Using url versioning {{(pid=101922) process_request /opt/stack/glance/glance/api/middleware/version_negotiation.py:57}}
May 24 17:01:18.441472 np0000001364 devstack@g-api.service[101922]: DEBUG glance.api.middleware.version_negotiation [None req-388fee35-d20b-4daf-96c0-3592bcd7d6d9 tempest-TaggedBootDevicesTest-904912790 tempest-TaggedBootDevicesTest-904912790-project-member] Matched version: v2 {{(pid=101922) process_request /opt/stack/glance/glance/api/middleware/version_negotiation.py:69}}
May 24 17:01:18.441472 np0000001364 devstack@g-api.service[101922]: DEBUG glance.api.middleware.version_negotiation [None req-388fee35-d20b-4daf-96c0-3592bcd7d6d9 tempest-TaggedBootDevicesTest-904912790 tempest-TaggedBootDevicesTest-904912790-project-member] new path /v2/schemas/image {{(pid=101922) process_request /opt/stack/glance/glance/api/middleware/version_negotiation.py:70}}
May 24 17:01:18.442706 np0000001364 devstack@g-api.service[101923]: DEBUG glance_store.capabilities [None req-c42aed85-7f2c-4811-be6f-1ce4370d4a5c tempest-AttachSCSIVolumeTestJSON-1213079082 tempest-AttachSCSIVolumeTestJSON-1213079082-project-admin] Store glance_store._drivers.swift.store.SingleTenantStore doesn't support updating dynamic storage capabilities. Please overwrite 'update_capabilities' method of the store to implement updating logics if needed. {{(pid=101923) update_capabilities /opt/stack/data/venv/lib/python3.12/site-packages/glance_store/capabilities.py:91}}
May 24 17:01:18.443016 np0000001364 devstack@g-api.service[101923]: DEBUG glance_store.driver [None req-c42aed85-7f2c-4811-be6f-1ce4370d4a5c tempest-AttachSCSIVolumeTestJSON-1213079082 tempest-AttachSCSIVolumeTestJSON-1213079082-project-admin] Late loading location class glance_store._drivers.swift.store.StoreLocation {{(pid=101923) get_store_location_class /opt/stack/data/venv/lib/python3.12/site-packages/glance_store/driver.py:134}}
May 24 17:01:18.443282 np0000001364 devstack@g-api.service[101923]: DEBUG glance_store.location [None req-c42aed85-7f2c-4811-be6f-1ce4370d4a5c tempest-AttachSCSIVolumeTestJSON-1213079082 tempest-AttachSCSIVolumeTestJSON-1213079082-project-admin] Registering scheme swift+https with {'store': , 'location_class': , 'store_entry': 'swift'} {{(pid=101923) register_scheme_map /opt/stack/data/venv/lib/python3.12/site-packages/glance_store/location.py:146}}
May 24 17:01:18.443589 np0000001364 devstack@g-api.service[101923]: DEBUG glance_store.location [None req-c42aed85-7f2c-4811-be6f-1ce4370d4a5c tempest-AttachSCSIVolumeTestJSON-1213079082 tempest-AttachSCSIVolumeTestJSON-1213079082-project-admin] Registering scheme swift+https with {'store': , 'location_class': , 'store_entry': 'swift'} {{(pid=101923) register_scheme_map /opt/stack/data/venv/lib/python3.12/site-packages/glance_store/location.py:146}}
May 24 17:01:18.443882 np0000001364 devstack@g-api.service[101923]: DEBUG glance_store.location [None req-c42aed85-7f2c-4811-be6f-1ce4370d4a5c tempest-AttachSCSIVolumeTestJSON-1213079082 tempest-AttachSCSIVolumeTestJSON-1213079082-project-admin] Registering scheme swift with {'store': , 'location_class': , 'store_entry': 'swift'} {{(pid=101923) register_scheme_map /opt/stack/data/venv/lib/python3.12/site-packages/glance_store/location.py:146}}
May 24 17:01:18.444157 np0000001364 devstack@g-api.service[101923]: DEBUG glance_store.location [None req-c42aed85-7f2c-4811-be6f-1ce4370d4a5c tempest-AttachSCSIVolumeTestJSON-1213079082 tempest-AttachSCSIVolumeTestJSON-1213079082-project-admin] Registering scheme swift+https with {'store': , 'location_class': , 'store_entry': 'swift'} {{(pid=101923) register_scheme_map /opt/stack/data/venv/lib/python3.12/site-packages/glance_store/location.py:146}}
May 24 17:01:18.444378 np0000001364 devstack@g-api.service[101923]: DEBUG glance_store.location [None req-c42aed85-7f2c-4811-be6f-1ce4370d4a5c tempest-AttachSCSIVolumeTestJSON-1213079082 tempest-AttachSCSIVolumeTestJSON-1213079082-project-admin] Registering scheme swift with {'store': , 'location_class': , 'store_entry': 'swift'} {{(pid=101923) register_scheme_map /opt/stack/data/venv/lib/python3.12/site-packages/glance_store/location.py:146}}
May 24 17:01:18.444600 np0000001364 devstack@g-api.service[101922]: [pid: 101922|app: 0|req: 32/88] 127.0.0.1 () {44 vars in 1051 bytes} [Sun May 24 17:01:18 2026] GET /v2/schemas/image => generated 6083 bytes in 5 msecs (HTTP/1.1 200) 4 headers in 158 bytes (1 switches on core 0)
May 24 17:01:18.444767 np0000001364 devstack@g-api.service[101923]: DEBUG glance_store.location [None req-c42aed85-7f2c-4811-be6f-1ce4370d4a5c tempest-AttachSCSIVolumeTestJSON-1213079082 tempest-AttachSCSIVolumeTestJSON-1213079082-project-admin] Registering scheme swift+http with {'store': , 'location_class': , 'store_entry': 'swift'} {{(pid=101923) register_scheme_map /opt/stack/data/venv/lib/python3.12/site-packages/glance_store/location.py:146}}
May 24 17:01:18.445076 np0000001364 devstack@g-api.service[101923]: DEBUG glance_store.location [None req-c42aed85-7f2c-4811-be6f-1ce4370d4a5c tempest-AttachSCSIVolumeTestJSON-1213079082 tempest-AttachSCSIVolumeTestJSON-1213079082-project-admin] Registering scheme swift+https with {'store': , 'location_class': , 'store_entry': 'swift'} {{(pid=101923) register_scheme_map /opt/stack/data/venv/lib/python3.12/site-packages/glance_store/location.py:146}}
May 24 17:01:18.445301 np0000001364 devstack@g-api.service[101923]: DEBUG glance_store.location [None req-c42aed85-7f2c-4811-be6f-1ce4370d4a5c tempest-AttachSCSIVolumeTestJSON-1213079082 tempest-AttachSCSIVolumeTestJSON-1213079082-project-admin] Registering scheme swift with {'store': , 'location_class': , 'store_entry': 'swift'} {{(pid=101923) register_scheme_map /opt/stack/data/venv/lib/python3.12/site-packages/glance_store/location.py:146}}
May 24 17:01:18.447245 np0000001364 devstack@g-api.service[101923]: DEBUG glance_store.location [None req-c42aed85-7f2c-4811-be6f-1ce4370d4a5c tempest-AttachSCSIVolumeTestJSON-1213079082 tempest-AttachSCSIVolumeTestJSON-1213079082-project-admin] Registering scheme swift+http with {'store': , 'location_class': , 'store_entry': 'swift'} {{(pid=101923) register_scheme_map /opt/stack/data/venv/lib/python3.12/site-packages/glance_store/location.py:146}}
May 24 17:01:18.447487 np0000001364 devstack@g-api.service[101923]: DEBUG glance_store.location [None req-c42aed85-7f2c-4811-be6f-1ce4370d4a5c tempest-AttachSCSIVolumeTestJSON-1213079082 tempest-AttachSCSIVolumeTestJSON-1213079082-project-admin] Registering scheme swift+config with {'store': , 'location_class': , 'store_entry': 'swift'} {{(pid=101923) register_scheme_map /opt/stack/data/venv/lib/python3.12/site-packages/glance_store/location.py:146}}
May 24 17:01:18.451957 np0000001364 devstack@g-api.service[101923]: DEBUG keystoneclient.auth.identity.v3.base [None req-c42aed85-7f2c-4811-be6f-1ce4370d4a5c tempest-AttachSCSIVolumeTestJSON-1213079082 tempest-AttachSCSIVolumeTestJSON-1213079082-project-admin] Making authentication request to https://10.4.3.27/identity/v3/auth/tokens {{(pid=101923) get_auth_ref /opt/stack/data/venv/lib/python3.12/site-packages/keystoneclient/auth/identity/v3/base.py:185}}
May 24 17:01:18.459432 np0000001364 devstack@g-api.service[101924]: DEBUG glance.api.middleware.version_negotiation [None req-388fee35-d20b-4daf-96c0-3592bcd7d6d9 tempest-TaggedBootDevicesTest-904912790 tempest-TaggedBootDevicesTest-904912790-project-member] Determining version of request: GET /v2/schemas/image Accept: */* {{(pid=101924) process_request /opt/stack/glance/glance/api/middleware/version_negotiation.py:44}}
May 24 17:01:18.459583 np0000001364 devstack@g-api.service[101924]: DEBUG glance.api.middleware.version_negotiation [None req-388fee35-d20b-4daf-96c0-3592bcd7d6d9 tempest-TaggedBootDevicesTest-904912790 tempest-TaggedBootDevicesTest-904912790-project-member] Using url versioning {{(pid=101924) process_request /opt/stack/glance/glance/api/middleware/version_negotiation.py:57}}
May 24 17:01:18.459718 np0000001364 devstack@g-api.service[101924]: DEBUG glance.api.middleware.version_negotiation [None req-388fee35-d20b-4daf-96c0-3592bcd7d6d9 tempest-TaggedBootDevicesTest-904912790 tempest-TaggedBootDevicesTest-904912790-project-member] Matched version: v2 {{(pid=101924) process_request /opt/stack/glance/glance/api/middleware/version_negotiation.py:69}}
May 24 17:01:18.459854 np0000001364 devstack@g-api.service[101924]: DEBUG glance.api.middleware.version_negotiation [None req-388fee35-d20b-4daf-96c0-3592bcd7d6d9 tempest-TaggedBootDevicesTest-904912790 tempest-TaggedBootDevicesTest-904912790-project-member] new path /v2/schemas/image {{(pid=101924) process_request /opt/stack/glance/glance/api/middleware/version_negotiation.py:70}}
May 24 17:01:18.462710 np0000001364 devstack@g-api.service[101924]: [pid: 101924|app: 0|req: 29/89] 127.0.0.1 () {44 vars in 1051 bytes} [Sun May 24 17:01:18 2026] GET /v2/schemas/image => generated 6083 bytes in 3 msecs (HTTP/1.1 200) 4 headers in 158 bytes (1 switches on core 0)
May 24 17:01:18.599267 np0000001364 devstack@g-api.service[101923]: DEBUG keystoneclient.auth.identity.v3.base [None req-c42aed85-7f2c-4811-be6f-1ce4370d4a5c tempest-AttachSCSIVolumeTestJSON-1213079082 tempest-AttachSCSIVolumeTestJSON-1213079082-project-admin] {"token": {"methods": ["password"], "user": {"domain": {"id": "default", "name": "Default"}, "id": "6509f4fcd653480f8543e478466828ca", "name": "glance-swift", "password_expires_at": null}, "audit_ids": ["rjzzI87GQ4erd523GlCUiQ"], "expires_at": "2026-05-24T18:01:18.000000Z", "issued_at": "2026-05-24T17:01:18.000000Z", "project": {"domain": {"id": "default", "name": "Default"}, "id": "29804d88760d49dd9ce1d5d2bd83f691", "name": "service"}, "is_domain": false, "roles": [{"id": "6414f4fd43a34d238a2d3b49d9715c9e", "name": "service"}, {"id": "7b54a0cb749d4a16aed479818864587d", "name": "ResellerAdmin"}], "catalog": [{"endpoints": [{"id": "df9c453a138440e69588280861375424", "interface": "public", "region_id": "RegionOne", "url": "https://10.4.3.27/compute/v2/29804d88760d49dd9ce1d5d2bd83f691", "region": "RegionOne"}], "id": "1c959a2f1a7e44398119f2126a1ca697", "type": "compute_legacy", "name": "nova_legacy"}, {"endpoints": [{"id": "1c6b40945d6742239288759c3c1b7f42", "interface": "public", "region_id": "RegionOne", "url": "https://10.4.3.27/placement", "region": "RegionOne"}], "id": "4251d9b40c02474b93048d7f39f6a156", "type": "placement", "name": "placement"}, {"endpoints": [{"id": "71f4f37b268941c39edbb1aabf2e0227", "interface": "public", "region_id": "RegionOne", "url": "https://10.4.3.27/volume/v3", "region": "RegionOne"}], "id": "462cbfa05f424b12ac845bc7af4a1419", "type": "block-storage", "name": "cinder"}, {"endpoints": [{"id": "31cc54110ddd44c1b09d7ab15bcbd2ff", "interface": "public", "region_id": "RegionOne", "url": "https://10.4.3.27/identity", "region": "RegionOne"}], "id": "5fa13d949a5f4ee49f489e78c56d35fb", "type": "identity", "name": "keystone"}, {"endpoints": [{"id": "4a5a3682aae749a39e365c2b74dbb014", "interface": "public", "region_id": "RegionOne", "url": "https://10.4.3.27/compute/v2.1", "region": "RegionOne"}], "id": "6332c494eb7e432caefcc3dfc24a8ab6", "type": "compute", "name": "nova"}, {"endpoints": [{"id": "ae37a86b0b55402ab238c8102458a419", "interface": "public", "region_id": "RegionOne", "url": "https://10.4.3.27/image", "region": "RegionOne"}], "id": "a590d4c8c43344a587d853057dbe79d5", "type": "image", "name": "glance"}, {"endpoints": [{"id": "293aea01e5624de58df799ae167c283e", "interface": "public", "region_id": "RegionOne", "url": "https://10.4.3.27/networking", "region": "RegionOne"}], "id": "b4e04b4ffa4543b8b32852c66dd43572", "type": "network", "name": "neutron"}, {"endpoints": [{"id": "5e7315c26d214f7fa1200c5f4944816b", "interface": "admin", "region_id": "RegionOne", "url": "https://10.4.3.27:8080", "region": "RegionOne"}, {"id": "b0c7697938914c1786cbdb28c1262b20", "interface": "public", "region_id": "RegionOne", "url": "https://10.4.3.27:8080/v1/AUTH_29804d88760d49dd9ce1d5d2bd83f691", "region": "RegionOne"}], "id": "b7e42f9bcbf3417f85e74432ab301c60", "type": "object-store", "name": "swift"}]}} {{(pid=101923) get_auth_ref /opt/stack/data/venv/lib/python3.12/site-packages/keystoneclient/auth/identity/v3/base.py:190}}
May 24 17:01:18.599267 np0000001364 devstack@g-api.service[101923]: DEBUG keystoneclient.httpclient [None req-c42aed85-7f2c-4811-be6f-1ce4370d4a5c tempest-AttachSCSIVolumeTestJSON-1213079082 tempest-AttachSCSIVolumeTestJSON-1213079082-project-admin] Failed to find endpoint for management url admin endpoint for identity service not found {{(pid=101923) _process_management_url /opt/stack/data/venv/lib/python3.12/site-packages/keystoneclient/httpclient.py:670}}
May 24 17:01:18.968238 np0000001364 devstack@g-api.service[101923]: DEBUG swiftclient [None req-c42aed85-7f2c-4811-be6f-1ce4370d4a5c tempest-AttachSCSIVolumeTestJSON-1213079082 tempest-AttachSCSIVolumeTestJSON-1213079082-project-admin] REQ: curl -i https://10.4.3.27:8080/v1/AUTH_29804d88760d49dd9ce1d5d2bd83f691/glance/81f4281b-0ec4-45a9-bbac-57ee074a12f6 -I -H "X-Auth-Token: gAAAAABqEy7eV_oR..." {{(pid=101923) http_log /opt/stack/data/venv/lib/python3.12/site-packages/swiftclient/client.py:160}}
May 24 17:01:18.968414 np0000001364 devstack@g-api.service[101923]: DEBUG swiftclient [None req-c42aed85-7f2c-4811-be6f-1ce4370d4a5c tempest-AttachSCSIVolumeTestJSON-1213079082 tempest-AttachSCSIVolumeTestJSON-1213079082-project-admin] RESP STATUS: 200 OK {{(pid=101923) http_log /opt/stack/data/venv/lib/python3.12/site-packages/swiftclient/client.py:161}}
May 24 17:01:18.968693 np0000001364 devstack@g-api.service[101923]: DEBUG swiftclient [None req-c42aed85-7f2c-4811-be6f-1ce4370d4a5c tempest-AttachSCSIVolumeTestJSON-1213079082 tempest-AttachSCSIVolumeTestJSON-1213079082-project-admin] RESP HEADERS: {'Date': 'Sun, 24 May 2026 17:01:18 GMT', 'Server': 'Apache/2.4.58 (Ubuntu)', 'Content-Type': 'application/octet-stream', 'Content-Length': '21692416', 'X-Object-Manifest': 'glance/81f4281b-0ec4-45a9-bbac-57ee074a12f6-', 'Last-Modified': 'Sun, 24 May 2026 16:59:51 GMT', 'X-Timestamp': '1779641990.53637', 'Accept-Ranges': 'bytes', 'Etag': '"737c2a37dd3f91e374c48cad70137398"', 'X-Trans-Id': 'txf756ab5d8d404dbabd39b-006a132ede', 'X-Openstack-Request-Id': 'txf756ab5d8d404dbabd39b-006a132ede', 'Connection': 'close'} {{(pid=101923) http_log /opt/stack/data/venv/lib/python3.12/site-packages/swiftclient/client.py:162}}
May 24 17:01:18.992992 np0000001364 devstack@g-api.service[101923]: DEBUG swiftclient [None req-c42aed85-7f2c-4811-be6f-1ce4370d4a5c tempest-AttachSCSIVolumeTestJSON-1213079082 tempest-AttachSCSIVolumeTestJSON-1213079082-project-admin] REQ: curl -i https://10.4.3.27:8080/v1/AUTH_29804d88760d49dd9ce1d5d2bd83f691/glance?format=json&prefix=81f4281b-0ec4-45a9-bbac-57ee074a12f6- -X GET -H "X-Auth-Token: gAAAAABqEy7eV_oR..." -H "Accept-Encoding: gzip" {{(pid=101923) http_log /opt/stack/data/venv/lib/python3.12/site-packages/swiftclient/client.py:160}}
May 24 17:01:18.993187 np0000001364 devstack@g-api.service[101923]: DEBUG swiftclient [None req-c42aed85-7f2c-4811-be6f-1ce4370d4a5c tempest-AttachSCSIVolumeTestJSON-1213079082 tempest-AttachSCSIVolumeTestJSON-1213079082-project-admin] RESP STATUS: 200 OK {{(pid=101923) http_log /opt/stack/data/venv/lib/python3.12/site-packages/swiftclient/client.py:161}}
May 24 17:01:18.993468 np0000001364 devstack@g-api.service[101923]: DEBUG swiftclient [None req-c42aed85-7f2c-4811-be6f-1ce4370d4a5c tempest-AttachSCSIVolumeTestJSON-1213079082 tempest-AttachSCSIVolumeTestJSON-1213079082-project-admin] RESP HEADERS: {'Date': 'Sun, 24 May 2026 17:01:18 GMT', 'Server': 'Apache/2.4.58 (Ubuntu)', 'Content-Type': 'application/json; charset=utf-8', 'Content-Length': '210', 'X-Container-Object-Count': '5', 'X-Container-Bytes-Used': '86048768', 'X-Timestamp': '1779641862.78100', 'Last-Modified': 'Sun, 24 May 2026 16:57:43 GMT', 'Accept-Ranges': 'bytes', 'X-Storage-Policy': 'Policy-0', 'X-Container-Sharding': 'False', 'X-Trans-Id': 'tx05f7ad589e0d48549486e-006a132ede', 'X-Openstack-Request-Id': 'tx05f7ad589e0d48549486e-006a132ede', 'Connection': 'close'} {{(pid=101923) http_log /opt/stack/data/venv/lib/python3.12/site-packages/swiftclient/client.py:162}}
May 24 17:01:18.994578 np0000001364 devstack@g-api.service[101923]: DEBUG swiftclient [None req-c42aed85-7f2c-4811-be6f-1ce4370d4a5c tempest-AttachSCSIVolumeTestJSON-1213079082 tempest-AttachSCSIVolumeTestJSON-1213079082-project-admin] RESP BODY: b'[{"bytes": 21692416, "hash": "87617e24a5e30cb3b87fda8c0764838f", "name": "81f4281b-0ec4-45a9-bbac-57ee074a12f6-00001", "content_type": "application/octet-stream", "last_modified": "2026-05-24T16:59:50.215560"}]' {{(pid=101923) http_log /opt/stack/data/venv/lib/python3.12/site-packages/swiftclient/client.py:166}}
May 24 17:01:19.009153 np0000001364 devstack@g-api.service[101922]: DEBUG glance.api.middleware.version_negotiation [None req-388fee35-d20b-4daf-96c0-3592bcd7d6d9 tempest-TaggedBootDevicesTest-904912790 tempest-TaggedBootDevicesTest-904912790-project-member] Determining version of request: GET /versions Accept: */* {{(pid=101922) process_request /opt/stack/glance/glance/api/middleware/version_negotiation.py:44}}
May 24 17:01:19.009744 np0000001364 devstack@g-api.service[101922]: [pid: 101922|app: 0|req: 33/90] 127.0.0.1 () {44 vars in 1035 bytes} [Sun May 24 17:01:19 2026] GET /versions => generated 1394 bytes in 1 msecs (HTTP/1.1 200) 3 headers in 92 bytes (1 switches on core 0)
May 24 17:01:19.017937 np0000001364 devstack@g-api.service[101924]: DEBUG glance.api.middleware.version_negotiation [None req-388fee35-d20b-4daf-96c0-3592bcd7d6d9 tempest-TaggedBootDevicesTest-904912790 tempest-TaggedBootDevicesTest-904912790-project-member] Determining version of request: GET /v2/images/197bbe5a-aa4b-4444-9537-54e0a6d41dfb/locations Accept: */* {{(pid=101924) process_request /opt/stack/glance/glance/api/middleware/version_negotiation.py:44}}
May 24 17:01:19.018063 np0000001364 devstack@g-api.service[101924]: DEBUG glance.api.middleware.version_negotiation [None req-388fee35-d20b-4daf-96c0-3592bcd7d6d9 tempest-TaggedBootDevicesTest-904912790 tempest-TaggedBootDevicesTest-904912790-project-member] Using url versioning {{(pid=101924) process_request /opt/stack/glance/glance/api/middleware/version_negotiation.py:57}}
May 24 17:01:19.018247 np0000001364 devstack@g-api.service[101924]: DEBUG glance.api.middleware.version_negotiation [None req-388fee35-d20b-4daf-96c0-3592bcd7d6d9 tempest-TaggedBootDevicesTest-904912790 tempest-TaggedBootDevicesTest-904912790-project-member] Matched version: v2 {{(pid=101924) process_request /opt/stack/glance/glance/api/middleware/version_negotiation.py:69}}
May 24 17:01:19.018372 np0000001364 devstack@g-api.service[101924]: DEBUG glance.api.middleware.version_negotiation [None req-388fee35-d20b-4daf-96c0-3592bcd7d6d9 tempest-TaggedBootDevicesTest-904912790 tempest-TaggedBootDevicesTest-904912790-project-member] new path /v2/images/197bbe5a-aa4b-4444-9537-54e0a6d41dfb/locations {{(pid=101924) process_request /opt/stack/glance/glance/api/middleware/version_negotiation.py:70}}
May 24 17:01:19.035884 np0000001364 devstack@g-api.service[101923]: DEBUG swiftclient [None req-c42aed85-7f2c-4811-be6f-1ce4370d4a5c tempest-AttachSCSIVolumeTestJSON-1213079082 tempest-AttachSCSIVolumeTestJSON-1213079082-project-admin] REQ: curl -i https://10.4.3.27:8080/v1/AUTH_29804d88760d49dd9ce1d5d2bd83f691/glance/81f4281b-0ec4-45a9-bbac-57ee074a12f6-00001 DELETE -H "X-Auth-Token: gAAAAABqEy7eV_oR..." {{(pid=101923) http_log /opt/stack/data/venv/lib/python3.12/site-packages/swiftclient/client.py:160}}
May 24 17:01:19.036174 np0000001364 devstack@g-api.service[101923]: DEBUG swiftclient [None req-c42aed85-7f2c-4811-be6f-1ce4370d4a5c tempest-AttachSCSIVolumeTestJSON-1213079082 tempest-AttachSCSIVolumeTestJSON-1213079082-project-admin] RESP STATUS: 204 No Content {{(pid=101923) http_log /opt/stack/data/venv/lib/python3.12/site-packages/swiftclient/client.py:161}}
May 24 17:01:19.036683 np0000001364 devstack@g-api.service[101923]: DEBUG swiftclient [None req-c42aed85-7f2c-4811-be6f-1ce4370d4a5c tempest-AttachSCSIVolumeTestJSON-1213079082 tempest-AttachSCSIVolumeTestJSON-1213079082-project-admin] RESP HEADERS: {'Date': 'Sun, 24 May 2026 17:01:19 GMT', 'Server': 'Apache/2.4.58 (Ubuntu)', 'Content-Type': 'text/html; charset=UTF-8', 'X-Trans-Id': 'txd8831b75280a41f7957c5-006a132edf', 'X-Openstack-Request-Id': 'txd8831b75280a41f7957c5-006a132edf', 'Connection': 'close'} {{(pid=101923) http_log /opt/stack/data/venv/lib/python3.12/site-packages/swiftclient/client.py:162}}
May 24 17:01:19.070249 np0000001364 devstack@g-api.service[101923]: DEBUG swiftclient [None req-c42aed85-7f2c-4811-be6f-1ce4370d4a5c tempest-AttachSCSIVolumeTestJSON-1213079082 tempest-AttachSCSIVolumeTestJSON-1213079082-project-admin] REQ: curl -i https://10.4.3.27:8080/v1/AUTH_29804d88760d49dd9ce1d5d2bd83f691/glance/81f4281b-0ec4-45a9-bbac-57ee074a12f6 DELETE -H "X-Auth-Token: gAAAAABqEy7eV_oR..." {{(pid=101923) http_log /opt/stack/data/venv/lib/python3.12/site-packages/swiftclient/client.py:160}}
May 24 17:01:19.070249 np0000001364 devstack@g-api.service[101923]: DEBUG swiftclient [None req-c42aed85-7f2c-4811-be6f-1ce4370d4a5c tempest-AttachSCSIVolumeTestJSON-1213079082 tempest-AttachSCSIVolumeTestJSON-1213079082-project-admin] RESP STATUS: 204 No Content {{(pid=101923) http_log /opt/stack/data/venv/lib/python3.12/site-packages/swiftclient/client.py:161}}
May 24 17:01:19.070249 np0000001364 devstack@g-api.service[101923]: DEBUG swiftclient [None req-c42aed85-7f2c-4811-be6f-1ce4370d4a5c tempest-AttachSCSIVolumeTestJSON-1213079082 tempest-AttachSCSIVolumeTestJSON-1213079082-project-admin] RESP HEADERS: {'Date': 'Sun, 24 May 2026 17:01:19 GMT', 'Server': 'Apache/2.4.58 (Ubuntu)', 'Content-Type': 'text/html; charset=UTF-8', 'X-Trans-Id': 'txed72a26f23974b87bc6e1-006a132edf', 'X-Openstack-Request-Id': 'txed72a26f23974b87bc6e1-006a132edf', 'Connection': 'close'} {{(pid=101923) http_log /opt/stack/data/venv/lib/python3.12/site-packages/swiftclient/client.py:162}}
May 24 17:01:19.126117 np0000001364 devstack@g-api.service[101923]: DEBUG glance.api.middleware.cache [None req-c42aed85-7f2c-4811-be6f-1ce4370d4a5c tempest-AttachSCSIVolumeTestJSON-1213079082 tempest-AttachSCSIVolumeTestJSON-1213079082-project-admin] Removing image 81f4281b-0ec4-45a9-bbac-57ee074a12f6 from cache {{(pid=101923) _process_DELETE_response /opt/stack/glance/glance/api/middleware/cache.py:264}}
May 24 17:01:19.126340 np0000001364 devstack@g-api.service[101923]: DEBUG glance.image_cache.drivers.centralized_db [None req-c42aed85-7f2c-4811-be6f-1ce4370d4a5c tempest-AttachSCSIVolumeTestJSON-1213079082 tempest-AttachSCSIVolumeTestJSON-1213079082-project-admin] Deleting image cache file '/opt/stack/data/glance/cache/81f4281b-0ec4-45a9-bbac-57ee074a12f6' {{(pid=101923) delete_cached_file /opt/stack/glance/glance/image_cache/drivers/centralized_db.py:395}}
May 24 17:01:19.139758 np0000001364 devstack@g-api.service[101923]: [pid: 101923|app: 0|req: 29/91] 127.0.0.1 () {40 vars in 837 bytes} [Sun May 24 17:01:18 2026] DELETE /v2/images/81f4281b-0ec4-45a9-bbac-57ee074a12f6 => generated 0 bytes in 715 msecs (HTTP/1.1 204) 4 headers in 171 bytes (1 switches on core 0)
May 24 17:01:19.147540 np0000001364 devstack@g-api.service[101922]: DEBUG glance.api.middleware.version_negotiation [None req-388fee35-d20b-4daf-96c0-3592bcd7d6d9 tempest-TaggedBootDevicesTest-904912790 tempest-TaggedBootDevicesTest-904912790-project-member] Determining version of request: GET /v2/images/81f4281b-0ec4-45a9-bbac-57ee074a12f6 Accept: application/json {{(pid=101922) process_request /opt/stack/glance/glance/api/middleware/version_negotiation.py:44}}
May 24 17:01:19.149672 np0000001364 devstack@g-api.service[101922]: DEBUG glance.api.middleware.version_negotiation [None req-388fee35-d20b-4daf-96c0-3592bcd7d6d9 tempest-TaggedBootDevicesTest-904912790 tempest-TaggedBootDevicesTest-904912790-project-member] Using url versioning {{(pid=101922) process_request /opt/stack/glance/glance/api/middleware/version_negotiation.py:57}}
May 24 17:01:19.149672 np0000001364 devstack@g-api.service[101922]: DEBUG glance.api.middleware.version_negotiation [None req-388fee35-d20b-4daf-96c0-3592bcd7d6d9 tempest-TaggedBootDevicesTest-904912790 tempest-TaggedBootDevicesTest-904912790-project-member] Matched version: v2 {{(pid=101922) process_request /opt/stack/glance/glance/api/middleware/version_negotiation.py:69}}
May 24 17:01:19.149672 np0000001364 devstack@g-api.service[101922]: DEBUG glance.api.middleware.version_negotiation [None req-388fee35-d20b-4daf-96c0-3592bcd7d6d9 tempest-TaggedBootDevicesTest-904912790 tempest-TaggedBootDevicesTest-904912790-project-member] new path /v2/images/81f4281b-0ec4-45a9-bbac-57ee074a12f6 {{(pid=101922) process_request /opt/stack/glance/glance/api/middleware/version_negotiation.py:70}}
May 24 17:01:19.156256 np0000001364 devstack@g-api.service[101922]: DEBUG glance.db.sqlalchemy.api [None req-194b4191-5302-45e9-9674-c36c4c05e49d tempest-AttachSCSIVolumeTestJSON-1334466815 tempest-AttachSCSIVolumeTestJSON-1334466815-project-reader] No image found with ID 81f4281b-0ec4-45a9-bbac-57ee074a12f6 {{(pid=101922) _image_get /opt/stack/glance/glance/db/sqlalchemy/api.py:303}}
May 24 17:01:19.158122 np0000001364 devstack@g-api.service[101922]: [pid: 101922|app: 0|req: 34/92] 127.0.0.1 () {40 vars in 834 bytes} [Sun May 24 17:01:19 2026] GET /v2/images/81f4281b-0ec4-45a9-bbac-57ee074a12f6 => generated 139 bytes in 11 msecs (HTTP/1.1 404) 4 headers in 164 bytes (1 switches on core 0)
May 24 17:01:19.268645 np0000001364 devstack@g-api.service[101924]: [pid: 101924|app: 0|req: 30/93] 127.0.0.1 () {44 vars in 1131 bytes} [Sun May 24 17:01:19 2026] GET /v2/images/197bbe5a-aa4b-4444-9537-54e0a6d41dfb/locations => generated 92 bytes in 251 msecs (HTTP/1.1 200) 4 headers in 156 bytes (1 switches on core 0)
May 24 17:01:19.288296 np0000001364 devstack@g-api.service[101923]: DEBUG glance.api.middleware.version_negotiation [None req-c42aed85-7f2c-4811-be6f-1ce4370d4a5c tempest-AttachSCSIVolumeTestJSON-1213079082 tempest-AttachSCSIVolumeTestJSON-1213079082-project-admin] Determining version of request: GET /v2/images/197bbe5a-aa4b-4444-9537-54e0a6d41dfb Accept: */* {{(pid=101923) process_request /opt/stack/glance/glance/api/middleware/version_negotiation.py:44}}
May 24 17:01:19.288748 np0000001364 devstack@g-api.service[101923]: DEBUG glance.api.middleware.version_negotiation [None req-c42aed85-7f2c-4811-be6f-1ce4370d4a5c tempest-AttachSCSIVolumeTestJSON-1213079082 tempest-AttachSCSIVolumeTestJSON-1213079082-project-admin] Using url versioning {{(pid=101923) process_request /opt/stack/glance/glance/api/middleware/version_negotiation.py:57}}
May 24 17:01:19.288748 np0000001364 devstack@g-api.service[101923]: DEBUG glance.api.middleware.version_negotiation [None req-c42aed85-7f2c-4811-be6f-1ce4370d4a5c tempest-AttachSCSIVolumeTestJSON-1213079082 tempest-AttachSCSIVolumeTestJSON-1213079082-project-admin] Matched version: v2 {{(pid=101923) process_request /opt/stack/glance/glance/api/middleware/version_negotiation.py:69}}
May 24 17:01:19.288825 np0000001364 devstack@g-api.service[101923]: DEBUG glance.api.middleware.version_negotiation [None req-c42aed85-7f2c-4811-be6f-1ce4370d4a5c tempest-AttachSCSIVolumeTestJSON-1213079082 tempest-AttachSCSIVolumeTestJSON-1213079082-project-admin] new path /v2/images/197bbe5a-aa4b-4444-9537-54e0a6d41dfb {{(pid=101923) process_request /opt/stack/glance/glance/api/middleware/version_negotiation.py:70}}
May 24 17:01:19.311262 np0000001364 devstack@g-api.service[101923]: [pid: 101923|app: 0|req: 30/94] 127.0.0.1 () {44 vars in 1111 bytes} [Sun May 24 17:01:19 2026] GET /v2/images/197bbe5a-aa4b-4444-9537-54e0a6d41dfb => generated 1044 bytes in 23 msecs (HTTP/1.1 200) 4 headers in 158 bytes (1 switches on core 0)
May 24 17:01:19.320988 np0000001364 devstack@g-api.service[101922]: DEBUG glance.api.middleware.version_negotiation [None req-194b4191-5302-45e9-9674-c36c4c05e49d tempest-AttachSCSIVolumeTestJSON-1334466815 tempest-AttachSCSIVolumeTestJSON-1334466815-project-reader] Determining version of request: GET /v2/schemas/image Accept: */* {{(pid=101922) process_request /opt/stack/glance/glance/api/middleware/version_negotiation.py:44}}
May 24 17:01:19.321240 np0000001364 devstack@g-api.service[101922]: DEBUG glance.api.middleware.version_negotiation [None req-194b4191-5302-45e9-9674-c36c4c05e49d tempest-AttachSCSIVolumeTestJSON-1334466815 tempest-AttachSCSIVolumeTestJSON-1334466815-project-reader] Using url versioning {{(pid=101922) process_request /opt/stack/glance/glance/api/middleware/version_negotiation.py:57}}
May 24 17:01:19.321388 np0000001364 devstack@g-api.service[101922]: DEBUG glance.api.middleware.version_negotiation [None req-194b4191-5302-45e9-9674-c36c4c05e49d tempest-AttachSCSIVolumeTestJSON-1334466815 tempest-AttachSCSIVolumeTestJSON-1334466815-project-reader] Matched version: v2 {{(pid=101922) process_request /opt/stack/glance/glance/api/middleware/version_negotiation.py:69}}
May 24 17:01:19.321581 np0000001364 devstack@g-api.service[101922]: DEBUG glance.api.middleware.version_negotiation [None req-194b4191-5302-45e9-9674-c36c4c05e49d tempest-AttachSCSIVolumeTestJSON-1334466815 tempest-AttachSCSIVolumeTestJSON-1334466815-project-reader] new path /v2/schemas/image {{(pid=101922) process_request /opt/stack/glance/glance/api/middleware/version_negotiation.py:70}}
May 24 17:01:19.325525 np0000001364 devstack@g-api.service[101922]: [pid: 101922|app: 0|req: 35/95] 127.0.0.1 () {44 vars in 1051 bytes} [Sun May 24 17:01:19 2026] GET /v2/schemas/image => generated 6083 bytes in 4 msecs (HTTP/1.1 200) 4 headers in 158 bytes (1 switches on core 0)
May 24 17:01:19.336668 np0000001364 devstack@g-api.service[101924]: DEBUG glance.api.middleware.version_negotiation [None req-388fee35-d20b-4daf-96c0-3592bcd7d6d9 service glance] Determining version of request: GET /v2/schemas/image Accept: */* {{(pid=101924) process_request /opt/stack/glance/glance/api/middleware/version_negotiation.py:44}}
May 24 17:01:19.336827 np0000001364 devstack@g-api.service[101924]: DEBUG glance.api.middleware.version_negotiation [None req-388fee35-d20b-4daf-96c0-3592bcd7d6d9 service glance] Using url versioning {{(pid=101924) process_request /opt/stack/glance/glance/api/middleware/version_negotiation.py:57}}
May 24 17:01:19.336982 np0000001364 devstack@g-api.service[101924]: DEBUG glance.api.middleware.version_negotiation [None req-388fee35-d20b-4daf-96c0-3592bcd7d6d9 service glance] Matched version: v2 {{(pid=101924) process_request /opt/stack/glance/glance/api/middleware/version_negotiation.py:69}}
May 24 17:01:19.337088 np0000001364 devstack@g-api.service[101924]: DEBUG glance.api.middleware.version_negotiation [None req-388fee35-d20b-4daf-96c0-3592bcd7d6d9 service glance] new path /v2/schemas/image {{(pid=101924) process_request /opt/stack/glance/glance/api/middleware/version_negotiation.py:70}}
May 24 17:01:19.341321 np0000001364 devstack@g-api.service[101924]: [pid: 101924|app: 0|req: 31/96] 127.0.0.1 () {44 vars in 1051 bytes} [Sun May 24 17:01:19 2026] GET /v2/schemas/image => generated 6083 bytes in 5 msecs (HTTP/1.1 200) 4 headers in 158 bytes (1 switches on core 0)
May 24 17:01:19.368647 np0000001364 devstack@g-api.service[101923]: DEBUG glance.api.middleware.version_negotiation [None req-388fee35-d20b-4daf-96c0-3592bcd7d6d9 tempest-TaggedBootDevicesTest-904912790 tempest-TaggedBootDevicesTest-904912790-project-member] Determining version of request: GET /v2/images/197bbe5a-aa4b-4444-9537-54e0a6d41dfb Accept: */* {{(pid=101923) process_request /opt/stack/glance/glance/api/middleware/version_negotiation.py:44}}
May 24 17:01:19.368647 np0000001364 devstack@g-api.service[101923]: DEBUG glance.api.middleware.version_negotiation [None req-388fee35-d20b-4daf-96c0-3592bcd7d6d9 tempest-TaggedBootDevicesTest-904912790 tempest-TaggedBootDevicesTest-904912790-project-member] Using url versioning {{(pid=101923) process_request /opt/stack/glance/glance/api/middleware/version_negotiation.py:57}}
May 24 17:01:19.369103 np0000001364 devstack@g-api.service[101923]: DEBUG glance.api.middleware.version_negotiation [None req-388fee35-d20b-4daf-96c0-3592bcd7d6d9 tempest-TaggedBootDevicesTest-904912790 tempest-TaggedBootDevicesTest-904912790-project-member] Matched version: v2 {{(pid=101923) process_request /opt/stack/glance/glance/api/middleware/version_negotiation.py:69}}
May 24 17:01:19.369103 np0000001364 devstack@g-api.service[101923]: DEBUG glance.api.middleware.version_negotiation [None req-388fee35-d20b-4daf-96c0-3592bcd7d6d9 tempest-TaggedBootDevicesTest-904912790 tempest-TaggedBootDevicesTest-904912790-project-member] new path /v2/images/197bbe5a-aa4b-4444-9537-54e0a6d41dfb {{(pid=101923) process_request /opt/stack/glance/glance/api/middleware/version_negotiation.py:70}}
May 24 17:01:19.383187 np0000001364 devstack@g-api.service[101923]: [pid: 101923|app: 0|req: 31/97] 127.0.0.1 () {44 vars in 1111 bytes} [Sun May 24 17:01:19 2026] GET /v2/images/197bbe5a-aa4b-4444-9537-54e0a6d41dfb => generated 1044 bytes in 15 msecs (HTTP/1.1 200) 4 headers in 158 bytes (1 switches on core 0)
May 24 17:01:19.391050 np0000001364 devstack@g-api.service[101922]: DEBUG glance.api.middleware.version_negotiation [None req-388fee35-d20b-4daf-96c0-3592bcd7d6d9 tempest-TaggedBootDevicesTest-904912790 tempest-TaggedBootDevicesTest-904912790-project-member] Determining version of request: GET /v2/images/197bbe5a-aa4b-4444-9537-54e0a6d41dfb/file Accept: */* {{(pid=101922) process_request /opt/stack/glance/glance/api/middleware/version_negotiation.py:44}}
May 24 17:01:19.391424 np0000001364 devstack@g-api.service[101922]: DEBUG glance.api.middleware.version_negotiation [None req-388fee35-d20b-4daf-96c0-3592bcd7d6d9 tempest-TaggedBootDevicesTest-904912790 tempest-TaggedBootDevicesTest-904912790-project-member] Using url versioning {{(pid=101922) process_request /opt/stack/glance/glance/api/middleware/version_negotiation.py:57}}
May 24 17:01:19.391424 np0000001364 devstack@g-api.service[101922]: DEBUG glance.api.middleware.version_negotiation [None req-388fee35-d20b-4daf-96c0-3592bcd7d6d9 tempest-TaggedBootDevicesTest-904912790 tempest-TaggedBootDevicesTest-904912790-project-member] Matched version: v2 {{(pid=101922) process_request /opt/stack/glance/glance/api/middleware/version_negotiation.py:69}}
May 24 17:01:19.391424 np0000001364 devstack@g-api.service[101922]: DEBUG glance.api.middleware.version_negotiation [None req-388fee35-d20b-4daf-96c0-3592bcd7d6d9 tempest-TaggedBootDevicesTest-904912790 tempest-TaggedBootDevicesTest-904912790-project-member] new path /v2/images/197bbe5a-aa4b-4444-9537-54e0a6d41dfb/file {{(pid=101922) process_request /opt/stack/glance/glance/api/middleware/version_negotiation.py:70}}
May 24 17:01:19.405807 np0000001364 devstack@g-api.service[101922]: DEBUG glance.api.middleware.cache [None req-388fee35-d20b-4daf-96c0-3592bcd7d6d9 tempest-TaggedBootDevicesTest-904912790 tempest-TaggedBootDevicesTest-904912790-project-member] Cache hit for image '197bbe5a-aa4b-4444-9537-54e0a6d41dfb' {{(pid=101922) process_request /opt/stack/glance/glance/api/middleware/cache.py:160}}
May 24 17:01:19.477207 np0000001364 devstack@g-api.service[101922]: [pid: 101922|app: 0|req: 36/98] 127.0.0.1 () {44 vars in 1121 bytes} [Sun May 24 17:01:19 2026] GET /v2/images/197bbe5a-aa4b-4444-9537-54e0a6d41dfb/file => generated 21692416 bytes in 86 msecs (HTTP/1.1 200) 5 headers in 217 bytes (336 switches on core 0)
May 24 17:01:19.613746 np0000001364 devstack@g-api.service[101924]: DEBUG glance.api.middleware.version_negotiation [None req-388fee35-d20b-4daf-96c0-3592bcd7d6d9 tempest-TaggedBootDevicesTest-904912790 tempest-TaggedBootDevicesTest-904912790-project-member] Determining version of request: GET /v2/images/197bbe5a-aa4b-4444-9537-54e0a6d41dfb Accept: */* {{(pid=101924) process_request /opt/stack/glance/glance/api/middleware/version_negotiation.py:44}}
May 24 17:01:19.613746 np0000001364 devstack@g-api.service[101924]: DEBUG glance.api.middleware.version_negotiation [None req-388fee35-d20b-4daf-96c0-3592bcd7d6d9 tempest-TaggedBootDevicesTest-904912790 tempest-TaggedBootDevicesTest-904912790-project-member] Using url versioning {{(pid=101924) process_request /opt/stack/glance/glance/api/middleware/version_negotiation.py:57}}
May 24 17:01:19.613746 np0000001364 devstack@g-api.service[101924]: DEBUG glance.api.middleware.version_negotiation [None req-388fee35-d20b-4daf-96c0-3592bcd7d6d9 tempest-TaggedBootDevicesTest-904912790 tempest-TaggedBootDevicesTest-904912790-project-member] Matched version: v2 {{(pid=101924) process_request /opt/stack/glance/glance/api/middleware/version_negotiation.py:69}}
May 24 17:01:19.613746 np0000001364 devstack@g-api.service[101924]: DEBUG glance.api.middleware.version_negotiation [None req-388fee35-d20b-4daf-96c0-3592bcd7d6d9 tempest-TaggedBootDevicesTest-904912790 tempest-TaggedBootDevicesTest-904912790-project-member] new path /v2/images/197bbe5a-aa4b-4444-9537-54e0a6d41dfb {{(pid=101924) process_request /opt/stack/glance/glance/api/middleware/version_negotiation.py:70}}
