May 26 08:21:29.453220 np0000001394 devstack@g-api.service[101948]: DEBUG glance_store.location [-] Registering scheme file with {'store': , 'location_class': , 'store_entry': 'file'} {{(pid=101948) register_scheme_map /opt/stack/data/venv/lib/python3.12/site-packages/glance_store/location.py:146}}
May 26 08:21:29.453422 np0000001394 devstack@g-api.service[101948]: DEBUG glance_store.location [-] Registering scheme filesystem with {'store': , 'location_class': , 'store_entry': 'file'} {{(pid=101948) register_scheme_map /opt/stack/data/venv/lib/python3.12/site-packages/glance_store/location.py:146}}
May 26 08:21:29.453422 np0000001394 devstack@g-api.service[101948]: DEBUG glance_store.backend [-] Attempting to import store swift {{(pid=101948) _load_store /opt/stack/data/venv/lib/python3.12/site-packages/glance_store/backend.py:215}}
May 26 08:21:29.453483 np0000001394 devstack@g-api.service[101948]: WARNING oslo_config.cfg [-] Deprecated: Option "default_store" from group "glance_store" is deprecated for removal (
May 26 08:21:29.453483 np0000001394 devstack@g-api.service[101948]: This option is deprecated against new config option
May 26 08:21:29.453483 np0000001394 devstack@g-api.service[101948]: ``default_backend`` which acts similar to ``default_store`` config
May 26 08:21:29.453483 np0000001394 devstack@g-api.service[101948]: option.
May 26 08:21:29.453483 np0000001394 devstack@g-api.service[101948]: This option is scheduled for removal in the U development
May 26 08:21:29.453483 np0000001394 devstack@g-api.service[101948]: cycle.
May 26 08:21:29.453483 np0000001394 devstack@g-api.service[101948]: ). Its value may be silently ignored in the future.
May 26 08:21:29.454571 np0000001394 devstack@g-api.service[101948]: DEBUG glance_store.capabilities [-] Store glance_store._drivers.swift.store.SingleTenantStore doesn't support updating dynamic storage capabilities. Please overwrite 'update_capabilities' method of the store to implement updating logics if needed. {{(pid=101948) update_capabilities /opt/stack/data/venv/lib/python3.12/site-packages/glance_store/capabilities.py:91}}
May 26 08:21:29.454635 np0000001394 devstack@g-api.service[101948]: DEBUG glance_store.backend [-] Registering store swift with schemes ('swift+https', 'swift', 'swift+http', 'swift+config') {{(pid=101948) create_stores /opt/stack/data/venv/lib/python3.12/site-packages/glance_store/backend.py:261}}
May 26 08:21:29.454690 np0000001394 devstack@g-api.service[101948]: DEBUG glance_store.driver [-] Late loading location class glance_store._drivers.swift.store.StoreLocation {{(pid=101948) get_store_location_class /opt/stack/data/venv/lib/python3.12/site-packages/glance_store/driver.py:134}}
May 26 08:21:29.454736 np0000001394 devstack@g-api.service[101948]: DEBUG glance_store.location [-] Registering scheme swift+https with {'store': , 'location_class': , 'store_entry': 'swift'} {{(pid=101948) register_scheme_map /opt/stack/data/venv/lib/python3.12/site-packages/glance_store/location.py:146}}
May 26 08:21:29.454812 np0000001394 devstack@g-api.service[101948]: DEBUG glance_store.location [-] Registering scheme swift with {'store': , 'location_class': , 'store_entry': 'swift'} {{(pid=101948) register_scheme_map /opt/stack/data/venv/lib/python3.12/site-packages/glance_store/location.py:146}}
May 26 08:21:29.454857 np0000001394 devstack@g-api.service[101948]: DEBUG glance_store.location [-] Registering scheme swift+http with {'store': , 'location_class': , 'store_entry': 'swift'} {{(pid=101948) register_scheme_map /opt/stack/data/venv/lib/python3.12/site-packages/glance_store/location.py:146}}
May 26 08:21:29.454906 np0000001394 devstack@g-api.service[101948]: DEBUG glance_store.location [-] Registering scheme swift+config with {'store': , 'location_class': , 'store_entry': 'swift'} {{(pid=101948) register_scheme_map /opt/stack/data/venv/lib/python3.12/site-packages/glance_store/location.py:146}}
May 26 08:21:29.455007 np0000001394 devstack@g-api.service[101948]: DEBUG glance_store.backend [-] Attempting to import store swift {{(pid=101948) _load_store /opt/stack/data/venv/lib/python3.12/site-packages/glance_store/backend.py:215}}
May 26 08:21:29.455986 np0000001394 devstack@g-api.service[101948]: DEBUG glance_store.capabilities [-] Store glance_store._drivers.swift.store.SingleTenantStore doesn't support updating dynamic storage capabilities. Please overwrite 'update_capabilities' method of the store to implement updating logics if needed. {{(pid=101948) update_capabilities /opt/stack/data/venv/lib/python3.12/site-packages/glance_store/capabilities.py:91}}
May 26 08:21:29.456046 np0000001394 devstack@g-api.service[101948]: DEBUG glance_store.driver [-] Late loading location class glance_store._drivers.swift.store.StoreLocation {{(pid=101948) get_store_location_class /opt/stack/data/venv/lib/python3.12/site-packages/glance_store/driver.py:134}}
May 26 08:21:29.456145 np0000001394 devstack@g-api.service[101948]: DEBUG glance_store.location [-] Registering scheme swift+https with {'store': , 'location_class': , 'store_entry': 'swift'} {{(pid=101948) register_scheme_map /opt/stack/data/venv/lib/python3.12/site-packages/glance_store/location.py:146}}
May 26 08:21:29.456193 np0000001394 devstack@g-api.service[101948]: DEBUG glance_store.location [-] Registering scheme swift+https with {'store': , 'location_class': , 'store_entry': 'swift'} {{(pid=101948) register_scheme_map /opt/stack/data/venv/lib/python3.12/site-packages/glance_store/location.py:146}}
May 26 08:21:29.456246 np0000001394 devstack@g-api.service[101948]: DEBUG glance_store.location [-] Registering scheme swift with {'store': , 'location_class': , 'store_entry': 'swift'} {{(pid=101948) register_scheme_map /opt/stack/data/venv/lib/python3.12/site-packages/glance_store/location.py:146}}
May 26 08:21:29.456287 np0000001394 devstack@g-api.service[101948]: DEBUG glance_store.location [-] Registering scheme swift+https with {'store': , 'location_class': , 'store_entry': 'swift'} {{(pid=101948) register_scheme_map /opt/stack/data/venv/lib/python3.12/site-packages/glance_store/location.py:146}}
May 26 08:21:29.456334 np0000001394 devstack@g-api.service[101948]: DEBUG glance_store.location [-] Registering scheme swift with {'store': , 'location_class': , 'store_entry': 'swift'} {{(pid=101948) register_scheme_map /opt/stack/data/venv/lib/python3.12/site-packages/glance_store/location.py:146}}
May 26 08:21:29.456377 np0000001394 devstack@g-api.service[101948]: DEBUG glance_store.location [-] Registering scheme swift+http with {'store': , 'location_class': , 'store_entry': 'swift'} {{(pid=101948) register_scheme_map /opt/stack/data/venv/lib/python3.12/site-packages/glance_store/location.py:146}}
May 26 08:21:29.456427 np0000001394 devstack@g-api.service[101948]: DEBUG glance_store.location [-] Registering scheme swift+https with {'store': , 'location_class': , 'store_entry': 'swift'} {{(pid=101948) register_scheme_map /opt/stack/data/venv/lib/python3.12/site-packages/glance_store/location.py:146}}
May 26 08:21:29.456468 np0000001394 devstack@g-api.service[101948]: DEBUG glance_store.location [-] Registering scheme swift with {'store': , 'location_class': , 'store_entry': 'swift'} {{(pid=101948) register_scheme_map /opt/stack/data/venv/lib/python3.12/site-packages/glance_store/location.py:146}}
May 26 08:21:29.456510 np0000001394 devstack@g-api.service[101948]: DEBUG glance_store.location [-] Registering scheme swift+http with {'store': , 'location_class': , 'store_entry': 'swift'} {{(pid=101948) register_scheme_map /opt/stack/data/venv/lib/python3.12/site-packages/glance_store/location.py:146}}
May 26 08:21:29.456564 np0000001394 devstack@g-api.service[101948]: DEBUG glance_store.location [-] Registering scheme swift+config with {'store': , 'location_class': , 'store_entry': 'swift'} {{(pid=101948) register_scheme_map /opt/stack/data/venv/lib/python3.12/site-packages/glance_store/location.py:146}}
May 26 08:21:29.456804 np0000001394 devstack@g-api.service[101948]: DEBUG glance.sqlite_migration [-] SQLite caching database not located, skipping migration {{(pid=101948) get_db_path /opt/stack/glance/glance/sqlite_migration.py:68}}
May 26 08:21:29.456976 np0000001394 devstack@g-api.service[101948]: WARNING glance.common.wsgi_app [-] Import methods are enabled but staging directory /tmp/staging/ does not exist; Imports will fail!
May 26 08:21:29.679661 np0000001394 devstack@g-api.service[101949]: DEBUG glance.common.config [None req-a380b328-810f-45f6-b747-0327ec558f67 None None] Loading glance-api-keystone+cachemanagement from /etc/glance/glance-api-paste.ini {{(pid=101949) load_paste_app /opt/stack/glance/glance/common/config.py:758}}
May 26 08:21:29.686815 np0000001394 devstack@g-api.service[101950]: DEBUG glance.common.config [None req-dd6c2e70-f1ca-4db6-b2dd-f4db1a6c2f24 None None] Loading glance-api-keystone+cachemanagement from /etc/glance/glance-api-paste.ini {{(pid=101950) load_paste_app /opt/stack/glance/glance/common/config.py:758}}
May 26 08:21:29.714762 np0000001394 devstack@g-api.service[101948]: DEBUG glance.common.config [None req-120b9b46-b2ae-4eda-a691-0a4e3e793663 None None] Loading glance-api-keystone+cachemanagement from /etc/glance/glance-api-paste.ini {{(pid=101948) load_paste_app /opt/stack/glance/glance/common/config.py:758}}
May 26 08:21:30.255312 np0000001394 devstack@g-api.service[101949]: INFO glance.image_cache [None req-a380b328-810f-45f6-b747-0327ec558f67 None None] Image cache loaded driver 'centralized_db'.
May 26 08:21:30.268998 np0000001394 devstack@g-api.service[101948]: INFO glance.image_cache [None req-120b9b46-b2ae-4eda-a691-0a4e3e793663 None None] Image cache loaded driver 'centralized_db'.
May 26 08:21:30.283055 np0000001394 devstack@g-api.service[101950]: INFO glance.image_cache [None req-dd6c2e70-f1ca-4db6-b2dd-f4db1a6c2f24 None None] Image cache loaded driver 'centralized_db'.
May 26 08:21:30.297156 np0000001394 devstack@g-api.service[101949]: INFO dbcounter [None req-a380b328-810f-45f6-b747-0327ec558f67 None None] Registered counter for database glance
May 26 08:21:30.308728 np0000001394 devstack@g-api.service[101949]: DEBUG oslo_db.sqlalchemy.engines [None req-a380b328-810f-45f6-b747-0327ec558f67 None None] MySQL server mode set to STRICT_TRANS_TABLES,STRICT_ALL_TABLES,NO_ZERO_IN_DATE,NO_ZERO_DATE,ERROR_FOR_DIVISION_BY_ZERO,TRADITIONAL,NO_ENGINE_SUBSTITUTION {{(pid=101949) _check_effective_sql_mode /opt/stack/data/venv/lib/python3.12/site-packages/oslo_db/sqlalchemy/engines.py:325}}
May 26 08:21:30.314338 np0000001394 devstack@g-api.service[101948]: INFO dbcounter [None req-120b9b46-b2ae-4eda-a691-0a4e3e793663 None None] Registered counter for database glance
May 26 08:21:30.327630 np0000001394 devstack@g-api.service[101948]: DEBUG oslo_db.sqlalchemy.engines [None req-120b9b46-b2ae-4eda-a691-0a4e3e793663 None None] MySQL server mode set to STRICT_TRANS_TABLES,STRICT_ALL_TABLES,NO_ZERO_IN_DATE,NO_ZERO_DATE,ERROR_FOR_DIVISION_BY_ZERO,TRADITIONAL,NO_ENGINE_SUBSTITUTION {{(pid=101948) _check_effective_sql_mode /opt/stack/data/venv/lib/python3.12/site-packages/oslo_db/sqlalchemy/engines.py:325}}
May 26 08:21:30.327951 np0000001394 devstack@g-api.service[101949]: DEBUG dbcounter [-] [101949] Writer thread running {{(pid=101949) stat_writer /opt/stack/data/venv/lib/python3.12/site-packages/dbcounter.py:102}}
May 26 08:21:30.337063 np0000001394 devstack@g-api.service[101950]: INFO dbcounter [None req-dd6c2e70-f1ca-4db6-b2dd-f4db1a6c2f24 None None] Registered counter for database glance
May 26 08:21:30.338019 np0000001394 devstack@g-api.service[101949]: INFO glance.image_cache [None req-a380b328-810f-45f6-b747-0327ec558f67 None None] Image cache loaded driver 'centralized_db'.
May 26 08:21:30.344072 np0000001394 devstack@g-api.service[101949]: DEBUG glance.image_cache.drivers.centralized_db [None req-a380b328-810f-45f6-b747-0327ec558f67 None None] Node reference is already recorded, ignoring it {{(pid=101949) configure /opt/stack/glance/glance/image_cache/drivers/centralized_db.py:71}}
May 26 08:21:30.346645 np0000001394 devstack@g-api.service[101948]: DEBUG dbcounter [-] [101948] Writer thread running {{(pid=101948) stat_writer /opt/stack/data/venv/lib/python3.12/site-packages/dbcounter.py:102}}
May 26 08:21:30.348662 np0000001394 devstack@g-api.service[101949]: DEBUG glance.api.v2.cached_images [None req-a380b328-810f-45f6-b747-0327ec558f67 None None] Started cache worker thread {{(pid=101949) __init__ /opt/stack/glance/glance/api/v2/cached_images.py:69}}
May 26 08:21:30.349010 np0000001394 devstack@g-api.service[101948]: DEBUG glance.image_cache.drivers.centralized_db [None req-120b9b46-b2ae-4eda-a691-0a4e3e793663 None None] Node reference is already recorded, ignoring it {{(pid=101948) configure /opt/stack/glance/glance/image_cache/drivers/centralized_db.py:71}}
May 26 08:21:30.349289 np0000001394 devstack@g-api.service[101949]: INFO glance.image_cache [None req-a380b328-810f-45f6-b747-0327ec558f67 None None] Image cache loaded driver 'centralized_db'.
May 26 08:21:30.351514 np0000001394 devstack@g-api.service[101950]: DEBUG oslo_db.sqlalchemy.engines [None req-dd6c2e70-f1ca-4db6-b2dd-f4db1a6c2f24 None None] MySQL server mode set to STRICT_TRANS_TABLES,STRICT_ALL_TABLES,NO_ZERO_IN_DATE,NO_ZERO_DATE,ERROR_FOR_DIVISION_BY_ZERO,TRADITIONAL,NO_ENGINE_SUBSTITUTION {{(pid=101950) _check_effective_sql_mode /opt/stack/data/venv/lib/python3.12/site-packages/oslo_db/sqlalchemy/engines.py:325}}
May 26 08:21:30.353953 np0000001394 devstack@g-api.service[101948]: INFO glance.image_cache [None req-120b9b46-b2ae-4eda-a691-0a4e3e793663 None None] Image cache loaded driver 'centralized_db'.
May 26 08:21:30.356038 np0000001394 devstack@g-api.service[101949]: DEBUG glance.image_cache.drivers.centralized_db [None req-a380b328-810f-45f6-b747-0327ec558f67 None None] Node reference is already recorded, ignoring it {{(pid=101949) configure /opt/stack/glance/glance/image_cache/drivers/centralized_db.py:71}}
May 26 08:21:30.359977 np0000001394 devstack@g-api.service[101948]: DEBUG glance.image_cache.drivers.centralized_db [None req-120b9b46-b2ae-4eda-a691-0a4e3e793663 None None] Node reference is already recorded, ignoring it {{(pid=101948) configure /opt/stack/glance/glance/image_cache/drivers/centralized_db.py:71}}
May 26 08:21:30.361751 np0000001394 devstack@g-api.service[101949]: INFO glance.api.middleware.cache_manage [None req-a380b328-810f-45f6-b747-0327ec558f67 None None] Initialized image cache management middleware
May 26 08:21:30.361919 np0000001394 devstack@g-api.service[101949]: INFO glance.image_cache [None req-a380b328-810f-45f6-b747-0327ec558f67 None None] Image cache loaded driver 'centralized_db'.
May 26 08:21:30.364199 np0000001394 devstack@g-api.service[101948]: DEBUG glance.api.v2.cached_images [None req-120b9b46-b2ae-4eda-a691-0a4e3e793663 None None] Started cache worker thread {{(pid=101948) __init__ /opt/stack/glance/glance/api/v2/cached_images.py:69}}
May 26 08:21:30.364704 np0000001394 devstack@g-api.service[101948]: INFO glance.image_cache [None req-120b9b46-b2ae-4eda-a691-0a4e3e793663 None None] Image cache loaded driver 'centralized_db'.
May 26 08:21:30.367704 np0000001394 devstack@g-api.service[101949]: DEBUG glance.image_cache.drivers.centralized_db [None req-a380b328-810f-45f6-b747-0327ec558f67 None None] Node reference is already recorded, ignoring it {{(pid=101949) configure /opt/stack/glance/glance/image_cache/drivers/centralized_db.py:71}}
May 26 08:21:30.371181 np0000001394 devstack@g-api.service[101949]: INFO glance.api.middleware.cache [None req-a380b328-810f-45f6-b747-0327ec558f67 None None] Initialized image cache middleware
May 26 08:21:30.372540 np0000001394 devstack@g-api.service[101948]: DEBUG glance.image_cache.drivers.centralized_db [None req-120b9b46-b2ae-4eda-a691-0a4e3e793663 None None] Node reference is already recorded, ignoring it {{(pid=101948) configure /opt/stack/glance/glance/image_cache/drivers/centralized_db.py:71}}
May 26 08:21:30.376822 np0000001394 devstack@g-api.service[101948]: INFO glance.api.middleware.cache_manage [None req-120b9b46-b2ae-4eda-a691-0a4e3e793663 None None] Initialized image cache management middleware
May 26 08:21:30.377002 np0000001394 devstack@g-api.service[101948]: INFO glance.image_cache [None req-120b9b46-b2ae-4eda-a691-0a4e3e793663 None None] Image cache loaded driver 'centralized_db'.
May 26 08:21:30.381552 np0000001394 devstack@g-api.service[101949]: DEBUG glance.common.config [None req-a380b328-810f-45f6-b747-0327ec558f67 None None] ******************************************************************************** {{(pid=101949) log_opt_values /opt/stack/data/venv/lib/python3.12/site-packages/oslo_config/cfg.py:3229}}
May 26 08:21:30.381677 np0000001394 devstack@g-api.service[101949]: DEBUG glance.common.config [None req-a380b328-810f-45f6-b747-0327ec558f67 None None] Configuration options gathered from: {{(pid=101949) log_opt_values /opt/stack/data/venv/lib/python3.12/site-packages/oslo_config/cfg.py:3230}}
May 26 08:21:30.381963 np0000001394 devstack@g-api.service[101949]: DEBUG glance.common.config [None req-a380b328-810f-45f6-b747-0327ec558f67 None None] command line args: [] {{(pid=101949) log_opt_values /opt/stack/data/venv/lib/python3.12/site-packages/oslo_config/cfg.py:3231}}
May 26 08:21:30.382137 np0000001394 devstack@g-api.service[101949]: DEBUG glance.common.config [None req-a380b328-810f-45f6-b747-0327ec558f67 None None] config files: ['/etc/glance/glance-image-import.conf', '/etc/glance/glance-api.conf'] {{(pid=101949) log_opt_values /opt/stack/data/venv/lib/python3.12/site-packages/oslo_config/cfg.py:3232}}
May 26 08:21:30.382225 np0000001394 devstack@g-api.service[101949]: DEBUG glance.common.config [None req-a380b328-810f-45f6-b747-0327ec558f67 None None] ================================================================================ {{(pid=101949) log_opt_values /opt/stack/data/venv/lib/python3.12/site-packages/oslo_config/cfg.py:3237}}
May 26 08:21:30.382365 np0000001394 devstack@g-api.service[101949]: DEBUG glance.common.config [None req-a380b328-810f-45f6-b747-0327ec558f67 None None] allow_anonymous_access = False {{(pid=101949) log_opt_values /opt/stack/data/venv/lib/python3.12/site-packages/oslo_config/cfg.py:3245}}
May 26 08:21:30.382487 np0000001394 devstack@g-api.service[101949]: DEBUG glance.common.config [None req-a380b328-810f-45f6-b747-0327ec558f67 None None] api_limit_max = 1000 {{(pid=101949) log_opt_values /opt/stack/data/venv/lib/python3.12/site-packages/oslo_config/cfg.py:3245}}
May 26 08:21:30.382641 np0000001394 devstack@g-api.service[101949]: DEBUG glance.common.config [None req-a380b328-810f-45f6-b747-0327ec558f67 None None] backlog = 4096 {{(pid=101949) log_opt_values /opt/stack/data/venv/lib/python3.12/site-packages/oslo_config/cfg.py:3245}}
May 26 08:21:30.382760 np0000001394 devstack@g-api.service[101949]: DEBUG glance.common.config [None req-a380b328-810f-45f6-b747-0327ec558f67 None None] bind_host = 0.0.0.0 {{(pid=101949) log_opt_values /opt/stack/data/venv/lib/python3.12/site-packages/oslo_config/cfg.py:3245}}
May 26 08:21:30.382889 np0000001394 devstack@g-api.service[101949]: DEBUG glance.common.config [None req-a380b328-810f-45f6-b747-0327ec558f67 None None] bind_port = 19292 {{(pid=101949) log_opt_values /opt/stack/data/venv/lib/python3.12/site-packages/oslo_config/cfg.py:3245}}
May 26 08:21:30.383010 np0000001394 devstack@g-api.service[101949]: DEBUG glance.common.config [None req-a380b328-810f-45f6-b747-0327ec558f67 None None] client_socket_timeout = 900 {{(pid=101949) log_opt_values /opt/stack/data/venv/lib/python3.12/site-packages/oslo_config/cfg.py:3245}}
May 26 08:21:30.383160 np0000001394 devstack@g-api.service[101949]: DEBUG glance.common.config [None req-a380b328-810f-45f6-b747-0327ec558f67 None None] config_dir = [] {{(pid=101949) log_opt_values /opt/stack/data/venv/lib/python3.12/site-packages/oslo_config/cfg.py:3245}}
May 26 08:21:30.383263 np0000001394 devstack@g-api.service[101949]: DEBUG glance.common.config [None req-a380b328-810f-45f6-b747-0327ec558f67 None None] config_file = ['/etc/glance/glance-image-import.conf', '/etc/glance/glance-api.conf'] {{(pid=101949) log_opt_values /opt/stack/data/venv/lib/python3.12/site-packages/oslo_config/cfg.py:3245}}
May 26 08:21:30.383320 np0000001394 devstack@g-api.service[101948]: DEBUG glance.image_cache.drivers.centralized_db [None req-120b9b46-b2ae-4eda-a691-0a4e3e793663 None None] Node reference is already recorded, ignoring it {{(pid=101948) configure /opt/stack/glance/glance/image_cache/drivers/centralized_db.py:71}}
May 26 08:21:30.383369 np0000001394 devstack@g-api.service[101950]: DEBUG dbcounter [-] [101950] Writer thread running {{(pid=101950) stat_writer /opt/stack/data/venv/lib/python3.12/site-packages/dbcounter.py:102}}
May 26 08:21:30.383411 np0000001394 devstack@g-api.service[101949]: DEBUG glance.common.config [None req-a380b328-810f-45f6-b747-0327ec558f67 None None] config_source = [] {{(pid=101949) log_opt_values /opt/stack/data/venv/lib/python3.12/site-packages/oslo_config/cfg.py:3245}}
May 26 08:21:30.383544 np0000001394 devstack@g-api.service[101949]: DEBUG glance.common.config [None req-a380b328-810f-45f6-b747-0327ec558f67 None None] control_exchange = glance {{(pid=101949) log_opt_values /opt/stack/data/venv/lib/python3.12/site-packages/oslo_config/cfg.py:3245}}
May 26 08:21:30.383624 np0000001394 devstack@g-api.service[101949]: DEBUG glance.common.config [None req-a380b328-810f-45f6-b747-0327ec558f67 None None] debug = True {{(pid=101949) log_opt_values /opt/stack/data/venv/lib/python3.12/site-packages/oslo_config/cfg.py:3245}}
May 26 08:21:30.383841 np0000001394 devstack@g-api.service[101949]: DEBUG glance.common.config [None req-a380b328-810f-45f6-b747-0327ec558f67 None None] default_log_levels = ['amqp=WARN', 'boto=WARN', 'sqlalchemy=WARN', 'suds=INFO', 'oslo.messaging=INFO', 'oslo_messaging=INFO', 'iso8601=WARN', 'requests.packages.urllib3.connectionpool=WARN', 'urllib3.connectionpool=WARN', 'websocket=WARN', 'requests.packages.urllib3.util.retry=WARN', 'urllib3.util.retry=WARN', 'keystonemiddleware=WARN', 'routes.middleware=WARN', 'stevedore=WARN', 'taskflow=WARN', 'keystoneauth=WARN', 'oslo.cache=INFO', 'oslo_policy=INFO', 'dogpile.core.dogpile=INFO'] {{(pid=101949) log_opt_values /opt/stack/data/venv/lib/python3.12/site-packages/oslo_config/cfg.py:3245}}
May 26 08:21:30.383959 np0000001394 devstack@g-api.service[101949]: DEBUG glance.common.config [None req-a380b328-810f-45f6-b747-0327ec558f67 None None] default_publisher_id = image.localhost {{(pid=101949) log_opt_values /opt/stack/data/venv/lib/python3.12/site-packages/oslo_config/cfg.py:3245}}
May 26 08:21:30.384087 np0000001394 devstack@g-api.service[101949]: DEBUG glance.common.config [None req-a380b328-810f-45f6-b747-0327ec558f67 None None] delayed_delete = False {{(pid=101949) log_opt_values /opt/stack/data/venv/lib/python3.12/site-packages/oslo_config/cfg.py:3245}}
May 26 08:21:30.384167 np0000001394 devstack@g-api.service[101949]: DEBUG glance.common.config [None req-a380b328-810f-45f6-b747-0327ec558f67 None None] digest_algorithm = sha256 {{(pid=101949) log_opt_values /opt/stack/data/venv/lib/python3.12/site-packages/oslo_config/cfg.py:3245}}
May 26 08:21:30.384262 np0000001394 devstack@g-api.service[101949]: DEBUG glance.common.config [None req-a380b328-810f-45f6-b747-0327ec558f67 None None] disabled_notifications = [] {{(pid=101949) log_opt_values /opt/stack/data/venv/lib/python3.12/site-packages/oslo_config/cfg.py:3245}}
May 26 08:21:30.384380 np0000001394 devstack@g-api.service[101949]: DEBUG glance.common.config [None req-a380b328-810f-45f6-b747-0327ec558f67 None None] do_secure_hash = True {{(pid=101949) log_opt_values /opt/stack/data/venv/lib/python3.12/site-packages/oslo_config/cfg.py:3245}}
May 26 08:21:30.384473 np0000001394 devstack@g-api.service[101949]: DEBUG glance.common.config [None req-a380b328-810f-45f6-b747-0327ec558f67 None None] enabled_backends = None {{(pid=101949) log_opt_values /opt/stack/data/venv/lib/python3.12/site-packages/oslo_config/cfg.py:3245}}
May 26 08:21:30.384635 np0000001394 devstack@g-api.service[101949]: DEBUG glance.common.config [None req-a380b328-810f-45f6-b747-0327ec558f67 None None] enabled_import_methods = ['glance-direct', 'web-download', 'copy-image'] {{(pid=101949) log_opt_values /opt/stack/data/venv/lib/python3.12/site-packages/oslo_config/cfg.py:3245}}
May 26 08:21:30.384788 np0000001394 devstack@g-api.service[101949]: DEBUG glance.common.config [None req-a380b328-810f-45f6-b747-0327ec558f67 None None] fatal_deprecations = False {{(pid=101949) log_opt_values /opt/stack/data/venv/lib/python3.12/site-packages/oslo_config/cfg.py:3245}}
May 26 08:21:30.384932 np0000001394 devstack@g-api.service[101949]: DEBUG glance.common.config [None req-a380b328-810f-45f6-b747-0327ec558f67 None None] hashing_algorithm = sha512 {{(pid=101949) log_opt_values /opt/stack/data/venv/lib/python3.12/site-packages/oslo_config/cfg.py:3245}}
May 26 08:21:30.385050 np0000001394 devstack@g-api.service[101949]: DEBUG glance.common.config [None req-a380b328-810f-45f6-b747-0327ec558f67 None None] http_keepalive = True {{(pid=101949) log_opt_values /opt/stack/data/venv/lib/python3.12/site-packages/oslo_config/cfg.py:3245}}
May 26 08:21:30.385150 np0000001394 devstack@g-api.service[101949]: DEBUG glance.common.config [None req-a380b328-810f-45f6-b747-0327ec558f67 None None] http_retries = 3 {{(pid=101949) log_opt_values /opt/stack/data/venv/lib/python3.12/site-packages/oslo_config/cfg.py:3245}}
May 26 08:21:30.385245 np0000001394 devstack@g-api.service[101949]: DEBUG glance.common.config [None req-a380b328-810f-45f6-b747-0327ec558f67 None None] image_cache_dir = /opt/stack/data/glance/cache/ {{(pid=101949) log_opt_values /opt/stack/data/venv/lib/python3.12/site-packages/oslo_config/cfg.py:3245}}
May 26 08:21:30.385361 np0000001394 devstack@g-api.service[101949]: DEBUG glance.common.config [None req-a380b328-810f-45f6-b747-0327ec558f67 None None] image_cache_driver = centralized_db {{(pid=101949) log_opt_values /opt/stack/data/venv/lib/python3.12/site-packages/oslo_config/cfg.py:3245}}
May 26 08:21:30.385440 np0000001394 devstack@g-api.service[101949]: DEBUG glance.common.config [None req-a380b328-810f-45f6-b747-0327ec558f67 None None] image_cache_max_size = 10737418240 {{(pid=101949) log_opt_values /opt/stack/data/venv/lib/python3.12/site-packages/oslo_config/cfg.py:3245}}
May 26 08:21:30.385506 np0000001394 devstack@g-api.service[101949]: DEBUG glance.common.config [None req-a380b328-810f-45f6-b747-0327ec558f67 None None] image_cache_sqlite_db = cache.db {{(pid=101949) log_opt_values /opt/stack/data/venv/lib/python3.12/site-packages/oslo_config/cfg.py:3245}}
May 26 08:21:30.385606 np0000001394 devstack@g-api.service[101949]: DEBUG glance.common.config [None req-a380b328-810f-45f6-b747-0327ec558f67 None None] image_cache_stall_time = 86400 {{(pid=101949) log_opt_values /opt/stack/data/venv/lib/python3.12/site-packages/oslo_config/cfg.py:3245}}
May 26 08:21:30.385693 np0000001394 devstack@g-api.service[101950]: DEBUG glance.image_cache.drivers.centralized_db [None req-dd6c2e70-f1ca-4db6-b2dd-f4db1a6c2f24 None None] Node reference is already recorded, ignoring it {{(pid=101950) configure /opt/stack/glance/glance/image_cache/drivers/centralized_db.py:71}}
May 26 08:21:30.385768 np0000001394 devstack@g-api.service[101949]: DEBUG glance.common.config [None req-a380b328-810f-45f6-b747-0327ec558f67 None None] image_location_quota = 10 {{(pid=101949) log_opt_values /opt/stack/data/venv/lib/python3.12/site-packages/oslo_config/cfg.py:3245}}
May 26 08:21:30.385768 np0000001394 devstack@g-api.service[101949]: DEBUG glance.common.config [None req-a380b328-810f-45f6-b747-0327ec558f67 None None] image_member_quota = 128 {{(pid=101949) log_opt_values /opt/stack/data/venv/lib/python3.12/site-packages/oslo_config/cfg.py:3245}}
May 26 08:21:30.385879 np0000001394 devstack@g-api.service[101949]: DEBUG glance.common.config [None req-a380b328-810f-45f6-b747-0327ec558f67 None None] image_property_quota = 128 {{(pid=101949) log_opt_values /opt/stack/data/venv/lib/python3.12/site-packages/oslo_config/cfg.py:3245}}
May 26 08:21:30.385980 np0000001394 devstack@g-api.service[101949]: DEBUG glance.common.config [None req-a380b328-810f-45f6-b747-0327ec558f67 None None] image_size_cap = 1099511627776 {{(pid=101949) log_opt_values /opt/stack/data/venv/lib/python3.12/site-packages/oslo_config/cfg.py:3245}}
May 26 08:21:30.386054 np0000001394 devstack@g-api.service[101949]: DEBUG glance.common.config [None req-a380b328-810f-45f6-b747-0327ec558f67 None None] image_tag_quota = 128 {{(pid=101949) log_opt_values /opt/stack/data/venv/lib/python3.12/site-packages/oslo_config/cfg.py:3245}}
May 26 08:21:30.386165 np0000001394 devstack@g-api.service[101949]: DEBUG glance.common.config [None req-a380b328-810f-45f6-b747-0327ec558f67 None None] instance_format = [instance: %(uuid)s] {{(pid=101949) log_opt_values /opt/stack/data/venv/lib/python3.12/site-packages/oslo_config/cfg.py:3245}}
May 26 08:21:30.386252 np0000001394 devstack@g-api.service[101949]: DEBUG glance.common.config [None req-a380b328-810f-45f6-b747-0327ec558f67 None None] instance_uuid_format = [instance: %(uuid)s] {{(pid=101949) log_opt_values /opt/stack/data/venv/lib/python3.12/site-packages/oslo_config/cfg.py:3245}}
May 26 08:21:30.386333 np0000001394 devstack@g-api.service[101949]: DEBUG glance.common.config [None req-a380b328-810f-45f6-b747-0327ec558f67 None None] limit_param_default = 25 {{(pid=101949) log_opt_values /opt/stack/data/venv/lib/python3.12/site-packages/oslo_config/cfg.py:3245}}
May 26 08:21:30.386449 np0000001394 devstack@g-api.service[101949]: DEBUG glance.common.config [None req-a380b328-810f-45f6-b747-0327ec558f67 None None] log_color = False {{(pid=101949) log_opt_values /opt/stack/data/venv/lib/python3.12/site-packages/oslo_config/cfg.py:3245}}
May 26 08:21:30.386500 np0000001394 devstack@g-api.service[101948]: INFO glance.api.middleware.cache [None req-120b9b46-b2ae-4eda-a691-0a4e3e793663 None None] Initialized image cache middleware
May 26 08:21:30.386551 np0000001394 devstack@g-api.service[101949]: DEBUG glance.common.config [None req-a380b328-810f-45f6-b747-0327ec558f67 None None] log_config_append = None {{(pid=101949) log_opt_values /opt/stack/data/venv/lib/python3.12/site-packages/oslo_config/cfg.py:3245}}
May 26 08:21:30.386594 np0000001394 devstack@g-api.service[101949]: DEBUG glance.common.config [None req-a380b328-810f-45f6-b747-0327ec558f67 None None] log_date_format = %Y-%m-%d %H:%M:%S {{(pid=101949) log_opt_values /opt/stack/data/venv/lib/python3.12/site-packages/oslo_config/cfg.py:3245}}
May 26 08:21:30.386698 np0000001394 devstack@g-api.service[101949]: DEBUG glance.common.config [None req-a380b328-810f-45f6-b747-0327ec558f67 None None] log_dir = None {{(pid=101949) log_opt_values /opt/stack/data/venv/lib/python3.12/site-packages/oslo_config/cfg.py:3245}}
May 26 08:21:30.386802 np0000001394 devstack@g-api.service[101949]: DEBUG glance.common.config [None req-a380b328-810f-45f6-b747-0327ec558f67 None None] log_file = None {{(pid=101949) log_opt_values /opt/stack/data/venv/lib/python3.12/site-packages/oslo_config/cfg.py:3245}}
May 26 08:21:30.386896 np0000001394 devstack@g-api.service[101949]: DEBUG glance.common.config [None req-a380b328-810f-45f6-b747-0327ec558f67 None None] log_rotate_interval = 1 {{(pid=101949) log_opt_values /opt/stack/data/venv/lib/python3.12/site-packages/oslo_config/cfg.py:3245}}
May 26 08:21:30.386977 np0000001394 devstack@g-api.service[101949]: DEBUG glance.common.config [None req-a380b328-810f-45f6-b747-0327ec558f67 None None] log_rotate_interval_type = days {{(pid=101949) log_opt_values /opt/stack/data/venv/lib/python3.12/site-packages/oslo_config/cfg.py:3245}}
May 26 08:21:30.387051 np0000001394 devstack@g-api.service[101949]: DEBUG glance.common.config [None req-a380b328-810f-45f6-b747-0327ec558f67 None None] log_rotation_type = none {{(pid=101949) log_opt_values /opt/stack/data/venv/lib/python3.12/site-packages/oslo_config/cfg.py:3245}}
May 26 08:21:30.387155 np0000001394 devstack@g-api.service[101949]: DEBUG glance.common.config [None req-a380b328-810f-45f6-b747-0327ec558f67 None None] logging_context_format_string = %(color)s%(levelname)s %(name)s [%(global_request_id)s %(request_id)s %(project_name)s %(user_name)s%(color)s] %(instance)s%(color)s%(message)s {{(pid=101949) log_opt_values /opt/stack/data/venv/lib/python3.12/site-packages/oslo_config/cfg.py:3245}}
May 26 08:21:30.387218 np0000001394 devstack@g-api.service[101949]: DEBUG glance.common.config [None req-a380b328-810f-45f6-b747-0327ec558f67 None None] logging_debug_format_suffix = {{(pid=%(process)d) %(funcName)s %(pathname)s:%(lineno)d}} {{(pid=101949) log_opt_values /opt/stack/data/venv/lib/python3.12/site-packages/oslo_config/cfg.py:3245}}
May 26 08:21:30.387315 np0000001394 devstack@g-api.service[101949]: DEBUG glance.common.config [None req-a380b328-810f-45f6-b747-0327ec558f67 None None] logging_default_format_string = %(color)s%(levelname)s %(name)s [-%(color)s] %(instance)s%(color)s%(message)s {{(pid=101949) log_opt_values /opt/stack/data/venv/lib/python3.12/site-packages/oslo_config/cfg.py:3245}}
May 26 08:21:30.387397 np0000001394 devstack@g-api.service[101949]: DEBUG glance.common.config [None req-a380b328-810f-45f6-b747-0327ec558f67 None None] logging_exception_prefix = ERROR %(name)s %(instance)s {{(pid=101949) log_opt_values /opt/stack/data/venv/lib/python3.12/site-packages/oslo_config/cfg.py:3245}}
May 26 08:21:30.387502 np0000001394 devstack@g-api.service[101949]: DEBUG glance.common.config [None req-a380b328-810f-45f6-b747-0327ec558f67 None None] logging_user_identity_format = %(user)s %(project)s %(domain)s %(system_scope)s %(user_domain)s %(project_domain)s {{(pid=101949) log_opt_values /opt/stack/data/venv/lib/python3.12/site-packages/oslo_config/cfg.py:3245}}
May 26 08:21:30.387553 np0000001394 devstack@g-api.service[101949]: DEBUG glance.common.config [None req-a380b328-810f-45f6-b747-0327ec558f67 None None] max_header_line = 16384 {{(pid=101949) log_opt_values /opt/stack/data/venv/lib/python3.12/site-packages/oslo_config/cfg.py:3245}}
May 26 08:21:30.387674 np0000001394 devstack@g-api.service[101949]: DEBUG glance.common.config [None req-a380b328-810f-45f6-b747-0327ec558f67 None None] max_logfile_count = 30 {{(pid=101949) log_opt_values /opt/stack/data/venv/lib/python3.12/site-packages/oslo_config/cfg.py:3245}}
May 26 08:21:30.387768 np0000001394 devstack@g-api.service[101949]: DEBUG glance.common.config [None req-a380b328-810f-45f6-b747-0327ec558f67 None None] max_logfile_size_mb = 200 {{(pid=101949) log_opt_values /opt/stack/data/venv/lib/python3.12/site-packages/oslo_config/cfg.py:3245}}
May 26 08:21:30.387874 np0000001394 devstack@g-api.service[101949]: DEBUG glance.common.config [None req-a380b328-810f-45f6-b747-0327ec558f67 None None] max_request_id_length = 64 {{(pid=101949) log_opt_values /opt/stack/data/venv/lib/python3.12/site-packages/oslo_config/cfg.py:3245}}
May 26 08:21:30.387967 np0000001394 devstack@g-api.service[101949]: DEBUG glance.common.config [None req-a380b328-810f-45f6-b747-0327ec558f67 None None] metadata_encryption_key = **** {{(pid=101949) log_opt_values /opt/stack/data/venv/lib/python3.12/site-packages/oslo_config/cfg.py:3245}}
May 26 08:21:30.388098 np0000001394 devstack@g-api.service[101949]: DEBUG glance.common.config [None req-a380b328-810f-45f6-b747-0327ec558f67 None None] node_staging_uri = file:///tmp/staging/ {{(pid=101949) log_opt_values /opt/stack/data/venv/lib/python3.12/site-packages/oslo_config/cfg.py:3245}}
May 26 08:21:30.388209 np0000001394 devstack@g-api.service[101949]: DEBUG glance.common.config [None req-a380b328-810f-45f6-b747-0327ec558f67 None None] property_protection_file = None {{(pid=101949) log_opt_values /opt/stack/data/venv/lib/python3.12/site-packages/oslo_config/cfg.py:3245}}
May 26 08:21:30.388307 np0000001394 devstack@g-api.service[101949]: DEBUG glance.common.config [None req-a380b328-810f-45f6-b747-0327ec558f67 None None] property_protection_rule_format = roles {{(pid=101949) log_opt_values /opt/stack/data/venv/lib/python3.12/site-packages/oslo_config/cfg.py:3245}}
May 26 08:21:30.388403 np0000001394 devstack@g-api.service[101949]: DEBUG glance.common.config [None req-a380b328-810f-45f6-b747-0327ec558f67 None None] public_endpoint = https://10.4.3.227/image {{(pid=101949) log_opt_values /opt/stack/data/venv/lib/python3.12/site-packages/oslo_config/cfg.py:3245}}
May 26 08:21:30.388486 np0000001394 devstack@g-api.service[101949]: DEBUG glance.common.config [None req-a380b328-810f-45f6-b747-0327ec558f67 None None] publish_errors = False {{(pid=101949) log_opt_values /opt/stack/data/venv/lib/python3.12/site-packages/oslo_config/cfg.py:3245}}
May 26 08:21:30.388574 np0000001394 devstack@g-api.service[101949]: DEBUG glance.common.config [None req-a380b328-810f-45f6-b747-0327ec558f67 None None] pydev_worker_debug_host = None {{(pid=101949) log_opt_values /opt/stack/data/venv/lib/python3.12/site-packages/oslo_config/cfg.py:3245}}
May 26 08:21:30.388645 np0000001394 devstack@g-api.service[101949]: DEBUG glance.common.config [None req-a380b328-810f-45f6-b747-0327ec558f67 None None] pydev_worker_debug_port = 5678 {{(pid=101949) log_opt_values /opt/stack/data/venv/lib/python3.12/site-packages/oslo_config/cfg.py:3245}}
May 26 08:21:30.388727 np0000001394 devstack@g-api.service[101949]: DEBUG glance.common.config [None req-a380b328-810f-45f6-b747-0327ec558f67 None None] rate_limit_burst = 0 {{(pid=101949) log_opt_values /opt/stack/data/venv/lib/python3.12/site-packages/oslo_config/cfg.py:3245}}
May 26 08:21:30.388901 np0000001394 devstack@g-api.service[101949]: DEBUG glance.common.config [None req-a380b328-810f-45f6-b747-0327ec558f67 None None] rate_limit_except_level = CRITICAL {{(pid=101949) log_opt_values /opt/stack/data/venv/lib/python3.12/site-packages/oslo_config/cfg.py:3245}}
May 26 08:21:30.389011 np0000001394 devstack@g-api.service[101949]: DEBUG glance.common.config [None req-a380b328-810f-45f6-b747-0327ec558f67 None None] rate_limit_interval = 0 {{(pid=101949) log_opt_values /opt/stack/data/venv/lib/python3.12/site-packages/oslo_config/cfg.py:3245}}
May 26 08:21:30.389118 np0000001394 devstack@g-api.service[101949]: DEBUG glance.common.config [None req-a380b328-810f-45f6-b747-0327ec558f67 None None] scrub_pool_size = 1 {{(pid=101949) log_opt_values /opt/stack/data/venv/lib/python3.12/site-packages/oslo_config/cfg.py:3245}}
May 26 08:21:30.389195 np0000001394 devstack@g-api.service[101949]: DEBUG glance.common.config [None req-a380b328-810f-45f6-b747-0327ec558f67 None None] scrub_time = 0 {{(pid=101949) log_opt_values /opt/stack/data/venv/lib/python3.12/site-packages/oslo_config/cfg.py:3245}}
May 26 08:21:30.389281 np0000001394 devstack@g-api.service[101949]: DEBUG glance.common.config [None req-a380b328-810f-45f6-b747-0327ec558f67 None None] shell_completion = None {{(pid=101949) log_opt_values /opt/stack/data/venv/lib/python3.12/site-packages/oslo_config/cfg.py:3245}}
May 26 08:21:30.389379 np0000001394 devstack@g-api.service[101949]: DEBUG glance.common.config [None req-a380b328-810f-45f6-b747-0327ec558f67 None None] show_image_direct_url = False {{(pid=101949) log_opt_values /opt/stack/data/venv/lib/python3.12/site-packages/oslo_config/cfg.py:3245}}
May 26 08:21:30.389573 np0000001394 devstack@g-api.service[101949]: WARNING oslo_config.cfg [None req-a380b328-810f-45f6-b747-0327ec558f67 None None] Deprecated: Option "show_multiple_locations" from group "DEFAULT" is deprecated for removal (Use of this option, deprecated since Newton, is a security risk and will be removed once we figure out a way to satisfy those use cases that currently require it. An earlier announcement that the same functionality can be achieved with greater granularity by using policies is incorrect. You cannot work around this option via policy configuration at the present time, though that is the direction we believe the fix will take. Please keep an eye on the Glance release notes to stay up to date on progress in addressing this issue.). Its value may be silently ignored in the future.
May 26 08:21:30.389692 np0000001394 devstack@g-api.service[101949]: DEBUG glance.common.config [None req-a380b328-810f-45f6-b747-0327ec558f67 None None] show_multiple_locations = False {{(pid=101949) log_opt_values /opt/stack/data/venv/lib/python3.12/site-packages/oslo_config/cfg.py:3245}}
May 26 08:21:30.389765 np0000001394 devstack@g-api.service[101949]: DEBUG glance.common.config [None req-a380b328-810f-45f6-b747-0327ec558f67 None None] syslog_log_facility = LOG_USER {{(pid=101949) log_opt_values /opt/stack/data/venv/lib/python3.12/site-packages/oslo_config/cfg.py:3245}}
May 26 08:21:30.389876 np0000001394 devstack@g-api.service[101949]: DEBUG glance.common.config [None req-a380b328-810f-45f6-b747-0327ec558f67 None None] tcp_keepidle = 600 {{(pid=101949) log_opt_values /opt/stack/data/venv/lib/python3.12/site-packages/oslo_config/cfg.py:3245}}
May 26 08:21:30.389971 np0000001394 devstack@g-api.service[101949]: DEBUG glance.common.config [None req-a380b328-810f-45f6-b747-0327ec558f67 None None] transport_url = **** {{(pid=101949) log_opt_values /opt/stack/data/venv/lib/python3.12/site-packages/oslo_config/cfg.py:3245}}
May 26 08:21:30.390061 np0000001394 devstack@g-api.service[101949]: DEBUG glance.common.config [None req-a380b328-810f-45f6-b747-0327ec558f67 None None] use_journal = False {{(pid=101949) log_opt_values /opt/stack/data/venv/lib/python3.12/site-packages/oslo_config/cfg.py:3245}}
May 26 08:21:30.390160 np0000001394 devstack@g-api.service[101949]: DEBUG glance.common.config [None req-a380b328-810f-45f6-b747-0327ec558f67 None None] use_json = False {{(pid=101949) log_opt_values /opt/stack/data/venv/lib/python3.12/site-packages/oslo_config/cfg.py:3245}}
May 26 08:21:30.390270 np0000001394 devstack@g-api.service[101949]: DEBUG glance.common.config [None req-a380b328-810f-45f6-b747-0327ec558f67 None None] use_keystone_limits = True {{(pid=101949) log_opt_values /opt/stack/data/venv/lib/python3.12/site-packages/oslo_config/cfg.py:3245}}
May 26 08:21:30.390367 np0000001394 devstack@g-api.service[101949]: DEBUG glance.common.config [None req-a380b328-810f-45f6-b747-0327ec558f67 None None] use_stderr = False {{(pid=101949) log_opt_values /opt/stack/data/venv/lib/python3.12/site-packages/oslo_config/cfg.py:3245}}
May 26 08:21:30.390462 np0000001394 devstack@g-api.service[101949]: DEBUG glance.common.config [None req-a380b328-810f-45f6-b747-0327ec558f67 None None] use_syslog = False {{(pid=101949) log_opt_values /opt/stack/data/venv/lib/python3.12/site-packages/oslo_config/cfg.py:3245}}
May 26 08:21:30.390552 np0000001394 devstack@g-api.service[101949]: DEBUG glance.common.config [None req-a380b328-810f-45f6-b747-0327ec558f67 None None] user_storage_quota = 0 {{(pid=101949) log_opt_values /opt/stack/data/venv/lib/python3.12/site-packages/oslo_config/cfg.py:3245}}
May 26 08:21:30.390642 np0000001394 devstack@g-api.service[101949]: DEBUG glance.common.config [None req-a380b328-810f-45f6-b747-0327ec558f67 None None] worker_self_reference_url = http://127.0.0.1:60999 {{(pid=101949) log_opt_values /opt/stack/data/venv/lib/python3.12/site-packages/oslo_config/cfg.py:3245}}
May 26 08:21:30.390763 np0000001394 devstack@g-api.service[101949]: DEBUG glance.common.config [None req-a380b328-810f-45f6-b747-0327ec558f67 None None] workers = None {{(pid=101949) log_opt_values /opt/stack/data/venv/lib/python3.12/site-packages/oslo_config/cfg.py:3245}}
May 26 08:21:30.390820 np0000001394 devstack@g-api.service[101950]: INFO glance.image_cache [None req-dd6c2e70-f1ca-4db6-b2dd-f4db1a6c2f24 None None] Image cache loaded driver 'centralized_db'.
May 26 08:21:30.390857 np0000001394 devstack@g-api.service[101949]: DEBUG glance.common.config [None req-a380b328-810f-45f6-b747-0327ec558f67 None None] oslo_concurrency.disable_process_locking = False {{(pid=101949) log_opt_values /opt/stack/data/venv/lib/python3.12/site-packages/oslo_config/cfg.py:3256}}
May 26 08:21:30.390954 np0000001394 devstack@g-api.service[101949]: DEBUG glance.common.config [None req-a380b328-810f-45f6-b747-0327ec558f67 None None] oslo_concurrency.lock_path = /opt/stack/data/glance/locks {{(pid=101949) log_opt_values /opt/stack/data/venv/lib/python3.12/site-packages/oslo_config/cfg.py:3256}}
May 26 08:21:30.391035 np0000001394 devstack@g-api.service[101949]: DEBUG glance.common.config [None req-a380b328-810f-45f6-b747-0327ec558f67 None None] oslo_middleware.enable_proxy_headers_parsing = False {{(pid=101949) log_opt_values /opt/stack/data/venv/lib/python3.12/site-packages/oslo_config/cfg.py:3256}}
May 26 08:21:30.391138 np0000001394 devstack@g-api.service[101949]: DEBUG glance.common.config [None req-a380b328-810f-45f6-b747-0327ec558f67 None None] oslo_middleware.http_basic_auth_user_file = /etc/htpasswd {{(pid=101949) log_opt_values /opt/stack/data/venv/lib/python3.12/site-packages/oslo_config/cfg.py:3256}}
May 26 08:21:30.391228 np0000001394 devstack@g-api.service[101949]: DEBUG glance.common.config [None req-a380b328-810f-45f6-b747-0327ec558f67 None None] paste_deploy.config_file = None {{(pid=101949) log_opt_values /opt/stack/data/venv/lib/python3.12/site-packages/oslo_config/cfg.py:3256}}
May 26 08:21:30.391320 np0000001394 devstack@g-api.service[101949]: DEBUG glance.common.config [None req-a380b328-810f-45f6-b747-0327ec558f67 None None] paste_deploy.flavor = keystone+cachemanagement {{(pid=101949) log_opt_values /opt/stack/data/venv/lib/python3.12/site-packages/oslo_config/cfg.py:3256}}
May 26 08:21:30.391446 np0000001394 devstack@g-api.service[101949]: DEBUG glance.common.config [None req-a380b328-810f-45f6-b747-0327ec558f67 None None] image_format.container_formats = ['ami', 'ari', 'aki', 'bare', 'ovf', 'ova', 'docker', 'compressed'] {{(pid=101949) log_opt_values /opt/stack/data/venv/lib/python3.12/site-packages/oslo_config/cfg.py:3256}}
May 26 08:21:30.391571 np0000001394 devstack@g-api.service[101949]: DEBUG glance.common.config [None req-a380b328-810f-45f6-b747-0327ec558f67 None None] image_format.disk_formats = ['ami', 'ari', 'aki', 'vhd', 'vhdx', 'vmdk', 'raw', 'qcow2', 'vdi', 'iso', 'ploop'] {{(pid=101949) log_opt_values /opt/stack/data/venv/lib/python3.12/site-packages/oslo_config/cfg.py:3256}}
May 26 08:21:30.391663 np0000001394 devstack@g-api.service[101949]: DEBUG glance.common.config [None req-a380b328-810f-45f6-b747-0327ec558f67 None None] image_format.gpt_safety_checks_nonfatal = [] {{(pid=101949) log_opt_values /opt/stack/data/venv/lib/python3.12/site-packages/oslo_config/cfg.py:3256}}
May 26 08:21:30.391755 np0000001394 devstack@g-api.service[101949]: DEBUG glance.common.config [None req-a380b328-810f-45f6-b747-0327ec558f67 None None] image_format.require_image_format_match = True {{(pid=101949) log_opt_values /opt/stack/data/venv/lib/python3.12/site-packages/oslo_config/cfg.py:3256}}
May 26 08:21:30.391876 np0000001394 devstack@g-api.service[101949]: DEBUG glance.common.config [None req-a380b328-810f-45f6-b747-0327ec558f67 None None] image_format.vmdk_allowed_types = ['streamOptimized', 'monolithicSparse'] {{(pid=101949) log_opt_values /opt/stack/data/venv/lib/python3.12/site-packages/oslo_config/cfg.py:3256}}
May 26 08:21:30.391978 np0000001394 devstack@g-api.service[101949]: DEBUG glance.common.config [None req-a380b328-810f-45f6-b747-0327ec558f67 None None] task.task_executor = taskflow {{(pid=101949) log_opt_values /opt/stack/data/venv/lib/python3.12/site-packages/oslo_config/cfg.py:3256}}
May 26 08:21:30.392086 np0000001394 devstack@g-api.service[101949]: DEBUG glance.common.config [None req-a380b328-810f-45f6-b747-0327ec558f67 None None] task.task_time_to_live = 48 {{(pid=101949) log_opt_values /opt/stack/data/venv/lib/python3.12/site-packages/oslo_config/cfg.py:3256}}
May 26 08:21:30.392159 np0000001394 devstack@g-api.service[101949]: DEBUG glance.common.config [None req-a380b328-810f-45f6-b747-0327ec558f67 None None] task.work_dir = None {{(pid=101949) log_opt_values /opt/stack/data/venv/lib/python3.12/site-packages/oslo_config/cfg.py:3256}}
May 26 08:21:30.392258 np0000001394 devstack@g-api.service[101949]: DEBUG glance.common.config [None req-a380b328-810f-45f6-b747-0327ec558f67 None None] wsgi.python_interpreter = /opt/stack/data/venv/bin/python3 {{(pid=101949) log_opt_values /opt/stack/data/venv/lib/python3.12/site-packages/oslo_config/cfg.py:3256}}
May 26 08:21:30.392376 np0000001394 devstack@g-api.service[101949]: DEBUG glance.common.config [None req-a380b328-810f-45f6-b747-0327ec558f67 None None] wsgi.task_pool_threads = 16 {{(pid=101949) log_opt_values /opt/stack/data/venv/lib/python3.12/site-packages/oslo_config/cfg.py:3256}}
May 26 08:21:30.392472 np0000001394 devstack@g-api.service[101949]: DEBUG glance.common.config [None req-a380b328-810f-45f6-b747-0327ec558f67 None None] profiler.connection_string = messaging:// {{(pid=101949) log_opt_values /opt/stack/data/venv/lib/python3.12/site-packages/oslo_config/cfg.py:3256}}
May 26 08:21:30.392571 np0000001394 devstack@g-api.service[101949]: DEBUG glance.common.config [None req-a380b328-810f-45f6-b747-0327ec558f67 None None] profiler.enabled = False {{(pid=101949) log_opt_values /opt/stack/data/venv/lib/python3.12/site-packages/oslo_config/cfg.py:3256}}
May 26 08:21:30.392663 np0000001394 devstack@g-api.service[101949]: DEBUG glance.common.config [None req-a380b328-810f-45f6-b747-0327ec558f67 None None] profiler.es_doc_type = notification {{(pid=101949) log_opt_values /opt/stack/data/venv/lib/python3.12/site-packages/oslo_config/cfg.py:3256}}
