Jun 27 04:05:49.468852 np0000003827 devstack@g-api.service[99597]: DEBUG glance_store.location [None req-16bfce1b-b006-4643-a4e3-55bc0094271b tempest-AttachSCSIVolumeTestJSON-761866812 tempest-AttachSCSIVolumeTestJSON-761866812-project-admin] Registering scheme swift+http with {'store': , 'location_class': , 'store_entry': 'swift'} {{(pid=99597) register_scheme_map /opt/stack/data/venv/lib/python3.12/site-packages/glance_store/location.py:146}}
Jun 27 04:05:49.468852 np0000003827 devstack@g-api.service[99597]: DEBUG glance_store.location [None req-16bfce1b-b006-4643-a4e3-55bc0094271b tempest-AttachSCSIVolumeTestJSON-761866812 tempest-AttachSCSIVolumeTestJSON-761866812-project-admin] Registering scheme swift+config with {'store': , 'location_class': , 'store_entry': 'swift'} {{(pid=99597) register_scheme_map /opt/stack/data/venv/lib/python3.12/site-packages/glance_store/location.py:146}}
Jun 27 04:05:49.906301 np0000003827 devstack@g-api.service[99597]: DEBUG swiftclient [None req-16bfce1b-b006-4643-a4e3-55bc0094271b tempest-AttachSCSIVolumeTestJSON-761866812 tempest-AttachSCSIVolumeTestJSON-761866812-project-admin] REQ: curl -i https://10.4.3.92:8080/v1/AUTH_62ede042143b4487bbd10b9bb2b9670e/glance -I -H "X-Auth-Token: gAAAAABqP0wdIfuB..." {{(pid=99597) http_log /opt/stack/data/venv/lib/python3.12/site-packages/swiftclient/client.py:160}}
Jun 27 04:05:49.907071 np0000003827 devstack@g-api.service[99597]: DEBUG swiftclient [None req-16bfce1b-b006-4643-a4e3-55bc0094271b tempest-AttachSCSIVolumeTestJSON-761866812 tempest-AttachSCSIVolumeTestJSON-761866812-project-admin] RESP STATUS: 204 No Content {{(pid=99597) http_log /opt/stack/data/venv/lib/python3.12/site-packages/swiftclient/client.py:161}}
Jun 27 04:05:49.907071 np0000003827 devstack@g-api.service[99597]: DEBUG swiftclient [None req-16bfce1b-b006-4643-a4e3-55bc0094271b tempest-AttachSCSIVolumeTestJSON-761866812 tempest-AttachSCSIVolumeTestJSON-761866812-project-admin] RESP HEADERS: {'Date': 'Sat, 27 Jun 2026 04:05:49 GMT', 'Server': 'Apache/2.4.58 (Ubuntu)', 'Content-Type': 'text/plain; charset=utf-8', 'X-Container-Object-Count': '9', 'X-Container-Bytes-Used': '165478400', 'X-Timestamp': '1782532883.50839', 'Last-Modified': 'Sat, 27 Jun 2026 04:01:24 GMT', 'Accept-Ranges': 'bytes', 'X-Storage-Policy': 'Policy-0', 'X-Container-Sharding': 'False', 'Vary': 'Accept', 'X-Trans-Id': 'txf4f8ad4fe023422bb719a-006a3f4c1d', 'X-Openstack-Request-Id': 'txf4f8ad4fe023422bb719a-006a3f4c1d', 'Connection': 'close'} {{(pid=99597) http_log /opt/stack/data/venv/lib/python3.12/site-packages/swiftclient/client.py:162}}
Jun 27 04:05:49.907071 np0000003827 devstack@g-api.service[99597]: DEBUG glance_store._drivers.swift.store [None req-16bfce1b-b006-4643-a4e3-55bc0094271b tempest-AttachSCSIVolumeTestJSON-761866812 tempest-AttachSCSIVolumeTestJSON-761866812-project-admin] Adding image object '04b3f9c4-2559-4a6d-843d-8a39a6bfebc0' to Swift {{(pid=99597) add /opt/stack/data/venv/lib/python3.12/site-packages/glance_store/_drivers/swift/store.py:970}}
Jun 27 04:05:49.907328 np0000003827 devstack@g-api.service[99597]: DEBUG glance_store._drivers.swift.store [None req-16bfce1b-b006-4643-a4e3-55bc0094271b tempest-AttachSCSIVolumeTestJSON-761866812 tempest-AttachSCSIVolumeTestJSON-761866812-project-admin] Cannot determine image size because it is either not provided in the request or chunked-transfer encoding is used. Adding image as a segmented object to Swift. {{(pid=99597) add /opt/stack/data/venv/lib/python3.12/site-packages/glance_store/_drivers/swift/store.py:994}}
Jun 27 04:05:49.915005 np0000003827 devstack@g-api.service[99597]: DEBUG oslo_utils.imageutils.format_inspector [None req-16bfce1b-b006-4643-a4e3-55bc0094271b tempest-AttachSCSIVolumeTestJSON-761866812 tempest-AttachSCSIVolumeTestJSON-761866812-project-admin] Format inspector for vmdk does not match, excluding from consideration (Signature KDMV not found: b'QFI\xfb') {{(pid=99597) _process_chunk /opt/stack/data/venv/lib/python3.12/site-packages/oslo_utils/imageutils/format_inspector.py:1758}}
Jun 27 04:05:49.917866 np0000003827 devstack@g-api.service[99597]: DEBUG oslo_utils.imageutils.format_inspector [None req-16bfce1b-b006-4643-a4e3-55bc0094271b tempest-AttachSCSIVolumeTestJSON-761866812 tempest-AttachSCSIVolumeTestJSON-761866812-project-admin] Format inspector for vhdx does not match, excluding from consideration (Region signature not found at 30000) {{(pid=99597) _process_chunk /opt/stack/data/venv/lib/python3.12/site-packages/oslo_utils/imageutils/format_inspector.py:1758}}
Jun 27 04:05:51.797317 np0000003827 devstack@g-api.service[99597]: DEBUG swiftclient [None req-16bfce1b-b006-4643-a4e3-55bc0094271b tempest-AttachSCSIVolumeTestJSON-761866812 tempest-AttachSCSIVolumeTestJSON-761866812-project-admin] REQ: curl -i https://10.4.3.92:8080/v1/AUTH_62ede042143b4487bbd10b9bb2b9670e/glance/04b3f9c4-2559-4a6d-843d-8a39a6bfebc0-00001 -X PUT -H "X-Auth-Token: gAAAAABqP0wdIfuB..." {{(pid=99597) http_log /opt/stack/data/venv/lib/python3.12/site-packages/swiftclient/client.py:160}}
Jun 27 04:05:51.797317 np0000003827 devstack@g-api.service[99597]: DEBUG swiftclient [None req-16bfce1b-b006-4643-a4e3-55bc0094271b tempest-AttachSCSIVolumeTestJSON-761866812 tempest-AttachSCSIVolumeTestJSON-761866812-project-admin] RESP STATUS: 201 Created {{(pid=99597) http_log /opt/stack/data/venv/lib/python3.12/site-packages/swiftclient/client.py:161}}
Jun 27 04:05:51.797317 np0000003827 devstack@g-api.service[99597]: DEBUG swiftclient [None req-16bfce1b-b006-4643-a4e3-55bc0094271b tempest-AttachSCSIVolumeTestJSON-761866812 tempest-AttachSCSIVolumeTestJSON-761866812-project-admin] RESP HEADERS: {'Date': 'Sat, 27 Jun 2026 04:05:51 GMT', 'Server': 'Apache/2.4.58 (Ubuntu)', 'Content-Type': 'text/html; charset=UTF-8', 'Content-Length': '0', 'Etag': '87617e24a5e30cb3b87fda8c0764838f', 'Last-Modified': 'Sat, 27 Jun 2026 04:05:50 GMT', 'X-Trans-Id': 'tx15d721693bfb491da8a28-006a3f4c1d', 'X-Openstack-Request-Id': 'tx15d721693bfb491da8a28-006a3f4c1d', 'Connection': 'close'} {{(pid=99597) http_log /opt/stack/data/venv/lib/python3.12/site-packages/swiftclient/client.py:162}}
Jun 27 04:05:51.797317 np0000003827 devstack@g-api.service[99597]: DEBUG glance_store._drivers.swift.store [None req-16bfce1b-b006-4643-a4e3-55bc0094271b tempest-AttachSCSIVolumeTestJSON-761866812 tempest-AttachSCSIVolumeTestJSON-761866812-project-admin] Wrote chunk 04b3f9c4-2559-4a6d-843d-8a39a6bfebc0-00001 (1/?) of length 21692416 to Swift returning MD5 of content: 87617e24a5e30cb3b87fda8c0764838f {{(pid=99597) add /opt/stack/data/venv/lib/python3.12/site-packages/glance_store/_drivers/swift/store.py:1059}}
Jun 27 04:05:51.804540 np0000003827 devstack@g-api.service[99597]: DEBUG glance_store._drivers.swift.store [None req-16bfce1b-b006-4643-a4e3-55bc0094271b tempest-AttachSCSIVolumeTestJSON-761866812 tempest-AttachSCSIVolumeTestJSON-761866812-project-admin] Not writing zero-length chunk. {{(pid=99597) add /opt/stack/data/venv/lib/python3.12/site-packages/glance_store/_drivers/swift/store.py:1028}}
Jun 27 04:05:51.844592 np0000003827 devstack@g-api.service[99597]: DEBUG swiftclient [None req-16bfce1b-b006-4643-a4e3-55bc0094271b tempest-AttachSCSIVolumeTestJSON-761866812 tempest-AttachSCSIVolumeTestJSON-761866812-project-admin] REQ: curl -i https://10.4.3.92:8080/v1/AUTH_62ede042143b4487bbd10b9bb2b9670e/glance/04b3f9c4-2559-4a6d-843d-8a39a6bfebc0 -X PUT -H "X-Object-Manifest: glance/04b3f9c4-2559-4a6d-843d-8a39a6bfebc0-" -H "X-Auth-Token: gAAAAABqP0wdIfuB..." -H "Content-Length: 0" {{(pid=99597) http_log /opt/stack/data/venv/lib/python3.12/site-packages/swiftclient/client.py:160}}
Jun 27 04:05:51.847473 np0000003827 devstack@g-api.service[99597]: DEBUG swiftclient [None req-16bfce1b-b006-4643-a4e3-55bc0094271b tempest-AttachSCSIVolumeTestJSON-761866812 tempest-AttachSCSIVolumeTestJSON-761866812-project-admin] RESP STATUS: 201 Created {{(pid=99597) http_log /opt/stack/data/venv/lib/python3.12/site-packages/swiftclient/client.py:161}}
Jun 27 04:05:51.847473 np0000003827 devstack@g-api.service[99597]: DEBUG swiftclient [None req-16bfce1b-b006-4643-a4e3-55bc0094271b tempest-AttachSCSIVolumeTestJSON-761866812 tempest-AttachSCSIVolumeTestJSON-761866812-project-admin] RESP HEADERS: {'Date': 'Sat, 27 Jun 2026 04:05:51 GMT', 'Server': 'Apache/2.4.58 (Ubuntu)', 'Content-Type': 'text/html; charset=UTF-8', 'Content-Length': '0', 'Etag': 'd41d8cd98f00b204e9800998ecf8427e', 'Last-Modified': 'Sat, 27 Jun 2026 04:05:52 GMT', 'X-Trans-Id': 'tx8ab7bb9b1f2342c59a475-006a3f4c1f', 'X-Openstack-Request-Id': 'tx8ab7bb9b1f2342c59a475-006a3f4c1f', 'Connection': 'close'} {{(pid=99597) http_log /opt/stack/data/venv/lib/python3.12/site-packages/swiftclient/client.py:162}}
Jun 27 04:05:51.849129 np0000003827 devstack@g-api.service[99597]: INFO glance.location [None req-16bfce1b-b006-4643-a4e3-55bc0094271b tempest-AttachSCSIVolumeTestJSON-761866812 tempest-AttachSCSIVolumeTestJSON-761866812-project-admin] Image format matched and virtual size computed: 117440512
Jun 27 04:05:52.023860 np0000003827 devstack@g-api.service[99597]: DEBUG glance_store.backend [None req-16bfce1b-b006-4643-a4e3-55bc0094271b tempest-AttachSCSIVolumeTestJSON-761866812 tempest-AttachSCSIVolumeTestJSON-761866812-project-admin] Attempting to import store swift {{(pid=99597) _load_store /opt/stack/data/venv/lib/python3.12/site-packages/glance_store/backend.py:215}}
Jun 27 04:05:52.029632 np0000003827 devstack@g-api.service[99597]: DEBUG glance_store.capabilities [None req-16bfce1b-b006-4643-a4e3-55bc0094271b tempest-AttachSCSIVolumeTestJSON-761866812 tempest-AttachSCSIVolumeTestJSON-761866812-project-admin] Store glance_store._drivers.swift.store.SingleTenantStore doesn't support updating dynamic storage capabilities. Please overwrite 'update_capabilities' method of the store to implement updating logics if needed. {{(pid=99597) update_capabilities /opt/stack/data/venv/lib/python3.12/site-packages/glance_store/capabilities.py:91}}
Jun 27 04:05:52.029747 np0000003827 devstack@g-api.service[99597]: DEBUG glance_store.driver [None req-16bfce1b-b006-4643-a4e3-55bc0094271b tempest-AttachSCSIVolumeTestJSON-761866812 tempest-AttachSCSIVolumeTestJSON-761866812-project-admin] Late loading location class glance_store._drivers.swift.store.StoreLocation {{(pid=99597) get_store_location_class /opt/stack/data/venv/lib/python3.12/site-packages/glance_store/driver.py:134}}
Jun 27 04:05:52.029854 np0000003827 devstack@g-api.service[99597]: DEBUG glance_store.location [None req-16bfce1b-b006-4643-a4e3-55bc0094271b tempest-AttachSCSIVolumeTestJSON-761866812 tempest-AttachSCSIVolumeTestJSON-761866812-project-admin] Registering scheme swift+https with {'store': , 'location_class': , 'store_entry': 'swift'} {{(pid=99597) register_scheme_map /opt/stack/data/venv/lib/python3.12/site-packages/glance_store/location.py:146}}
Jun 27 04:05:52.029959 np0000003827 devstack@g-api.service[99597]: DEBUG glance_store.location [None req-16bfce1b-b006-4643-a4e3-55bc0094271b tempest-AttachSCSIVolumeTestJSON-761866812 tempest-AttachSCSIVolumeTestJSON-761866812-project-admin] Registering scheme swift+https with {'store': , 'location_class': , 'store_entry': 'swift'} {{(pid=99597) register_scheme_map /opt/stack/data/venv/lib/python3.12/site-packages/glance_store/location.py:146}}
Jun 27 04:05:52.030077 np0000003827 devstack@g-api.service[99597]: DEBUG glance_store.location [None req-16bfce1b-b006-4643-a4e3-55bc0094271b tempest-AttachSCSIVolumeTestJSON-761866812 tempest-AttachSCSIVolumeTestJSON-761866812-project-admin] Registering scheme swift with {'store': , 'location_class': , 'store_entry': 'swift'} {{(pid=99597) register_scheme_map /opt/stack/data/venv/lib/python3.12/site-packages/glance_store/location.py:146}}
Jun 27 04:05:52.030215 np0000003827 devstack@g-api.service[99597]: DEBUG glance_store.location [None req-16bfce1b-b006-4643-a4e3-55bc0094271b tempest-AttachSCSIVolumeTestJSON-761866812 tempest-AttachSCSIVolumeTestJSON-761866812-project-admin] Registering scheme swift+https with {'store': , 'location_class': , 'store_entry': 'swift'} {{(pid=99597) register_scheme_map /opt/stack/data/venv/lib/python3.12/site-packages/glance_store/location.py:146}}
Jun 27 04:05:52.030330 np0000003827 devstack@g-api.service[99597]: DEBUG glance_store.location [None req-16bfce1b-b006-4643-a4e3-55bc0094271b tempest-AttachSCSIVolumeTestJSON-761866812 tempest-AttachSCSIVolumeTestJSON-761866812-project-admin] Registering scheme swift with {'store': , 'location_class': , 'store_entry': 'swift'} {{(pid=99597) register_scheme_map /opt/stack/data/venv/lib/python3.12/site-packages/glance_store/location.py:146}}
Jun 27 04:05:52.030420 np0000003827 devstack@g-api.service[99597]: DEBUG glance_store.location [None req-16bfce1b-b006-4643-a4e3-55bc0094271b tempest-AttachSCSIVolumeTestJSON-761866812 tempest-AttachSCSIVolumeTestJSON-761866812-project-admin] Registering scheme swift+http with {'store': , 'location_class': , 'store_entry': 'swift'} {{(pid=99597) register_scheme_map /opt/stack/data/venv/lib/python3.12/site-packages/glance_store/location.py:146}}
Jun 27 04:05:52.030664 np0000003827 devstack@g-api.service[99597]: DEBUG glance_store.location [None req-16bfce1b-b006-4643-a4e3-55bc0094271b tempest-AttachSCSIVolumeTestJSON-761866812 tempest-AttachSCSIVolumeTestJSON-761866812-project-admin] Registering scheme swift+https with {'store': , 'location_class': , 'store_entry': 'swift'} {{(pid=99597) register_scheme_map /opt/stack/data/venv/lib/python3.12/site-packages/glance_store/location.py:146}}
Jun 27 04:05:52.030904 np0000003827 devstack@g-api.service[99597]: DEBUG glance_store.location [None req-16bfce1b-b006-4643-a4e3-55bc0094271b tempest-AttachSCSIVolumeTestJSON-761866812 tempest-AttachSCSIVolumeTestJSON-761866812-project-admin] Registering scheme swift with {'store': , 'location_class': , 'store_entry': 'swift'} {{(pid=99597) register_scheme_map /opt/stack/data/venv/lib/python3.12/site-packages/glance_store/location.py:146}}
Jun 27 04:05:52.031076 np0000003827 devstack@g-api.service[99597]: DEBUG glance_store.location [None req-16bfce1b-b006-4643-a4e3-55bc0094271b tempest-AttachSCSIVolumeTestJSON-761866812 tempest-AttachSCSIVolumeTestJSON-761866812-project-admin] Registering scheme swift+http with {'store': , 'location_class': , 'store_entry': 'swift'} {{(pid=99597) register_scheme_map /opt/stack/data/venv/lib/python3.12/site-packages/glance_store/location.py:146}}
Jun 27 04:05:52.031198 np0000003827 devstack@g-api.service[99597]: DEBUG glance_store.location [None req-16bfce1b-b006-4643-a4e3-55bc0094271b tempest-AttachSCSIVolumeTestJSON-761866812 tempest-AttachSCSIVolumeTestJSON-761866812-project-admin] Registering scheme swift+config with {'store': , 'location_class': , 'store_entry': 'swift'} {{(pid=99597) register_scheme_map /opt/stack/data/venv/lib/python3.12/site-packages/glance_store/location.py:146}}
Jun 27 04:05:52.033666 np0000003827 devstack@g-api.service[99597]: DEBUG glance_store.backend [None req-16bfce1b-b006-4643-a4e3-55bc0094271b tempest-AttachSCSIVolumeTestJSON-761866812 tempest-AttachSCSIVolumeTestJSON-761866812-project-admin] Skipping store.set_acls... not implemented. {{(pid=99597) set_acls /opt/stack/data/venv/lib/python3.12/site-packages/glance_store/backend.py:507}}
Jun 27 04:05:52.035194 np0000003827 devstack@g-api.service[99597]: [pid: 99597|app: 0|req: 84/241] 127.0.0.1 () {40 vars in 854 bytes} [Sat Jun 27 04:05:48 2026] PUT /v2/images/04b3f9c4-2559-4a6d-843d-8a39a6bfebc0/file => generated 0 bytes in 3857 msecs (HTTP/1.1 204) 4 headers in 171 bytes (1 switches on core 0)
Jun 27 04:05:55.434832 np0000003827 devstack@g-api.service[99595]: DEBUG glance.api.middleware.version_negotiation [None req-6e2432f0-e0ab-439c-b611-a0400afd2e5b tempest-AttachSCSIVolumeTestJSON-761866812 tempest-AttachSCSIVolumeTestJSON-761866812-project-admin] Determining version of request: GET /v2/images/04b3f9c4-2559-4a6d-843d-8a39a6bfebc0 Accept: */* {{(pid=99595) process_request /opt/stack/glance/glance/api/middleware/version_negotiation.py:44}}
Jun 27 04:05:55.435403 np0000003827 devstack@g-api.service[99595]: DEBUG glance.api.middleware.version_negotiation [None req-6e2432f0-e0ab-439c-b611-a0400afd2e5b tempest-AttachSCSIVolumeTestJSON-761866812 tempest-AttachSCSIVolumeTestJSON-761866812-project-admin] Using url versioning {{(pid=99595) process_request /opt/stack/glance/glance/api/middleware/version_negotiation.py:57}}
Jun 27 04:05:55.435403 np0000003827 devstack@g-api.service[99595]: DEBUG glance.api.middleware.version_negotiation [None req-6e2432f0-e0ab-439c-b611-a0400afd2e5b tempest-AttachSCSIVolumeTestJSON-761866812 tempest-AttachSCSIVolumeTestJSON-761866812-project-admin] Matched version: v2 {{(pid=99595) process_request /opt/stack/glance/glance/api/middleware/version_negotiation.py:69}}
Jun 27 04:05:55.435567 np0000003827 devstack@g-api.service[99595]: DEBUG glance.api.middleware.version_negotiation [None req-6e2432f0-e0ab-439c-b611-a0400afd2e5b tempest-AttachSCSIVolumeTestJSON-761866812 tempest-AttachSCSIVolumeTestJSON-761866812-project-admin] new path /v2/images/04b3f9c4-2559-4a6d-843d-8a39a6bfebc0 {{(pid=99595) process_request /opt/stack/glance/glance/api/middleware/version_negotiation.py:70}}
Jun 27 04:05:55.447945 np0000003827 devstack@g-api.service[99595]: [pid: 99595|app: 0|req: 81/242] 127.0.0.1 () {44 vars in 1111 bytes} [Sat Jun 27 04:05:55 2026] GET /v2/images/04b3f9c4-2559-4a6d-843d-8a39a6bfebc0 => generated 859 bytes in 13 msecs (HTTP/1.1 200) 4 headers in 157 bytes (1 switches on core 0)
Jun 27 04:05:55.491586 np0000003827 devstack@g-api.service[99596]: DEBUG glance.api.middleware.version_negotiation [None req-9020d408-5806-4227-abd7-8c48ec7f0a47 tempest-AttachSCSIVolumeTestJSON-761866812 tempest-AttachSCSIVolumeTestJSON-761866812-project-admin] Determining version of request: GET /v2/schemas/image Accept: */* {{(pid=99596) process_request /opt/stack/glance/glance/api/middleware/version_negotiation.py:44}}
Jun 27 04:05:55.492107 np0000003827 devstack@g-api.service[99596]: DEBUG glance.api.middleware.version_negotiation [None req-9020d408-5806-4227-abd7-8c48ec7f0a47 tempest-AttachSCSIVolumeTestJSON-761866812 tempest-AttachSCSIVolumeTestJSON-761866812-project-admin] Using url versioning {{(pid=99596) process_request /opt/stack/glance/glance/api/middleware/version_negotiation.py:57}}
Jun 27 04:05:55.492107 np0000003827 devstack@g-api.service[99596]: DEBUG glance.api.middleware.version_negotiation [None req-9020d408-5806-4227-abd7-8c48ec7f0a47 tempest-AttachSCSIVolumeTestJSON-761866812 tempest-AttachSCSIVolumeTestJSON-761866812-project-admin] Matched version: v2 {{(pid=99596) process_request /opt/stack/glance/glance/api/middleware/version_negotiation.py:69}}
Jun 27 04:05:55.492107 np0000003827 devstack@g-api.service[99596]: DEBUG glance.api.middleware.version_negotiation [None req-9020d408-5806-4227-abd7-8c48ec7f0a47 tempest-AttachSCSIVolumeTestJSON-761866812 tempest-AttachSCSIVolumeTestJSON-761866812-project-admin] new path /v2/schemas/image {{(pid=99596) process_request /opt/stack/glance/glance/api/middleware/version_negotiation.py:70}}
Jun 27 04:05:55.495270 np0000003827 devstack@g-api.service[99596]: [pid: 99596|app: 0|req: 78/243] 127.0.0.1 () {44 vars in 1051 bytes} [Sat Jun 27 04:05:55 2026] GET /v2/schemas/image => generated 6083 bytes in 4 msecs (HTTP/1.1 200) 4 headers in 158 bytes (1 switches on core 0)
Jun 27 04:05:56.541263 np0000003827 devstack@g-api.service[99597]: DEBUG glance.api.middleware.version_negotiation [None req-16bfce1b-b006-4643-a4e3-55bc0094271b tempest-AttachSCSIVolumeTestJSON-761866812 tempest-AttachSCSIVolumeTestJSON-761866812-project-admin] Determining version of request: GET /v2/images/dcc50934-2142-4b95-b0af-359e666386e3 Accept: */* {{(pid=99597) process_request /opt/stack/glance/glance/api/middleware/version_negotiation.py:44}}
Jun 27 04:05:56.541865 np0000003827 devstack@g-api.service[99597]: DEBUG glance.api.middleware.version_negotiation [None req-16bfce1b-b006-4643-a4e3-55bc0094271b tempest-AttachSCSIVolumeTestJSON-761866812 tempest-AttachSCSIVolumeTestJSON-761866812-project-admin] Using url versioning {{(pid=99597) process_request /opt/stack/glance/glance/api/middleware/version_negotiation.py:57}}
Jun 27 04:05:56.541865 np0000003827 devstack@g-api.service[99597]: DEBUG glance.api.middleware.version_negotiation [None req-16bfce1b-b006-4643-a4e3-55bc0094271b tempest-AttachSCSIVolumeTestJSON-761866812 tempest-AttachSCSIVolumeTestJSON-761866812-project-admin] Matched version: v2 {{(pid=99597) process_request /opt/stack/glance/glance/api/middleware/version_negotiation.py:69}}
Jun 27 04:05:56.541865 np0000003827 devstack@g-api.service[99597]: DEBUG glance.api.middleware.version_negotiation [None req-16bfce1b-b006-4643-a4e3-55bc0094271b tempest-AttachSCSIVolumeTestJSON-761866812 tempest-AttachSCSIVolumeTestJSON-761866812-project-admin] new path /v2/images/dcc50934-2142-4b95-b0af-359e666386e3 {{(pid=99597) process_request /opt/stack/glance/glance/api/middleware/version_negotiation.py:70}}
Jun 27 04:05:56.559342 np0000003827 devstack@g-api.service[99597]: [pid: 99597|app: 0|req: 85/244] 127.0.0.1 () {44 vars in 1111 bytes} [Sat Jun 27 04:05:56 2026] GET /v2/images/dcc50934-2142-4b95-b0af-359e666386e3 => generated 1044 bytes in 18 msecs (HTTP/1.1 200) 4 headers in 158 bytes (1 switches on core 0)
Jun 27 04:05:56.569506 np0000003827 devstack@g-api.service[99595]: DEBUG glance.api.middleware.version_negotiation [None req-20bcb4e8-6938-47f6-a671-4e6b77aaa1d2 tempest-AttachSCSIVolumeTestJSON-3790752 tempest-AttachSCSIVolumeTestJSON-3790752-project-member] Determining version of request: GET /v2/schemas/image Accept: */* {{(pid=99595) process_request /opt/stack/glance/glance/api/middleware/version_negotiation.py:44}}
Jun 27 04:05:56.569975 np0000003827 devstack@g-api.service[99595]: DEBUG glance.api.middleware.version_negotiation [None req-20bcb4e8-6938-47f6-a671-4e6b77aaa1d2 tempest-AttachSCSIVolumeTestJSON-3790752 tempest-AttachSCSIVolumeTestJSON-3790752-project-member] Using url versioning {{(pid=99595) process_request /opt/stack/glance/glance/api/middleware/version_negotiation.py:57}}
Jun 27 04:05:56.569975 np0000003827 devstack@g-api.service[99595]: DEBUG glance.api.middleware.version_negotiation [None req-20bcb4e8-6938-47f6-a671-4e6b77aaa1d2 tempest-AttachSCSIVolumeTestJSON-3790752 tempest-AttachSCSIVolumeTestJSON-3790752-project-member] Matched version: v2 {{(pid=99595) process_request /opt/stack/glance/glance/api/middleware/version_negotiation.py:69}}
Jun 27 04:05:56.569975 np0000003827 devstack@g-api.service[99595]: DEBUG glance.api.middleware.version_negotiation [None req-20bcb4e8-6938-47f6-a671-4e6b77aaa1d2 tempest-AttachSCSIVolumeTestJSON-3790752 tempest-AttachSCSIVolumeTestJSON-3790752-project-member] new path /v2/schemas/image {{(pid=99595) process_request /opt/stack/glance/glance/api/middleware/version_negotiation.py:70}}
Jun 27 04:05:56.577053 np0000003827 devstack@g-api.service[99595]: [pid: 99595|app: 0|req: 82/245] 127.0.0.1 () {44 vars in 1051 bytes} [Sat Jun 27 04:05:56 2026] GET /v2/schemas/image => generated 6083 bytes in 8 msecs (HTTP/1.1 200) 4 headers in 158 bytes (1 switches on core 0)
Jun 27 04:05:56.588098 np0000003827 devstack@g-api.service[99596]: DEBUG glance.api.middleware.version_negotiation [None req-20bcb4e8-6938-47f6-a671-4e6b77aaa1d2 tempest-AttachSCSIVolumeTestJSON-3790752 tempest-AttachSCSIVolumeTestJSON-3790752-project-member] Determining version of request: GET /v2/schemas/image Accept: */* {{(pid=99596) process_request /opt/stack/glance/glance/api/middleware/version_negotiation.py:44}}
Jun 27 04:05:56.589483 np0000003827 devstack@g-api.service[99596]: DEBUG glance.api.middleware.version_negotiation [None req-20bcb4e8-6938-47f6-a671-4e6b77aaa1d2 tempest-AttachSCSIVolumeTestJSON-3790752 tempest-AttachSCSIVolumeTestJSON-3790752-project-member] Using url versioning {{(pid=99596) process_request /opt/stack/glance/glance/api/middleware/version_negotiation.py:57}}
Jun 27 04:05:56.589483 np0000003827 devstack@g-api.service[99596]: DEBUG glance.api.middleware.version_negotiation [None req-20bcb4e8-6938-47f6-a671-4e6b77aaa1d2 tempest-AttachSCSIVolumeTestJSON-3790752 tempest-AttachSCSIVolumeTestJSON-3790752-project-member] Matched version: v2 {{(pid=99596) process_request /opt/stack/glance/glance/api/middleware/version_negotiation.py:69}}
Jun 27 04:05:56.589483 np0000003827 devstack@g-api.service[99596]: DEBUG glance.api.middleware.version_negotiation [None req-20bcb4e8-6938-47f6-a671-4e6b77aaa1d2 tempest-AttachSCSIVolumeTestJSON-3790752 tempest-AttachSCSIVolumeTestJSON-3790752-project-member] new path /v2/schemas/image {{(pid=99596) process_request /opt/stack/glance/glance/api/middleware/version_negotiation.py:70}}
Jun 27 04:05:56.592640 np0000003827 devstack@g-api.service[99596]: [pid: 99596|app: 0|req: 79/246] 127.0.0.1 () {44 vars in 1051 bytes} [Sat Jun 27 04:05:56 2026] GET /v2/schemas/image => generated 6083 bytes in 5 msecs (HTTP/1.1 200) 4 headers in 158 bytes (1 switches on core 0)
Jun 27 04:05:56.604165 np0000003827 devstack@g-api.service[99597]: DEBUG glance.api.middleware.version_negotiation [None req-1b993b14-37be-451f-b3ce-fdb3c4f28af6 tempest-TaggedBootDevicesTest-1562699363 tempest-TaggedBootDevicesTest-1562699363-project-member] Determining version of request: GET /v2/images/dcc50934-2142-4b95-b0af-359e666386e3 Accept: */* {{(pid=99597) process_request /opt/stack/glance/glance/api/middleware/version_negotiation.py:44}}
Jun 27 04:05:56.604466 np0000003827 devstack@g-api.service[99597]: DEBUG glance.api.middleware.version_negotiation [None req-1b993b14-37be-451f-b3ce-fdb3c4f28af6 tempest-TaggedBootDevicesTest-1562699363 tempest-TaggedBootDevicesTest-1562699363-project-member] Using url versioning {{(pid=99597) process_request /opt/stack/glance/glance/api/middleware/version_negotiation.py:57}}
Jun 27 04:05:56.604623 np0000003827 devstack@g-api.service[99597]: DEBUG glance.api.middleware.version_negotiation [None req-1b993b14-37be-451f-b3ce-fdb3c4f28af6 tempest-TaggedBootDevicesTest-1562699363 tempest-TaggedBootDevicesTest-1562699363-project-member] Matched version: v2 {{(pid=99597) process_request /opt/stack/glance/glance/api/middleware/version_negotiation.py:69}}
Jun 27 04:05:56.604771 np0000003827 devstack@g-api.service[99597]: DEBUG glance.api.middleware.version_negotiation [None req-1b993b14-37be-451f-b3ce-fdb3c4f28af6 tempest-TaggedBootDevicesTest-1562699363 tempest-TaggedBootDevicesTest-1562699363-project-member] new path /v2/images/dcc50934-2142-4b95-b0af-359e666386e3 {{(pid=99597) process_request /opt/stack/glance/glance/api/middleware/version_negotiation.py:70}}
Jun 27 04:05:56.619454 np0000003827 devstack@g-api.service[99597]: [pid: 99597|app: 0|req: 86/247] 127.0.0.1 () {44 vars in 1111 bytes} [Sat Jun 27 04:05:56 2026] GET /v2/images/dcc50934-2142-4b95-b0af-359e666386e3 => generated 1044 bytes in 15 msecs (HTTP/1.1 200) 4 headers in 158 bytes (1 switches on core 0)
Jun 27 04:05:56.630667 np0000003827 devstack@g-api.service[99595]: DEBUG glance.api.middleware.version_negotiation [None req-1b993b14-37be-451f-b3ce-fdb3c4f28af6 tempest-TaggedBootDevicesTest-1562699363 tempest-TaggedBootDevicesTest-1562699363-project-member] Determining version of request: GET /v2/schemas/image Accept: */* {{(pid=99595) process_request /opt/stack/glance/glance/api/middleware/version_negotiation.py:44}}
Jun 27 04:05:56.630667 np0000003827 devstack@g-api.service[99595]: DEBUG glance.api.middleware.version_negotiation [None req-1b993b14-37be-451f-b3ce-fdb3c4f28af6 tempest-TaggedBootDevicesTest-1562699363 tempest-TaggedBootDevicesTest-1562699363-project-member] Using url versioning {{(pid=99595) process_request /opt/stack/glance/glance/api/middleware/version_negotiation.py:57}}
Jun 27 04:05:56.630667 np0000003827 devstack@g-api.service[99595]: DEBUG glance.api.middleware.version_negotiation [None req-1b993b14-37be-451f-b3ce-fdb3c4f28af6 tempest-TaggedBootDevicesTest-1562699363 tempest-TaggedBootDevicesTest-1562699363-project-member] Matched version: v2 {{(pid=99595) process_request /opt/stack/glance/glance/api/middleware/version_negotiation.py:69}}
Jun 27 04:05:56.630903 np0000003827 devstack@g-api.service[99595]: DEBUG glance.api.middleware.version_negotiation [None req-1b993b14-37be-451f-b3ce-fdb3c4f28af6 tempest-TaggedBootDevicesTest-1562699363 tempest-TaggedBootDevicesTest-1562699363-project-member] new path /v2/schemas/image {{(pid=99595) process_request /opt/stack/glance/glance/api/middleware/version_negotiation.py:70}}
Jun 27 04:05:56.635965 np0000003827 devstack@g-api.service[99595]: [pid: 99595|app: 0|req: 83/248] 127.0.0.1 () {44 vars in 1051 bytes} [Sat Jun 27 04:05:56 2026] GET /v2/schemas/image => generated 6083 bytes in 6 msecs (HTTP/1.1 200) 4 headers in 158 bytes (1 switches on core 0)
Jun 27 04:05:56.652017 np0000003827 devstack@g-api.service[99596]: DEBUG glance.api.middleware.version_negotiation [None req-1b993b14-37be-451f-b3ce-fdb3c4f28af6 tempest-TaggedBootDevicesTest-1562699363 tempest-TaggedBootDevicesTest-1562699363-project-member] Determining version of request: GET /v2/schemas/image Accept: */* {{(pid=99596) process_request /opt/stack/glance/glance/api/middleware/version_negotiation.py:44}}
Jun 27 04:05:56.652017 np0000003827 devstack@g-api.service[99596]: DEBUG glance.api.middleware.version_negotiation [None req-1b993b14-37be-451f-b3ce-fdb3c4f28af6 tempest-TaggedBootDevicesTest-1562699363 tempest-TaggedBootDevicesTest-1562699363-project-member] Using url versioning {{(pid=99596) process_request /opt/stack/glance/glance/api/middleware/version_negotiation.py:57}}
Jun 27 04:05:56.652017 np0000003827 devstack@g-api.service[99596]: DEBUG glance.api.middleware.version_negotiation [None req-1b993b14-37be-451f-b3ce-fdb3c4f28af6 tempest-TaggedBootDevicesTest-1562699363 tempest-TaggedBootDevicesTest-1562699363-project-member] Matched version: v2 {{(pid=99596) process_request /opt/stack/glance/glance/api/middleware/version_negotiation.py:69}}
Jun 27 04:05:56.652017 np0000003827 devstack@g-api.service[99596]: DEBUG glance.api.middleware.version_negotiation [None req-1b993b14-37be-451f-b3ce-fdb3c4f28af6 tempest-TaggedBootDevicesTest-1562699363 tempest-TaggedBootDevicesTest-1562699363-project-member] new path /v2/schemas/image {{(pid=99596) process_request /opt/stack/glance/glance/api/middleware/version_negotiation.py:70}}
Jun 27 04:05:56.656452 np0000003827 devstack@g-api.service[99596]: [pid: 99596|app: 0|req: 80/249] 127.0.0.1 () {44 vars in 1051 bytes} [Sat Jun 27 04:05:56 2026] GET /v2/schemas/image => generated 6083 bytes in 6 msecs (HTTP/1.1 200) 4 headers in 158 bytes (1 switches on core 0)
Jun 27 04:05:56.685950 np0000003827 devstack@g-api.service[99597]: DEBUG glance.api.middleware.version_negotiation [None req-1b993b14-37be-451f-b3ce-fdb3c4f28af6 tempest-TaggedBootDevicesTest-1562699363 tempest-TaggedBootDevicesTest-1562699363-project-member] Determining version of request: GET /v2/images/dcc50934-2142-4b95-b0af-359e666386e3 Accept: */* {{(pid=99597) process_request /opt/stack/glance/glance/api/middleware/version_negotiation.py:44}}
Jun 27 04:05:56.686181 np0000003827 devstack@g-api.service[99597]: DEBUG glance.api.middleware.version_negotiation [None req-1b993b14-37be-451f-b3ce-fdb3c4f28af6 tempest-TaggedBootDevicesTest-1562699363 tempest-TaggedBootDevicesTest-1562699363-project-member] Using url versioning {{(pid=99597) process_request /opt/stack/glance/glance/api/middleware/version_negotiation.py:57}}
Jun 27 04:05:56.686406 np0000003827 devstack@g-api.service[99597]: DEBUG glance.api.middleware.version_negotiation [None req-1b993b14-37be-451f-b3ce-fdb3c4f28af6 tempest-TaggedBootDevicesTest-1562699363 tempest-TaggedBootDevicesTest-1562699363-project-member] Matched version: v2 {{(pid=99597) process_request /opt/stack/glance/glance/api/middleware/version_negotiation.py:69}}
Jun 27 04:05:56.686535 np0000003827 devstack@g-api.service[99597]: DEBUG glance.api.middleware.version_negotiation [None req-1b993b14-37be-451f-b3ce-fdb3c4f28af6 tempest-TaggedBootDevicesTest-1562699363 tempest-TaggedBootDevicesTest-1562699363-project-member] new path /v2/images/dcc50934-2142-4b95-b0af-359e666386e3 {{(pid=99597) process_request /opt/stack/glance/glance/api/middleware/version_negotiation.py:70}}
Jun 27 04:05:56.705298 np0000003827 devstack@g-api.service[99597]: [pid: 99597|app: 0|req: 87/250] 127.0.0.1 () {44 vars in 1111 bytes} [Sat Jun 27 04:05:56 2026] GET /v2/images/dcc50934-2142-4b95-b0af-359e666386e3 => generated 1044 bytes in 20 msecs (HTTP/1.1 200) 4 headers in 158 bytes (1 switches on core 0)
Jun 27 04:05:56.722498 np0000003827 devstack@g-api.service[99595]: DEBUG glance.api.middleware.version_negotiation [None req-1b993b14-37be-451f-b3ce-fdb3c4f28af6 tempest-TaggedBootDevicesTest-1562699363 tempest-TaggedBootDevicesTest-1562699363-project-member] Determining version of request: GET /v2/schemas/image Accept: */* {{(pid=99595) process_request /opt/stack/glance/glance/api/middleware/version_negotiation.py:44}}
Jun 27 04:05:56.722498 np0000003827 devstack@g-api.service[99595]: DEBUG glance.api.middleware.version_negotiation [None req-1b993b14-37be-451f-b3ce-fdb3c4f28af6 tempest-TaggedBootDevicesTest-1562699363 tempest-TaggedBootDevicesTest-1562699363-project-member] Using url versioning {{(pid=99595) process_request /opt/stack/glance/glance/api/middleware/version_negotiation.py:57}}
Jun 27 04:05:56.724363 np0000003827 devstack@g-api.service[99595]: DEBUG glance.api.middleware.version_negotiation [None req-1b993b14-37be-451f-b3ce-fdb3c4f28af6 tempest-TaggedBootDevicesTest-1562699363 tempest-TaggedBootDevicesTest-1562699363-project-member] Matched version: v2 {{(pid=99595) process_request /opt/stack/glance/glance/api/middleware/version_negotiation.py:69}}
Jun 27 04:05:56.724726 np0000003827 devstack@g-api.service[99595]: DEBUG glance.api.middleware.version_negotiation [None req-1b993b14-37be-451f-b3ce-fdb3c4f28af6 tempest-TaggedBootDevicesTest-1562699363 tempest-TaggedBootDevicesTest-1562699363-project-member] new path /v2/schemas/image {{(pid=99595) process_request /opt/stack/glance/glance/api/middleware/version_negotiation.py:70}}
Jun 27 04:05:56.729071 np0000003827 devstack@g-api.service[99595]: [pid: 99595|app: 0|req: 84/251] 127.0.0.1 () {44 vars in 1051 bytes} [Sat Jun 27 04:05:56 2026] GET /v2/schemas/image => generated 6083 bytes in 7 msecs (HTTP/1.1 200) 4 headers in 158 bytes (1 switches on core 0)
Jun 27 04:05:57.369109 np0000003827 devstack@g-api.service[99596]: DEBUG glance.api.middleware.version_negotiation [None req-1b993b14-37be-451f-b3ce-fdb3c4f28af6 tempest-TaggedBootDevicesTest-1562699363 tempest-TaggedBootDevicesTest-1562699363-project-member] Determining version of request: GET /versions Accept: */* {{(pid=99596) process_request /opt/stack/glance/glance/api/middleware/version_negotiation.py:44}}
Jun 27 04:05:57.369814 np0000003827 devstack@g-api.service[99596]: [pid: 99596|app: 0|req: 81/252] 127.0.0.1 () {44 vars in 1035 bytes} [Sat Jun 27 04:05:57 2026] GET /versions => generated 1394 bytes in 1 msecs (HTTP/1.1 200) 3 headers in 92 bytes (1 switches on core 0)
Jun 27 04:05:57.386484 np0000003827 devstack@g-api.service[99597]: DEBUG glance.api.middleware.version_negotiation [None req-1b993b14-37be-451f-b3ce-fdb3c4f28af6 tempest-TaggedBootDevicesTest-1562699363 tempest-TaggedBootDevicesTest-1562699363-project-member] Determining version of request: GET /v2/images/dcc50934-2142-4b95-b0af-359e666386e3/locations Accept: */* {{(pid=99597) process_request /opt/stack/glance/glance/api/middleware/version_negotiation.py:44}}
Jun 27 04:05:57.391211 np0000003827 devstack@g-api.service[99597]: DEBUG glance.api.middleware.version_negotiation [None req-1b993b14-37be-451f-b3ce-fdb3c4f28af6 tempest-TaggedBootDevicesTest-1562699363 tempest-TaggedBootDevicesTest-1562699363-project-member] Using url versioning {{(pid=99597) process_request /opt/stack/glance/glance/api/middleware/version_negotiation.py:57}}
Jun 27 04:05:57.392775 np0000003827 devstack@g-api.service[99597]: DEBUG glance.api.middleware.version_negotiation [None req-1b993b14-37be-451f-b3ce-fdb3c4f28af6 tempest-TaggedBootDevicesTest-1562699363 tempest-TaggedBootDevicesTest-1562699363-project-member] Matched version: v2 {{(pid=99597) process_request /opt/stack/glance/glance/api/middleware/version_negotiation.py:69}}
Jun 27 04:05:57.392775 np0000003827 devstack@g-api.service[99597]: DEBUG glance.api.middleware.version_negotiation [None req-1b993b14-37be-451f-b3ce-fdb3c4f28af6 tempest-TaggedBootDevicesTest-1562699363 tempest-TaggedBootDevicesTest-1562699363-project-member] new path /v2/images/dcc50934-2142-4b95-b0af-359e666386e3/locations {{(pid=99597) process_request /opt/stack/glance/glance/api/middleware/version_negotiation.py:70}}
Jun 27 04:05:57.427733 np0000003827 devstack@g-api.service[99595]: DEBUG glance.api.middleware.version_negotiation [None req-1b993b14-37be-451f-b3ce-fdb3c4f28af6 tempest-TaggedBootDevicesTest-1562699363 tempest-TaggedBootDevicesTest-1562699363-project-member] Determining version of request: PATCH /v2/images/33ea1de6-4545-49b2-a50a-474a7cbea405 Accept: {{(pid=99595) process_request /opt/stack/glance/glance/api/middleware/version_negotiation.py:44}}
Jun 27 04:05:57.428822 np0000003827 devstack@g-api.service[99595]: DEBUG glance.api.middleware.version_negotiation [None req-1b993b14-37be-451f-b3ce-fdb3c4f28af6 tempest-TaggedBootDevicesTest-1562699363 tempest-TaggedBootDevicesTest-1562699363-project-member] Using url versioning {{(pid=99595) process_request /opt/stack/glance/glance/api/middleware/version_negotiation.py:57}}
Jun 27 04:05:57.429603 np0000003827 devstack@g-api.service[99595]: DEBUG glance.api.middleware.version_negotiation [None req-1b993b14-37be-451f-b3ce-fdb3c4f28af6 tempest-TaggedBootDevicesTest-1562699363 tempest-TaggedBootDevicesTest-1562699363-project-member] Matched version: v2 {{(pid=99595) process_request /opt/stack/glance/glance/api/middleware/version_negotiation.py:69}}
Jun 27 04:05:57.429603 np0000003827 devstack@g-api.service[99595]: DEBUG glance.api.middleware.version_negotiation [None req-1b993b14-37be-451f-b3ce-fdb3c4f28af6 tempest-TaggedBootDevicesTest-1562699363 tempest-TaggedBootDevicesTest-1562699363-project-member] new path /v2/images/33ea1de6-4545-49b2-a50a-474a7cbea405 {{(pid=99595) process_request /opt/stack/glance/glance/api/middleware/version_negotiation.py:70}}
Jun 27 04:05:57.479265 np0000003827 devstack@g-api.service[99597]: [pid: 99597|app: 0|req: 88/253] 127.0.0.1 () {44 vars in 1131 bytes} [Sat Jun 27 04:05:57 2026] GET /v2/images/dcc50934-2142-4b95-b0af-359e666386e3/locations => generated 92 bytes in 94 msecs (HTTP/1.1 200) 4 headers in 156 bytes (1 switches on core 0)
Jun 27 04:05:57.498278 np0000003827 devstack@g-api.service[99596]: DEBUG glance.api.middleware.version_negotiation [None req-1b993b14-37be-451f-b3ce-fdb3c4f28af6 tempest-TaggedBootDevicesTest-1562699363 tempest-TaggedBootDevicesTest-1562699363-project-member] Determining version of request: GET /v2/images/dcc50934-2142-4b95-b0af-359e666386e3 Accept: */* {{(pid=99596) process_request /opt/stack/glance/glance/api/middleware/version_negotiation.py:44}}
Jun 27 04:05:57.498582 np0000003827 devstack@g-api.service[99596]: DEBUG glance.api.middleware.version_negotiation [None req-1b993b14-37be-451f-b3ce-fdb3c4f28af6 tempest-TaggedBootDevicesTest-1562699363 tempest-TaggedBootDevicesTest-1562699363-project-member] Using url versioning {{(pid=99596) process_request /opt/stack/glance/glance/api/middleware/version_negotiation.py:57}}
Jun 27 04:05:57.498713 np0000003827 devstack@g-api.service[99596]: DEBUG glance.api.middleware.version_negotiation [None req-1b993b14-37be-451f-b3ce-fdb3c4f28af6 tempest-TaggedBootDevicesTest-1562699363 tempest-TaggedBootDevicesTest-1562699363-project-member] Matched version: v2 {{(pid=99596) process_request /opt/stack/glance/glance/api/middleware/version_negotiation.py:69}}
Jun 27 04:05:57.498885 np0000003827 devstack@g-api.service[99596]: DEBUG glance.api.middleware.version_negotiation [None req-1b993b14-37be-451f-b3ce-fdb3c4f28af6 tempest-TaggedBootDevicesTest-1562699363 tempest-TaggedBootDevicesTest-1562699363-project-member] new path /v2/images/dcc50934-2142-4b95-b0af-359e666386e3 {{(pid=99596) process_request /opt/stack/glance/glance/api/middleware/version_negotiation.py:70}}
Jun 27 04:05:57.529393 np0000003827 devstack@g-api.service[99596]: [pid: 99596|app: 0|req: 82/254] 127.0.0.1 () {44 vars in 1111 bytes} [Sat Jun 27 04:05:57 2026] GET /v2/images/dcc50934-2142-4b95-b0af-359e666386e3 => generated 1044 bytes in 31 msecs (HTTP/1.1 200) 4 headers in 158 bytes (1 switches on core 0)
Jun 27 04:05:57.541976 np0000003827 devstack@g-api.service[99597]: DEBUG glance.api.middleware.version_negotiation [None req-1b993b14-37be-451f-b3ce-fdb3c4f28af6 service glance] Determining version of request: DELETE /v2/images/5fe86ff1-8fe0-4b03-b4c5-fc7bd9a9ef7d Accept: */* {{(pid=99597) process_request /opt/stack/glance/glance/api/middleware/version_negotiation.py:44}}
Jun 27 04:05:57.542462 np0000003827 devstack@g-api.service[99597]: DEBUG glance.api.middleware.version_negotiation [None req-1b993b14-37be-451f-b3ce-fdb3c4f28af6 service glance] Using url versioning {{(pid=99597) process_request /opt/stack/glance/glance/api/middleware/version_negotiation.py:57}}
Jun 27 04:05:57.542462 np0000003827 devstack@g-api.service[99597]: DEBUG glance.api.middleware.version_negotiation [None req-1b993b14-37be-451f-b3ce-fdb3c4f28af6 service glance] Matched version: v2 {{(pid=99597) process_request /opt/stack/glance/glance/api/middleware/version_negotiation.py:69}}
Jun 27 04:05:57.543793 np0000003827 devstack@g-api.service[99597]: DEBUG glance.api.middleware.version_negotiation [None req-1b993b14-37be-451f-b3ce-fdb3c4f28af6 service glance] new path /v2/images/5fe86ff1-8fe0-4b03-b4c5-fc7bd9a9ef7d {{(pid=99597) process_request /opt/stack/glance/glance/api/middleware/version_negotiation.py:70}}
Jun 27 04:05:57.545258 np0000003827 devstack@g-api.service[99596]: DEBUG glance.api.middleware.version_negotiation [None req-1b993b14-37be-451f-b3ce-fdb3c4f28af6 tempest-TaggedBootDevicesTest-1562699363 tempest-TaggedBootDevicesTest-1562699363-project-member] Determining version of request: GET /v2/schemas/image Accept: */* {{(pid=99596) process_request /opt/stack/glance/glance/api/middleware/version_negotiation.py:44}}
Jun 27 04:05:57.545680 np0000003827 devstack@g-api.service[99596]: DEBUG glance.api.middleware.version_negotiation [None req-1b993b14-37be-451f-b3ce-fdb3c4f28af6 tempest-TaggedBootDevicesTest-1562699363 tempest-TaggedBootDevicesTest-1562699363-project-member] Using url versioning {{(pid=99596) process_request /opt/stack/glance/glance/api/middleware/version_negotiation.py:57}}
Jun 27 04:05:57.545929 np0000003827 devstack@g-api.service[99596]: DEBUG glance.api.middleware.version_negotiation [None req-1b993b14-37be-451f-b3ce-fdb3c4f28af6 tempest-TaggedBootDevicesTest-1562699363 tempest-TaggedBootDevicesTest-1562699363-project-member] Matched version: v2 {{(pid=99596) process_request /opt/stack/glance/glance/api/middleware/version_negotiation.py:69}}
Jun 27 04:05:57.546239 np0000003827 devstack@g-api.service[99596]: DEBUG glance.api.middleware.version_negotiation [None req-1b993b14-37be-451f-b3ce-fdb3c4f28af6 tempest-TaggedBootDevicesTest-1562699363 tempest-TaggedBootDevicesTest-1562699363-project-member] new path /v2/schemas/image {{(pid=99596) process_request /opt/stack/glance/glance/api/middleware/version_negotiation.py:70}}
Jun 27 04:05:57.551406 np0000003827 devstack@g-api.service[99596]: [pid: 99596|app: 0|req: 83/255] 127.0.0.1 () {44 vars in 1051 bytes} [Sat Jun 27 04:05:57 2026] GET /v2/schemas/image => generated 6083 bytes in 6 msecs (HTTP/1.1 200) 4 headers in 158 bytes (1 switches on core 0)
Jun 27 04:05:57.562504 np0000003827 devstack@g-api.service[99597]: WARNING glance.api.v2.images [None req-95e6d3e0-83ba-4faa-a15c-f5595cca3b14 tempest-ServerStableDeviceRescueTest-715573552 tempest-ServerStableDeviceRescueTest-715573552-project-member] After upload to backend, deletion of staged image data has failed because it cannot be found at /tmp/staging//5fe86ff1-8fe0-4b03-b4c5-fc7bd9a9ef7d
Jun 27 04:05:57.563220 np0000003827 devstack@g-api.service[99596]: DEBUG glance.api.middleware.version_negotiation [None req-1b993b14-37be-451f-b3ce-fdb3c4f28af6 tempest-TaggedBootDevicesTest-1562699363 tempest-TaggedBootDevicesTest-1562699363-project-member] Determining version of request: GET /v2/schemas/image Accept: */* {{(pid=99596) process_request /opt/stack/glance/glance/api/middleware/version_negotiation.py:44}}
Jun 27 04:05:57.563648 np0000003827 devstack@g-api.service[99596]: DEBUG glance.api.middleware.version_negotiation [None req-1b993b14-37be-451f-b3ce-fdb3c4f28af6 tempest-TaggedBootDevicesTest-1562699363 tempest-TaggedBootDevicesTest-1562699363-project-member] Using url versioning {{(pid=99596) process_request /opt/stack/glance/glance/api/middleware/version_negotiation.py:57}}
Jun 27 04:05:57.563794 np0000003827 devstack@g-api.service[99596]: DEBUG glance.api.middleware.version_negotiation [None req-1b993b14-37be-451f-b3ce-fdb3c4f28af6 tempest-TaggedBootDevicesTest-1562699363 tempest-TaggedBootDevicesTest-1562699363-project-member] Matched version: v2 {{(pid=99596) process_request /opt/stack/glance/glance/api/middleware/version_negotiation.py:69}}
Jun 27 04:05:57.563931 np0000003827 devstack@g-api.service[99596]: DEBUG glance.api.middleware.version_negotiation [None req-1b993b14-37be-451f-b3ce-fdb3c4f28af6 tempest-TaggedBootDevicesTest-1562699363 tempest-TaggedBootDevicesTest-1562699363-project-member] new path /v2/schemas/image {{(pid=99596) process_request /opt/stack/glance/glance/api/middleware/version_negotiation.py:70}}
Jun 27 04:05:57.564008 np0000003827 devstack@g-api.service[99597]: DEBUG glance_store.backend [None req-95e6d3e0-83ba-4faa-a15c-f5595cca3b14 tempest-ServerStableDeviceRescueTest-715573552 tempest-ServerStableDeviceRescueTest-715573552-project-member] Attempting to import store swift {{(pid=99597) _load_store /opt/stack/data/venv/lib/python3.12/site-packages/glance_store/backend.py:215}}
Jun 27 04:05:57.566968 np0000003827 devstack@g-api.service[99597]: DEBUG glance_store.capabilities [None req-95e6d3e0-83ba-4faa-a15c-f5595cca3b14 tempest-ServerStableDeviceRescueTest-715573552 tempest-ServerStableDeviceRescueTest-715573552-project-member] Store glance_store._drivers.swift.store.SingleTenantStore doesn't support updating dynamic storage capabilities. Please overwrite 'update_capabilities' method of the store to implement updating logics if needed. {{(pid=99597) update_capabilities /opt/stack/data/venv/lib/python3.12/site-packages/glance_store/capabilities.py:91}}
Jun 27 04:05:57.566968 np0000003827 devstack@g-api.service[99597]: DEBUG glance_store.driver [None req-95e6d3e0-83ba-4faa-a15c-f5595cca3b14 tempest-ServerStableDeviceRescueTest-715573552 tempest-ServerStableDeviceRescueTest-715573552-project-member] Late loading location class glance_store._drivers.swift.store.StoreLocation {{(pid=99597) get_store_location_class /opt/stack/data/venv/lib/python3.12/site-packages/glance_store/driver.py:134}}
Jun 27 04:05:57.567208 np0000003827 devstack@g-api.service[99595]: DEBUG glance_store.backend [None req-f74fd67e-80d2-42ce-860e-bb989b2d9b86 tempest-ServerBootFromVolumeStableRescueTest-2014061476 tempest-ServerBootFromVolumeStableRescueTest-2014061476-project-member] Attempting to import store swift {{(pid=99595) _load_store /opt/stack/data/venv/lib/python3.12/site-packages/glance_store/backend.py:215}}
Jun 27 04:05:57.567475 np0000003827 devstack@g-api.service[99597]: DEBUG glance_store.location [None req-95e6d3e0-83ba-4faa-a15c-f5595cca3b14 tempest-ServerStableDeviceRescueTest-715573552 tempest-ServerStableDeviceRescueTest-715573552-project-member] Registering scheme swift+https with {'store': , 'location_class': , 'store_entry': 'swift'} {{(pid=99597) register_scheme_map /opt/stack/data/venv/lib/python3.12/site-packages/glance_store/location.py:146}}
Jun 27 04:05:57.567746 np0000003827 devstack@g-api.service[99597]: DEBUG glance_store.location [None req-95e6d3e0-83ba-4faa-a15c-f5595cca3b14 tempest-ServerStableDeviceRescueTest-715573552 tempest-ServerStableDeviceRescueTest-715573552-project-member] Registering scheme swift+https with {'store': , 'location_class': , 'store_entry': 'swift'} {{(pid=99597) register_scheme_map /opt/stack/data/venv/lib/python3.12/site-packages/glance_store/location.py:146}}
Jun 27 04:05:57.568013 np0000003827 devstack@g-api.service[99597]: DEBUG glance_store.location [None req-95e6d3e0-83ba-4faa-a15c-f5595cca3b14 tempest-ServerStableDeviceRescueTest-715573552 tempest-ServerStableDeviceRescueTest-715573552-project-member] Registering scheme swift with {'store': , 'location_class': , 'store_entry': 'swift'} {{(pid=99597) register_scheme_map /opt/stack/data/venv/lib/python3.12/site-packages/glance_store/location.py:146}}
Jun 27 04:05:57.568097 np0000003827 devstack@g-api.service[99596]: [pid: 99596|app: 0|req: 84/256] 127.0.0.1 () {44 vars in 1051 bytes} [Sat Jun 27 04:05:57 2026] GET /v2/schemas/image => generated 6083 bytes in 5 msecs (HTTP/1.1 200) 4 headers in 158 bytes (1 switches on core 0)
Jun 27 04:05:57.568598 np0000003827 devstack@g-api.service[99597]: DEBUG glance_store.location [None req-95e6d3e0-83ba-4faa-a15c-f5595cca3b14 tempest-ServerStableDeviceRescueTest-715573552 tempest-ServerStableDeviceRescueTest-715573552-project-member] Registering scheme swift+https with {'store': , 'location_class': , 'store_entry': 'swift'} {{(pid=99597) register_scheme_map /opt/stack/data/venv/lib/python3.12/site-packages/glance_store/location.py:146}}
