Jun 27 04:08:29.694265 np0000003827 devstack@g-api.service[99597]: [pid: 99597|app: 0|req: 127/372] 127.0.0.1 () {40 vars in 834 bytes} [Sat Jun 27 04:08:29 2026] GET /v2/images/c9c7fb5e-cfb4-446f-9065-002d2b224b2b => generated 649 bytes in 10 msecs (HTTP/1.1 200) 4 headers in 157 bytes (1 switches on core 0)
Jun 27 04:08:29.878430 np0000003827 devstack@g-api.service[99596]: INFO glance.api.v2.image_data [None req-eefe9293-5819-41ab-a13f-ba2d6a21f5ee tempest-VolumesActionsTest-879220816 tempest-VolumesActionsTest-879220816-project-member] Unable to create trust: no such option collect_timing in group [keystone_authtoken] Use the existing user token.
Jun 27 04:08:30.525945 np0000003827 devstack@g-api.service[99596]: DEBUG glance.location [None req-eefe9293-5819-41ab-a13f-ba2d6a21f5ee tempest-VolumesActionsTest-879220816 tempest-VolumesActionsTest-879220816-project-member] Enabling in-flight format inspection for raw {{(pid=99596) set_data /opt/stack/glance/glance/location.py:616}}
Jun 27 04:08:30.526929 np0000003827 devstack@g-api.service[99596]: DEBUG glance_store.backend [None req-eefe9293-5819-41ab-a13f-ba2d6a21f5ee tempest-VolumesActionsTest-879220816 tempest-VolumesActionsTest-879220816-project-member] Attempting to import store swift {{(pid=99596) _load_store /opt/stack/data/venv/lib/python3.12/site-packages/glance_store/backend.py:215}}
Jun 27 04:08:30.529073 np0000003827 devstack@g-api.service[99596]: DEBUG glance_store.capabilities [None req-eefe9293-5819-41ab-a13f-ba2d6a21f5ee tempest-VolumesActionsTest-879220816 tempest-VolumesActionsTest-879220816-project-member] Store glance_store._drivers.swift.store.SingleTenantStore doesn't support updating dynamic storage capabilities. Please overwrite 'update_capabilities' method of the store to implement updating logics if needed. {{(pid=99596) update_capabilities /opt/stack/data/venv/lib/python3.12/site-packages/glance_store/capabilities.py:91}}
Jun 27 04:08:30.529253 np0000003827 devstack@g-api.service[99596]: DEBUG glance_store.driver [None req-eefe9293-5819-41ab-a13f-ba2d6a21f5ee tempest-VolumesActionsTest-879220816 tempest-VolumesActionsTest-879220816-project-member] Late loading location class glance_store._drivers.swift.store.StoreLocation {{(pid=99596) get_store_location_class /opt/stack/data/venv/lib/python3.12/site-packages/glance_store/driver.py:134}}
Jun 27 04:08:30.530227 np0000003827 devstack@g-api.service[99596]: DEBUG glance_store.location [None req-eefe9293-5819-41ab-a13f-ba2d6a21f5ee tempest-VolumesActionsTest-879220816 tempest-VolumesActionsTest-879220816-project-member] Registering scheme swift+https with {'store': , 'location_class': , 'store_entry': 'swift'} {{(pid=99596) register_scheme_map /opt/stack/data/venv/lib/python3.12/site-packages/glance_store/location.py:146}}
Jun 27 04:08:30.530227 np0000003827 devstack@g-api.service[99596]: DEBUG glance_store.location [None req-eefe9293-5819-41ab-a13f-ba2d6a21f5ee tempest-VolumesActionsTest-879220816 tempest-VolumesActionsTest-879220816-project-member] Registering scheme swift+https with {'store': , 'location_class': , 'store_entry': 'swift'} {{(pid=99596) register_scheme_map /opt/stack/data/venv/lib/python3.12/site-packages/glance_store/location.py:146}}
Jun 27 04:08:30.530227 np0000003827 devstack@g-api.service[99596]: DEBUG glance_store.location [None req-eefe9293-5819-41ab-a13f-ba2d6a21f5ee tempest-VolumesActionsTest-879220816 tempest-VolumesActionsTest-879220816-project-member] Registering scheme swift with {'store': , 'location_class': , 'store_entry': 'swift'} {{(pid=99596) register_scheme_map /opt/stack/data/venv/lib/python3.12/site-packages/glance_store/location.py:146}}
Jun 27 04:08:30.530227 np0000003827 devstack@g-api.service[99596]: DEBUG glance_store.location [None req-eefe9293-5819-41ab-a13f-ba2d6a21f5ee tempest-VolumesActionsTest-879220816 tempest-VolumesActionsTest-879220816-project-member] Registering scheme swift+https with {'store': , 'location_class': , 'store_entry': 'swift'} {{(pid=99596) register_scheme_map /opt/stack/data/venv/lib/python3.12/site-packages/glance_store/location.py:146}}
Jun 27 04:08:30.530227 np0000003827 devstack@g-api.service[99596]: DEBUG glance_store.location [None req-eefe9293-5819-41ab-a13f-ba2d6a21f5ee tempest-VolumesActionsTest-879220816 tempest-VolumesActionsTest-879220816-project-member] Registering scheme swift with {'store': , 'location_class': , 'store_entry': 'swift'} {{(pid=99596) register_scheme_map /opt/stack/data/venv/lib/python3.12/site-packages/glance_store/location.py:146}}
Jun 27 04:08:30.530641 np0000003827 devstack@g-api.service[99596]: DEBUG glance_store.location [None req-eefe9293-5819-41ab-a13f-ba2d6a21f5ee tempest-VolumesActionsTest-879220816 tempest-VolumesActionsTest-879220816-project-member] Registering scheme swift+http with {'store': , 'location_class': , 'store_entry': 'swift'} {{(pid=99596) register_scheme_map /opt/stack/data/venv/lib/python3.12/site-packages/glance_store/location.py:146}}
Jun 27 04:08:30.530641 np0000003827 devstack@g-api.service[99596]: DEBUG glance_store.location [None req-eefe9293-5819-41ab-a13f-ba2d6a21f5ee tempest-VolumesActionsTest-879220816 tempest-VolumesActionsTest-879220816-project-member] Registering scheme swift+https with {'store': , 'location_class': , 'store_entry': 'swift'} {{(pid=99596) register_scheme_map /opt/stack/data/venv/lib/python3.12/site-packages/glance_store/location.py:146}}
Jun 27 04:08:30.530717 np0000003827 devstack@g-api.service[99596]: DEBUG glance_store.location [None req-eefe9293-5819-41ab-a13f-ba2d6a21f5ee tempest-VolumesActionsTest-879220816 tempest-VolumesActionsTest-879220816-project-member] Registering scheme swift with {'store': , 'location_class': , 'store_entry': 'swift'} {{(pid=99596) register_scheme_map /opt/stack/data/venv/lib/python3.12/site-packages/glance_store/location.py:146}}
Jun 27 04:08:30.530907 np0000003827 devstack@g-api.service[99596]: DEBUG glance_store.location [None req-eefe9293-5819-41ab-a13f-ba2d6a21f5ee tempest-VolumesActionsTest-879220816 tempest-VolumesActionsTest-879220816-project-member] Registering scheme swift+http with {'store': , 'location_class': , 'store_entry': 'swift'} {{(pid=99596) register_scheme_map /opt/stack/data/venv/lib/python3.12/site-packages/glance_store/location.py:146}}
Jun 27 04:08:30.531025 np0000003827 devstack@g-api.service[99596]: DEBUG glance_store.location [None req-eefe9293-5819-41ab-a13f-ba2d6a21f5ee tempest-VolumesActionsTest-879220816 tempest-VolumesActionsTest-879220816-project-member] Registering scheme swift+config with {'store': , 'location_class': , 'store_entry': 'swift'} {{(pid=99596) register_scheme_map /opt/stack/data/venv/lib/python3.12/site-packages/glance_store/location.py:146}}
Jun 27 04:08:30.704728 np0000003827 devstack@g-api.service[99595]: DEBUG glance.api.middleware.version_negotiation [None req-a3a35933-13a4-46dd-b2e2-87645440a7b5 tempest-VolumesActionsTest-879220816 tempest-VolumesActionsTest-879220816-project-member] Determining version of request: GET /v2/images/c9c7fb5e-cfb4-446f-9065-002d2b224b2b Accept: application/json {{(pid=99595) process_request /opt/stack/glance/glance/api/middleware/version_negotiation.py:44}}
Jun 27 04:08:30.708264 np0000003827 devstack@g-api.service[99595]: DEBUG glance.api.middleware.version_negotiation [None req-a3a35933-13a4-46dd-b2e2-87645440a7b5 tempest-VolumesActionsTest-879220816 tempest-VolumesActionsTest-879220816-project-member] Using url versioning {{(pid=99595) process_request /opt/stack/glance/glance/api/middleware/version_negotiation.py:57}}
Jun 27 04:08:30.708264 np0000003827 devstack@g-api.service[99595]: DEBUG glance.api.middleware.version_negotiation [None req-a3a35933-13a4-46dd-b2e2-87645440a7b5 tempest-VolumesActionsTest-879220816 tempest-VolumesActionsTest-879220816-project-member] Matched version: v2 {{(pid=99595) process_request /opt/stack/glance/glance/api/middleware/version_negotiation.py:69}}
Jun 27 04:08:30.708264 np0000003827 devstack@g-api.service[99595]: DEBUG glance.api.middleware.version_negotiation [None req-a3a35933-13a4-46dd-b2e2-87645440a7b5 tempest-VolumesActionsTest-879220816 tempest-VolumesActionsTest-879220816-project-member] new path /v2/images/c9c7fb5e-cfb4-446f-9065-002d2b224b2b {{(pid=99595) process_request /opt/stack/glance/glance/api/middleware/version_negotiation.py:70}}
Jun 27 04:08:30.717897 np0000003827 devstack@g-api.service[99595]: [pid: 99595|app: 0|req: 124/373] 127.0.0.1 () {40 vars in 834 bytes} [Sat Jun 27 04:08:30 2026] GET /v2/images/c9c7fb5e-cfb4-446f-9065-002d2b224b2b => generated 649 bytes in 13 msecs (HTTP/1.1 200) 4 headers in 157 bytes (1 switches on core 0)
Jun 27 04:08:30.842544 np0000003827 devstack@g-api.service[99596]: DEBUG swiftclient [None req-eefe9293-5819-41ab-a13f-ba2d6a21f5ee tempest-VolumesActionsTest-879220816 tempest-VolumesActionsTest-879220816-project-member] REQ: curl -i https://10.4.3.92:8080/v1/AUTH_62ede042143b4487bbd10b9bb2b9670e/glance -I -H "X-Auth-Token: gAAAAABqP0y-uYRd..." {{(pid=99596) http_log /opt/stack/data/venv/lib/python3.12/site-packages/swiftclient/client.py:160}}
Jun 27 04:08:30.842544 np0000003827 devstack@g-api.service[99596]: DEBUG swiftclient [None req-eefe9293-5819-41ab-a13f-ba2d6a21f5ee tempest-VolumesActionsTest-879220816 tempest-VolumesActionsTest-879220816-project-member] RESP STATUS: 204 No Content {{(pid=99596) http_log /opt/stack/data/venv/lib/python3.12/site-packages/swiftclient/client.py:161}}
Jun 27 04:08:30.842544 np0000003827 devstack@g-api.service[99596]: DEBUG swiftclient [None req-eefe9293-5819-41ab-a13f-ba2d6a21f5ee tempest-VolumesActionsTest-879220816 tempest-VolumesActionsTest-879220816-project-member] RESP HEADERS: {'Date': 'Sat, 27 Jun 2026 04:08:30 GMT', 'Server': 'Apache/2.4.58 (Ubuntu)', 'Content-Type': 'text/plain; charset=utf-8', 'X-Container-Object-Count': '3', 'X-Container-Bytes-Used': '64356352', 'X-Timestamp': '1782532883.50839', 'Last-Modified': 'Sat, 27 Jun 2026 04:01:24 GMT', 'Accept-Ranges': 'bytes', 'X-Storage-Policy': 'Policy-0', 'X-Container-Sharding': 'False', 'Vary': 'Accept', 'X-Trans-Id': 'txade97e97cb2f474ba926c-006a3f4cbe', 'X-Openstack-Request-Id': 'txade97e97cb2f474ba926c-006a3f4cbe', 'Connection': 'close'} {{(pid=99596) http_log /opt/stack/data/venv/lib/python3.12/site-packages/swiftclient/client.py:162}}
Jun 27 04:08:30.843702 np0000003827 devstack@g-api.service[99596]: DEBUG glance_store._drivers.swift.store [None req-eefe9293-5819-41ab-a13f-ba2d6a21f5ee tempest-VolumesActionsTest-879220816 tempest-VolumesActionsTest-879220816-project-member] Adding image object 'c9c7fb5e-cfb4-446f-9065-002d2b224b2b' to Swift {{(pid=99596) add /opt/stack/data/venv/lib/python3.12/site-packages/glance_store/_drivers/swift/store.py:970}}
Jun 27 04:08:30.843702 np0000003827 devstack@g-api.service[99596]: DEBUG glance_store._drivers.swift.store [None req-eefe9293-5819-41ab-a13f-ba2d6a21f5ee tempest-VolumesActionsTest-879220816 tempest-VolumesActionsTest-879220816-project-member] Cannot determine image size because it is either not provided in the request or chunked-transfer encoding is used. Adding image as a segmented object to Swift. {{(pid=99596) add /opt/stack/data/venv/lib/python3.12/site-packages/glance_store/_drivers/swift/store.py:994}}
Jun 27 04:08:30.861544 np0000003827 devstack@g-api.service[99596]: DEBUG oslo_utils.imageutils.format_inspector [None req-eefe9293-5819-41ab-a13f-ba2d6a21f5ee tempest-VolumesActionsTest-879220816 tempest-VolumesActionsTest-879220816-project-member] Format inspector for vmdk does not match, excluding from consideration (Signature KDMV not found: b'\x00\x00\x00\x00') {{(pid=99596) _process_chunk /opt/stack/data/venv/lib/python3.12/site-packages/oslo_utils/imageutils/format_inspector.py:1758}}
Jun 27 04:08:30.864867 np0000003827 devstack@g-api.service[99596]: DEBUG oslo_utils.imageutils.format_inspector [None req-eefe9293-5819-41ab-a13f-ba2d6a21f5ee tempest-VolumesActionsTest-879220816 tempest-VolumesActionsTest-879220816-project-member] Format inspector for vhdx does not match, excluding from consideration (Region signature not found at 30000) {{(pid=99596) _process_chunk /opt/stack/data/venv/lib/python3.12/site-packages/oslo_utils/imageutils/format_inspector.py:1758}}
Jun 27 04:08:31.734498 np0000003827 devstack@g-api.service[99597]: DEBUG glance.api.middleware.version_negotiation [None req-f3f56143-af7e-4c70-b9d8-f1f99c607c15 tempest-VolumesActionsTest-879220816 tempest-VolumesActionsTest-879220816-project-member] Determining version of request: GET /v2/images/c9c7fb5e-cfb4-446f-9065-002d2b224b2b Accept: application/json {{(pid=99597) process_request /opt/stack/glance/glance/api/middleware/version_negotiation.py:44}}
Jun 27 04:08:31.734962 np0000003827 devstack@g-api.service[99597]: DEBUG glance.api.middleware.version_negotiation [None req-f3f56143-af7e-4c70-b9d8-f1f99c607c15 tempest-VolumesActionsTest-879220816 tempest-VolumesActionsTest-879220816-project-member] Using url versioning {{(pid=99597) process_request /opt/stack/glance/glance/api/middleware/version_negotiation.py:57}}
Jun 27 04:08:31.734962 np0000003827 devstack@g-api.service[99597]: DEBUG glance.api.middleware.version_negotiation [None req-f3f56143-af7e-4c70-b9d8-f1f99c607c15 tempest-VolumesActionsTest-879220816 tempest-VolumesActionsTest-879220816-project-member] Matched version: v2 {{(pid=99597) process_request /opt/stack/glance/glance/api/middleware/version_negotiation.py:69}}
Jun 27 04:08:31.734962 np0000003827 devstack@g-api.service[99597]: DEBUG glance.api.middleware.version_negotiation [None req-f3f56143-af7e-4c70-b9d8-f1f99c607c15 tempest-VolumesActionsTest-879220816 tempest-VolumesActionsTest-879220816-project-member] new path /v2/images/c9c7fb5e-cfb4-446f-9065-002d2b224b2b {{(pid=99597) process_request /opt/stack/glance/glance/api/middleware/version_negotiation.py:70}}
Jun 27 04:08:31.756506 np0000003827 devstack@g-api.service[99597]: [pid: 99597|app: 0|req: 128/374] 127.0.0.1 () {40 vars in 834 bytes} [Sat Jun 27 04:08:31 2026] GET /v2/images/c9c7fb5e-cfb4-446f-9065-002d2b224b2b => generated 649 bytes in 23 msecs (HTTP/1.1 200) 4 headers in 157 bytes (1 switches on core 0)
Jun 27 04:08:32.768162 np0000003827 devstack@g-api.service[99595]: DEBUG glance.api.middleware.version_negotiation [None req-f449fe01-9a1c-4caa-a4b0-c8b6061a56bf tempest-VolumesActionsTest-879220816 tempest-VolumesActionsTest-879220816-project-member] Determining version of request: GET /v2/images/c9c7fb5e-cfb4-446f-9065-002d2b224b2b Accept: application/json {{(pid=99595) process_request /opt/stack/glance/glance/api/middleware/version_negotiation.py:44}}
Jun 27 04:08:32.770432 np0000003827 devstack@g-api.service[99595]: DEBUG glance.api.middleware.version_negotiation [None req-f449fe01-9a1c-4caa-a4b0-c8b6061a56bf tempest-VolumesActionsTest-879220816 tempest-VolumesActionsTest-879220816-project-member] Using url versioning {{(pid=99595) process_request /opt/stack/glance/glance/api/middleware/version_negotiation.py:57}}
Jun 27 04:08:32.770432 np0000003827 devstack@g-api.service[99595]: DEBUG glance.api.middleware.version_negotiation [None req-f449fe01-9a1c-4caa-a4b0-c8b6061a56bf tempest-VolumesActionsTest-879220816 tempest-VolumesActionsTest-879220816-project-member] Matched version: v2 {{(pid=99595) process_request /opt/stack/glance/glance/api/middleware/version_negotiation.py:69}}
Jun 27 04:08:32.770432 np0000003827 devstack@g-api.service[99595]: DEBUG glance.api.middleware.version_negotiation [None req-f449fe01-9a1c-4caa-a4b0-c8b6061a56bf tempest-VolumesActionsTest-879220816 tempest-VolumesActionsTest-879220816-project-member] new path /v2/images/c9c7fb5e-cfb4-446f-9065-002d2b224b2b {{(pid=99595) process_request /opt/stack/glance/glance/api/middleware/version_negotiation.py:70}}
Jun 27 04:08:32.795754 np0000003827 devstack@g-api.service[99595]: [pid: 99595|app: 0|req: 125/375] 127.0.0.1 () {40 vars in 834 bytes} [Sat Jun 27 04:08:32 2026] GET /v2/images/c9c7fb5e-cfb4-446f-9065-002d2b224b2b => generated 649 bytes in 27 msecs (HTTP/1.1 200) 4 headers in 157 bytes (1 switches on core 0)
Jun 27 04:08:33.806187 np0000003827 devstack@g-api.service[99597]: DEBUG glance.api.middleware.version_negotiation [None req-0fc09ba9-3e05-4b59-9a7c-6c4f14cd5c02 tempest-VolumesActionsTest-879220816 tempest-VolumesActionsTest-879220816-project-member] Determining version of request: GET /v2/images/c9c7fb5e-cfb4-446f-9065-002d2b224b2b Accept: application/json {{(pid=99597) process_request /opt/stack/glance/glance/api/middleware/version_negotiation.py:44}}
Jun 27 04:08:33.806613 np0000003827 devstack@g-api.service[99597]: DEBUG glance.api.middleware.version_negotiation [None req-0fc09ba9-3e05-4b59-9a7c-6c4f14cd5c02 tempest-VolumesActionsTest-879220816 tempest-VolumesActionsTest-879220816-project-member] Using url versioning {{(pid=99597) process_request /opt/stack/glance/glance/api/middleware/version_negotiation.py:57}}
Jun 27 04:08:33.806613 np0000003827 devstack@g-api.service[99597]: DEBUG glance.api.middleware.version_negotiation [None req-0fc09ba9-3e05-4b59-9a7c-6c4f14cd5c02 tempest-VolumesActionsTest-879220816 tempest-VolumesActionsTest-879220816-project-member] Matched version: v2 {{(pid=99597) process_request /opt/stack/glance/glance/api/middleware/version_negotiation.py:69}}
Jun 27 04:08:33.806709 np0000003827 devstack@g-api.service[99597]: DEBUG glance.api.middleware.version_negotiation [None req-0fc09ba9-3e05-4b59-9a7c-6c4f14cd5c02 tempest-VolumesActionsTest-879220816 tempest-VolumesActionsTest-879220816-project-member] new path /v2/images/c9c7fb5e-cfb4-446f-9065-002d2b224b2b {{(pid=99597) process_request /opt/stack/glance/glance/api/middleware/version_negotiation.py:70}}
Jun 27 04:08:33.819612 np0000003827 devstack@g-api.service[99597]: [pid: 99597|app: 0|req: 129/376] 127.0.0.1 () {40 vars in 834 bytes} [Sat Jun 27 04:08:33 2026] GET /v2/images/c9c7fb5e-cfb4-446f-9065-002d2b224b2b => generated 649 bytes in 14 msecs (HTTP/1.1 200) 4 headers in 157 bytes (1 switches on core 0)
Jun 27 04:08:34.019748 np0000003827 devstack@g-api.service[99596]: DEBUG swiftclient [None req-eefe9293-5819-41ab-a13f-ba2d6a21f5ee tempest-VolumesActionsTest-879220816 tempest-VolumesActionsTest-879220816-project-member] REQ: curl -i https://10.4.3.92:8080/v1/AUTH_62ede042143b4487bbd10b9bb2b9670e/glance/c9c7fb5e-cfb4-446f-9065-002d2b224b2b-00001 -X PUT -H "X-Auth-Token: gAAAAABqP0y-uYRd..." {{(pid=99596) http_log /opt/stack/data/venv/lib/python3.12/site-packages/swiftclient/client.py:160}}
Jun 27 04:08:34.020104 np0000003827 devstack@g-api.service[99596]: DEBUG swiftclient [None req-eefe9293-5819-41ab-a13f-ba2d6a21f5ee tempest-VolumesActionsTest-879220816 tempest-VolumesActionsTest-879220816-project-member] RESP STATUS: 201 Created {{(pid=99596) http_log /opt/stack/data/venv/lib/python3.12/site-packages/swiftclient/client.py:161}}
Jun 27 04:08:34.020104 np0000003827 devstack@g-api.service[99596]: DEBUG swiftclient [None req-eefe9293-5819-41ab-a13f-ba2d6a21f5ee tempest-VolumesActionsTest-879220816 tempest-VolumesActionsTest-879220816-project-member] RESP HEADERS: {'Date': 'Sat, 27 Jun 2026 04:08:34 GMT', 'Server': 'Apache/2.4.58 (Ubuntu)', 'Content-Type': 'text/html; charset=UTF-8', 'Content-Length': '0', 'Etag': 'eda9a9889837ac4bc81d6387d92c1bec', 'Last-Modified': 'Sat, 27 Jun 2026 04:08:31 GMT', 'X-Trans-Id': 'tx5460127c2bec4282985ef-006a3f4cbe', 'X-Openstack-Request-Id': 'tx5460127c2bec4282985ef-006a3f4cbe', 'Connection': 'close'} {{(pid=99596) http_log /opt/stack/data/venv/lib/python3.12/site-packages/swiftclient/client.py:162}}
Jun 27 04:08:34.020219 np0000003827 devstack@g-api.service[99596]: DEBUG glance_store._drivers.swift.store [None req-eefe9293-5819-41ab-a13f-ba2d6a21f5ee tempest-VolumesActionsTest-879220816 tempest-VolumesActionsTest-879220816-project-member] Wrote chunk c9c7fb5e-cfb4-446f-9065-002d2b224b2b-00001 (1/?) of length 204800000 to Swift returning MD5 of content: eda9a9889837ac4bc81d6387d92c1bec {{(pid=99596) add /opt/stack/data/venv/lib/python3.12/site-packages/glance_store/_drivers/swift/store.py:1059}}
Jun 27 04:08:34.836147 np0000003827 devstack@g-api.service[99595]: DEBUG glance.api.middleware.version_negotiation [None req-107940d9-2cde-499f-8cd4-281b773153b5 tempest-VolumesActionsTest-879220816 tempest-VolumesActionsTest-879220816-project-member] Determining version of request: GET /v2/images/c9c7fb5e-cfb4-446f-9065-002d2b224b2b Accept: application/json {{(pid=99595) process_request /opt/stack/glance/glance/api/middleware/version_negotiation.py:44}}
Jun 27 04:08:34.837456 np0000003827 devstack@g-api.service[99595]: DEBUG glance.api.middleware.version_negotiation [None req-107940d9-2cde-499f-8cd4-281b773153b5 tempest-VolumesActionsTest-879220816 tempest-VolumesActionsTest-879220816-project-member] Using url versioning {{(pid=99595) process_request /opt/stack/glance/glance/api/middleware/version_negotiation.py:57}}
Jun 27 04:08:34.837456 np0000003827 devstack@g-api.service[99595]: DEBUG glance.api.middleware.version_negotiation [None req-107940d9-2cde-499f-8cd4-281b773153b5 tempest-VolumesActionsTest-879220816 tempest-VolumesActionsTest-879220816-project-member] Matched version: v2 {{(pid=99595) process_request /opt/stack/glance/glance/api/middleware/version_negotiation.py:69}}
Jun 27 04:08:34.837456 np0000003827 devstack@g-api.service[99595]: DEBUG glance.api.middleware.version_negotiation [None req-107940d9-2cde-499f-8cd4-281b773153b5 tempest-VolumesActionsTest-879220816 tempest-VolumesActionsTest-879220816-project-member] new path /v2/images/c9c7fb5e-cfb4-446f-9065-002d2b224b2b {{(pid=99595) process_request /opt/stack/glance/glance/api/middleware/version_negotiation.py:70}}
Jun 27 04:08:34.860634 np0000003827 devstack@g-api.service[99595]: [pid: 99595|app: 0|req: 126/377] 127.0.0.1 () {40 vars in 834 bytes} [Sat Jun 27 04:08:34 2026] GET /v2/images/c9c7fb5e-cfb4-446f-9065-002d2b224b2b => generated 649 bytes in 23 msecs (HTTP/1.1 200) 4 headers in 157 bytes (1 switches on core 0)
Jun 27 04:08:35.781381 np0000003827 devstack@g-api.service[99597]: DEBUG glance.api.middleware.version_negotiation [None req-5c532ef7-fa39-4d4a-90c5-a4a344510a63 tempest-VolumesActionsTest-879220816 tempest-VolumesActionsTest-879220816-project-member] Determining version of request: GET /v2/images/dcc50934-2142-4b95-b0af-359e666386e3 Accept: */* {{(pid=99597) process_request /opt/stack/glance/glance/api/middleware/version_negotiation.py:44}}
Jun 27 04:08:35.784005 np0000003827 devstack@g-api.service[99597]: DEBUG glance.api.middleware.version_negotiation [None req-5c532ef7-fa39-4d4a-90c5-a4a344510a63 tempest-VolumesActionsTest-879220816 tempest-VolumesActionsTest-879220816-project-member] Using url versioning {{(pid=99597) process_request /opt/stack/glance/glance/api/middleware/version_negotiation.py:57}}
Jun 27 04:08:35.784005 np0000003827 devstack@g-api.service[99597]: DEBUG glance.api.middleware.version_negotiation [None req-5c532ef7-fa39-4d4a-90c5-a4a344510a63 tempest-VolumesActionsTest-879220816 tempest-VolumesActionsTest-879220816-project-member] Matched version: v2 {{(pid=99597) process_request /opt/stack/glance/glance/api/middleware/version_negotiation.py:69}}
Jun 27 04:08:35.784005 np0000003827 devstack@g-api.service[99597]: DEBUG glance.api.middleware.version_negotiation [None req-5c532ef7-fa39-4d4a-90c5-a4a344510a63 tempest-VolumesActionsTest-879220816 tempest-VolumesActionsTest-879220816-project-member] new path /v2/images/dcc50934-2142-4b95-b0af-359e666386e3 {{(pid=99597) process_request /opt/stack/glance/glance/api/middleware/version_negotiation.py:70}}
Jun 27 04:08:35.807499 np0000003827 devstack@g-api.service[99597]: [pid: 99597|app: 0|req: 130/378] 127.0.0.1 () {44 vars in 1111 bytes} [Sat Jun 27 04:08:35 2026] GET /v2/images/dcc50934-2142-4b95-b0af-359e666386e3 => generated 1044 bytes in 27 msecs (HTTP/1.1 200) 4 headers in 158 bytes (1 switches on core 0)
Jun 27 04:08:35.851970 np0000003827 devstack@g-api.service[99595]: DEBUG glance.api.middleware.version_negotiation [None req-b81d0ae1-dc25-4f26-920a-24e094ff935e tempest-VolumesActionsTest-879220816 tempest-VolumesActionsTest-879220816-project-member] Determining version of request: GET /v2/schemas/image Accept: */* {{(pid=99595) process_request /opt/stack/glance/glance/api/middleware/version_negotiation.py:44}}
Jun 27 04:08:35.852365 np0000003827 devstack@g-api.service[99595]: DEBUG glance.api.middleware.version_negotiation [None req-b81d0ae1-dc25-4f26-920a-24e094ff935e tempest-VolumesActionsTest-879220816 tempest-VolumesActionsTest-879220816-project-member] Using url versioning {{(pid=99595) process_request /opt/stack/glance/glance/api/middleware/version_negotiation.py:57}}
Jun 27 04:08:35.852497 np0000003827 devstack@g-api.service[99595]: DEBUG glance.api.middleware.version_negotiation [None req-b81d0ae1-dc25-4f26-920a-24e094ff935e tempest-VolumesActionsTest-879220816 tempest-VolumesActionsTest-879220816-project-member] Matched version: v2 {{(pid=99595) process_request /opt/stack/glance/glance/api/middleware/version_negotiation.py:69}}
Jun 27 04:08:35.852650 np0000003827 devstack@g-api.service[99595]: DEBUG glance.api.middleware.version_negotiation [None req-b81d0ae1-dc25-4f26-920a-24e094ff935e tempest-VolumesActionsTest-879220816 tempest-VolumesActionsTest-879220816-project-member] new path /v2/schemas/image {{(pid=99595) process_request /opt/stack/glance/glance/api/middleware/version_negotiation.py:70}}
Jun 27 04:08:35.860755 np0000003827 devstack@g-api.service[99595]: [pid: 99595|app: 0|req: 127/379] 127.0.0.1 () {44 vars in 1051 bytes} [Sat Jun 27 04:08:35 2026] GET /v2/schemas/image => generated 6083 bytes in 9 msecs (HTTP/1.1 200) 4 headers in 158 bytes (1 switches on core 0)
Jun 27 04:08:35.873369 np0000003827 devstack@g-api.service[99597]: DEBUG glance.api.middleware.version_negotiation [None req-10261992-0e5c-4d5f-a2a1-dcbfc5dd12b3 tempest-ServerRescueNegativeTestJSON-885795726 tempest-ServerRescueNegativeTestJSON-885795726-project-member] Determining version of request: GET /v2/images/c9c7fb5e-cfb4-446f-9065-002d2b224b2b Accept: application/json {{(pid=99597) process_request /opt/stack/glance/glance/api/middleware/version_negotiation.py:44}}
Jun 27 04:08:35.873691 np0000003827 devstack@g-api.service[99597]: DEBUG glance.api.middleware.version_negotiation [None req-10261992-0e5c-4d5f-a2a1-dcbfc5dd12b3 tempest-ServerRescueNegativeTestJSON-885795726 tempest-ServerRescueNegativeTestJSON-885795726-project-member] Using url versioning {{(pid=99597) process_request /opt/stack/glance/glance/api/middleware/version_negotiation.py:57}}
Jun 27 04:08:35.873965 np0000003827 devstack@g-api.service[99597]: DEBUG glance.api.middleware.version_negotiation [None req-10261992-0e5c-4d5f-a2a1-dcbfc5dd12b3 tempest-ServerRescueNegativeTestJSON-885795726 tempest-ServerRescueNegativeTestJSON-885795726-project-member] Matched version: v2 {{(pid=99597) process_request /opt/stack/glance/glance/api/middleware/version_negotiation.py:69}}
Jun 27 04:08:35.874185 np0000003827 devstack@g-api.service[99597]: DEBUG glance.api.middleware.version_negotiation [None req-10261992-0e5c-4d5f-a2a1-dcbfc5dd12b3 tempest-ServerRescueNegativeTestJSON-885795726 tempest-ServerRescueNegativeTestJSON-885795726-project-member] new path /v2/images/c9c7fb5e-cfb4-446f-9065-002d2b224b2b {{(pid=99597) process_request /opt/stack/glance/glance/api/middleware/version_negotiation.py:70}}
Jun 27 04:08:35.885066 np0000003827 devstack@g-api.service[99597]: [pid: 99597|app: 0|req: 131/380] 127.0.0.1 () {40 vars in 834 bytes} [Sat Jun 27 04:08:35 2026] GET /v2/images/c9c7fb5e-cfb4-446f-9065-002d2b224b2b => generated 649 bytes in 12 msecs (HTTP/1.1 200) 4 headers in 157 bytes (1 switches on core 0)
Jun 27 04:08:36.896561 np0000003827 devstack@g-api.service[99595]: DEBUG glance.api.middleware.version_negotiation [None req-10261992-0e5c-4d5f-a2a1-dcbfc5dd12b3 tempest-ServerRescueNegativeTestJSON-885795726 tempest-ServerRescueNegativeTestJSON-885795726-project-member] Determining version of request: GET /v2/images/c9c7fb5e-cfb4-446f-9065-002d2b224b2b Accept: application/json {{(pid=99595) process_request /opt/stack/glance/glance/api/middleware/version_negotiation.py:44}}
Jun 27 04:08:36.897373 np0000003827 devstack@g-api.service[99595]: DEBUG glance.api.middleware.version_negotiation [None req-10261992-0e5c-4d5f-a2a1-dcbfc5dd12b3 tempest-ServerRescueNegativeTestJSON-885795726 tempest-ServerRescueNegativeTestJSON-885795726-project-member] Using url versioning {{(pid=99595) process_request /opt/stack/glance/glance/api/middleware/version_negotiation.py:57}}
Jun 27 04:08:36.897619 np0000003827 devstack@g-api.service[99595]: DEBUG glance.api.middleware.version_negotiation [None req-10261992-0e5c-4d5f-a2a1-dcbfc5dd12b3 tempest-ServerRescueNegativeTestJSON-885795726 tempest-ServerRescueNegativeTestJSON-885795726-project-member] Matched version: v2 {{(pid=99595) process_request /opt/stack/glance/glance/api/middleware/version_negotiation.py:69}}
Jun 27 04:08:36.897776 np0000003827 devstack@g-api.service[99595]: DEBUG glance.api.middleware.version_negotiation [None req-10261992-0e5c-4d5f-a2a1-dcbfc5dd12b3 tempest-ServerRescueNegativeTestJSON-885795726 tempest-ServerRescueNegativeTestJSON-885795726-project-member] new path /v2/images/c9c7fb5e-cfb4-446f-9065-002d2b224b2b {{(pid=99595) process_request /opt/stack/glance/glance/api/middleware/version_negotiation.py:70}}
Jun 27 04:08:36.909596 np0000003827 devstack@g-api.service[99595]: [pid: 99595|app: 0|req: 128/381] 127.0.0.1 () {40 vars in 834 bytes} [Sat Jun 27 04:08:36 2026] GET /v2/images/c9c7fb5e-cfb4-446f-9065-002d2b224b2b => generated 649 bytes in 13 msecs (HTTP/1.1 200) 4 headers in 157 bytes (1 switches on core 0)
Jun 27 04:08:37.254155 np0000003827 devstack@g-api.service[99596]: DEBUG swiftclient [None req-eefe9293-5819-41ab-a13f-ba2d6a21f5ee tempest-VolumesActionsTest-879220816 tempest-VolumesActionsTest-879220816-project-member] REQ: curl -i https://10.4.3.92:8080/v1/AUTH_62ede042143b4487bbd10b9bb2b9670e/glance/c9c7fb5e-cfb4-446f-9065-002d2b224b2b-00002 -X PUT -H "X-Auth-Token: gAAAAABqP0y-uYRd..." {{(pid=99596) http_log /opt/stack/data/venv/lib/python3.12/site-packages/swiftclient/client.py:160}}
Jun 27 04:08:37.254155 np0000003827 devstack@g-api.service[99596]: DEBUG swiftclient [None req-eefe9293-5819-41ab-a13f-ba2d6a21f5ee tempest-VolumesActionsTest-879220816 tempest-VolumesActionsTest-879220816-project-member] RESP STATUS: 201 Created {{(pid=99596) http_log /opt/stack/data/venv/lib/python3.12/site-packages/swiftclient/client.py:161}}
Jun 27 04:08:37.254155 np0000003827 devstack@g-api.service[99596]: DEBUG swiftclient [None req-eefe9293-5819-41ab-a13f-ba2d6a21f5ee tempest-VolumesActionsTest-879220816 tempest-VolumesActionsTest-879220816-project-member] RESP HEADERS: {'Date': 'Sat, 27 Jun 2026 04:08:37 GMT', 'Server': 'Apache/2.4.58 (Ubuntu)', 'Content-Type': 'text/html; charset=UTF-8', 'Content-Length': '0', 'Etag': 'eda9a9889837ac4bc81d6387d92c1bec', 'Last-Modified': 'Sat, 27 Jun 2026 04:08:35 GMT', 'X-Trans-Id': 'txc671e07d1a9041098aff4-006a3f4cc2', 'X-Openstack-Request-Id': 'txc671e07d1a9041098aff4-006a3f4cc2', 'Connection': 'close'} {{(pid=99596) http_log /opt/stack/data/venv/lib/python3.12/site-packages/swiftclient/client.py:162}}
Jun 27 04:08:37.254155 np0000003827 devstack@g-api.service[99596]: DEBUG glance_store._drivers.swift.store [None req-eefe9293-5819-41ab-a13f-ba2d6a21f5ee tempest-VolumesActionsTest-879220816 tempest-VolumesActionsTest-879220816-project-member] Wrote chunk c9c7fb5e-cfb4-446f-9065-002d2b224b2b-00002 (2/?) of length 204800000 to Swift returning MD5 of content: eda9a9889837ac4bc81d6387d92c1bec {{(pid=99596) add /opt/stack/data/venv/lib/python3.12/site-packages/glance_store/_drivers/swift/store.py:1059}}
Jun 27 04:08:37.924311 np0000003827 devstack@g-api.service[99597]: DEBUG glance.api.middleware.version_negotiation [None req-50f3ea12-2e94-4a2f-ba3c-afb1368282ca tempest-VolumesActionsTest-879220816 tempest-VolumesActionsTest-879220816-project-member] Determining version of request: GET /v2/images/c9c7fb5e-cfb4-446f-9065-002d2b224b2b Accept: application/json {{(pid=99597) process_request /opt/stack/glance/glance/api/middleware/version_negotiation.py:44}}
Jun 27 04:08:37.924311 np0000003827 devstack@g-api.service[99597]: DEBUG glance.api.middleware.version_negotiation [None req-50f3ea12-2e94-4a2f-ba3c-afb1368282ca tempest-VolumesActionsTest-879220816 tempest-VolumesActionsTest-879220816-project-member] Using url versioning {{(pid=99597) process_request /opt/stack/glance/glance/api/middleware/version_negotiation.py:57}}
Jun 27 04:08:37.924311 np0000003827 devstack@g-api.service[99597]: DEBUG glance.api.middleware.version_negotiation [None req-50f3ea12-2e94-4a2f-ba3c-afb1368282ca tempest-VolumesActionsTest-879220816 tempest-VolumesActionsTest-879220816-project-member] Matched version: v2 {{(pid=99597) process_request /opt/stack/glance/glance/api/middleware/version_negotiation.py:69}}
Jun 27 04:08:37.924311 np0000003827 devstack@g-api.service[99597]: DEBUG glance.api.middleware.version_negotiation [None req-50f3ea12-2e94-4a2f-ba3c-afb1368282ca tempest-VolumesActionsTest-879220816 tempest-VolumesActionsTest-879220816-project-member] new path /v2/images/c9c7fb5e-cfb4-446f-9065-002d2b224b2b {{(pid=99597) process_request /opt/stack/glance/glance/api/middleware/version_negotiation.py:70}}
Jun 27 04:08:37.937757 np0000003827 devstack@g-api.service[99597]: [pid: 99597|app: 0|req: 132/382] 127.0.0.1 () {40 vars in 834 bytes} [Sat Jun 27 04:08:37 2026] GET /v2/images/c9c7fb5e-cfb4-446f-9065-002d2b224b2b => generated 649 bytes in 15 msecs (HTTP/1.1 200) 4 headers in 157 bytes (1 switches on core 0)
Jun 27 04:08:38.947436 np0000003827 devstack@g-api.service[99595]: DEBUG glance.api.middleware.version_negotiation [None req-49502e78-2c32-4e0b-bebb-009de6af684f tempest-VolumesActionsTest-879220816 tempest-VolumesActionsTest-879220816-project-member] Determining version of request: GET /v2/images/c9c7fb5e-cfb4-446f-9065-002d2b224b2b Accept: application/json {{(pid=99595) process_request /opt/stack/glance/glance/api/middleware/version_negotiation.py:44}}
Jun 27 04:08:38.947996 np0000003827 devstack@g-api.service[99595]: DEBUG glance.api.middleware.version_negotiation [None req-49502e78-2c32-4e0b-bebb-009de6af684f tempest-VolumesActionsTest-879220816 tempest-VolumesActionsTest-879220816-project-member] Using url versioning {{(pid=99595) process_request /opt/stack/glance/glance/api/middleware/version_negotiation.py:57}}
Jun 27 04:08:38.947996 np0000003827 devstack@g-api.service[99595]: DEBUG glance.api.middleware.version_negotiation [None req-49502e78-2c32-4e0b-bebb-009de6af684f tempest-VolumesActionsTest-879220816 tempest-VolumesActionsTest-879220816-project-member] Matched version: v2 {{(pid=99595) process_request /opt/stack/glance/glance/api/middleware/version_negotiation.py:69}}
Jun 27 04:08:38.948142 np0000003827 devstack@g-api.service[99595]: DEBUG glance.api.middleware.version_negotiation [None req-49502e78-2c32-4e0b-bebb-009de6af684f tempest-VolumesActionsTest-879220816 tempest-VolumesActionsTest-879220816-project-member] new path /v2/images/c9c7fb5e-cfb4-446f-9065-002d2b224b2b {{(pid=99595) process_request /opt/stack/glance/glance/api/middleware/version_negotiation.py:70}}
Jun 27 04:08:38.969622 np0000003827 devstack@g-api.service[99595]: [pid: 99595|app: 0|req: 129/383] 127.0.0.1 () {40 vars in 834 bytes} [Sat Jun 27 04:08:38 2026] GET /v2/images/c9c7fb5e-cfb4-446f-9065-002d2b224b2b => generated 649 bytes in 22 msecs (HTTP/1.1 200) 4 headers in 157 bytes (1 switches on core 0)
Jun 27 04:08:39.718552 np0000003827 devstack@g-api.service[99596]: DEBUG swiftclient [None req-eefe9293-5819-41ab-a13f-ba2d6a21f5ee tempest-VolumesActionsTest-879220816 tempest-VolumesActionsTest-879220816-project-member] REQ: curl -i https://10.4.3.92:8080/v1/AUTH_62ede042143b4487bbd10b9bb2b9670e/glance/c9c7fb5e-cfb4-446f-9065-002d2b224b2b-00003 -X PUT -H "X-Auth-Token: gAAAAABqP0y-uYRd..." {{(pid=99596) http_log /opt/stack/data/venv/lib/python3.12/site-packages/swiftclient/client.py:160}}
Jun 27 04:08:39.718826 np0000003827 devstack@g-api.service[99596]: DEBUG swiftclient [None req-eefe9293-5819-41ab-a13f-ba2d6a21f5ee tempest-VolumesActionsTest-879220816 tempest-VolumesActionsTest-879220816-project-member] RESP STATUS: 201 Created {{(pid=99596) http_log /opt/stack/data/venv/lib/python3.12/site-packages/swiftclient/client.py:161}}
Jun 27 04:08:39.718826 np0000003827 devstack@g-api.service[99596]: DEBUG swiftclient [None req-eefe9293-5819-41ab-a13f-ba2d6a21f5ee tempest-VolumesActionsTest-879220816 tempest-VolumesActionsTest-879220816-project-member] RESP HEADERS: {'Date': 'Sat, 27 Jun 2026 04:08:39 GMT', 'Server': 'Apache/2.4.58 (Ubuntu)', 'Content-Type': 'text/html; charset=UTF-8', 'Content-Length': '0', 'Etag': 'eda9a9889837ac4bc81d6387d92c1bec', 'Last-Modified': 'Sat, 27 Jun 2026 04:08:38 GMT', 'X-Trans-Id': 'tx402ee1104b9446638335e-006a3f4cc5', 'X-Openstack-Request-Id': 'tx402ee1104b9446638335e-006a3f4cc5', 'Connection': 'close'} {{(pid=99596) http_log /opt/stack/data/venv/lib/python3.12/site-packages/swiftclient/client.py:162}}
Jun 27 04:08:39.718935 np0000003827 devstack@g-api.service[99596]: DEBUG glance_store._drivers.swift.store [None req-eefe9293-5819-41ab-a13f-ba2d6a21f5ee tempest-VolumesActionsTest-879220816 tempest-VolumesActionsTest-879220816-project-member] Wrote chunk c9c7fb5e-cfb4-446f-9065-002d2b224b2b-00003 (3/?) of length 204800000 to Swift returning MD5 of content: eda9a9889837ac4bc81d6387d92c1bec {{(pid=99596) add /opt/stack/data/venv/lib/python3.12/site-packages/glance_store/_drivers/swift/store.py:1059}}
Jun 27 04:08:39.984731 np0000003827 devstack@g-api.service[99597]: DEBUG glance.api.middleware.version_negotiation [None req-570627dd-2173-4897-a8e1-edf5d7d75468 tempest-VolumesActionsTest-879220816 tempest-VolumesActionsTest-879220816-project-member] Determining version of request: GET /v2/images/c9c7fb5e-cfb4-446f-9065-002d2b224b2b Accept: application/json {{(pid=99597) process_request /opt/stack/glance/glance/api/middleware/version_negotiation.py:44}}
Jun 27 04:08:39.985249 np0000003827 devstack@g-api.service[99597]: DEBUG glance.api.middleware.version_negotiation [None req-570627dd-2173-4897-a8e1-edf5d7d75468 tempest-VolumesActionsTest-879220816 tempest-VolumesActionsTest-879220816-project-member] Using url versioning {{(pid=99597) process_request /opt/stack/glance/glance/api/middleware/version_negotiation.py:57}}
Jun 27 04:08:39.985249 np0000003827 devstack@g-api.service[99597]: DEBUG glance.api.middleware.version_negotiation [None req-570627dd-2173-4897-a8e1-edf5d7d75468 tempest-VolumesActionsTest-879220816 tempest-VolumesActionsTest-879220816-project-member] Matched version: v2 {{(pid=99597) process_request /opt/stack/glance/glance/api/middleware/version_negotiation.py:69}}
Jun 27 04:08:39.985343 np0000003827 devstack@g-api.service[99597]: DEBUG glance.api.middleware.version_negotiation [None req-570627dd-2173-4897-a8e1-edf5d7d75468 tempest-VolumesActionsTest-879220816 tempest-VolumesActionsTest-879220816-project-member] new path /v2/images/c9c7fb5e-cfb4-446f-9065-002d2b224b2b {{(pid=99597) process_request /opt/stack/glance/glance/api/middleware/version_negotiation.py:70}}
Jun 27 04:08:39.999177 np0000003827 devstack@g-api.service[99597]: [pid: 99597|app: 0|req: 133/384] 127.0.0.1 () {40 vars in 834 bytes} [Sat Jun 27 04:08:39 2026] GET /v2/images/c9c7fb5e-cfb4-446f-9065-002d2b224b2b => generated 649 bytes in 14 msecs (HTTP/1.1 200) 4 headers in 157 bytes (1 switches on core 0)
Jun 27 04:08:40.524165 np0000003827 devstack@g-api.service[99596]: DEBUG dbcounter [-] [99596] Writing DB stats glance:SELECT=14,glance:UPDATE=1 {{(pid=99596) stat_writer /opt/stack/data/venv/lib/python3.12/site-packages/dbcounter.py:115}}
Jun 27 04:08:41.011320 np0000003827 devstack@g-api.service[99595]: DEBUG glance.api.middleware.version_negotiation [None req-0f8bf8ac-7491-4159-8483-3ccebdf41c21 tempest-VolumesActionsTest-879220816 tempest-VolumesActionsTest-879220816-project-member] Determining version of request: GET /v2/images/c9c7fb5e-cfb4-446f-9065-002d2b224b2b Accept: application/json {{(pid=99595) process_request /opt/stack/glance/glance/api/middleware/version_negotiation.py:44}}
Jun 27 04:08:41.011320 np0000003827 devstack@g-api.service[99595]: DEBUG glance.api.middleware.version_negotiation [None req-0f8bf8ac-7491-4159-8483-3ccebdf41c21 tempest-VolumesActionsTest-879220816 tempest-VolumesActionsTest-879220816-project-member] Using url versioning {{(pid=99595) process_request /opt/stack/glance/glance/api/middleware/version_negotiation.py:57}}
Jun 27 04:08:41.011977 np0000003827 devstack@g-api.service[99595]: DEBUG glance.api.middleware.version_negotiation [None req-0f8bf8ac-7491-4159-8483-3ccebdf41c21 tempest-VolumesActionsTest-879220816 tempest-VolumesActionsTest-879220816-project-member] Matched version: v2 {{(pid=99595) process_request /opt/stack/glance/glance/api/middleware/version_negotiation.py:69}}
Jun 27 04:08:41.011977 np0000003827 devstack@g-api.service[99595]: DEBUG glance.api.middleware.version_negotiation [None req-0f8bf8ac-7491-4159-8483-3ccebdf41c21 tempest-VolumesActionsTest-879220816 tempest-VolumesActionsTest-879220816-project-member] new path /v2/images/c9c7fb5e-cfb4-446f-9065-002d2b224b2b {{(pid=99595) process_request /opt/stack/glance/glance/api/middleware/version_negotiation.py:70}}
Jun 27 04:08:41.029326 np0000003827 devstack@g-api.service[99595]: [pid: 99595|app: 0|req: 130/385] 127.0.0.1 () {40 vars in 834 bytes} [Sat Jun 27 04:08:41 2026] GET /v2/images/c9c7fb5e-cfb4-446f-9065-002d2b224b2b => generated 649 bytes in 18 msecs (HTTP/1.1 200) 4 headers in 157 bytes (1 switches on core 0)
Jun 27 04:08:41.058609 np0000003827 devstack@g-api.service[99597]: DEBUG glance.api.middleware.version_negotiation [None req-2ff427a5-259a-4f62-869a-f46cb8b19c79 tempest-VolumesActionsTest-879220816 tempest-VolumesActionsTest-879220816-project-member] Determining version of request: GET /v2/images/dcc50934-2142-4b95-b0af-359e666386e3 Accept: */* {{(pid=99597) process_request /opt/stack/glance/glance/api/middleware/version_negotiation.py:44}}
Jun 27 04:08:41.059096 np0000003827 devstack@g-api.service[99597]: DEBUG glance.api.middleware.version_negotiation [None req-2ff427a5-259a-4f62-869a-f46cb8b19c79 tempest-VolumesActionsTest-879220816 tempest-VolumesActionsTest-879220816-project-member] Using url versioning {{(pid=99597) process_request /opt/stack/glance/glance/api/middleware/version_negotiation.py:57}}
Jun 27 04:08:41.059096 np0000003827 devstack@g-api.service[99597]: DEBUG glance.api.middleware.version_negotiation [None req-2ff427a5-259a-4f62-869a-f46cb8b19c79 tempest-VolumesActionsTest-879220816 tempest-VolumesActionsTest-879220816-project-member] Matched version: v2 {{(pid=99597) process_request /opt/stack/glance/glance/api/middleware/version_negotiation.py:69}}
Jun 27 04:08:41.059467 np0000003827 devstack@g-api.service[99597]: DEBUG glance.api.middleware.version_negotiation [None req-2ff427a5-259a-4f62-869a-f46cb8b19c79 tempest-VolumesActionsTest-879220816 tempest-VolumesActionsTest-879220816-project-member] new path /v2/images/dcc50934-2142-4b95-b0af-359e666386e3 {{(pid=99597) process_request /opt/stack/glance/glance/api/middleware/version_negotiation.py:70}}
Jun 27 04:08:41.073960 np0000003827 devstack@g-api.service[99597]: [pid: 99597|app: 0|req: 134/386] 127.0.0.1 () {44 vars in 1111 bytes} [Sat Jun 27 04:08:41 2026] GET /v2/images/dcc50934-2142-4b95-b0af-359e666386e3 => generated 1044 bytes in 15 msecs (HTTP/1.1 200) 4 headers in 158 bytes (1 switches on core 0)
Jun 27 04:08:41.107809 np0000003827 devstack@g-api.service[99595]: DEBUG glance.api.middleware.version_negotiation [None req-e48a8d3a-d7ad-4a69-986b-bb224ad7df36 tempest-VolumesActionsTest-879220816 tempest-VolumesActionsTest-879220816-project-member] Determining version of request: GET /v2/schemas/image Accept: */* {{(pid=99595) process_request /opt/stack/glance/glance/api/middleware/version_negotiation.py:44}}
Jun 27 04:08:41.107809 np0000003827 devstack@g-api.service[99595]: DEBUG glance.api.middleware.version_negotiation [None req-e48a8d3a-d7ad-4a69-986b-bb224ad7df36 tempest-VolumesActionsTest-879220816 tempest-VolumesActionsTest-879220816-project-member] Using url versioning {{(pid=99595) process_request /opt/stack/glance/glance/api/middleware/version_negotiation.py:57}}
Jun 27 04:08:41.107809 np0000003827 devstack@g-api.service[99595]: DEBUG glance.api.middleware.version_negotiation [None req-e48a8d3a-d7ad-4a69-986b-bb224ad7df36 tempest-VolumesActionsTest-879220816 tempest-VolumesActionsTest-879220816-project-member] Matched version: v2 {{(pid=99595) process_request /opt/stack/glance/glance/api/middleware/version_negotiation.py:69}}
Jun 27 04:08:41.107809 np0000003827 devstack@g-api.service[99595]: DEBUG glance.api.middleware.version_negotiation [None req-e48a8d3a-d7ad-4a69-986b-bb224ad7df36 tempest-VolumesActionsTest-879220816 tempest-VolumesActionsTest-879220816-project-member] new path /v2/schemas/image {{(pid=99595) process_request /opt/stack/glance/glance/api/middleware/version_negotiation.py:70}}
Jun 27 04:08:41.113458 np0000003827 devstack@g-api.service[99595]: [pid: 99595|app: 0|req: 131/387] 127.0.0.1 () {44 vars in 1051 bytes} [Sat Jun 27 04:08:41 2026] GET /v2/schemas/image => generated 6083 bytes in 7 msecs (HTTP/1.1 200) 4 headers in 158 bytes (1 switches on core 0)
Jun 27 04:08:41.907271 np0000003827 devstack@g-api.service[99596]: DEBUG swiftclient [None req-eefe9293-5819-41ab-a13f-ba2d6a21f5ee tempest-VolumesActionsTest-879220816 tempest-VolumesActionsTest-879220816-project-member] REQ: curl -i https://10.4.3.92:8080/v1/AUTH_62ede042143b4487bbd10b9bb2b9670e/glance/c9c7fb5e-cfb4-446f-9065-002d2b224b2b-00004 -X PUT -H "X-Auth-Token: gAAAAABqP0y-uYRd..." {{(pid=99596) http_log /opt/stack/data/venv/lib/python3.12/site-packages/swiftclient/client.py:160}}
Jun 27 04:08:41.907271 np0000003827 devstack@g-api.service[99596]: DEBUG swiftclient [None req-eefe9293-5819-41ab-a13f-ba2d6a21f5ee tempest-VolumesActionsTest-879220816 tempest-VolumesActionsTest-879220816-project-member] RESP STATUS: 201 Created {{(pid=99596) http_log /opt/stack/data/venv/lib/python3.12/site-packages/swiftclient/client.py:161}}
Jun 27 04:08:41.907271 np0000003827 devstack@g-api.service[99596]: DEBUG swiftclient [None req-eefe9293-5819-41ab-a13f-ba2d6a21f5ee tempest-VolumesActionsTest-879220816 tempest-VolumesActionsTest-879220816-project-member] RESP HEADERS: {'Date': 'Sat, 27 Jun 2026 04:08:41 GMT', 'Server': 'Apache/2.4.58 (Ubuntu)', 'Content-Type': 'text/html; charset=UTF-8', 'Content-Length': '0', 'Etag': 'eda9a9889837ac4bc81d6387d92c1bec', 'Last-Modified': 'Sat, 27 Jun 2026 04:08:40 GMT', 'X-Trans-Id': 'tx5db9193df52e40be8f298-006a3f4cc7', 'X-Openstack-Request-Id': 'tx5db9193df52e40be8f298-006a3f4cc7', 'Connection': 'close'} {{(pid=99596) http_log /opt/stack/data/venv/lib/python3.12/site-packages/swiftclient/client.py:162}}
Jun 27 04:08:41.908032 np0000003827 devstack@g-api.service[99596]: DEBUG glance_store._drivers.swift.store [None req-eefe9293-5819-41ab-a13f-ba2d6a21f5ee tempest-VolumesActionsTest-879220816 tempest-VolumesActionsTest-879220816-project-member] Wrote chunk c9c7fb5e-cfb4-446f-9065-002d2b224b2b-00004 (4/?) of length 204800000 to Swift returning MD5 of content: eda9a9889837ac4bc81d6387d92c1bec {{(pid=99596) add /opt/stack/data/venv/lib/python3.12/site-packages/glance_store/_drivers/swift/store.py:1059}}
Jun 27 04:08:42.039628 np0000003827 devstack@g-api.service[99597]: DEBUG glance.api.middleware.version_negotiation [None req-a0b1a344-012e-45c0-a06b-58287f6cf32e tempest-ServerActionsTestOtherB-1904742841 tempest-ServerActionsTestOtherB-1904742841-project-member] Determining version of request: GET /v2/images/c9c7fb5e-cfb4-446f-9065-002d2b224b2b Accept: application/json {{(pid=99597) process_request /opt/stack/glance/glance/api/middleware/version_negotiation.py:44}}
Jun 27 04:08:42.039628 np0000003827 devstack@g-api.service[99597]: DEBUG glance.api.middleware.version_negotiation [None req-a0b1a344-012e-45c0-a06b-58287f6cf32e tempest-ServerActionsTestOtherB-1904742841 tempest-ServerActionsTestOtherB-1904742841-project-member] Using url versioning {{(pid=99597) process_request /opt/stack/glance/glance/api/middleware/version_negotiation.py:57}}
Jun 27 04:08:42.039628 np0000003827 devstack@g-api.service[99597]: DEBUG glance.api.middleware.version_negotiation [None req-a0b1a344-012e-45c0-a06b-58287f6cf32e tempest-ServerActionsTestOtherB-1904742841 tempest-ServerActionsTestOtherB-1904742841-project-member] Matched version: v2 {{(pid=99597) process_request /opt/stack/glance/glance/api/middleware/version_negotiation.py:69}}
Jun 27 04:08:42.039917 np0000003827 devstack@g-api.service[99597]: DEBUG glance.api.middleware.version_negotiation [None req-a0b1a344-012e-45c0-a06b-58287f6cf32e tempest-ServerActionsTestOtherB-1904742841 tempest-ServerActionsTestOtherB-1904742841-project-member] new path /v2/images/c9c7fb5e-cfb4-446f-9065-002d2b224b2b {{(pid=99597) process_request /opt/stack/glance/glance/api/middleware/version_negotiation.py:70}}
Jun 27 04:08:42.057009 np0000003827 devstack@g-api.service[99597]: [pid: 99597|app: 0|req: 135/388] 127.0.0.1 () {40 vars in 834 bytes} [Sat Jun 27 04:08:42 2026] GET /v2/images/c9c7fb5e-cfb4-446f-9065-002d2b224b2b => generated 649 bytes in 18 msecs (HTTP/1.1 200) 4 headers in 157 bytes (1 switches on core 0)
Jun 27 04:08:43.067888 np0000003827 devstack@g-api.service[99595]: DEBUG glance.api.middleware.version_negotiation [None req-a0b1a344-012e-45c0-a06b-58287f6cf32e tempest-ServerActionsTestOtherB-1904742841 tempest-ServerActionsTestOtherB-1904742841-project-member] Determining version of request: GET /v2/images/c9c7fb5e-cfb4-446f-9065-002d2b224b2b Accept: application/json {{(pid=99595) process_request /opt/stack/glance/glance/api/middleware/version_negotiation.py:44}}
