Jun 27 04:00:53.007560 np0000003827 nova-scheduler[93333]: DEBUG cotyledon.oslo_config_glue [-] oslo_limit.cafile = None {{(pid=93333) log_opt_values /opt/stack/data/venv/lib/python3.12/site-packages/oslo_config/cfg.py:3253}}
Jun 27 04:00:53.007721 np0000003827 nova-scheduler[93333]: DEBUG cotyledon.oslo_config_glue [-] oslo_limit.certfile = None {{(pid=93333) log_opt_values /opt/stack/data/venv/lib/python3.12/site-packages/oslo_config/cfg.py:3253}}
Jun 27 04:00:53.007721 np0000003827 nova-scheduler[93333]: DEBUG cotyledon.oslo_config_glue [-] oslo_limit.collect_timing = False {{(pid=93333) log_opt_values /opt/stack/data/venv/lib/python3.12/site-packages/oslo_config/cfg.py:3253}}
Jun 27 04:00:53.007721 np0000003827 nova-scheduler[93333]: DEBUG cotyledon.oslo_config_glue [-] oslo_limit.connect_retries = None {{(pid=93333) log_opt_values /opt/stack/data/venv/lib/python3.12/site-packages/oslo_config/cfg.py:3253}}
Jun 27 04:00:53.007721 np0000003827 nova-scheduler[93333]: DEBUG cotyledon.oslo_config_glue [-] oslo_limit.connect_retry_delay = None {{(pid=93333) log_opt_values /opt/stack/data/venv/lib/python3.12/site-packages/oslo_config/cfg.py:3253}}
Jun 27 04:00:53.007721 np0000003827 nova-scheduler[93333]: DEBUG cotyledon.oslo_config_glue [-] oslo_limit.endpoint_id = None {{(pid=93333) log_opt_values /opt/stack/data/venv/lib/python3.12/site-packages/oslo_config/cfg.py:3253}}
Jun 27 04:00:53.007721 np0000003827 nova-scheduler[93333]: DEBUG cotyledon.oslo_config_glue [-] oslo_limit.endpoint_interface = public {{(pid=93333) log_opt_values /opt/stack/data/venv/lib/python3.12/site-packages/oslo_config/cfg.py:3253}}
Jun 27 04:00:53.007721 np0000003827 nova-scheduler[93333]: DEBUG cotyledon.oslo_config_glue [-] oslo_limit.endpoint_override = None {{(pid=93333) log_opt_values /opt/stack/data/venv/lib/python3.12/site-packages/oslo_config/cfg.py:3253}}
Jun 27 04:00:53.007721 np0000003827 nova-scheduler[93333]: DEBUG cotyledon.oslo_config_glue [-] oslo_limit.endpoint_region_name = None {{(pid=93333) log_opt_values /opt/stack/data/venv/lib/python3.12/site-packages/oslo_config/cfg.py:3253}}
Jun 27 04:00:53.007721 np0000003827 nova-scheduler[93333]: DEBUG cotyledon.oslo_config_glue [-] oslo_limit.endpoint_service_name = None {{(pid=93333) log_opt_values /opt/stack/data/venv/lib/python3.12/site-packages/oslo_config/cfg.py:3253}}
Jun 27 04:00:53.007905 np0000003827 nova-scheduler[93333]: DEBUG cotyledon.oslo_config_glue [-] oslo_limit.endpoint_service_type = None {{(pid=93333) log_opt_values /opt/stack/data/venv/lib/python3.12/site-packages/oslo_config/cfg.py:3253}}
Jun 27 04:00:53.007905 np0000003827 nova-scheduler[93333]: DEBUG cotyledon.oslo_config_glue [-] oslo_limit.insecure = False {{(pid=93333) log_opt_values /opt/stack/data/venv/lib/python3.12/site-packages/oslo_config/cfg.py:3253}}
Jun 27 04:00:53.007905 np0000003827 nova-scheduler[93333]: DEBUG cotyledon.oslo_config_glue [-] oslo_limit.keyfile = None {{(pid=93333) log_opt_values /opt/stack/data/venv/lib/python3.12/site-packages/oslo_config/cfg.py:3253}}
Jun 27 04:00:53.007905 np0000003827 nova-scheduler[93333]: DEBUG cotyledon.oslo_config_glue [-] oslo_limit.max_version = None {{(pid=93333) log_opt_values /opt/stack/data/venv/lib/python3.12/site-packages/oslo_config/cfg.py:3253}}
Jun 27 04:00:53.007905 np0000003827 nova-scheduler[93333]: DEBUG cotyledon.oslo_config_glue [-] oslo_limit.min_version = None {{(pid=93333) log_opt_values /opt/stack/data/venv/lib/python3.12/site-packages/oslo_config/cfg.py:3253}}
Jun 27 04:00:53.007905 np0000003827 nova-scheduler[93333]: DEBUG cotyledon.oslo_config_glue [-] oslo_limit.region_name = None {{(pid=93333) log_opt_values /opt/stack/data/venv/lib/python3.12/site-packages/oslo_config/cfg.py:3253}}
Jun 27 04:00:53.007905 np0000003827 nova-scheduler[93333]: DEBUG cotyledon.oslo_config_glue [-] oslo_limit.retriable_status_codes = None {{(pid=93333) log_opt_values /opt/stack/data/venv/lib/python3.12/site-packages/oslo_config/cfg.py:3253}}
Jun 27 04:00:53.007905 np0000003827 nova-scheduler[93333]: DEBUG cotyledon.oslo_config_glue [-] oslo_limit.service_name = None {{(pid=93333) log_opt_values /opt/stack/data/venv/lib/python3.12/site-packages/oslo_config/cfg.py:3253}}
Jun 27 04:00:53.007905 np0000003827 nova-scheduler[93333]: DEBUG cotyledon.oslo_config_glue [-] oslo_limit.service_type = None {{(pid=93333) log_opt_values /opt/stack/data/venv/lib/python3.12/site-packages/oslo_config/cfg.py:3253}}
Jun 27 04:00:53.008064 np0000003827 nova-scheduler[93333]: DEBUG cotyledon.oslo_config_glue [-] oslo_limit.split_loggers = False {{(pid=93333) log_opt_values /opt/stack/data/venv/lib/python3.12/site-packages/oslo_config/cfg.py:3253}}
Jun 27 04:00:53.008064 np0000003827 nova-scheduler[93333]: DEBUG cotyledon.oslo_config_glue [-] oslo_limit.status_code_retries = None {{(pid=93333) log_opt_values /opt/stack/data/venv/lib/python3.12/site-packages/oslo_config/cfg.py:3253}}
Jun 27 04:00:53.008064 np0000003827 nova-scheduler[93333]: DEBUG cotyledon.oslo_config_glue [-] oslo_limit.status_code_retry_delay = None {{(pid=93333) log_opt_values /opt/stack/data/venv/lib/python3.12/site-packages/oslo_config/cfg.py:3253}}
Jun 27 04:00:53.008064 np0000003827 nova-scheduler[93333]: DEBUG cotyledon.oslo_config_glue [-] oslo_limit.timeout = None {{(pid=93333) log_opt_values /opt/stack/data/venv/lib/python3.12/site-packages/oslo_config/cfg.py:3253}}
Jun 27 04:00:53.008064 np0000003827 nova-scheduler[93333]: DEBUG cotyledon.oslo_config_glue [-] oslo_limit.valid_interfaces = None {{(pid=93333) log_opt_values /opt/stack/data/venv/lib/python3.12/site-packages/oslo_config/cfg.py:3253}}
Jun 27 04:00:53.008064 np0000003827 nova-scheduler[93333]: DEBUG cotyledon.oslo_config_glue [-] oslo_limit.version = None {{(pid=93333) log_opt_values /opt/stack/data/venv/lib/python3.12/site-packages/oslo_config/cfg.py:3253}}
Jun 27 04:00:53.008064 np0000003827 nova-scheduler[93333]: DEBUG cotyledon.oslo_config_glue [-] oslo_reports.file_event_handler = None {{(pid=93333) log_opt_values /opt/stack/data/venv/lib/python3.12/site-packages/oslo_config/cfg.py:3253}}
Jun 27 04:00:53.008064 np0000003827 nova-scheduler[93333]: DEBUG cotyledon.oslo_config_glue [-] oslo_reports.file_event_handler_interval = 1 {{(pid=93333) log_opt_values /opt/stack/data/venv/lib/python3.12/site-packages/oslo_config/cfg.py:3253}}
Jun 27 04:00:53.008064 np0000003827 nova-scheduler[93333]: DEBUG cotyledon.oslo_config_glue [-] oslo_reports.log_dir = None {{(pid=93333) log_opt_values /opt/stack/data/venv/lib/python3.12/site-packages/oslo_config/cfg.py:3253}}
Jun 27 04:00:53.008263 np0000003827 nova-scheduler[93333]: DEBUG cotyledon.oslo_config_glue [-] ******************************************************************************** {{(pid=93333) log_opt_values /opt/stack/data/venv/lib/python3.12/site-packages/oslo_config/cfg.py:3260}}
Jun 27 04:00:53.008263 np0000003827 nova-scheduler[93333]: DEBUG cotyledon._service_worker [-] Run service ServiceWrapper(2) [93333] {{(pid=93333) wait_forever /opt/stack/data/venv/lib/python3.12/site-packages/cotyledon/_service_worker.py:218}}
Jun 27 04:00:53.008304 np0000003827 nova-scheduler[93311]: INFO dbcounter [None req-82e5ea6e-e356-4c3e-a18d-0b55073d39a7 None None] Registered counter for database nova_cell0
Jun 27 04:00:53.008326 np0000003827 nova-scheduler[93333]: INFO nova.service [-] Starting scheduler node (version 33.1.0)
Jun 27 04:00:53.008326 np0000003827 nova-scheduler[93333]: INFO dbcounter [None req-67be6c61-8151-4418-bc67-9d368a292231 None None] Registered counter for database nova_cell0
Jun 27 04:00:53.008361 np0000003827 nova-scheduler[93307]: DEBUG oslo_db.sqlalchemy.engines [None req-26130abd-3149-4e4c-ae63-ed09dad18371 None None] MySQL server mode set to STRICT_TRANS_TABLES,STRICT_ALL_TABLES,NO_ZERO_IN_DATE,NO_ZERO_DATE,ERROR_FOR_DIVISION_BY_ZERO,TRADITIONAL,NO_ENGINE_SUBSTITUTION {{(pid=93307) _check_effective_sql_mode /opt/stack/data/venv/lib/python3.12/site-packages/oslo_db/sqlalchemy/engines.py:325}}
Jun 27 04:00:53.008361 np0000003827 nova-scheduler[93307]: DEBUG dbcounter [-] [93307] Writer thread running {{(pid=93307) stat_writer /opt/stack/data/venv/lib/python3.12/site-packages/dbcounter.py:102}}
Jun 27 04:00:53.008403 np0000003827 nova-scheduler[93311]: DEBUG oslo_db.sqlalchemy.engines [None req-82e5ea6e-e356-4c3e-a18d-0b55073d39a7 None None] MySQL server mode set to STRICT_TRANS_TABLES,STRICT_ALL_TABLES,NO_ZERO_IN_DATE,NO_ZERO_DATE,ERROR_FOR_DIVISION_BY_ZERO,TRADITIONAL,NO_ENGINE_SUBSTITUTION {{(pid=93311) _check_effective_sql_mode /opt/stack/data/venv/lib/python3.12/site-packages/oslo_db/sqlalchemy/engines.py:325}}
Jun 27 04:00:53.008424 np0000003827 nova-scheduler[93333]: DEBUG oslo_db.sqlalchemy.engines [None req-67be6c61-8151-4418-bc67-9d368a292231 None None] MySQL server mode set to STRICT_TRANS_TABLES,STRICT_ALL_TABLES,NO_ZERO_IN_DATE,NO_ZERO_DATE,ERROR_FOR_DIVISION_BY_ZERO,TRADITIONAL,NO_ENGINE_SUBSTITUTION {{(pid=93333) _check_effective_sql_mode /opt/stack/data/venv/lib/python3.12/site-packages/oslo_db/sqlalchemy/engines.py:325}}
Jun 27 04:00:53.008454 np0000003827 nova-scheduler[93307]: DEBUG nova.service [None req-26130abd-3149-4e4c-ae63-ed09dad18371 None None] Creating RPC server for service: nova-scheduler on topic: scheduler {{(pid=93307) start /opt/stack/nova/nova/service.py:196}}
Jun 27 04:00:53.008476 np0000003827 nova-scheduler[93311]: DEBUG dbcounter [-] [93311] Writer thread running {{(pid=93311) stat_writer /opt/stack/data/venv/lib/python3.12/site-packages/dbcounter.py:102}}
Jun 27 04:00:53.008476 np0000003827 nova-scheduler[93311]: DEBUG nova.service [None req-82e5ea6e-e356-4c3e-a18d-0b55073d39a7 None None] Creating RPC server for service: nova-scheduler on topic: scheduler {{(pid=93311) start /opt/stack/nova/nova/service.py:196}}
Jun 27 04:00:53.008516 np0000003827 nova-scheduler[93333]: DEBUG dbcounter [-] [93333] Writer thread running {{(pid=93333) stat_writer /opt/stack/data/venv/lib/python3.12/site-packages/dbcounter.py:102}}
Jun 27 04:00:53.008688 np0000003827 nova-scheduler[93333]: DEBUG nova.service [None req-67be6c61-8151-4418-bc67-9d368a292231 None None] Creating RPC server for service: nova-scheduler on topic: scheduler {{(pid=93333) start /opt/stack/nova/nova/service.py:196}}
Jun 27 04:00:53.022931 np0000003827 nova-scheduler[93307]: DEBUG nova.service [None req-26130abd-3149-4e4c-ae63-ed09dad18371 None None] Join ServiceGroup membership for this service scheduler {{(pid=93307) start /opt/stack/nova/nova/service.py:222}}
Jun 27 04:00:53.030003 np0000003827 nova-scheduler[93307]: DEBUG nova.servicegroup.drivers.db [None req-26130abd-3149-4e4c-ae63-ed09dad18371 None None] DB_Driver: join new ServiceGroup member np0000003827 to the scheduler group, service = {{(pid=93307) join /opt/stack/nova/nova/servicegroup/drivers/db.py:44}}
Jun 27 04:00:53.030076 np0000003827 nova-scheduler[93333]: DEBUG nova.service [None req-67be6c61-8151-4418-bc67-9d368a292231 None None] Join ServiceGroup membership for this service scheduler {{(pid=93333) start /opt/stack/nova/nova/service.py:222}}
Jun 27 04:00:53.030076 np0000003827 nova-scheduler[93333]: DEBUG nova.servicegroup.drivers.db [None req-67be6c61-8151-4418-bc67-9d368a292231 None None] DB_Driver: join new ServiceGroup member np0000003827 to the scheduler group, service = {{(pid=93333) join /opt/stack/nova/nova/servicegroup/drivers/db.py:44}}
Jun 27 04:00:53.033218 np0000003827 nova-scheduler[93311]: DEBUG nova.service [None req-82e5ea6e-e356-4c3e-a18d-0b55073d39a7 None None] Join ServiceGroup membership for this service scheduler {{(pid=93311) start /opt/stack/nova/nova/service.py:222}}
Jun 27 04:00:53.033553 np0000003827 nova-scheduler[93311]: DEBUG nova.servicegroup.drivers.db [None req-82e5ea6e-e356-4c3e-a18d-0b55073d39a7 None None] DB_Driver: join new ServiceGroup member np0000003827 to the scheduler group, service = {{(pid=93311) join /opt/stack/nova/nova/servicegroup/drivers/db.py:44}}
Jun 27 04:00:58.040986 np0000003827 nova-scheduler[93307]: DEBUG oslo.service.backend._threading.loopingcall [-] Fixed interval looping call 'nova.servicegroup.drivers.db.DbDriver._report_state' sleeping for 119.98 seconds {{(pid=93307) _run_loop /opt/stack/data/venv/lib/python3.12/site-packages/oslo_service/backend/_threading/loopingcall.py:125}}
Jun 27 04:00:58.041923 np0000003827 nova-scheduler[93333]: DEBUG oslo.service.backend._threading.loopingcall [-] Fixed interval looping call 'nova.servicegroup.drivers.db.DbDriver._report_state' sleeping for 119.98 seconds {{(pid=93333) _run_loop /opt/stack/data/venv/lib/python3.12/site-packages/oslo_service/backend/_threading/loopingcall.py:125}}
Jun 27 04:00:58.049498 np0000003827 nova-scheduler[93311]: DEBUG oslo.service.backend._threading.loopingcall [-] Fixed interval looping call 'nova.servicegroup.drivers.db.DbDriver._report_state' sleeping for 119.99 seconds {{(pid=93311) _run_loop /opt/stack/data/venv/lib/python3.12/site-packages/oslo_service/backend/_threading/loopingcall.py:125}}
Jun 27 04:01:01.597654 np0000003827 nova-scheduler[92067]: DEBUG dbcounter [-] [92067] Writing DB stats nova_api:SELECT=3 {{(pid=92067) stat_writer /opt/stack/data/venv/lib/python3.12/site-packages/dbcounter.py:115}}
Jun 27 04:01:01.726874 np0000003827 nova-scheduler[92067]: DEBUG dbcounter [-] [92067] Writing DB stats nova_cell0:SELECT=1 {{(pid=92067) stat_writer /opt/stack/data/venv/lib/python3.12/site-packages/dbcounter.py:115}}
Jun 27 04:01:01.734141 np0000003827 nova-scheduler[92067]: DEBUG dbcounter [-] [92067] Writing DB stats nova_cell1:SELECT=1 {{(pid=92067) stat_writer /opt/stack/data/venv/lib/python3.12/site-packages/dbcounter.py:115}}
Jun 27 04:01:08.037157 np0000003827 nova-scheduler[93307]: DEBUG dbcounter [-] [93307] Writing DB stats nova_cell0:SELECT=4,nova_cell0:INSERT=1,nova_cell0:UPDATE=1 {{(pid=93307) stat_writer /opt/stack/data/venv/lib/python3.12/site-packages/dbcounter.py:115}}
Jun 27 04:01:08.037619 np0000003827 nova-scheduler[93333]: DEBUG dbcounter [-] [93333] Writing DB stats nova_cell0:SELECT=3,nova_cell0:UPDATE=1 {{(pid=93333) stat_writer /opt/stack/data/venv/lib/python3.12/site-packages/dbcounter.py:115}}
Jun 27 04:01:08.046425 np0000003827 nova-scheduler[93311]: DEBUG dbcounter [-] [93311] Writing DB stats nova_cell0:SELECT=3 {{(pid=93311) stat_writer /opt/stack/data/venv/lib/python3.12/site-packages/dbcounter.py:115}}
Jun 27 04:01:14.036679 np0000003827 nova-scheduler[93311]: DEBUG oslo.service.backend._threading.loopingcall [None req-f450b135-c404-45f1-8640-69ba5a3f903e None None] Dynamic interval looping call 'nova.service.Service.periodic_tasks' sleeping for 60.00 seconds {{(pid=93311) _run_loop /opt/stack/data/venv/lib/python3.12/site-packages/oslo_service/backend/_threading/loopingcall.py:125}}
Jun 27 04:01:16.026597 np0000003827 nova-scheduler[93333]: DEBUG oslo.service.backend._threading.loopingcall [None req-83406e15-e387-480a-b1db-372f98042cb2 None None] Dynamic interval looping call 'nova.service.Service.periodic_tasks' sleeping for 60.00 seconds {{(pid=93333) _run_loop /opt/stack/data/venv/lib/python3.12/site-packages/oslo_service/backend/_threading/loopingcall.py:125}}
Jun 27 04:01:45.024998 np0000003827 nova-scheduler[93307]: DEBUG oslo.service.backend._threading.loopingcall [None req-659d3827-ec67-41c1-9475-137779e228a2 None None] Dynamic interval looping call 'nova.service.Service.periodic_tasks' sleeping for 60.00 seconds {{(pid=93307) _run_loop /opt/stack/data/venv/lib/python3.12/site-packages/oslo_service/backend/_threading/loopingcall.py:125}}
Jun 27 04:02:14.037050 np0000003827 nova-scheduler[93311]: DEBUG oslo.service.backend._threading.loopingcall [None req-f450b135-c404-45f1-8640-69ba5a3f903e None None] Dynamic interval looping call 'nova.service.Service.periodic_tasks' sleeping for 60.00 seconds {{(pid=93311) _run_loop /opt/stack/data/venv/lib/python3.12/site-packages/oslo_service/backend/_threading/loopingcall.py:125}}
Jun 27 04:02:16.027113 np0000003827 nova-scheduler[93333]: DEBUG oslo.service.backend._threading.loopingcall [None req-83406e15-e387-480a-b1db-372f98042cb2 None None] Dynamic interval looping call 'nova.service.Service.periodic_tasks' sleeping for 60.00 seconds {{(pid=93333) _run_loop /opt/stack/data/venv/lib/python3.12/site-packages/oslo_service/backend/_threading/loopingcall.py:125}}
Jun 27 04:02:45.025555 np0000003827 nova-scheduler[93307]: DEBUG oslo.service.backend._threading.loopingcall [None req-659d3827-ec67-41c1-9475-137779e228a2 None None] Dynamic interval looping call 'nova.service.Service.periodic_tasks' sleeping for 60.00 seconds {{(pid=93307) _run_loop /opt/stack/data/venv/lib/python3.12/site-packages/oslo_service/backend/_threading/loopingcall.py:125}}
Jun 27 04:02:58.029452 np0000003827 nova-scheduler[93307]: DEBUG oslo.service.backend._threading.loopingcall [-] Fixed interval looping call 'nova.servicegroup.drivers.db.DbDriver._report_state' sleeping for 119.99 seconds {{(pid=93307) _run_loop /opt/stack/data/venv/lib/python3.12/site-packages/oslo_service/backend/_threading/loopingcall.py:125}}
Jun 27 04:02:58.029974 np0000003827 nova-scheduler[93333]: DEBUG oslo.service.backend._threading.loopingcall [-] Fixed interval looping call 'nova.servicegroup.drivers.db.DbDriver._report_state' sleeping for 119.99 seconds {{(pid=93333) _run_loop /opt/stack/data/venv/lib/python3.12/site-packages/oslo_service/backend/_threading/loopingcall.py:125}}
Jun 27 04:02:58.043201 np0000003827 nova-scheduler[93311]: DEBUG oslo.service.backend._threading.loopingcall [-] Fixed interval looping call 'nova.servicegroup.drivers.db.DbDriver._report_state' sleeping for 120.00 seconds {{(pid=93311) _run_loop /opt/stack/data/venv/lib/python3.12/site-packages/oslo_service/backend/_threading/loopingcall.py:125}}
Jun 27 04:03:08.023903 np0000003827 nova-scheduler[93307]: DEBUG dbcounter [-] [93307] Writing DB stats nova_cell0:SELECT=1,nova_cell0:UPDATE=1 {{(pid=93307) stat_writer /opt/stack/data/venv/lib/python3.12/site-packages/dbcounter.py:115}}
Jun 27 04:03:08.024853 np0000003827 nova-scheduler[93333]: DEBUG dbcounter [-] [93333] Writing DB stats nova_cell0:SELECT=1,nova_cell0:UPDATE=1 {{(pid=93333) stat_writer /opt/stack/data/venv/lib/python3.12/site-packages/dbcounter.py:115}}
Jun 27 04:03:08.041388 np0000003827 nova-scheduler[93311]: DEBUG dbcounter [-] [93311] Writing DB stats nova_cell0:SELECT=1 {{(pid=93311) stat_writer /opt/stack/data/venv/lib/python3.12/site-packages/dbcounter.py:115}}
Jun 27 04:03:14.037537 np0000003827 nova-scheduler[93311]: DEBUG oslo.service.backend._threading.loopingcall [None req-f450b135-c404-45f1-8640-69ba5a3f903e None None] Dynamic interval looping call 'nova.service.Service.periodic_tasks' sleeping for 60.00 seconds {{(pid=93311) _run_loop /opt/stack/data/venv/lib/python3.12/site-packages/oslo_service/backend/_threading/loopingcall.py:125}}
Jun 27 04:03:16.027555 np0000003827 nova-scheduler[93333]: DEBUG oslo.service.backend._threading.loopingcall [None req-83406e15-e387-480a-b1db-372f98042cb2 None None] Dynamic interval looping call 'nova.service.Service.periodic_tasks' sleeping for 60.00 seconds {{(pid=93333) _run_loop /opt/stack/data/venv/lib/python3.12/site-packages/oslo_service/backend/_threading/loopingcall.py:125}}
Jun 27 04:03:35.195352 np0000003827 nova-scheduler[93307]: DEBUG nova.scheduler.manager [None req-d445d2c0-1d4b-4840-beca-679c8b6bf8f2 tempest-ServerBootFromVolumeStableRescueTest-2014061476 tempest-ServerBootFromVolumeStableRescueTest-2014061476-project-member] Starting to schedule for instances: ['cf55e777-3736-4231-a7c5-c75895c5238c'] {{(pid=93307) select_destinations /opt/stack/nova/nova/scheduler/manager.py:210}}
Jun 27 04:03:35.196373 np0000003827 nova-scheduler[93307]: DEBUG nova.scheduler.request_filter [None req-d445d2c0-1d4b-4840-beca-679c8b6bf8f2 tempest-ServerBootFromVolumeStableRescueTest-2014061476 tempest-ServerBootFromVolumeStableRescueTest-2014061476-project-member] compute_status_filter request filter added forbidden trait COMPUTE_STATUS_DISABLED {{(pid=93307) compute_status_filter /opt/stack/nova/nova/scheduler/request_filter.py:253}}
Jun 27 04:03:35.196589 np0000003827 nova-scheduler[93307]: DEBUG nova.scheduler.request_filter [None req-d445d2c0-1d4b-4840-beca-679c8b6bf8f2 tempest-ServerBootFromVolumeStableRescueTest-2014061476 tempest-ServerBootFromVolumeStableRescueTest-2014061476-project-member] Request filter 'compute_status_filter' took 0.0 seconds {{(pid=93307) wrapper /opt/stack/nova/nova/scheduler/request_filter.py:46}}
Jun 27 04:03:35.197005 np0000003827 nova-scheduler[93307]: DEBUG nova.scheduler.request_filter [None req-d445d2c0-1d4b-4840-beca-679c8b6bf8f2 tempest-ServerBootFromVolumeStableRescueTest-2014061476 tempest-ServerBootFromVolumeStableRescueTest-2014061476-project-member] Request filter 'accelerators_filter' took 0.0 seconds {{(pid=93307) wrapper /opt/stack/nova/nova/scheduler/request_filter.py:46}}
Jun 27 04:03:35.197278 np0000003827 nova-scheduler[93307]: DEBUG nova.scheduler.request_filter [None req-d445d2c0-1d4b-4840-beca-679c8b6bf8f2 tempest-ServerBootFromVolumeStableRescueTest-2014061476 tempest-ServerBootFromVolumeStableRescueTest-2014061476-project-member] Request filter 'packed_virtqueue_filter' took 0.0 seconds {{(pid=93307) wrapper /opt/stack/nova/nova/scheduler/request_filter.py:46}}
Jun 27 04:03:35.198542 np0000003827 nova-scheduler[93307]: DEBUG nova.scheduler.request_filter [None req-d445d2c0-1d4b-4840-beca-679c8b6bf8f2 tempest-ServerBootFromVolumeStableRescueTest-2014061476 tempest-ServerBootFromVolumeStableRescueTest-2014061476-project-member] Request filter 'remote_managed_ports_filter' took 0.0 seconds {{(pid=93307) wrapper /opt/stack/nova/nova/scheduler/request_filter.py:46}}
Jun 27 04:03:35.198542 np0000003827 nova-scheduler[93307]: DEBUG nova.scheduler.request_filter [None req-d445d2c0-1d4b-4840-beca-679c8b6bf8f2 tempest-ServerBootFromVolumeStableRescueTest-2014061476 tempest-ServerBootFromVolumeStableRescueTest-2014061476-project-member] ephemeral_encryption_filter skipped {{(pid=93307) ephemeral_encryption_filter /opt/stack/nova/nova/scheduler/request_filter.py:426}}
Jun 27 04:03:35.198542 np0000003827 nova-scheduler[93307]: DEBUG nova.scheduler.request_filter [None req-d445d2c0-1d4b-4840-beca-679c8b6bf8f2 tempest-ServerBootFromVolumeStableRescueTest-2014061476 tempest-ServerBootFromVolumeStableRescueTest-2014061476-project-member] virtio_sound_filter skipped {{(pid=93307) virtio_sound_filter /opt/stack/nova/nova/scheduler/request_filter.py:460}}
Jun 27 04:03:35.198701 np0000003827 nova-scheduler[93307]: DEBUG nova.scheduler.request_filter [None req-d445d2c0-1d4b-4840-beca-679c8b6bf8f2 tempest-ServerBootFromVolumeStableRescueTest-2014061476 tempest-ServerBootFromVolumeStableRescueTest-2014061476-project-member] tpm_secret_security_filter skipped {{(pid=93307) tpm_secret_security_filter /opt/stack/nova/nova/scheduler/request_filter.py:477}}
Jun 27 04:03:35.739298 np0000003827 nova-scheduler[93307]: INFO nova.utils [None req-d445d2c0-1d4b-4840-beca-679c8b6bf8f2 tempest-ServerBootFromVolumeStableRescueTest-2014061476 tempest-ServerBootFromVolumeStableRescueTest-2014061476-project-member] The cell worker thread pool ForkProcess-1.cell_worker is initialized
Jun 27 04:03:35.739750 np0000003827 nova-scheduler[93307]: DEBUG oslo_concurrency.lockutils [None req-d445d2c0-1d4b-4840-beca-679c8b6bf8f2 tempest-ServerBootFromVolumeStableRescueTest-2014061476 tempest-ServerBootFromVolumeStableRescueTest-2014061476-project-member] Acquiring lock "da397eb7-11f6-4c3d-86f5-fd8b370a70be" by "nova.context.set_target_cell..get_or_set_cached_cell_and_set_connections" {{(pid=93307) inner /opt/stack/data/venv/lib/python3.12/site-packages/oslo_concurrency/lockutils.py:511}}
Jun 27 04:03:35.739976 np0000003827 nova-scheduler[93307]: DEBUG oslo_concurrency.lockutils [None req-d445d2c0-1d4b-4840-beca-679c8b6bf8f2 tempest-ServerBootFromVolumeStableRescueTest-2014061476 tempest-ServerBootFromVolumeStableRescueTest-2014061476-project-member] Lock "da397eb7-11f6-4c3d-86f5-fd8b370a70be" acquired by "nova.context.set_target_cell..get_or_set_cached_cell_and_set_connections" :: waited 0.000s {{(pid=93307) inner /opt/stack/data/venv/lib/python3.12/site-packages/oslo_concurrency/lockutils.py:524}}
Jun 27 04:03:35.742675 np0000003827 nova-scheduler[93307]: DEBUG oslo_concurrency.lockutils [None req-d445d2c0-1d4b-4840-beca-679c8b6bf8f2 tempest-ServerBootFromVolumeStableRescueTest-2014061476 tempest-ServerBootFromVolumeStableRescueTest-2014061476-project-member] Lock "da397eb7-11f6-4c3d-86f5-fd8b370a70be" "released" by "nova.context.set_target_cell..get_or_set_cached_cell_and_set_connections" :: held 0.003s {{(pid=93307) inner /opt/stack/data/venv/lib/python3.12/site-packages/oslo_concurrency/lockutils.py:543}}
Jun 27 04:03:35.746300 np0000003827 nova-scheduler[93307]: INFO dbcounter [None req-d445d2c0-1d4b-4840-beca-679c8b6bf8f2 tempest-ServerBootFromVolumeStableRescueTest-2014061476 tempest-ServerBootFromVolumeStableRescueTest-2014061476-project-member] Registered counter for database nova_cell1
Jun 27 04:03:35.787870 np0000003827 nova-scheduler[93307]: DEBUG oslo_db.sqlalchemy.engines [None req-d445d2c0-1d4b-4840-beca-679c8b6bf8f2 tempest-ServerBootFromVolumeStableRescueTest-2014061476 tempest-ServerBootFromVolumeStableRescueTest-2014061476-project-member] MySQL server mode set to STRICT_TRANS_TABLES,STRICT_ALL_TABLES,NO_ZERO_IN_DATE,NO_ZERO_DATE,ERROR_FOR_DIVISION_BY_ZERO,TRADITIONAL,NO_ENGINE_SUBSTITUTION {{(pid=93307) _check_effective_sql_mode /opt/stack/data/venv/lib/python3.12/site-packages/oslo_db/sqlalchemy/engines.py:325}}
Jun 27 04:03:35.793499 np0000003827 nova-scheduler[93307]: DEBUG dbcounter [-] [93307] Writer thread running {{(pid=93307) stat_writer /opt/stack/data/venv/lib/python3.12/site-packages/dbcounter.py:102}}
Jun 27 04:03:35.809836 np0000003827 nova-scheduler[93307]: DEBUG oslo_db.sqlalchemy.engines [None req-d445d2c0-1d4b-4840-beca-679c8b6bf8f2 tempest-ServerBootFromVolumeStableRescueTest-2014061476 tempest-ServerBootFromVolumeStableRescueTest-2014061476-project-member] Parent process 92067 forked (93307) with an open database connection, which is being discarded and recreated. {{(pid=93307) checkout /opt/stack/data/venv/lib/python3.12/site-packages/oslo_db/sqlalchemy/engines.py:402}}
Jun 27 04:03:35.851048 np0000003827 nova-scheduler[93307]: DEBUG dbcounter [-] [93307] Writer thread running {{(pid=93307) stat_writer /opt/stack/data/venv/lib/python3.12/site-packages/dbcounter.py:102}}
Jun 27 04:03:35.855171 np0000003827 nova-scheduler[93307]: DEBUG oslo_concurrency.lockutils [None req-d445d2c0-1d4b-4840-beca-679c8b6bf8f2 tempest-ServerBootFromVolumeStableRescueTest-2014061476 tempest-ServerBootFromVolumeStableRescueTest-2014061476-project-member] Acquiring lock "da397eb7-11f6-4c3d-86f5-fd8b370a70be" by "nova.context.set_target_cell..get_or_set_cached_cell_and_set_connections" {{(pid=93307) inner /opt/stack/data/venv/lib/python3.12/site-packages/oslo_concurrency/lockutils.py:511}}
Jun 27 04:03:35.855455 np0000003827 nova-scheduler[93307]: DEBUG oslo_concurrency.lockutils [None req-d445d2c0-1d4b-4840-beca-679c8b6bf8f2 tempest-ServerBootFromVolumeStableRescueTest-2014061476 tempest-ServerBootFromVolumeStableRescueTest-2014061476-project-member] Lock "da397eb7-11f6-4c3d-86f5-fd8b370a70be" acquired by "nova.context.set_target_cell..get_or_set_cached_cell_and_set_connections" :: waited 0.000s {{(pid=93307) inner /opt/stack/data/venv/lib/python3.12/site-packages/oslo_concurrency/lockutils.py:524}}
Jun 27 04:03:35.855659 np0000003827 nova-scheduler[93307]: DEBUG oslo_concurrency.lockutils [None req-d445d2c0-1d4b-4840-beca-679c8b6bf8f2 tempest-ServerBootFromVolumeStableRescueTest-2014061476 tempest-ServerBootFromVolumeStableRescueTest-2014061476-project-member] Lock "da397eb7-11f6-4c3d-86f5-fd8b370a70be" "released" by "nova.context.set_target_cell..get_or_set_cached_cell_and_set_connections" :: held 0.000s {{(pid=93307) inner /opt/stack/data/venv/lib/python3.12/site-packages/oslo_concurrency/lockutils.py:543}}
Jun 27 04:03:35.865085 np0000003827 nova-scheduler[93307]: DEBUG oslo_concurrency.lockutils [None req-d445d2c0-1d4b-4840-beca-679c8b6bf8f2 tempest-ServerBootFromVolumeStableRescueTest-2014061476 tempest-ServerBootFromVolumeStableRescueTest-2014061476-project-member] Acquiring lock "('np0000003827', 'np0000003827')" by "nova.scheduler.host_manager.HostState.update.._locked_update" {{(pid=93307) inner /opt/stack/data/venv/lib/python3.12/site-packages/oslo_concurrency/lockutils.py:511}}
Jun 27 04:03:35.865085 np0000003827 nova-scheduler[93307]: DEBUG oslo_concurrency.lockutils [None req-d445d2c0-1d4b-4840-beca-679c8b6bf8f2 tempest-ServerBootFromVolumeStableRescueTest-2014061476 tempest-ServerBootFromVolumeStableRescueTest-2014061476-project-member] Lock "('np0000003827', 'np0000003827')" acquired by "nova.scheduler.host_manager.HostState.update.._locked_update" :: waited 0.000s {{(pid=93307) inner /opt/stack/data/venv/lib/python3.12/site-packages/oslo_concurrency/lockutils.py:524}}
Jun 27 04:03:35.866923 np0000003827 nova-scheduler[93307]: DEBUG nova.scheduler.host_manager [None req-d445d2c0-1d4b-4840-beca-679c8b6bf8f2 tempest-ServerBootFromVolumeStableRescueTest-2014061476 tempest-ServerBootFromVolumeStableRescueTest-2014061476-project-member] Update host state from compute node: ComputeNode(cpu_allocation_ratio=4.0,cpu_info='{"arch": "x86_64", "model": "EPYC-Milan", "vendor": "AMD", "topology": {"cells": 1, "sockets": 16, "cores": 1, "threads": 1}, "maxphysaddr": {"mode": "emulate", "bits": 40}, "features": ["ssbd", "umip", "clflushopt", "mds-no", "stibp", "pfthreshold", "xsavec", "pku", "lahf_lm", "pae", "de", "svme-addr-chk", "no-nested-data-bp", "hypervisor", "nx", "f16c", "sse2", "pse36", "rdpid", "bmi2", "npt", "stibp-always-on", "svm", "tsc-scale", "vpclmulqdq", "sse4a", "lm", "xsaves", "fma", "xgetbv1", "smap", "mtrr", "cr8legacy", "ibrs", "clflush", "tsc_adjust", "vme", "x2apic", "3dnowprefetch", "tsc", "pni", "arat", "nrip-save", "vgif", "clwb", "amd-psfd", "rdrand", "rdseed", "ssse3", "erms", "wbnoinvd", "fsgsbase", "fsrm", "pcid", "avx", "rdtscp", "pge", "skip-l1dfl-vmentry", "avx2", "cx16", "tsc-deadline", "pclmuldq", "xsaveerptr", "mmxext", "adx", "osvw", "flushbyasid", "gds-no", "aes", "arch-capabilities", "pause-filter", "sep", "vmcb-clean", "bmi1", "pdpe1gb", "xsaveopt", "msr", "smep", "perfctr_core", "pschange-mc-no", "lbrv", "abm", "apic", "v-vmsave-vmload", "popcnt", "sse", "syscall", "topoext", "mce", "amd-ssbd", "sha-ni", "lfence-always-serializing", "xsave", "spec-ctrl", "ibpb", "amd-stibp", "pse", "misalignsse", "pat", "mmx", "vaes", "cmp_legacy", "null-sel-clr-base", "rdctl-no", "fxsr", "fpu", "mca", "sse4.2", "cx8", "fxsr_opt", "movbe", "sse4.1", "clzero", "cmov", "invpcid", "virt-ssbd"]}',created_at=2026-06-27T04:01:19Z,current_workload=0,deleted=False,deleted_at=None,disk_allocation_ratio=1.0,disk_available_least=73,free_disk_gb=95,free_ram_mb=62765,host='np0000003827',host_ip=10.4.3.92,hypervisor_hostname='np0000003827',hypervisor_type='QEMU',hypervisor_version=8002002,id=1,local_gb=95,local_gb_used=0,mapped=1,memory_mb=63277,memory_mb_used=512,metrics='[]',numa_topology='{"nova_object.name": "NUMATopology", "nova_object.namespace": "nova", "nova_object.version": "1.2", "nova_object.data": {"cells": [{"nova_object.name": "NUMACell", "nova_object.namespace": "nova", "nova_object.version": "1.5", "nova_object.data": {"id": 0, "cpuset": [0, 1, 2, 3, 4, 5, 6, 7, 8, 9, 10, 11, 12, 13, 14, 15], "pcpuset": [0, 1, 2, 3, 4, 5, 6, 7, 8, 9, 10, 11, 12, 13, 14, 15], "memory": 63277, "cpu_usage": 0, "memory_usage": 0, "pinned_cpus": [], "siblings": [[6], [12], [2], [15], [5], [11], [8], [14], [4], [1], [7], [10], [0], [13], [3], [9]], "mempages": [{"nova_object.name": "NUMAPagesTopology", "nova_object.namespace": "nova", "nova_object.version": "1.1", "nova_object.data": {"size_kb": 4, "total": 16177929, "used": 0, "reserved": 0}, "nova_object.changes": ["total", "size_kb", "used", "reserved"]}, {"nova_object.name": "NUMAPagesTopology", "nova_object.namespace": "nova", "nova_object.version": "1.1", "nova_object.data": {"size_kb": 2048, "total": 41, "used": 0, "reserved": 0}, "nova_object.changes": ["total", "size_kb", "used", "reserved"]}, {"nova_object.name": "NUMAPagesTopology", "nova_object.namespace": "nova", "nova_object.version": "1.1", "nova_object.data": {"size_kb": 1048576, "total": 0, "used": 0, "reserved": 0}, "nova_object.changes": ["total", "size_kb", "used", "reserved"]}], "network_metadata": {"nova_object.name": "NetworkMetadata", "nova_object.namespace": "nova", "nova_object.version": "1.0", "nova_object.data": {"physnets": [], "tunneled": false}, "nova_object.changes": ["physnets", "tunneled"]}, "socket": null}, "nova_object.changes": ["socket", "siblings", "cpu_usage", "network_metadata", "cpuset", "memory", "mempages", "pinned_cpus", "pcpuset", "memory_usage", "id"]}]}, "nova_object.changes": ["cells"]}',pci_device_pools=PciDevicePoolList,ram_allocation_ratio=1.0,running_vms=0,service_id=3,stats={failed_builds='0',uptime=' 04:03:03 up 14 min, 2 users, load average: 1.25, 1.49, 0.89
Jun 27 04:03:35.866923 np0000003827 nova-scheduler[93307]: '},supported_hv_specs=[HVSpec,HVSpec,HVSpec,HVSpec,HVSpec,HVSpec,HVSpec,HVSpec,HVSpec,HVSpec,HVSpec,HVSpec,HVSpec,HVSpec,HVSpec,HVSpec,HVSpec,HVSpec,HVSpec,HVSpec,HVSpec,HVSpec,HVSpec,HVSpec,HVSpec],updated_at=2026-06-27T04:03:05Z,uuid=146898db-5e94-4c8b-9ae4-1b92422c4244,vcpus=16,vcpus_used=0) {{(pid=93307) _locked_update /opt/stack/nova/nova/scheduler/host_manager.py:168}}
Jun 27 04:03:35.866923 np0000003827 nova-scheduler[93307]: DEBUG nova.scheduler.host_manager [None req-d445d2c0-1d4b-4840-beca-679c8b6bf8f2 tempest-ServerBootFromVolumeStableRescueTest-2014061476 tempest-ServerBootFromVolumeStableRescueTest-2014061476-project-member] Update host state with aggregates: [] {{(pid=93307) _locked_update /opt/stack/nova/nova/scheduler/host_manager.py:171}}
Jun 27 04:03:35.867632 np0000003827 nova-scheduler[93307]: DEBUG nova.scheduler.host_manager [None req-d445d2c0-1d4b-4840-beca-679c8b6bf8f2 tempest-ServerBootFromVolumeStableRescueTest-2014061476 tempest-ServerBootFromVolumeStableRescueTest-2014061476-project-member] Update host state with service dict: {'id': 3, 'uuid': '2a3e0b47-ca3e-4fac-a93c-b4d8738e689b', 'host': 'np0000003827', 'binary': 'nova-compute', 'topic': 'compute', 'report_count': 2, 'disabled': False, 'disabled_reason': None, 'last_seen_up': datetime.datetime(2026, 6, 27, 4, 3, 28, tzinfo=datetime.timezone.utc), 'forced_down': False, 'version': 72, 'created_at': datetime.datetime(2026, 6, 27, 4, 1, 18, tzinfo=datetime.timezone.utc), 'updated_at': datetime.datetime(2026, 6, 27, 4, 3, 28, tzinfo=datetime.timezone.utc), 'deleted_at': None, 'deleted': False} {{(pid=93307) _locked_update /opt/stack/nova/nova/scheduler/host_manager.py:174}}
Jun 27 04:03:35.867632 np0000003827 nova-scheduler[93307]: DEBUG nova.scheduler.host_manager [None req-d445d2c0-1d4b-4840-beca-679c8b6bf8f2 tempest-ServerBootFromVolumeStableRescueTest-2014061476 tempest-ServerBootFromVolumeStableRescueTest-2014061476-project-member] Update host state with instances: [] {{(pid=93307) _locked_update /opt/stack/nova/nova/scheduler/host_manager.py:177}}
Jun 27 04:03:35.868582 np0000003827 nova-scheduler[93307]: DEBUG oslo_concurrency.lockutils [None req-d445d2c0-1d4b-4840-beca-679c8b6bf8f2 tempest-ServerBootFromVolumeStableRescueTest-2014061476 tempest-ServerBootFromVolumeStableRescueTest-2014061476-project-member] Lock "('np0000003827', 'np0000003827')" "released" by "nova.scheduler.host_manager.HostState.update.._locked_update" :: held 0.003s {{(pid=93307) inner /opt/stack/data/venv/lib/python3.12/site-packages/oslo_concurrency/lockutils.py:543}}
Jun 27 04:03:35.869682 np0000003827 nova-scheduler[93307]: DEBUG nova.filters [None req-d445d2c0-1d4b-4840-beca-679c8b6bf8f2 tempest-ServerBootFromVolumeStableRescueTest-2014061476 tempest-ServerBootFromVolumeStableRescueTest-2014061476-project-member] Starting with 1 host(s) {{(pid=93307) get_filtered_objects /opt/stack/nova/nova/filters.py:70}}
Jun 27 04:03:35.869682 np0000003827 nova-scheduler[93307]: DEBUG nova.filters [None req-d445d2c0-1d4b-4840-beca-679c8b6bf8f2 tempest-ServerBootFromVolumeStableRescueTest-2014061476 tempest-ServerBootFromVolumeStableRescueTest-2014061476-project-member] Filter ComputeFilter returned 1 host(s) {{(pid=93307) get_filtered_objects /opt/stack/nova/nova/filters.py:102}}
Jun 27 04:03:35.869682 np0000003827 nova-scheduler[93307]: DEBUG nova.filters [None req-d445d2c0-1d4b-4840-beca-679c8b6bf8f2 tempest-ServerBootFromVolumeStableRescueTest-2014061476 tempest-ServerBootFromVolumeStableRescueTest-2014061476-project-member] Filter ComputeCapabilitiesFilter returned 1 host(s) {{(pid=93307) get_filtered_objects /opt/stack/nova/nova/filters.py:102}}
Jun 27 04:03:35.869682 np0000003827 nova-scheduler[93307]: DEBUG nova.filters [None req-d445d2c0-1d4b-4840-beca-679c8b6bf8f2 tempest-ServerBootFromVolumeStableRescueTest-2014061476 tempest-ServerBootFromVolumeStableRescueTest-2014061476-project-member] Filter ImagePropertiesFilter returned 1 host(s) {{(pid=93307) get_filtered_objects /opt/stack/nova/nova/filters.py:102}}
Jun 27 04:03:35.870868 np0000003827 nova-scheduler[93307]: DEBUG nova.filters [None req-d445d2c0-1d4b-4840-beca-679c8b6bf8f2 tempest-ServerBootFromVolumeStableRescueTest-2014061476 tempest-ServerBootFromVolumeStableRescueTest-2014061476-project-member] Filter ServerGroupAntiAffinityFilter returned 1 host(s) {{(pid=93307) get_filtered_objects /opt/stack/nova/nova/filters.py:102}}
Jun 27 04:03:35.870868 np0000003827 nova-scheduler[93307]: DEBUG nova.filters [None req-d445d2c0-1d4b-4840-beca-679c8b6bf8f2 tempest-ServerBootFromVolumeStableRescueTest-2014061476 tempest-ServerBootFromVolumeStableRescueTest-2014061476-project-member] Filter ServerGroupAffinityFilter returned 1 host(s) {{(pid=93307) get_filtered_objects /opt/stack/nova/nova/filters.py:102}}
Jun 27 04:03:35.870868 np0000003827 nova-scheduler[93307]: DEBUG nova.filters [None req-d445d2c0-1d4b-4840-beca-679c8b6bf8f2 tempest-ServerBootFromVolumeStableRescueTest-2014061476 tempest-ServerBootFromVolumeStableRescueTest-2014061476-project-member] Filter SameHostFilter returned 1 host(s) {{(pid=93307) get_filtered_objects /opt/stack/nova/nova/filters.py:102}}
Jun 27 04:03:35.870868 np0000003827 nova-scheduler[93307]: DEBUG nova.filters [None req-d445d2c0-1d4b-4840-beca-679c8b6bf8f2 tempest-ServerBootFromVolumeStableRescueTest-2014061476 tempest-ServerBootFromVolumeStableRescueTest-2014061476-project-member] Filter DifferentHostFilter returned 1 host(s) {{(pid=93307) get_filtered_objects /opt/stack/nova/nova/filters.py:102}}
Jun 27 04:03:35.870868 np0000003827 nova-scheduler[93307]: DEBUG nova.scheduler.manager [None req-d445d2c0-1d4b-4840-beca-679c8b6bf8f2 tempest-ServerBootFromVolumeStableRescueTest-2014061476 tempest-ServerBootFromVolumeStableRescueTest-2014061476-project-member] Filtered [(np0000003827, np0000003827) ram: 62765MB disk: 74752MB io_ops: 0 instances: 0, allocation_candidates: 1] {{(pid=93307) _get_sorted_hosts /opt/stack/nova/nova/scheduler/manager.py:743}}
Jun 27 04:03:35.871479 np0000003827 nova-scheduler[93307]: DEBUG nova.scheduler.manager [None req-d445d2c0-1d4b-4840-beca-679c8b6bf8f2 tempest-ServerBootFromVolumeStableRescueTest-2014061476 tempest-ServerBootFromVolumeStableRescueTest-2014061476-project-member] Weighed [WeighedHost [host: (np0000003827, np0000003827) ram: 62765MB disk: 74752MB io_ops: 0 instances: 0, allocation_candidates: 1, weight: 0.0]] {{(pid=93307) _get_sorted_hosts /opt/stack/nova/nova/scheduler/manager.py:765}}
Jun 27 04:03:35.871479 np0000003827 nova-scheduler[93307]: DEBUG nova.scheduler.utils [None req-d445d2c0-1d4b-4840-beca-679c8b6bf8f2 tempest-ServerBootFromVolumeStableRescueTest-2014061476 tempest-ServerBootFromVolumeStableRescueTest-2014061476-project-member] Attempting to claim resources in the placement API for instance cf55e777-3736-4231-a7c5-c75895c5238c {{(pid=93307) claim_resources /opt/stack/nova/nova/scheduler/utils.py:1345}}
Jun 27 04:03:36.027571 np0000003827 nova-scheduler[93307]: DEBUG nova.scheduler.manager [None req-d445d2c0-1d4b-4840-beca-679c8b6bf8f2 tempest-ServerBootFromVolumeStableRescueTest-2014061476 tempest-ServerBootFromVolumeStableRescueTest-2014061476-project-member] [instance: cf55e777-3736-4231-a7c5-c75895c5238c] Selected host: (np0000003827, np0000003827) ram: 62765MB disk: 74752MB io_ops: 0 instances: 0, allocation_candidates: 1 {{(pid=93307) _consume_selected_host /opt/stack/nova/nova/scheduler/manager.py:625}}
Jun 27 04:03:36.027881 np0000003827 nova-scheduler[93307]: DEBUG oslo_concurrency.lockutils [None req-d445d2c0-1d4b-4840-beca-679c8b6bf8f2 tempest-ServerBootFromVolumeStableRescueTest-2014061476 tempest-ServerBootFromVolumeStableRescueTest-2014061476-project-member] Acquiring lock "('np0000003827', 'np0000003827')" by "nova.scheduler.host_manager.HostState.consume_from_request.._locked" {{(pid=93307) inner /opt/stack/data/venv/lib/python3.12/site-packages/oslo_concurrency/lockutils.py:511}}
Jun 27 04:03:36.028101 np0000003827 nova-scheduler[93307]: DEBUG oslo_concurrency.lockutils [None req-d445d2c0-1d4b-4840-beca-679c8b6bf8f2 tempest-ServerBootFromVolumeStableRescueTest-2014061476 tempest-ServerBootFromVolumeStableRescueTest-2014061476-project-member] Lock "('np0000003827', 'np0000003827')" acquired by "nova.scheduler.host_manager.HostState.consume_from_request.._locked" :: waited 0.000s {{(pid=93307) inner /opt/stack/data/venv/lib/python3.12/site-packages/oslo_concurrency/lockutils.py:524}}
Jun 27 04:03:36.028399 np0000003827 nova-scheduler[93307]: DEBUG oslo_concurrency.lockutils [None req-d445d2c0-1d4b-4840-beca-679c8b6bf8f2 tempest-ServerBootFromVolumeStableRescueTest-2014061476 tempest-ServerBootFromVolumeStableRescueTest-2014061476-project-member] Lock "('np0000003827', 'np0000003827')" "released" by "nova.scheduler.host_manager.HostState.consume_from_request.._locked" :: held 0.000s {{(pid=93307) inner /opt/stack/data/venv/lib/python3.12/site-packages/oslo_concurrency/lockutils.py:543}}
Jun 27 04:03:38.063398 np0000003827 nova-scheduler[93333]: DEBUG nova.scheduler.manager [None req-40c783bd-bda9-40d1-a106-275fbeb3a52b tempest-DeleteServersTestJSON-1488682665 tempest-DeleteServersTestJSON-1488682665-project-member] Starting to schedule for instances: ['16e3c450-3be5-422d-91a0-61014ef6b985'] {{(pid=93333) select_destinations /opt/stack/nova/nova/scheduler/manager.py:210}}
Jun 27 04:03:38.064212 np0000003827 nova-scheduler[93333]: DEBUG nova.scheduler.request_filter [None req-40c783bd-bda9-40d1-a106-275fbeb3a52b tempest-DeleteServersTestJSON-1488682665 tempest-DeleteServersTestJSON-1488682665-project-member] compute_status_filter request filter added forbidden trait COMPUTE_STATUS_DISABLED {{(pid=93333) compute_status_filter /opt/stack/nova/nova/scheduler/request_filter.py:253}}
Jun 27 04:03:38.064356 np0000003827 nova-scheduler[93333]: DEBUG nova.scheduler.request_filter [None req-40c783bd-bda9-40d1-a106-275fbeb3a52b tempest-DeleteServersTestJSON-1488682665 tempest-DeleteServersTestJSON-1488682665-project-member] Request filter 'compute_status_filter' took 0.0 seconds {{(pid=93333) wrapper /opt/stack/nova/nova/scheduler/request_filter.py:46}}
Jun 27 04:03:38.064614 np0000003827 nova-scheduler[93333]: DEBUG nova.scheduler.request_filter [None req-40c783bd-bda9-40d1-a106-275fbeb3a52b tempest-DeleteServersTestJSON-1488682665 tempest-DeleteServersTestJSON-1488682665-project-member] Request filter 'accelerators_filter' took 0.0 seconds {{(pid=93333) wrapper /opt/stack/nova/nova/scheduler/request_filter.py:46}}
Jun 27 04:03:38.064880 np0000003827 nova-scheduler[93333]: DEBUG nova.scheduler.request_filter [None req-40c783bd-bda9-40d1-a106-275fbeb3a52b tempest-DeleteServersTestJSON-1488682665 tempest-DeleteServersTestJSON-1488682665-project-member] Request filter 'packed_virtqueue_filter' took 0.0 seconds {{(pid=93333) wrapper /opt/stack/nova/nova/scheduler/request_filter.py:46}}
Jun 27 04:03:38.065198 np0000003827 nova-scheduler[93333]: DEBUG nova.scheduler.request_filter [None req-40c783bd-bda9-40d1-a106-275fbeb3a52b tempest-DeleteServersTestJSON-1488682665 tempest-DeleteServersTestJSON-1488682665-project-member] Request filter 'remote_managed_ports_filter' took 0.0 seconds {{(pid=93333) wrapper /opt/stack/nova/nova/scheduler/request_filter.py:46}}
Jun 27 04:03:38.065382 np0000003827 nova-scheduler[93333]: DEBUG nova.scheduler.request_filter [None req-40c783bd-bda9-40d1-a106-275fbeb3a52b tempest-DeleteServersTestJSON-1488682665 tempest-DeleteServersTestJSON-1488682665-project-member] ephemeral_encryption_filter skipped {{(pid=93333) ephemeral_encryption_filter /opt/stack/nova/nova/scheduler/request_filter.py:426}}
Jun 27 04:03:38.065564 np0000003827 nova-scheduler[93333]: DEBUG nova.scheduler.request_filter [None req-40c783bd-bda9-40d1-a106-275fbeb3a52b tempest-DeleteServersTestJSON-1488682665 tempest-DeleteServersTestJSON-1488682665-project-member] virtio_sound_filter skipped {{(pid=93333) virtio_sound_filter /opt/stack/nova/nova/scheduler/request_filter.py:460}}
Jun 27 04:03:38.065733 np0000003827 nova-scheduler[93333]: DEBUG nova.scheduler.request_filter [None req-40c783bd-bda9-40d1-a106-275fbeb3a52b tempest-DeleteServersTestJSON-1488682665 tempest-DeleteServersTestJSON-1488682665-project-member] tpm_secret_security_filter skipped {{(pid=93333) tpm_secret_security_filter /opt/stack/nova/nova/scheduler/request_filter.py:477}}
Jun 27 04:03:38.091701 np0000003827 nova-scheduler[93311]: DEBUG nova.scheduler.manager [None req-1378797e-b640-4782-bea9-7ba944efa29a tempest-ServerStableDeviceRescueTest-715573552 tempest-ServerStableDeviceRescueTest-715573552-project-member] Starting to schedule for instances: ['522a3b21-f242-4309-8985-99215ef31829'] {{(pid=93311) select_destinations /opt/stack/nova/nova/scheduler/manager.py:210}}
Jun 27 04:03:38.092220 np0000003827 nova-scheduler[93311]: DEBUG nova.scheduler.request_filter [None req-1378797e-b640-4782-bea9-7ba944efa29a tempest-ServerStableDeviceRescueTest-715573552 tempest-ServerStableDeviceRescueTest-715573552-project-member] compute_status_filter request filter added forbidden trait COMPUTE_STATUS_DISABLED {{(pid=93311) compute_status_filter /opt/stack/nova/nova/scheduler/request_filter.py:253}}
Jun 27 04:03:38.092376 np0000003827 nova-scheduler[93311]: DEBUG nova.scheduler.request_filter [None req-1378797e-b640-4782-bea9-7ba944efa29a tempest-ServerStableDeviceRescueTest-715573552 tempest-ServerStableDeviceRescueTest-715573552-project-member] Request filter 'compute_status_filter' took 0.0 seconds {{(pid=93311) wrapper /opt/stack/nova/nova/scheduler/request_filter.py:46}}
Jun 27 04:03:38.093374 np0000003827 nova-scheduler[93311]: DEBUG nova.scheduler.request_filter [None req-1378797e-b640-4782-bea9-7ba944efa29a tempest-ServerStableDeviceRescueTest-715573552 tempest-ServerStableDeviceRescueTest-715573552-project-member] Request filter 'accelerators_filter' took 0.0 seconds {{(pid=93311) wrapper /opt/stack/nova/nova/scheduler/request_filter.py:46}}
Jun 27 04:03:38.093643 np0000003827 nova-scheduler[93311]: DEBUG nova.scheduler.request_filter [None req-1378797e-b640-4782-bea9-7ba944efa29a tempest-ServerStableDeviceRescueTest-715573552 tempest-ServerStableDeviceRescueTest-715573552-project-member] Request filter 'packed_virtqueue_filter' took 0.0 seconds {{(pid=93311) wrapper /opt/stack/nova/nova/scheduler/request_filter.py:46}}
Jun 27 04:03:38.093975 np0000003827 nova-scheduler[93311]: DEBUG nova.scheduler.request_filter [None req-1378797e-b640-4782-bea9-7ba944efa29a tempest-ServerStableDeviceRescueTest-715573552 tempest-ServerStableDeviceRescueTest-715573552-project-member] Request filter 'remote_managed_ports_filter' took 0.0 seconds {{(pid=93311) wrapper /opt/stack/nova/nova/scheduler/request_filter.py:46}}
Jun 27 04:03:38.094149 np0000003827 nova-scheduler[93311]: DEBUG nova.scheduler.request_filter [None req-1378797e-b640-4782-bea9-7ba944efa29a tempest-ServerStableDeviceRescueTest-715573552 tempest-ServerStableDeviceRescueTest-715573552-project-member] ephemeral_encryption_filter skipped {{(pid=93311) ephemeral_encryption_filter /opt/stack/nova/nova/scheduler/request_filter.py:426}}
Jun 27 04:03:38.094307 np0000003827 nova-scheduler[93311]: DEBUG nova.scheduler.request_filter [None req-1378797e-b640-4782-bea9-7ba944efa29a tempest-ServerStableDeviceRescueTest-715573552 tempest-ServerStableDeviceRescueTest-715573552-project-member] virtio_sound_filter skipped {{(pid=93311) virtio_sound_filter /opt/stack/nova/nova/scheduler/request_filter.py:460}}
Jun 27 04:03:38.094427 np0000003827 nova-scheduler[93311]: DEBUG nova.scheduler.request_filter [None req-1378797e-b640-4782-bea9-7ba944efa29a tempest-ServerStableDeviceRescueTest-715573552 tempest-ServerStableDeviceRescueTest-715573552-project-member] tpm_secret_security_filter skipped {{(pid=93311) tpm_secret_security_filter /opt/stack/nova/nova/scheduler/request_filter.py:477}}
Jun 27 04:03:38.190800 np0000003827 nova-scheduler[93333]: INFO nova.utils [None req-40c783bd-bda9-40d1-a106-275fbeb3a52b tempest-DeleteServersTestJSON-1488682665 tempest-DeleteServersTestJSON-1488682665-project-member] The cell worker thread pool ForkProcess-3.cell_worker is initialized
Jun 27 04:03:38.191283 np0000003827 nova-scheduler[93333]: DEBUG oslo_concurrency.lockutils [None req-40c783bd-bda9-40d1-a106-275fbeb3a52b tempest-DeleteServersTestJSON-1488682665 tempest-DeleteServersTestJSON-1488682665-project-member] Acquiring lock "da397eb7-11f6-4c3d-86f5-fd8b370a70be" by "nova.context.set_target_cell..get_or_set_cached_cell_and_set_connections" {{(pid=93333) inner /opt/stack/data/venv/lib/python3.12/site-packages/oslo_concurrency/lockutils.py:511}}
