Jun 27 04:00:30.016300 np0000003827 devstack@placement-api.service[89892]: DEBUG oslo_concurrency.lockutils [-] Acquiring lock "resource_classes_sync" {{(pid=89892) lock /opt/stack/data/venv/lib/python3.12/site-packages/oslo_concurrency/lockutils.py:395}}
Jun 27 04:00:30.016300 np0000003827 devstack@placement-api.service[89892]: DEBUG oslo_concurrency.lockutils [-] Acquired lock "resource_classes_sync" {{(pid=89892) lock /opt/stack/data/venv/lib/python3.12/site-packages/oslo_concurrency/lockutils.py:398}}
Jun 27 04:00:30.017375 np0000003827 devstack@placement-api.service[89892]: DEBUG placement.objects.resource_class [-] Found existing resource classes in db: ['DISK_GB', 'FPGA', 'IPV4_ADDRESS', 'MEMORY_MB', 'MEM_ENCRYPTION_CONTEXT', 'NET_BW_EGR_KILOBIT_PER_SEC', 'NET_BW_IGR_KILOBIT_PER_SEC', 'NET_PACKET_RATE_EGR_KILOPACKET_PER_SEC', 'NET_PACKET_RATE_IGR_KILOPACKET_PER_SEC', 'NET_PACKET_RATE_KILOPACKET_PER_SEC', 'NUMA_CORE', 'NUMA_MEMORY_MB', 'NUMA_SOCKET', 'NUMA_THREAD', 'PCI_DEVICE', 'PCPU', 'PGPU', 'SRIOV_NET_VF', 'VCPU', 'VGPU', 'VGPU_DISPLAY_HEAD'] {{(pid=89892) _resource_classes_sync /opt/stack/placement/placement/objects/resource_class.py:233}}
Jun 27 04:00:30.017997 np0000003827 devstack@placement-api.service[89892]: DEBUG oslo_concurrency.lockutils [-] Releasing lock "resource_classes_sync" {{(pid=89892) lock /opt/stack/data/venv/lib/python3.12/site-packages/oslo_concurrency/lockutils.py:418}}
Jun 27 04:00:30.018099 np0000003827 devstack@placement-api.service[89892]: WSGI app 0 (mountpoint='') ready in 3 seconds on interpreter 0x7fa5384a3668 pid: 89892 (default app)
Jun 27 04:00:39.036782 np0000003827 devstack@placement-api.service[89894]: DEBUG dbcounter [-] [89894] Writing DB stats placement:SELECT=2,placement:INSERT=2,placement:SET=1 {{(pid=89894) stat_writer /opt/stack/data/venv/lib/python3.12/site-packages/dbcounter.py:115}}
Jun 27 04:00:39.040852 np0000003827 devstack@placement-api.service[89893]: DEBUG dbcounter [-] [89893] Writing DB stats placement:SELECT=2,placement:INSERT=2,placement:SET=1 {{(pid=89893) stat_writer /opt/stack/data/venv/lib/python3.12/site-packages/dbcounter.py:115}}
Jun 27 04:00:40.017134 np0000003827 devstack@placement-api.service[89892]: DEBUG dbcounter [-] [89892] Writing DB stats placement:SELECT=3,placement:INSERT=1 {{(pid=89892) stat_writer /opt/stack/data/venv/lib/python3.12/site-packages/dbcounter.py:115}}
Jun 27 04:00:51.584813 np0000003827 devstack@placement-api.service[89893]: DEBUG placement.requestlog [None req-266277a7-ff6f-4ce0-abe7-a764e6e5a6ad None None] Starting request: 10.4.3.92 "GET /placement/" {{(pid=89893) __call__ /opt/stack/placement/placement/requestlog.py:55}}
Jun 27 04:00:51.590929 np0000003827 devstack@placement-api.service[89893]: INFO placement.requestlog [None req-266277a7-ff6f-4ce0-abe7-a764e6e5a6ad None None] 10.4.3.92 "GET /placement/" status: 200 len: 136 microversion: 1.0
Jun 27 04:00:51.591139 np0000003827 devstack@placement-api.service[89893]: [pid: 89893|app: 0|req: 1/2] 10.4.3.92 () {62 vars in 1030 bytes} [Sat Jun 27 04:00:51 2026] GET /placement => generated 136 bytes in 7 msecs (HTTP/1.1 200) 6 headers in 224 bytes (1 switches on core 0)
Jun 27 04:00:56.683672 np0000003827 devstack@placement-api.service[89894]: DEBUG placement.requestlog [None req-31d14fc0-d899-4020-bec9-d05ada9c82c8 None None] Starting request: 10.4.3.92 "GET /placement/" {{(pid=89894) __call__ /opt/stack/placement/placement/requestlog.py:55}}
Jun 27 04:00:56.684210 np0000003827 devstack@placement-api.service[89894]: INFO placement.requestlog [None req-31d14fc0-d899-4020-bec9-d05ada9c82c8 None None] 10.4.3.92 "GET /placement/" status: 200 len: 136 microversion: 1.0
Jun 27 04:00:56.684356 np0000003827 devstack@placement-api.service[89894]: [pid: 89894|app: 0|req: 2/3] 10.4.3.92 () {62 vars in 1030 bytes} [Sat Jun 27 04:00:56 2026] GET /placement => generated 136 bytes in 1 msecs (HTTP/1.1 200) 6 headers in 224 bytes (1 switches on core 0)
Jun 27 04:00:58.117408 np0000003827 devstack@placement-api.service[89892]: DEBUG placement.requestlog [None req-dd3518d2-2329-45e4-852c-43a3d0a69721 None None] Starting request: 10.4.3.92 "GET /placement/" {{(pid=89892) __call__ /opt/stack/placement/placement/requestlog.py:55}}
Jun 27 04:00:58.127171 np0000003827 devstack@placement-api.service[89892]: INFO placement.requestlog [None req-dd3518d2-2329-45e4-852c-43a3d0a69721 None None] 10.4.3.92 "GET /placement/" status: 200 len: 136 microversion: 1.0
Jun 27 04:00:58.127450 np0000003827 devstack@placement-api.service[89892]: [pid: 89892|app: 0|req: 1/4] 10.4.3.92 () {62 vars in 1030 bytes} [Sat Jun 27 04:00:58 2026] GET /placement => generated 136 bytes in 10 msecs (HTTP/1.1 200) 6 headers in 224 bytes (1 switches on core 0)
Jun 27 04:01:01.420194 np0000003827 devstack@placement-api.service[89893]: DEBUG placement.requestlog [None req-9c23a2f2-11ba-499c-beda-b7997a5ffba3 None None] Starting request: 10.4.3.92 "GET /placement/" {{(pid=89893) __call__ /opt/stack/placement/placement/requestlog.py:55}}
Jun 27 04:01:01.420707 np0000003827 devstack@placement-api.service[89893]: INFO placement.requestlog [None req-9c23a2f2-11ba-499c-beda-b7997a5ffba3 None None] 10.4.3.92 "GET /placement/" status: 200 len: 136 microversion: 1.0
Jun 27 04:01:01.420910 np0000003827 devstack@placement-api.service[89893]: [pid: 89893|app: 0|req: 2/5] 10.4.3.92 () {62 vars in 1028 bytes} [Sat Jun 27 04:01:01 2026] GET /placement => generated 136 bytes in 1 msecs (HTTP/1.1 200) 6 headers in 224 bytes (1 switches on core 0)
Jun 27 04:01:21.450150 np0000003827 devstack@placement-api.service[89894]: DEBUG placement.requestlog [req-8edfa983-f053-4868-b5ce-d3c48cbfdd4d req-d0617b52-a07c-43fd-bf08-f2480701680c None None] Starting request: 10.4.3.92 "GET /placement/resource_providers?in_tree=146898db-5e94-4c8b-9ae4-1b92422c4244" {{(pid=89894) __call__ /opt/stack/placement/placement/requestlog.py:55}}
Jun 27 04:01:21.834138 np0000003827 devstack@placement-api.service[89894]: INFO placement.requestlog [req-8edfa983-f053-4868-b5ce-d3c48cbfdd4d req-d0617b52-a07c-43fd-bf08-f2480701680c service nova] 10.4.3.92 "GET /placement/resource_providers?in_tree=146898db-5e94-4c8b-9ae4-1b92422c4244" status: 200 len: 26 microversion: 1.14
Jun 27 04:01:21.834324 np0000003827 devstack@placement-api.service[89894]: [pid: 89894|app: 0|req: 3/6] 10.4.3.92 () {68 vars in 1491 bytes} [Sat Jun 27 04:01:21 2026] GET /placement/resource_providers?in_tree=146898db-5e94-4c8b-9ae4-1b92422c4244 => generated 26 bytes in 384 msecs (HTTP/1.1 200) 6 headers in 224 bytes (1 switches on core 0)
Jun 27 04:01:21.859547 np0000003827 devstack@placement-api.service[89892]: DEBUG placement.requestlog [req-8edfa983-f053-4868-b5ce-d3c48cbfdd4d req-b7eb36f9-433b-46c1-b16e-f69240eb4c79 None None] Starting request: 10.4.3.92 "POST /placement/resource_providers" {{(pid=89892) __call__ /opt/stack/placement/placement/requestlog.py:55}}
Jun 27 04:01:21.886220 np0000003827 devstack@placement-api.service[89892]: INFO placement.requestlog [req-8edfa983-f053-4868-b5ce-d3c48cbfdd4d req-b7eb36f9-433b-46c1-b16e-f69240eb4c79 service nova] 10.4.3.92 "POST /placement/resource_providers" status: 200 len: 835 microversion: 1.20
Jun 27 04:01:21.886537 np0000003827 devstack@placement-api.service[89892]: [pid: 89892|app: 0|req: 2/7] 10.4.3.92 () {72 vars in 1455 bytes} [Sat Jun 27 04:01:21 2026] POST /placement/resource_providers => generated 835 bytes in 27 msecs (HTTP/1.1 200) 9 headers in 391 bytes (1 switches on core 0)
Jun 27 04:01:21.915420 np0000003827 devstack@placement-api.service[89893]: DEBUG placement.requestlog [req-8edfa983-f053-4868-b5ce-d3c48cbfdd4d req-d5b33846-6942-4a78-aaf6-f1f08a074686 None None] Starting request: 10.4.3.92 "GET /placement/resource_providers/146898db-5e94-4c8b-9ae4-1b92422c4244/allocations" {{(pid=89893) __call__ /opt/stack/placement/placement/requestlog.py:55}}
Jun 27 04:01:21.935648 np0000003827 devstack@placement-api.service[89893]: INFO placement.requestlog [req-8edfa983-f053-4868-b5ce-d3c48cbfdd4d req-d5b33846-6942-4a78-aaf6-f1f08a074686 service nova] 10.4.3.92 "GET /placement/resource_providers/146898db-5e94-4c8b-9ae4-1b92422c4244/allocations" status: 200 len: 54 microversion: 1.0
Jun 27 04:01:21.935954 np0000003827 devstack@placement-api.service[89893]: [pid: 89893|app: 0|req: 3/8] 10.4.3.92 () {66 vars in 1505 bytes} [Sat Jun 27 04:01:21 2026] GET /placement/resource_providers/146898db-5e94-4c8b-9ae4-1b92422c4244/allocations => generated 54 bytes in 21 msecs (HTTP/1.1 200) 6 headers in 223 bytes (1 switches on core 0)
Jun 27 04:01:22.479747 np0000003827 devstack@placement-api.service[89894]: DEBUG placement.requestlog [req-8edfa983-f053-4868-b5ce-d3c48cbfdd4d req-a38851c9-775e-43f3-9b8e-2778186b0108 None None] Starting request: 10.4.3.92 "PUT /placement/resource_providers/146898db-5e94-4c8b-9ae4-1b92422c4244/inventories" {{(pid=89894) __call__ /opt/stack/placement/placement/requestlog.py:55}}
Jun 27 04:01:22.507521 np0000003827 devstack@placement-api.service[89894]: INFO placement.requestlog [req-8edfa983-f053-4868-b5ce-d3c48cbfdd4d req-a38851c9-775e-43f3-9b8e-2778186b0108 service nova] 10.4.3.92 "PUT /placement/resource_providers/146898db-5e94-4c8b-9ae4-1b92422c4244/inventories" status: 200 len: 398 microversion: 1.26
Jun 27 04:01:22.507813 np0000003827 devstack@placement-api.service[89894]: [pid: 89894|app: 0|req: 4/9] 10.4.3.92 () {72 vars in 1602 bytes} [Sat Jun 27 04:01:22 2026] PUT /placement/resource_providers/146898db-5e94-4c8b-9ae4-1b92422c4244/inventories => generated 398 bytes in 28 msecs (HTTP/1.1 200) 8 headers in 296 bytes (1 switches on core 0)
Jun 27 04:01:22.538488 np0000003827 devstack@placement-api.service[89892]: DEBUG placement.requestlog [req-8edfa983-f053-4868-b5ce-d3c48cbfdd4d req-e47c80e2-18ad-458a-8ca5-d172cea9420d None None] Starting request: 10.4.3.92 "GET /placement/traits?name=in:COMPUTE_SOUND_MODEL_ES1370,HW_CPU_X86_SSE41,COMPUTE_SOUND_MODEL_ICH6,COMPUTE_STORAGE_BUS_SATA,COMPUTE_ARCH_X86_64,COMPUTE_NODE,COMPUTE_NET_VIF_MODEL_VIRTIO,COMPUTE_STORAGE_BUS_VIRTIO,COMPUTE_ARCH_MIPSEL,HW_CPU_X86_MMX,COMPUTE_NET_ATTACH_INTERFACE_WITH_TAG,COMPUTE_GRAPHICS_MODEL_VIRTIO,COMPUTE_VOLUME_MULTI_ATTACH,COMPUTE_RESCUE_BFV,COMPUTE_GRAPHICS_MODEL_CIRRUS,COMPUTE_NET_VIF_MODEL_E1000,COMPUTE_VIOMMU_MODEL_AUTO,COMPUTE_SOUND_MODEL_PCSPK,COMPUTE_IMAGE_TYPE_AKI,COMPUTE_SOCKET_PCI_NUMA_AFFINITY,HW_CPU_X86_SSE,COMPUTE_TRUSTED_CERTS,COMPUTE_GRAPHICS_MODEL_BOCHS,COMPUTE_ADDRESS_SPACE_PASSTHROUGH,COMPUTE_SOUND_MODEL_SB16,COMPUTE_NET_VIF_MODEL_LAN9118,COMPUTE_IMAGE_TYPE_ARI,COMPUTE_NET_ATTACH_INTERFACE,COMPUTE_NET_VIF_MODEL_VMXNET3,COMPUTE_SECURITY_STATELESS_FIRMWARE,COMPUTE_GRAPHICS_MODEL_VMVGA,COMPUTE_VIOMMU_MODEL_SMMUV3,COMPUTE_ARCH_PPC64LE,COMPUTE_VOLUME_EXTEND,HW_CPU_X86_SSE42,COMPUTE_STORAGE_BUS_USB,HW_ARCH_X86_64,COMPUTE_STORAGE_VIRTIO_FS,COMPUTE_STORAGE_BUS_SCSI,COMPUTE_ADDRESS_SPACE_EMULATED,HW_CPU_X86_SSE2,COMPUTE_VOLUME_ATTACH_WITH_TAG,COMPUTE_GRAPHICS_MODEL_NONE,COMPUTE_DEVICE_TAGGING,COMPUTE_NET_VIF_MODEL_IGB,COMPUTE_VIOMMU_MODEL_VIRTIO,COMPUTE_IMAGE_TYPE_AMI,COMPUTE_STORAGE_BUS_IDE,COMPUTE_ACCELERATORS,COMPUTE_NET_VIF_MODEL_PCNET,COMPUTE_IMAGE_TYPE_ISO,COMPUTE_IMAGE_TYPE_RAW,COMPUTE_IMAGE_TYPE_QCOW2,HW_CPU_X86_SSSE3,COMPUTE_GRAPHICS_MODEL_VGA,COMPUTE_NET_VIF_MODEL_E1000E,COMPUTE_NET_VIF_MODEL_RTL8139,COMPUTE_STORAGE_BUS_FDC,COMPUTE_VIOMMU_MODEL_INTEL,COMPUTE_NET_VIF_MODEL_NE2K_PCI,COMPUTE_ARCH_AARCH64,COMPUTE_NET_VIF_MODEL_SPAPR_VLAN,COMPUTE_ARCH_S390X,COMPUTE_GRAPHICS_MODEL_QXL,COMPUTE_SOUND_MODEL_USB,COMPUTE_ARCH_RISCV64,COMPUTE_SOUND_MODEL_ICH9,COMPUTE_SECURITY_UEFI_SECURE_BOOT,COMPUTE_SOUND_MODEL_AC97,COMPUTE_NET_VIRTIO_PACKED" {{(pid=89892) __call__ /opt/stack/placement/placement/requestlog.py:55}}
Jun 27 04:01:22.550232 np0000003827 devstack@placement-api.service[89892]: INFO placement.requestlog [req-8edfa983-f053-4868-b5ce-d3c48cbfdd4d req-e47c80e2-18ad-458a-8ca5-d172cea9420d service nova] 10.4.3.92 "GET /placement/traits?name=in:COMPUTE_SOUND_MODEL_ES1370,HW_CPU_X86_SSE41,COMPUTE_SOUND_MODEL_ICH6,COMPUTE_STORAGE_BUS_SATA,COMPUTE_ARCH_X86_64,COMPUTE_NODE,COMPUTE_NET_VIF_MODEL_VIRTIO,COMPUTE_STORAGE_BUS_VIRTIO,COMPUTE_ARCH_MIPSEL,HW_CPU_X86_MMX,COMPUTE_NET_ATTACH_INTERFACE_WITH_TAG,COMPUTE_GRAPHICS_MODEL_VIRTIO,COMPUTE_VOLUME_MULTI_ATTACH,COMPUTE_RESCUE_BFV,COMPUTE_GRAPHICS_MODEL_CIRRUS,COMPUTE_NET_VIF_MODEL_E1000,COMPUTE_VIOMMU_MODEL_AUTO,COMPUTE_SOUND_MODEL_PCSPK,COMPUTE_IMAGE_TYPE_AKI,COMPUTE_SOCKET_PCI_NUMA_AFFINITY,HW_CPU_X86_SSE,COMPUTE_TRUSTED_CERTS,COMPUTE_GRAPHICS_MODEL_BOCHS,COMPUTE_ADDRESS_SPACE_PASSTHROUGH,COMPUTE_SOUND_MODEL_SB16,COMPUTE_NET_VIF_MODEL_LAN9118,COMPUTE_IMAGE_TYPE_ARI,COMPUTE_NET_ATTACH_INTERFACE,COMPUTE_NET_VIF_MODEL_VMXNET3,COMPUTE_SECURITY_STATELESS_FIRMWARE,COMPUTE_GRAPHICS_MODEL_VMVGA,COMPUTE_VIOMMU_MODEL_SMMUV3,COMPUTE_ARCH_PPC64LE,COMPUTE_VOLUME_EXTEND,HW_CPU_X86_SSE42,COMPUTE_STORAGE_BUS_USB,HW_ARCH_X86_64,COMPUTE_STORAGE_VIRTIO_FS,COMPUTE_STORAGE_BUS_SCSI,COMPUTE_ADDRESS_SPACE_EMULATED,HW_CPU_X86_SSE2,COMPUTE_VOLUME_ATTACH_WITH_TAG,COMPUTE_GRAPHICS_MODEL_NONE,COMPUTE_DEVICE_TAGGING,COMPUTE_NET_VIF_MODEL_IGB,COMPUTE_VIOMMU_MODEL_VIRTIO,COMPUTE_IMAGE_TYPE_AMI,COMPUTE_STORAGE_BUS_IDE,COMPUTE_ACCELERATORS,COMPUTE_NET_VIF_MODEL_PCNET,COMPUTE_IMAGE_TYPE_ISO,COMPUTE_IMAGE_TYPE_RAW,COMPUTE_IMAGE_TYPE_QCOW2,HW_CPU_X86_SSSE3,COMPUTE_GRAPHICS_MODEL_VGA,COMPUTE_NET_VIF_MODEL_E1000E,COMPUTE_NET_VIF_MODEL_RTL8139,COMPUTE_STORAGE_BUS_FDC,COMPUTE_VIOMMU_MODEL_INTEL,COMPUTE_NET_VIF_MODEL_NE2K_PCI,COMPUTE_ARCH_AARCH64,COMPUTE_NET_VIF_MODEL_SPAPR_VLAN,COMPUTE_ARCH_S390X,COMPUTE_GRAPHICS_MODEL_QXL,COMPUTE_SOUND_MODEL_USB,COMPUTE_ARCH_RISCV64,COMPUTE_SOUND_MODEL_ICH9,COMPUTE_SECURITY_UEFI_SECURE_BOOT,COMPUTE_SOUND_MODEL_AC97,COMPUTE_NET_VIRTIO_PACKED" status: 200 len: 1991 microversion: 1.6
Jun 27 04:01:22.550508 np0000003827 devstack@placement-api.service[89892]: [pid: 89892|app: 0|req: 3/10] 10.4.3.92 () {68 vars in 4918 bytes} [Sat Jun 27 04:01:22 2026] GET /placement/traits?name=in:COMPUTE_SOUND_MODEL_ES1370,HW_CPU_X86_SSE41,COMPUTE_SOUND_MODEL_ICH6,COMPUTE_STORAGE_BUS_SATA,COMPUTE_ARCH_X86_64,COMPUTE_NODE,COMPUTE_NET_VIF_MODEL_VIRTIO,COMPUTE_STORAGE_BUS_VIRTIO,COMPUTE_ARCH_MIPSEL,HW_CPU_X86_MMX,COMPUTE_NET_ATTACH_INTERFACE_WITH_TAG,COMPUTE_GRAPHICS_MODEL_VIRTIO,COMPUTE_VOLUME_MULTI_ATTACH,COMPUTE_RESCUE_BFV,COMPUTE_GRAPHICS_MODEL_CIRRUS,COMPUTE_NET_VIF_MODEL_E1000,COMPUTE_VIOMMU_MODEL_AUTO,COMPUTE_SOUND_MODEL_PCSPK,COMPUTE_IMAGE_TYPE_AKI,COMPUTE_SOCKET_PCI_NUMA_AFFINITY,HW_CPU_X86_SSE,COMPUTE_TRUSTED_CERTS,COMPUTE_GRAPHICS_MODEL_BOCHS,COMPUTE_ADDRESS_SPACE_PASSTHROUGH,COMPUTE_SOUND_MODEL_SB16,COMPUTE_NET_VIF_MODEL_LAN9118,COMPUTE_IMAGE_TYPE_ARI,COMPUTE_NET_ATTACH_INTERFACE,COMPUTE_NET_VIF_MODEL_VMXNET3,COMPUTE_SECURITY_STATELESS_FIRMWARE,COMPUTE_GRAPHICS_MODEL_VMVGA,COMPUTE_VIOMMU_MODEL_SMMUV3,COMPUTE_ARCH_PPC64LE,COMPUTE_VOLUME_EXTEND,HW_CPU_X86_SSE42,COMPUTE_STORAGE_BUS_USB,HW_ARCH_X86_64,COMPUTE_STORAGE_VIRTIO_FS,COMPUTE_STORAGE_BUS_SCSI,COMPUTE_ADDRESS_SPACE_EMULATED,HW_CPU_X86_SSE2,COMPUTE_VOLUME_ATTACH_WITH_TAG,COMPUTE_GRAPHICS_MODEL_NONE,COMPUTE_DEVICE_TAGGING,COMPUTE_NET_VIF_MODEL_IGB,COMPUTE_VIOMMU_MODEL_VIRTIO,COMPUTE_IMAGE_TYPE_AMI,COMPUTE_STORAGE_BUS_IDE,COMPUTE_ACCELERATORS,COMPUTE_NET_VIF_MODEL_PCNET,COMPUTE_IMAGE_TYPE_ISO,COMPUTE_IMAGE_TYPE_RAW,COMPUTE_IMAGE_TYPE_QCOW2,HW_CPU_X86_SSSE3,COMPUTE_GRAPHICS_MODEL_VGA,COMPUTE_NET_VIF_MODEL_E1000E,COMPUTE_NET_VIF_MODEL_RTL8139,COMPUTE_STORAGE_BUS_FDC,COMPUTE_VIOMMU_MODEL_INTEL,COMPUTE_NET_VIF_MODEL_NE2K_PCI,COMPUTE_ARCH_AARCH64,COMPUTE_NET_VIF_MODEL_SPAPR_VLAN,COMPUTE_ARCH_S390X,COMPUTE_GRAPHICS_MODEL_QXL,COMPUTE_SOUND_MODEL_USB,COMPUTE_ARCH_RISCV64,COMPUTE_SOUND_MODEL_ICH9,COMPUTE_SECURITY_UEFI_SECURE_BOOT,COMPUTE_SOUND_MODEL_AC97,COMPUTE_NET_VIRTIO_PACKED => generated 1991 bytes in 12 msecs (HTTP/1.1 200) 6 headers in 225 bytes (1 switches on core 0)
Jun 27 04:01:22.584173 np0000003827 devstack@placement-api.service[89893]: DEBUG placement.requestlog [req-8edfa983-f053-4868-b5ce-d3c48cbfdd4d req-41552724-dca4-438d-910e-c41936b4c3d5 None None] Starting request: 10.4.3.92 "PUT /placement/resource_providers/146898db-5e94-4c8b-9ae4-1b92422c4244/traits" {{(pid=89893) __call__ /opt/stack/placement/placement/requestlog.py:55}}
Jun 27 04:01:22.651899 np0000003827 devstack@placement-api.service[89893]: INFO placement.requestlog [req-8edfa983-f053-4868-b5ce-d3c48cbfdd4d req-41552724-dca4-438d-910e-c41936b4c3d5 service nova] 10.4.3.92 "PUT /placement/resource_providers/146898db-5e94-4c8b-9ae4-1b92422c4244/traits" status: 200 len: 2026 microversion: 1.6
Jun 27 04:01:22.652169 np0000003827 devstack@placement-api.service[89893]: [pid: 89893|app: 0|req: 4/11] 10.4.3.92 () {72 vars in 1587 bytes} [Sat Jun 27 04:01:22 2026] PUT /placement/resource_providers/146898db-5e94-4c8b-9ae4-1b92422c4244/traits => generated 2026 bytes in 68 msecs (HTTP/1.1 200) 6 headers in 225 bytes (1 switches on core 0)
Jun 27 04:01:32.503835 np0000003827 devstack@placement-api.service[89894]: DEBUG dbcounter [-] [89894] Writing DB stats placement:SELECT=4,placement:INSERT=3,placement:UPDATE=1 {{(pid=89894) stat_writer /opt/stack/data/venv/lib/python3.12/site-packages/dbcounter.py:115}}
Jun 27 04:01:32.545351 np0000003827 devstack@placement-api.service[89892]: DEBUG dbcounter [-] [89892] Writing DB stats placement:INSERT=1,placement:UPDATE=1,placement:SELECT=1 {{(pid=89892) stat_writer /opt/stack/data/venv/lib/python3.12/site-packages/dbcounter.py:115}}
Jun 27 04:01:32.645955 np0000003827 devstack@placement-api.service[89893]: DEBUG dbcounter [-] [89893] Writing DB stats placement:SELECT=5,placement:INSERT=70,placement:UPDATE=1 {{(pid=89893) stat_writer /opt/stack/data/venv/lib/python3.12/site-packages/dbcounter.py:115}}
Jun 27 04:01:39.489557 np0000003827 devstack@placement-api.service[89894]: DEBUG placement.requestlog [None req-209ce484-027d-4e37-a0e7-a0a18ddbd85e None None] Starting request: 10.4.3.92 "GET /placement//" {{(pid=89894) __call__ /opt/stack/placement/placement/requestlog.py:55}}
Jun 27 04:01:39.490039 np0000003827 devstack@placement-api.service[89894]: INFO placement.requestlog [None req-209ce484-027d-4e37-a0e7-a0a18ddbd85e None None] 10.4.3.92 "GET /placement//" status: 200 len: 136 microversion: 1.0
Jun 27 04:01:39.490172 np0000003827 devstack@placement-api.service[89894]: [pid: 89894|app: 0|req: 5/12] 10.4.3.92 () {64 vars in 1220 bytes} [Sat Jun 27 04:01:39 2026] GET /placement/ => generated 136 bytes in 1 msecs (HTTP/1.1 200) 6 headers in 224 bytes (1 switches on core 0)
Jun 27 04:02:02.251840 np0000003827 devstack@placement-api.service[89892]: DEBUG placement.requestlog [req-8e67b784-5d00-4a53-af59-7519db2e3fa2 req-81dad438-5d89-4a46-85e3-e46997ba7729 None None] Starting request: 10.4.3.92 "GET /placement/resource_providers/146898db-5e94-4c8b-9ae4-1b92422c4244/allocations" {{(pid=89892) __call__ /opt/stack/placement/placement/requestlog.py:55}}
Jun 27 04:02:02.261819 np0000003827 devstack@placement-api.service[89892]: INFO placement.requestlog [req-8e67b784-5d00-4a53-af59-7519db2e3fa2 req-81dad438-5d89-4a46-85e3-e46997ba7729 service nova] 10.4.3.92 "GET /placement/resource_providers/146898db-5e94-4c8b-9ae4-1b92422c4244/allocations" status: 200 len: 54 microversion: 1.0
Jun 27 04:02:02.262056 np0000003827 devstack@placement-api.service[89892]: [pid: 89892|app: 0|req: 4/13] 10.4.3.92 () {66 vars in 1505 bytes} [Sat Jun 27 04:02:02 2026] GET /placement/resource_providers/146898db-5e94-4c8b-9ae4-1b92422c4244/allocations => generated 54 bytes in 10 msecs (HTTP/1.1 200) 6 headers in 223 bytes (1 switches on core 0)
Jun 27 04:02:02.292791 np0000003827 devstack@placement-api.service[89893]: DEBUG placement.requestlog [req-8e67b784-5d00-4a53-af59-7519db2e3fa2 req-ae195428-4fea-4256-92f8-73f3ccba3390 None None] Starting request: 10.4.3.92 "GET /placement/resource_providers/146898db-5e94-4c8b-9ae4-1b92422c4244/allocations" {{(pid=89893) __call__ /opt/stack/placement/placement/requestlog.py:55}}
Jun 27 04:02:02.303020 np0000003827 devstack@placement-api.service[89893]: INFO placement.requestlog [req-8e67b784-5d00-4a53-af59-7519db2e3fa2 req-ae195428-4fea-4256-92f8-73f3ccba3390 service nova] 10.4.3.92 "GET /placement/resource_providers/146898db-5e94-4c8b-9ae4-1b92422c4244/allocations" status: 200 len: 54 microversion: 1.0
Jun 27 04:02:02.303272 np0000003827 devstack@placement-api.service[89893]: [pid: 89893|app: 0|req: 5/14] 10.4.3.92 () {66 vars in 1505 bytes} [Sat Jun 27 04:02:02 2026] GET /placement/resource_providers/146898db-5e94-4c8b-9ae4-1b92422c4244/allocations => generated 54 bytes in 11 msecs (HTTP/1.1 200) 6 headers in 223 bytes (1 switches on core 0)
Jun 27 04:02:12.260498 np0000003827 devstack@placement-api.service[89892]: DEBUG dbcounter [-] [89892] Writing DB stats placement:SELECT=2 {{(pid=89892) stat_writer /opt/stack/data/venv/lib/python3.12/site-packages/dbcounter.py:115}}
Jun 27 04:02:12.302205 np0000003827 devstack@placement-api.service[89893]: DEBUG dbcounter [-] [89893] Writing DB stats placement:SELECT=2 {{(pid=89893) stat_writer /opt/stack/data/venv/lib/python3.12/site-packages/dbcounter.py:115}}
Jun 27 04:03:04.874398 np0000003827 devstack@placement-api.service[89894]: DEBUG placement.requestlog [req-a83591df-cbd5-474b-bc5c-15944c3de712 req-67f486a5-56c7-409a-87ea-19bb8400c517 None None] Starting request: 10.4.3.92 "GET /placement/resource_providers/146898db-5e94-4c8b-9ae4-1b92422c4244/allocations" {{(pid=89894) __call__ /opt/stack/placement/placement/requestlog.py:55}}
Jun 27 04:03:04.883648 np0000003827 devstack@placement-api.service[89894]: INFO placement.requestlog [req-a83591df-cbd5-474b-bc5c-15944c3de712 req-67f486a5-56c7-409a-87ea-19bb8400c517 service nova] 10.4.3.92 "GET /placement/resource_providers/146898db-5e94-4c8b-9ae4-1b92422c4244/allocations" status: 200 len: 54 microversion: 1.0
Jun 27 04:03:04.884000 np0000003827 devstack@placement-api.service[89894]: [pid: 89894|app: 0|req: 6/15] 10.4.3.92 () {66 vars in 1505 bytes} [Sat Jun 27 04:03:04 2026] GET /placement/resource_providers/146898db-5e94-4c8b-9ae4-1b92422c4244/allocations => generated 54 bytes in 9 msecs (HTTP/1.1 200) 6 headers in 223 bytes (1 switches on core 0)
Jun 27 04:03:04.909014 np0000003827 devstack@placement-api.service[89892]: DEBUG placement.requestlog [req-a83591df-cbd5-474b-bc5c-15944c3de712 req-6243f094-62b8-4af3-bc27-1373d69807b8 None None] Starting request: 10.4.3.92 "GET /placement/resource_providers/146898db-5e94-4c8b-9ae4-1b92422c4244/allocations" {{(pid=89892) __call__ /opt/stack/placement/placement/requestlog.py:55}}
Jun 27 04:03:04.916517 np0000003827 devstack@placement-api.service[89892]: INFO placement.requestlog [req-a83591df-cbd5-474b-bc5c-15944c3de712 req-6243f094-62b8-4af3-bc27-1373d69807b8 service nova] 10.4.3.92 "GET /placement/resource_providers/146898db-5e94-4c8b-9ae4-1b92422c4244/allocations" status: 200 len: 54 microversion: 1.0
Jun 27 04:03:04.916723 np0000003827 devstack@placement-api.service[89892]: [pid: 89892|app: 0|req: 5/16] 10.4.3.92 () {66 vars in 1505 bytes} [Sat Jun 27 04:03:04 2026] GET /placement/resource_providers/146898db-5e94-4c8b-9ae4-1b92422c4244/allocations => generated 54 bytes in 8 msecs (HTTP/1.1 200) 6 headers in 223 bytes (1 switches on core 0)
Jun 27 04:03:14.882517 np0000003827 devstack@placement-api.service[89894]: DEBUG dbcounter [-] [89894] Writing DB stats placement:SELECT=2 {{(pid=89894) stat_writer /opt/stack/data/venv/lib/python3.12/site-packages/dbcounter.py:115}}
Jun 27 04:03:14.915660 np0000003827 devstack@placement-api.service[89892]: DEBUG dbcounter [-] [89892] Writing DB stats placement:SELECT=2 {{(pid=89892) stat_writer /opt/stack/data/venv/lib/python3.12/site-packages/dbcounter.py:115}}
Jun 27 04:03:35.235557 np0000003827 devstack@placement-api.service[89893]: DEBUG placement.requestlog [req-d445d2c0-1d4b-4840-beca-679c8b6bf8f2 req-f3105409-68dd-486c-ab8f-ed2183b8ac36 None None] Starting request: 10.4.3.92 "GET /placement/allocation_candidates?limit=1000&resources=DISK_GB%3A1%2CMEMORY_MB%3A192%2CVCPU%3A1&root_required=%21COMPUTE_STATUS_DISABLED" {{(pid=89893) __call__ /opt/stack/placement/placement/requestlog.py:55}}
Jun 27 04:03:35.690690 np0000003827 devstack@placement-api.service[89893]: DEBUG placement.objects.research_context [req-d445d2c0-1d4b-4840-beca-679c8b6bf8f2 req-f3105409-68dd-486c-ab8f-ed2183b8ac36 service nova] getting providers with 1 DISK_GB {{(pid=89893) __init__ /opt/stack/placement/placement/objects/research_context.py:137}}
Jun 27 04:03:35.701802 np0000003827 devstack@placement-api.service[89893]: DEBUG placement.objects.research_context [req-d445d2c0-1d4b-4840-beca-679c8b6bf8f2 req-f3105409-68dd-486c-ab8f-ed2183b8ac36 service nova] getting providers with 192 MEMORY_MB {{(pid=89893) __init__ /opt/stack/placement/placement/objects/research_context.py:137}}
Jun 27 04:03:35.705679 np0000003827 devstack@placement-api.service[89893]: DEBUG placement.objects.research_context [req-d445d2c0-1d4b-4840-beca-679c8b6bf8f2 req-f3105409-68dd-486c-ab8f-ed2183b8ac36 service nova] getting providers with 1 VCPU {{(pid=89893) __init__ /opt/stack/placement/placement/objects/research_context.py:137}}
Jun 27 04:03:35.708878 np0000003827 devstack@placement-api.service[89893]: DEBUG placement.objects.research_context [req-d445d2c0-1d4b-4840-beca-679c8b6bf8f2 req-f3105409-68dd-486c-ab8f-ed2183b8ac36 service nova] found 1 providers with available 1 DISK_GB {{(pid=89893) get_provider_ids_matching /opt/stack/placement/placement/objects/research_context.py:563}}
Jun 27 04:03:35.709183 np0000003827 devstack@placement-api.service[89893]: DEBUG placement.objects.research_context [req-d445d2c0-1d4b-4840-beca-679c8b6bf8f2 req-f3105409-68dd-486c-ab8f-ed2183b8ac36 service nova] found 1 providers with available 192 MEMORY_MB {{(pid=89893) get_provider_ids_matching /opt/stack/placement/placement/objects/research_context.py:563}}
Jun 27 04:03:35.709390 np0000003827 devstack@placement-api.service[89893]: DEBUG placement.objects.research_context [req-d445d2c0-1d4b-4840-beca-679c8b6bf8f2 req-f3105409-68dd-486c-ab8f-ed2183b8ac36 service nova] found 1 providers after filtering by previous result {{(pid=89893) get_provider_ids_matching /opt/stack/placement/placement/objects/research_context.py:594}}
Jun 27 04:03:35.709484 np0000003827 devstack@placement-api.service[89893]: DEBUG placement.objects.research_context [req-d445d2c0-1d4b-4840-beca-679c8b6bf8f2 req-f3105409-68dd-486c-ab8f-ed2183b8ac36 service nova] found 1 providers with available 1 VCPU {{(pid=89893) get_provider_ids_matching /opt/stack/placement/placement/objects/research_context.py:563}}
Jun 27 04:03:35.709577 np0000003827 devstack@placement-api.service[89893]: DEBUG placement.objects.research_context [req-d445d2c0-1d4b-4840-beca-679c8b6bf8f2 req-f3105409-68dd-486c-ab8f-ed2183b8ac36 service nova] found 1 providers after filtering by previous result {{(pid=89893) get_provider_ids_matching /opt/stack/placement/placement/objects/research_context.py:594}}
Jun 27 04:03:35.718740 np0000003827 devstack@placement-api.service[89893]: DEBUG placement.objects.allocation_candidate [req-d445d2c0-1d4b-4840-beca-679c8b6bf8f2 req-f3105409-68dd-486c-ab8f-ed2183b8ac36 service nova] RequestGroup(use_same_provider=False, resources={DISK_GB:1, MEMORY_MB:192, VCPU:1}, traits=(), aggregates=[]) (suffix '') returned 1 matches {{(pid=89893) _get_by_requests /opt/stack/placement/placement/objects/allocation_candidate.py:158}}
Jun 27 04:03:35.719128 np0000003827 devstack@placement-api.service[89893]: DEBUG placement.objects.allocation_candidate [req-d445d2c0-1d4b-4840-beca-679c8b6bf8f2 req-f3105409-68dd-486c-ab8f-ed2183b8ac36 service nova] Merging candidates yields 1 allocation requests and 1 provider summaries {{(pid=89893) _merge_candidates /opt/stack/placement/placement/objects/allocation_candidate.py:908}}
Jun 27 04:03:35.721270 np0000003827 devstack@placement-api.service[89893]: INFO placement.requestlog [req-d445d2c0-1d4b-4840-beca-679c8b6bf8f2 req-f3105409-68dd-486c-ab8f-ed2183b8ac36 service nova] 10.4.3.92 "GET /placement/allocation_candidates?limit=1000&resources=DISK_GB%3A1%2CMEMORY_MB%3A192%2CVCPU%3A1&root_required=%21COMPUTE_STATUS_DISABLED" status: 200 len: 2490 microversion: 1.36
Jun 27 04:03:35.721522 np0000003827 devstack@placement-api.service[89893]: [pid: 89893|app: 0|req: 6/17] 10.4.3.92 () {68 vars in 1618 bytes} [Sat Jun 27 04:03:35 2026] GET /placement/allocation_candidates?limit=1000&resources=DISK_GB%3A1%2CMEMORY_MB%3A192%2CVCPU%3A1&root_required=%21COMPUTE_STATUS_DISABLED => generated 2490 bytes in 486 msecs (HTTP/1.1 200) 8 headers in 297 bytes (1 switches on core 0)
Jun 27 04:03:35.911138 np0000003827 devstack@placement-api.service[89894]: DEBUG placement.requestlog [req-d445d2c0-1d4b-4840-beca-679c8b6bf8f2 req-9dc0c4c3-4f76-456e-bf97-48f6bbdc9eac None None] Starting request: 10.4.3.92 "GET /placement/allocations/cf55e777-3736-4231-a7c5-c75895c5238c" {{(pid=89894) __call__ /opt/stack/placement/placement/requestlog.py:55}}
Jun 27 04:03:35.920180 np0000003827 devstack@placement-api.service[89894]: INFO placement.requestlog [req-d445d2c0-1d4b-4840-beca-679c8b6bf8f2 req-9dc0c4c3-4f76-456e-bf97-48f6bbdc9eac service nova] 10.4.3.92 "GET /placement/allocations/cf55e777-3736-4231-a7c5-c75895c5238c" status: 200 len: 19 microversion: 1.28
Jun 27 04:03:35.920585 np0000003827 devstack@placement-api.service[89894]: [pid: 89894|app: 0|req: 7/18] 10.4.3.92 () {68 vars in 1494 bytes} [Sat Jun 27 04:03:35 2026] GET /placement/allocations/cf55e777-3736-4231-a7c5-c75895c5238c => generated 19 bytes in 9 msecs (HTTP/1.1 200) 8 headers in 295 bytes (1 switches on core 0)
Jun 27 04:03:35.953696 np0000003827 devstack@placement-api.service[89892]: DEBUG placement.requestlog [req-d445d2c0-1d4b-4840-beca-679c8b6bf8f2 req-b6be8f2a-54a4-45df-aaa4-8595db46b409 None None] Starting request: 10.4.3.92 "PUT /placement/allocations/cf55e777-3736-4231-a7c5-c75895c5238c" {{(pid=89892) __call__ /opt/stack/placement/placement/requestlog.py:55}}
Jun 27 04:03:36.019651 np0000003827 devstack@placement-api.service[89892]: DEBUG placement.handlers.allocation [req-d445d2c0-1d4b-4840-beca-679c8b6bf8f2 req-b6be8f2a-54a4-45df-aaa4-8595db46b409 service nova] Successfully wrote allocations [, , ] {{(pid=89892) _update_consumers_and_create_allocations /opt/stack/placement/placement/handlers/allocation.py:462}}
Jun 27 04:03:36.022730 np0000003827 devstack@placement-api.service[89892]: INFO placement.requestlog [req-d445d2c0-1d4b-4840-beca-679c8b6bf8f2 req-b6be8f2a-54a4-45df-aaa4-8595db46b409 service nova] 10.4.3.92 "PUT /placement/allocations/cf55e777-3736-4231-a7c5-c75895c5238c" status: 204 len: 0 microversion: 1.36
Jun 27 04:03:36.022986 np0000003827 devstack@placement-api.service[89892]: [pid: 89892|app: 0|req: 6/19] 10.4.3.92 () {72 vars in 1547 bytes} [Sat Jun 27 04:03:35 2026] PUT /placement/allocations/cf55e777-3736-4231-a7c5-c75895c5238c => generated 0 bytes in 70 msecs (HTTP/1.1 204) 5 headers in 199 bytes (1 switches on core 0)
Jun 27 04:03:37.578507 np0000003827 devstack@placement-api.service[89893]: DEBUG placement.requestlog [req-d445d2c0-1d4b-4840-beca-679c8b6bf8f2 req-bd5d8893-9cf1-4971-a032-3ff6b9ec5cde None None] Starting request: 10.4.3.92 "GET /placement/allocations/cf55e777-3736-4231-a7c5-c75895c5238c" {{(pid=89893) __call__ /opt/stack/placement/placement/requestlog.py:55}}
Jun 27 04:03:37.594938 np0000003827 devstack@placement-api.service[89893]: INFO placement.requestlog [req-d445d2c0-1d4b-4840-beca-679c8b6bf8f2 req-bd5d8893-9cf1-4971-a032-3ff6b9ec5cde service nova] 10.4.3.92 "GET /placement/allocations/cf55e777-3736-4231-a7c5-c75895c5238c" status: 200 len: 257 microversion: 1.28
Jun 27 04:03:37.595593 np0000003827 devstack@placement-api.service[89893]: [pid: 89893|app: 0|req: 7/20] 10.4.3.92 () {68 vars in 1492 bytes} [Sat Jun 27 04:03:37 2026] GET /placement/allocations/cf55e777-3736-4231-a7c5-c75895c5238c => generated 257 bytes in 17 msecs (HTTP/1.1 200) 8 headers in 296 bytes (1 switches on core 0)
Jun 27 04:03:38.098448 np0000003827 devstack@placement-api.service[89894]: DEBUG placement.requestlog [req-40c783bd-bda9-40d1-a106-275fbeb3a52b req-95671ef9-836f-40d0-9f5b-8ae9d294e935 None None] Starting request: 10.4.3.92 "GET /placement/allocation_candidates?limit=1000&resources=DISK_GB%3A1%2CMEMORY_MB%3A192%2CVCPU%3A1&root_required=%21COMPUTE_STATUS_DISABLED" {{(pid=89894) __call__ /opt/stack/placement/placement/requestlog.py:55}}
Jun 27 04:03:38.127727 np0000003827 devstack@placement-api.service[89894]: DEBUG placement.objects.research_context [req-40c783bd-bda9-40d1-a106-275fbeb3a52b req-95671ef9-836f-40d0-9f5b-8ae9d294e935 service nova] getting providers with 1 DISK_GB {{(pid=89894) __init__ /opt/stack/placement/placement/objects/research_context.py:137}}
Jun 27 04:03:38.133223 np0000003827 devstack@placement-api.service[89892]: DEBUG placement.requestlog [req-1378797e-b640-4782-bea9-7ba944efa29a req-77f28f00-e947-4078-b2b0-b0c43398cbe5 None None] Starting request: 10.4.3.92 "GET /placement/allocation_candidates?limit=1000&resources=DISK_GB%3A1%2CMEMORY_MB%3A192%2CVCPU%3A1&root_required=%21COMPUTE_STATUS_DISABLED" {{(pid=89892) __call__ /opt/stack/placement/placement/requestlog.py:55}}
Jun 27 04:03:38.135052 np0000003827 devstack@placement-api.service[89894]: DEBUG placement.objects.research_context [req-40c783bd-bda9-40d1-a106-275fbeb3a52b req-95671ef9-836f-40d0-9f5b-8ae9d294e935 service nova] getting providers with 192 MEMORY_MB {{(pid=89894) __init__ /opt/stack/placement/placement/objects/research_context.py:137}}
Jun 27 04:03:38.138741 np0000003827 devstack@placement-api.service[89894]: DEBUG placement.objects.research_context [req-40c783bd-bda9-40d1-a106-275fbeb3a52b req-95671ef9-836f-40d0-9f5b-8ae9d294e935 service nova] getting providers with 1 VCPU {{(pid=89894) __init__ /opt/stack/placement/placement/objects/research_context.py:137}}
Jun 27 04:03:38.142752 np0000003827 devstack@placement-api.service[89894]: DEBUG placement.objects.research_context [req-40c783bd-bda9-40d1-a106-275fbeb3a52b req-95671ef9-836f-40d0-9f5b-8ae9d294e935 service nova] found 1 providers with available 1 DISK_GB {{(pid=89894) get_provider_ids_matching /opt/stack/placement/placement/objects/research_context.py:563}}
Jun 27 04:03:38.142878 np0000003827 devstack@placement-api.service[89894]: DEBUG placement.objects.research_context [req-40c783bd-bda9-40d1-a106-275fbeb3a52b req-95671ef9-836f-40d0-9f5b-8ae9d294e935 service nova] found 1 providers with available 192 MEMORY_MB {{(pid=89894) get_provider_ids_matching /opt/stack/placement/placement/objects/research_context.py:563}}
Jun 27 04:03:38.143139 np0000003827 devstack@placement-api.service[89894]: DEBUG placement.objects.research_context [req-40c783bd-bda9-40d1-a106-275fbeb3a52b req-95671ef9-836f-40d0-9f5b-8ae9d294e935 service nova] found 1 providers after filtering by previous result {{(pid=89894) get_provider_ids_matching /opt/stack/placement/placement/objects/research_context.py:594}}
Jun 27 04:03:38.143444 np0000003827 devstack@placement-api.service[89894]: DEBUG placement.objects.research_context [req-40c783bd-bda9-40d1-a106-275fbeb3a52b req-95671ef9-836f-40d0-9f5b-8ae9d294e935 service nova] found 1 providers with available 1 VCPU {{(pid=89894) get_provider_ids_matching /opt/stack/placement/placement/objects/research_context.py:563}}
Jun 27 04:03:38.143444 np0000003827 devstack@placement-api.service[89894]: DEBUG placement.objects.research_context [req-40c783bd-bda9-40d1-a106-275fbeb3a52b req-95671ef9-836f-40d0-9f5b-8ae9d294e935 service nova] found 1 providers after filtering by previous result {{(pid=89894) get_provider_ids_matching /opt/stack/placement/placement/objects/research_context.py:594}}
Jun 27 04:03:38.159182 np0000003827 devstack@placement-api.service[89892]: DEBUG placement.objects.research_context [req-1378797e-b640-4782-bea9-7ba944efa29a req-77f28f00-e947-4078-b2b0-b0c43398cbe5 service nova] getting providers with 1 DISK_GB {{(pid=89892) __init__ /opt/stack/placement/placement/objects/research_context.py:137}}
Jun 27 04:03:38.166470 np0000003827 devstack@placement-api.service[89892]: DEBUG placement.objects.research_context [req-1378797e-b640-4782-bea9-7ba944efa29a req-77f28f00-e947-4078-b2b0-b0c43398cbe5 service nova] getting providers with 192 MEMORY_MB {{(pid=89892) __init__ /opt/stack/placement/placement/objects/research_context.py:137}}
Jun 27 04:03:38.168836 np0000003827 devstack@placement-api.service[89894]: DEBUG placement.objects.allocation_candidate [req-40c783bd-bda9-40d1-a106-275fbeb3a52b req-95671ef9-836f-40d0-9f5b-8ae9d294e935 service nova] RequestGroup(use_same_provider=False, resources={DISK_GB:1, MEMORY_MB:192, VCPU:1}, traits=(), aggregates=[]) (suffix '') returned 1 matches {{(pid=89894) _get_by_requests /opt/stack/placement/placement/objects/allocation_candidate.py:158}}
Jun 27 04:03:38.169718 np0000003827 devstack@placement-api.service[89894]: DEBUG placement.objects.allocation_candidate [req-40c783bd-bda9-40d1-a106-275fbeb3a52b req-95671ef9-836f-40d0-9f5b-8ae9d294e935 service nova] Merging candidates yields 1 allocation requests and 1 provider summaries {{(pid=89894) _merge_candidates /opt/stack/placement/placement/objects/allocation_candidate.py:908}}
Jun 27 04:03:38.170316 np0000003827 devstack@placement-api.service[89892]: DEBUG placement.objects.research_context [req-1378797e-b640-4782-bea9-7ba944efa29a req-77f28f00-e947-4078-b2b0-b0c43398cbe5 service nova] getting providers with 1 VCPU {{(pid=89892) __init__ /opt/stack/placement/placement/objects/research_context.py:137}}
Jun 27 04:03:38.171385 np0000003827 devstack@placement-api.service[89894]: INFO placement.requestlog [req-40c783bd-bda9-40d1-a106-275fbeb3a52b req-95671ef9-836f-40d0-9f5b-8ae9d294e935 service nova] 10.4.3.92 "GET /placement/allocation_candidates?limit=1000&resources=DISK_GB%3A1%2CMEMORY_MB%3A192%2CVCPU%3A1&root_required=%21COMPUTE_STATUS_DISABLED" status: 200 len: 2492 microversion: 1.36
Jun 27 04:03:38.171742 np0000003827 devstack@placement-api.service[89894]: [pid: 89894|app: 0|req: 8/21] 10.4.3.92 () {68 vars in 1618 bytes} [Sat Jun 27 04:03:38 2026] GET /placement/allocation_candidates?limit=1000&resources=DISK_GB%3A1%2CMEMORY_MB%3A192%2CVCPU%3A1&root_required=%21COMPUTE_STATUS_DISABLED => generated 2492 bytes in 73 msecs (HTTP/1.1 200) 8 headers in 297 bytes (1 switches on core 0)
Jun 27 04:03:38.173333 np0000003827 devstack@placement-api.service[89892]: DEBUG placement.objects.research_context [req-1378797e-b640-4782-bea9-7ba944efa29a req-77f28f00-e947-4078-b2b0-b0c43398cbe5 service nova] found 1 providers with available 1 DISK_GB {{(pid=89892) get_provider_ids_matching /opt/stack/placement/placement/objects/research_context.py:563}}
Jun 27 04:03:38.173464 np0000003827 devstack@placement-api.service[89892]: DEBUG placement.objects.research_context [req-1378797e-b640-4782-bea9-7ba944efa29a req-77f28f00-e947-4078-b2b0-b0c43398cbe5 service nova] found 1 providers with available 192 MEMORY_MB {{(pid=89892) get_provider_ids_matching /opt/stack/placement/placement/objects/research_context.py:563}}
Jun 27 04:03:38.174329 np0000003827 devstack@placement-api.service[89892]: DEBUG placement.objects.research_context [req-1378797e-b640-4782-bea9-7ba944efa29a req-77f28f00-e947-4078-b2b0-b0c43398cbe5 service nova] found 1 providers after filtering by previous result {{(pid=89892) get_provider_ids_matching /opt/stack/placement/placement/objects/research_context.py:594}}
Jun 27 04:03:38.174329 np0000003827 devstack@placement-api.service[89892]: DEBUG placement.objects.research_context [req-1378797e-b640-4782-bea9-7ba944efa29a req-77f28f00-e947-4078-b2b0-b0c43398cbe5 service nova] found 1 providers with available 1 VCPU {{(pid=89892) get_provider_ids_matching /opt/stack/placement/placement/objects/research_context.py:563}}
Jun 27 04:03:38.174329 np0000003827 devstack@placement-api.service[89892]: DEBUG placement.objects.research_context [req-1378797e-b640-4782-bea9-7ba944efa29a req-77f28f00-e947-4078-b2b0-b0c43398cbe5 service nova] found 1 providers after filtering by previous result {{(pid=89892) get_provider_ids_matching /opt/stack/placement/placement/objects/research_context.py:594}}
Jun 27 04:03:38.184648 np0000003827 devstack@placement-api.service[89892]: DEBUG placement.objects.allocation_candidate [req-1378797e-b640-4782-bea9-7ba944efa29a req-77f28f00-e947-4078-b2b0-b0c43398cbe5 service nova] RequestGroup(use_same_provider=False, resources={DISK_GB:1, MEMORY_MB:192, VCPU:1}, traits=(), aggregates=[]) (suffix '') returned 1 matches {{(pid=89892) _get_by_requests /opt/stack/placement/placement/objects/allocation_candidate.py:158}}
Jun 27 04:03:38.185012 np0000003827 devstack@placement-api.service[89892]: DEBUG placement.objects.allocation_candidate [req-1378797e-b640-4782-bea9-7ba944efa29a req-77f28f00-e947-4078-b2b0-b0c43398cbe5 service nova] Merging candidates yields 1 allocation requests and 1 provider summaries {{(pid=89892) _merge_candidates /opt/stack/placement/placement/objects/allocation_candidate.py:908}}
Jun 27 04:03:38.186794 np0000003827 devstack@placement-api.service[89892]: INFO placement.requestlog [req-1378797e-b640-4782-bea9-7ba944efa29a req-77f28f00-e947-4078-b2b0-b0c43398cbe5 service nova] 10.4.3.92 "GET /placement/allocation_candidates?limit=1000&resources=DISK_GB%3A1%2CMEMORY_MB%3A192%2CVCPU%3A1&root_required=%21COMPUTE_STATUS_DISABLED" status: 200 len: 2492 microversion: 1.36
Jun 27 04:03:38.186986 np0000003827 devstack@placement-api.service[89892]: [pid: 89892|app: 0|req: 7/22] 10.4.3.92 () {68 vars in 1618 bytes} [Sat Jun 27 04:03:38 2026] GET /placement/allocation_candidates?limit=1000&resources=DISK_GB%3A1%2CMEMORY_MB%3A192%2CVCPU%3A1&root_required=%21COMPUTE_STATUS_DISABLED => generated 2492 bytes in 54 msecs (HTTP/1.1 200) 8 headers in 297 bytes (1 switches on core 0)
Jun 27 04:03:38.356611 np0000003827 devstack@placement-api.service[89893]: DEBUG placement.requestlog [req-40c783bd-bda9-40d1-a106-275fbeb3a52b req-d44c770f-d9dc-4ad8-aed3-55d02756b1a6 None None] Starting request: 10.4.3.92 "GET /placement/allocations/16e3c450-3be5-422d-91a0-61014ef6b985" {{(pid=89893) __call__ /opt/stack/placement/placement/requestlog.py:55}}
Jun 27 04:03:38.364657 np0000003827 devstack@placement-api.service[89893]: INFO placement.requestlog [req-40c783bd-bda9-40d1-a106-275fbeb3a52b req-d44c770f-d9dc-4ad8-aed3-55d02756b1a6 service nova] 10.4.3.92 "GET /placement/allocations/16e3c450-3be5-422d-91a0-61014ef6b985" status: 200 len: 19 microversion: 1.28
Jun 27 04:03:38.364755 np0000003827 devstack@placement-api.service[89893]: [pid: 89893|app: 0|req: 8/23] 10.4.3.92 () {68 vars in 1494 bytes} [Sat Jun 27 04:03:38 2026] GET /placement/allocations/16e3c450-3be5-422d-91a0-61014ef6b985 => generated 19 bytes in 8 msecs (HTTP/1.1 200) 8 headers in 295 bytes (1 switches on core 0)
Jun 27 04:03:38.392111 np0000003827 devstack@placement-api.service[89894]: DEBUG placement.requestlog [req-1378797e-b640-4782-bea9-7ba944efa29a req-7489c278-0e89-4103-85ac-3a9f71c63ae9 None None] Starting request: 10.4.3.92 "GET /placement/allocations/522a3b21-f242-4309-8985-99215ef31829" {{(pid=89894) __call__ /opt/stack/placement/placement/requestlog.py:55}}
Jun 27 04:03:38.401854 np0000003827 devstack@placement-api.service[89892]: DEBUG placement.requestlog [req-40c783bd-bda9-40d1-a106-275fbeb3a52b req-9147207e-1c03-4aa9-8b42-4b02d7adc12f None None] Starting request: 10.4.3.92 "PUT /placement/allocations/16e3c450-3be5-422d-91a0-61014ef6b985" {{(pid=89892) __call__ /opt/stack/placement/placement/requestlog.py:55}}
Jun 27 04:03:38.403260 np0000003827 devstack@placement-api.service[89894]: INFO placement.requestlog [req-1378797e-b640-4782-bea9-7ba944efa29a req-7489c278-0e89-4103-85ac-3a9f71c63ae9 service nova] 10.4.3.92 "GET /placement/allocations/522a3b21-f242-4309-8985-99215ef31829" status: 200 len: 19 microversion: 1.28
Jun 27 04:03:38.403608 np0000003827 devstack@placement-api.service[89894]: [pid: 89894|app: 0|req: 9/24] 10.4.3.92 () {68 vars in 1494 bytes} [Sat Jun 27 04:03:38 2026] GET /placement/allocations/522a3b21-f242-4309-8985-99215ef31829 => generated 19 bytes in 12 msecs (HTTP/1.1 200) 8 headers in 295 bytes (1 switches on core 0)
Jun 27 04:03:38.441132 np0000003827 devstack@placement-api.service[89893]: DEBUG placement.requestlog [req-1378797e-b640-4782-bea9-7ba944efa29a req-42c92b5c-154b-4a84-b3f5-558a94b97406 None None] Starting request: 10.4.3.92 "PUT /placement/allocations/522a3b21-f242-4309-8985-99215ef31829" {{(pid=89893) __call__ /opt/stack/placement/placement/requestlog.py:55}}
Jun 27 04:03:38.454264 np0000003827 devstack@placement-api.service[89892]: DEBUG placement.handlers.allocation [req-40c783bd-bda9-40d1-a106-275fbeb3a52b req-9147207e-1c03-4aa9-8b42-4b02d7adc12f service nova] Successfully wrote allocations [, , ] {{(pid=89892) _update_consumers_and_create_allocations /opt/stack/placement/placement/handlers/allocation.py:462}}
Jun 27 04:03:38.458746 np0000003827 devstack@placement-api.service[89892]: INFO placement.requestlog [req-40c783bd-bda9-40d1-a106-275fbeb3a52b req-9147207e-1c03-4aa9-8b42-4b02d7adc12f service nova] 10.4.3.92 "PUT /placement/allocations/16e3c450-3be5-422d-91a0-61014ef6b985" status: 204 len: 0 microversion: 1.36
Jun 27 04:03:38.459073 np0000003827 devstack@placement-api.service[89892]: [pid: 89892|app: 0|req: 8/25] 10.4.3.92 () {72 vars in 1547 bytes} [Sat Jun 27 04:03:38 2026] PUT /placement/allocations/16e3c450-3be5-422d-91a0-61014ef6b985 => generated 0 bytes in 57 msecs (HTTP/1.1 204) 5 headers in 199 bytes (1 switches on core 0)
Jun 27 04:03:38.533424 np0000003827 devstack@placement-api.service[89893]: DEBUG placement.handlers.allocation [req-1378797e-b640-4782-bea9-7ba944efa29a req-42c92b5c-154b-4a84-b3f5-558a94b97406 service nova] Successfully wrote allocations [, , ] {{(pid=89893) _update_consumers_and_create_allocations /opt/stack/placement/placement/handlers/allocation.py:462}}
Jun 27 04:03:38.537366 np0000003827 devstack@placement-api.service[89893]: INFO placement.requestlog [req-1378797e-b640-4782-bea9-7ba944efa29a req-42c92b5c-154b-4a84-b3f5-558a94b97406 service nova] 10.4.3.92 "PUT /placement/allocations/522a3b21-f242-4309-8985-99215ef31829" status: 204 len: 0 microversion: 1.36
Jun 27 04:03:38.537366 np0000003827 devstack@placement-api.service[89893]: [pid: 89893|app: 0|req: 9/26] 10.4.3.92 () {72 vars in 1547 bytes} [Sat Jun 27 04:03:38 2026] PUT /placement/allocations/522a3b21-f242-4309-8985-99215ef31829 => generated 0 bytes in 96 msecs (HTTP/1.1 204) 5 headers in 199 bytes (1 switches on core 0)
Jun 27 04:03:38.649409 np0000003827 devstack@placement-api.service[89894]: DEBUG placement.requestlog [req-d445d2c0-1d4b-4840-beca-679c8b6bf8f2 req-0b8deadc-3a8b-45c9-8f3a-051425cbf6b8 None None] Starting request: 10.4.3.92 "GET /placement/resource_providers/146898db-5e94-4c8b-9ae4-1b92422c4244/allocations" {{(pid=89894) __call__ /opt/stack/placement/placement/requestlog.py:55}}
Jun 27 04:03:38.664054 np0000003827 devstack@placement-api.service[89894]: INFO placement.requestlog [req-d445d2c0-1d4b-4840-beca-679c8b6bf8f2 req-0b8deadc-3a8b-45c9-8f3a-051425cbf6b8 service nova] 10.4.3.92 "GET /placement/resource_providers/146898db-5e94-4c8b-9ae4-1b92422c4244/allocations" status: 200 len: 352 microversion: 1.0
Jun 27 04:03:38.664867 np0000003827 devstack@placement-api.service[89894]: [pid: 89894|app: 0|req: 10/27] 10.4.3.92 () {66 vars in 1505 bytes} [Sat Jun 27 04:03:38 2026] GET /placement/resource_providers/146898db-5e94-4c8b-9ae4-1b92422c4244/allocations => generated 352 bytes in 16 msecs (HTTP/1.1 200) 6 headers in 224 bytes (1 switches on core 0)
Jun 27 04:03:38.698180 np0000003827 devstack@placement-api.service[89892]: DEBUG placement.requestlog [req-d445d2c0-1d4b-4840-beca-679c8b6bf8f2 req-87332e81-3ea0-4381-9293-e3c3643a259c None None] Starting request: 10.4.3.92 "GET /placement/allocations/522a3b21-f242-4309-8985-99215ef31829" {{(pid=89892) __call__ /opt/stack/placement/placement/requestlog.py:55}}
Jun 27 04:03:38.717194 np0000003827 devstack@placement-api.service[89892]: INFO placement.requestlog [req-d445d2c0-1d4b-4840-beca-679c8b6bf8f2 req-87332e81-3ea0-4381-9293-e3c3643a259c service nova] 10.4.3.92 "GET /placement/allocations/522a3b21-f242-4309-8985-99215ef31829" status: 200 len: 257 microversion: 1.28
Jun 27 04:03:38.717372 np0000003827 devstack@placement-api.service[89892]: [pid: 89892|app: 0|req: 9/28] 10.4.3.92 () {68 vars in 1492 bytes} [Sat Jun 27 04:03:38 2026] GET /placement/allocations/522a3b21-f242-4309-8985-99215ef31829 => generated 257 bytes in 19 msecs (HTTP/1.1 200) 8 headers in 296 bytes (1 switches on core 0)
Jun 27 04:03:38.770179 np0000003827 devstack@placement-api.service[89893]: DEBUG placement.requestlog [req-d445d2c0-1d4b-4840-beca-679c8b6bf8f2 req-c9d5cda4-0a34-496e-ac2d-0e0d55d11a02 None None] Starting request: 10.4.3.92 "GET /placement/allocations/cf55e777-3736-4231-a7c5-c75895c5238c" {{(pid=89893) __call__ /opt/stack/placement/placement/requestlog.py:55}}
Jun 27 04:03:38.786241 np0000003827 devstack@placement-api.service[89893]: INFO placement.requestlog [req-d445d2c0-1d4b-4840-beca-679c8b6bf8f2 req-c9d5cda4-0a34-496e-ac2d-0e0d55d11a02 service nova] 10.4.3.92 "GET /placement/allocations/cf55e777-3736-4231-a7c5-c75895c5238c" status: 200 len: 257 microversion: 1.28
Jun 27 04:03:38.787744 np0000003827 devstack@placement-api.service[89893]: [pid: 89893|app: 0|req: 10/29] 10.4.3.92 () {68 vars in 1492 bytes} [Sat Jun 27 04:03:38 2026] GET /placement/allocations/cf55e777-3736-4231-a7c5-c75895c5238c => generated 257 bytes in 16 msecs (HTTP/1.1 200) 8 headers in 296 bytes (1 switches on core 0)
Jun 27 04:03:38.829046 np0000003827 devstack@placement-api.service[89894]: DEBUG placement.requestlog [req-d445d2c0-1d4b-4840-beca-679c8b6bf8f2 req-605b4e67-efc3-47d3-9524-d6053f996a4b None None] Starting request: 10.4.3.92 "GET /placement/allocations/16e3c450-3be5-422d-91a0-61014ef6b985" {{(pid=89894) __call__ /opt/stack/placement/placement/requestlog.py:55}}
