Jul 21 15:27:22.834625 np0000005573 nova-scheduler[93445]: DEBUG cotyledon.oslo_config_glue [-] oslo_messaging_rabbit.rabbit_quorum_delivery_limit = 0 {{(pid=93445) log_opt_values /opt/stack/data/venv/lib/python3.12/site-packages/oslo_config/cfg.py:3253}}
Jul 21 15:27:22.834625 np0000005573 nova-scheduler[93445]: DEBUG cotyledon.oslo_config_glue [-] oslo_messaging_rabbit.rabbit_quorum_max_memory_bytes = 0 {{(pid=93445) log_opt_values /opt/stack/data/venv/lib/python3.12/site-packages/oslo_config/cfg.py:3253}}
Jul 21 15:27:22.834625 np0000005573 nova-scheduler[93445]: DEBUG cotyledon.oslo_config_glue [-] oslo_messaging_rabbit.rabbit_quorum_max_memory_length = 0 {{(pid=93445) log_opt_values /opt/stack/data/venv/lib/python3.12/site-packages/oslo_config/cfg.py:3253}}
Jul 21 15:27:22.834625 np0000005573 nova-scheduler[93445]: DEBUG cotyledon.oslo_config_glue [-] oslo_messaging_rabbit.rabbit_quorum_queue = False {{(pid=93445) log_opt_values /opt/stack/data/venv/lib/python3.12/site-packages/oslo_config/cfg.py:3253}}
Jul 21 15:27:22.834625 np0000005573 nova-scheduler[93445]: DEBUG cotyledon.oslo_config_glue [-] oslo_messaging_rabbit.rabbit_retry_backoff = 2 {{(pid=93445) log_opt_values /opt/stack/data/venv/lib/python3.12/site-packages/oslo_config/cfg.py:3253}}
Jul 21 15:27:22.834625 np0000005573 nova-scheduler[93445]: DEBUG cotyledon.oslo_config_glue [-] oslo_messaging_rabbit.rabbit_retry_interval = 1 {{(pid=93445) log_opt_values /opt/stack/data/venv/lib/python3.12/site-packages/oslo_config/cfg.py:3253}}
Jul 21 15:27:22.834625 np0000005573 nova-scheduler[93445]: DEBUG cotyledon.oslo_config_glue [-] oslo_messaging_rabbit.rabbit_stream_fanout = False {{(pid=93445) log_opt_values /opt/stack/data/venv/lib/python3.12/site-packages/oslo_config/cfg.py:3253}}
Jul 21 15:27:22.834878 np0000005573 nova-scheduler[93445]: DEBUG cotyledon.oslo_config_glue [-] oslo_messaging_rabbit.rabbit_transient_queues_ttl = 1800 {{(pid=93445) log_opt_values /opt/stack/data/venv/lib/python3.12/site-packages/oslo_config/cfg.py:3253}}
Jul 21 15:27:22.834878 np0000005573 nova-scheduler[93445]: DEBUG cotyledon.oslo_config_glue [-] oslo_messaging_rabbit.rabbit_transient_quorum_queue = False {{(pid=93445) log_opt_values /opt/stack/data/venv/lib/python3.12/site-packages/oslo_config/cfg.py:3253}}
Jul 21 15:27:22.834878 np0000005573 nova-scheduler[93445]: DEBUG cotyledon.oslo_config_glue [-] oslo_messaging_rabbit.rpc_conn_pool_size = 30 {{(pid=93445) log_opt_values /opt/stack/data/venv/lib/python3.12/site-packages/oslo_config/cfg.py:3253}}
Jul 21 15:27:22.834878 np0000005573 nova-scheduler[93445]: DEBUG cotyledon.oslo_config_glue [-] oslo_messaging_rabbit.ssl = False {{(pid=93445) log_opt_values /opt/stack/data/venv/lib/python3.12/site-packages/oslo_config/cfg.py:3253}}
Jul 21 15:27:22.834878 np0000005573 nova-scheduler[93445]: DEBUG cotyledon.oslo_config_glue [-] oslo_messaging_rabbit.ssl_ca_file = {{(pid=93445) log_opt_values /opt/stack/data/venv/lib/python3.12/site-packages/oslo_config/cfg.py:3253}}
Jul 21 15:27:22.834878 np0000005573 nova-scheduler[93445]: DEBUG cotyledon.oslo_config_glue [-] oslo_messaging_rabbit.ssl_cert_file = {{(pid=93445) log_opt_values /opt/stack/data/venv/lib/python3.12/site-packages/oslo_config/cfg.py:3253}}
Jul 21 15:27:22.834878 np0000005573 nova-scheduler[93445]: DEBUG cotyledon.oslo_config_glue [-] oslo_messaging_rabbit.ssl_enforce_fips_mode = False {{(pid=93445) log_opt_values /opt/stack/data/venv/lib/python3.12/site-packages/oslo_config/cfg.py:3253}}
Jul 21 15:27:22.834878 np0000005573 nova-scheduler[93445]: DEBUG cotyledon.oslo_config_glue [-] oslo_messaging_rabbit.ssl_enforce_hostname_verification = True {{(pid=93445) log_opt_values /opt/stack/data/venv/lib/python3.12/site-packages/oslo_config/cfg.py:3253}}
Jul 21 15:27:22.834878 np0000005573 nova-scheduler[93445]: DEBUG cotyledon.oslo_config_glue [-] oslo_messaging_rabbit.ssl_key_file = {{(pid=93445) log_opt_values /opt/stack/data/venv/lib/python3.12/site-packages/oslo_config/cfg.py:3253}}
Jul 21 15:27:22.835260 np0000005573 nova-scheduler[93445]: DEBUG cotyledon.oslo_config_glue [-] oslo_messaging_rabbit.ssl_version = {{(pid=93445) log_opt_values /opt/stack/data/venv/lib/python3.12/site-packages/oslo_config/cfg.py:3253}}
Jul 21 15:27:22.835260 np0000005573 nova-scheduler[93445]: DEBUG cotyledon.oslo_config_glue [-] oslo_messaging_rabbit.use_queue_manager = False {{(pid=93445) log_opt_values /opt/stack/data/venv/lib/python3.12/site-packages/oslo_config/cfg.py:3253}}
Jul 21 15:27:22.835260 np0000005573 nova-scheduler[93445]: DEBUG cotyledon.oslo_config_glue [-] oslo_messaging_notifications.driver = ['messagingv2'] {{(pid=93445) log_opt_values /opt/stack/data/venv/lib/python3.12/site-packages/oslo_config/cfg.py:3253}}
Jul 21 15:27:22.835260 np0000005573 nova-scheduler[93445]: DEBUG cotyledon.oslo_config_glue [-] oslo_messaging_notifications.retry = -1 {{(pid=93445) log_opt_values /opt/stack/data/venv/lib/python3.12/site-packages/oslo_config/cfg.py:3253}}
Jul 21 15:27:22.835260 np0000005573 nova-scheduler[93445]: DEBUG cotyledon.oslo_config_glue [-] oslo_messaging_notifications.topics = ['notifications'] {{(pid=93445) log_opt_values /opt/stack/data/venv/lib/python3.12/site-packages/oslo_config/cfg.py:3253}}
Jul 21 15:27:22.835260 np0000005573 nova-scheduler[93445]: DEBUG cotyledon.oslo_config_glue [-] oslo_messaging_notifications.transport_url = **** {{(pid=93445) log_opt_values /opt/stack/data/venv/lib/python3.12/site-packages/oslo_config/cfg.py:3253}}
Jul 21 15:27:22.835260 np0000005573 nova-scheduler[93445]: DEBUG cotyledon.oslo_config_glue [-] oslo_limit.auth_section = None {{(pid=93445) log_opt_values /opt/stack/data/venv/lib/python3.12/site-packages/oslo_config/cfg.py:3253}}
Jul 21 15:27:22.835260 np0000005573 nova-scheduler[93445]: DEBUG cotyledon.oslo_config_glue [-] oslo_limit.auth_type = None {{(pid=93445) log_opt_values /opt/stack/data/venv/lib/python3.12/site-packages/oslo_config/cfg.py:3253}}
Jul 21 15:27:22.835260 np0000005573 nova-scheduler[93445]: DEBUG cotyledon.oslo_config_glue [-] oslo_limit.cafile = None {{(pid=93445) log_opt_values /opt/stack/data/venv/lib/python3.12/site-packages/oslo_config/cfg.py:3253}}
Jul 21 15:27:22.835538 np0000005573 nova-scheduler[93445]: DEBUG cotyledon.oslo_config_glue [-] oslo_limit.certfile = None {{(pid=93445) log_opt_values /opt/stack/data/venv/lib/python3.12/site-packages/oslo_config/cfg.py:3253}}
Jul 21 15:27:22.835538 np0000005573 nova-scheduler[93445]: DEBUG cotyledon.oslo_config_glue [-] oslo_limit.collect_timing = False {{(pid=93445) log_opt_values /opt/stack/data/venv/lib/python3.12/site-packages/oslo_config/cfg.py:3253}}
Jul 21 15:27:22.835538 np0000005573 nova-scheduler[93445]: DEBUG cotyledon.oslo_config_glue [-] oslo_limit.connect_retries = None {{(pid=93445) log_opt_values /opt/stack/data/venv/lib/python3.12/site-packages/oslo_config/cfg.py:3253}}
Jul 21 15:27:22.835538 np0000005573 nova-scheduler[93445]: DEBUG cotyledon.oslo_config_glue [-] oslo_limit.connect_retry_delay = None {{(pid=93445) log_opt_values /opt/stack/data/venv/lib/python3.12/site-packages/oslo_config/cfg.py:3253}}
Jul 21 15:27:22.835538 np0000005573 nova-scheduler[93445]: DEBUG cotyledon.oslo_config_glue [-] oslo_limit.endpoint_id = None {{(pid=93445) log_opt_values /opt/stack/data/venv/lib/python3.12/site-packages/oslo_config/cfg.py:3253}}
Jul 21 15:27:22.835538 np0000005573 nova-scheduler[93445]: DEBUG cotyledon.oslo_config_glue [-] oslo_limit.endpoint_interface = public {{(pid=93445) log_opt_values /opt/stack/data/venv/lib/python3.12/site-packages/oslo_config/cfg.py:3253}}
Jul 21 15:27:22.835538 np0000005573 nova-scheduler[93445]: DEBUG cotyledon.oslo_config_glue [-] oslo_limit.endpoint_override = None {{(pid=93445) log_opt_values /opt/stack/data/venv/lib/python3.12/site-packages/oslo_config/cfg.py:3253}}
Jul 21 15:27:22.835538 np0000005573 nova-scheduler[93445]: DEBUG cotyledon.oslo_config_glue [-] oslo_limit.endpoint_region_name = None {{(pid=93445) log_opt_values /opt/stack/data/venv/lib/python3.12/site-packages/oslo_config/cfg.py:3253}}
Jul 21 15:27:22.835538 np0000005573 nova-scheduler[93445]: DEBUG cotyledon.oslo_config_glue [-] oslo_limit.endpoint_service_name = None {{(pid=93445) log_opt_values /opt/stack/data/venv/lib/python3.12/site-packages/oslo_config/cfg.py:3253}}
Jul 21 15:27:22.835775 np0000005573 nova-scheduler[93445]: DEBUG cotyledon.oslo_config_glue [-] oslo_limit.endpoint_service_type = None {{(pid=93445) log_opt_values /opt/stack/data/venv/lib/python3.12/site-packages/oslo_config/cfg.py:3253}}
Jul 21 15:27:22.835775 np0000005573 nova-scheduler[93445]: DEBUG cotyledon.oslo_config_glue [-] oslo_limit.insecure = False {{(pid=93445) log_opt_values /opt/stack/data/venv/lib/python3.12/site-packages/oslo_config/cfg.py:3253}}
Jul 21 15:27:22.835775 np0000005573 nova-scheduler[93445]: DEBUG cotyledon.oslo_config_glue [-] oslo_limit.keyfile = None {{(pid=93445) log_opt_values /opt/stack/data/venv/lib/python3.12/site-packages/oslo_config/cfg.py:3253}}
Jul 21 15:27:22.835775 np0000005573 nova-scheduler[93445]: DEBUG cotyledon.oslo_config_glue [-] oslo_limit.max_version = None {{(pid=93445) log_opt_values /opt/stack/data/venv/lib/python3.12/site-packages/oslo_config/cfg.py:3253}}
Jul 21 15:27:22.835775 np0000005573 nova-scheduler[93445]: DEBUG cotyledon.oslo_config_glue [-] oslo_limit.min_version = None {{(pid=93445) log_opt_values /opt/stack/data/venv/lib/python3.12/site-packages/oslo_config/cfg.py:3253}}
Jul 21 15:27:22.835775 np0000005573 nova-scheduler[93445]: DEBUG cotyledon.oslo_config_glue [-] oslo_limit.region_name = None {{(pid=93445) log_opt_values /opt/stack/data/venv/lib/python3.12/site-packages/oslo_config/cfg.py:3253}}
Jul 21 15:27:22.835775 np0000005573 nova-scheduler[93445]: DEBUG cotyledon.oslo_config_glue [-] oslo_limit.retriable_status_codes = None {{(pid=93445) log_opt_values /opt/stack/data/venv/lib/python3.12/site-packages/oslo_config/cfg.py:3253}}
Jul 21 15:27:22.835775 np0000005573 nova-scheduler[93445]: DEBUG cotyledon.oslo_config_glue [-] oslo_limit.service_name = None {{(pid=93445) log_opt_values /opt/stack/data/venv/lib/python3.12/site-packages/oslo_config/cfg.py:3253}}
Jul 21 15:27:22.835775 np0000005573 nova-scheduler[93445]: DEBUG cotyledon.oslo_config_glue [-] oslo_limit.service_type = None {{(pid=93445) log_opt_values /opt/stack/data/venv/lib/python3.12/site-packages/oslo_config/cfg.py:3253}}
Jul 21 15:27:22.836312 np0000005573 nova-scheduler[93445]: DEBUG cotyledon.oslo_config_glue [-] oslo_limit.split_loggers = False {{(pid=93445) log_opt_values /opt/stack/data/venv/lib/python3.12/site-packages/oslo_config/cfg.py:3253}}
Jul 21 15:27:22.836312 np0000005573 nova-scheduler[93445]: DEBUG cotyledon.oslo_config_glue [-] oslo_limit.status_code_retries = None {{(pid=93445) log_opt_values /opt/stack/data/venv/lib/python3.12/site-packages/oslo_config/cfg.py:3253}}
Jul 21 15:27:22.836312 np0000005573 nova-scheduler[93445]: DEBUG cotyledon.oslo_config_glue [-] oslo_limit.status_code_retry_delay = None {{(pid=93445) log_opt_values /opt/stack/data/venv/lib/python3.12/site-packages/oslo_config/cfg.py:3253}}
Jul 21 15:27:22.836312 np0000005573 nova-scheduler[93445]: DEBUG cotyledon.oslo_config_glue [-] oslo_limit.timeout = None {{(pid=93445) log_opt_values /opt/stack/data/venv/lib/python3.12/site-packages/oslo_config/cfg.py:3253}}
Jul 21 15:27:22.836312 np0000005573 nova-scheduler[93445]: DEBUG cotyledon.oslo_config_glue [-] oslo_limit.valid_interfaces = None {{(pid=93445) log_opt_values /opt/stack/data/venv/lib/python3.12/site-packages/oslo_config/cfg.py:3253}}
Jul 21 15:27:22.836312 np0000005573 nova-scheduler[93445]: DEBUG cotyledon.oslo_config_glue [-] oslo_limit.version = None {{(pid=93445) log_opt_values /opt/stack/data/venv/lib/python3.12/site-packages/oslo_config/cfg.py:3253}}
Jul 21 15:27:22.836312 np0000005573 nova-scheduler[93445]: DEBUG cotyledon.oslo_config_glue [-] oslo_reports.file_event_handler = None {{(pid=93445) log_opt_values /opt/stack/data/venv/lib/python3.12/site-packages/oslo_config/cfg.py:3253}}
Jul 21 15:27:22.836312 np0000005573 nova-scheduler[93445]: DEBUG cotyledon.oslo_config_glue [-] oslo_reports.file_event_handler_interval = 1 {{(pid=93445) log_opt_values /opt/stack/data/venv/lib/python3.12/site-packages/oslo_config/cfg.py:3253}}
Jul 21 15:27:22.836312 np0000005573 nova-scheduler[93445]: DEBUG cotyledon.oslo_config_glue [-] oslo_reports.log_dir = None {{(pid=93445) log_opt_values /opt/stack/data/venv/lib/python3.12/site-packages/oslo_config/cfg.py:3253}}
Jul 21 15:27:22.836844 np0000005573 nova-scheduler[93445]: DEBUG cotyledon.oslo_config_glue [-] ******************************************************************************** {{(pid=93445) log_opt_values /opt/stack/data/venv/lib/python3.12/site-packages/oslo_config/cfg.py:3260}}
Jul 21 15:27:22.836844 np0000005573 nova-scheduler[93445]: DEBUG cotyledon._service_worker [-] Run service ServiceWrapper(2) [93445] {{(pid=93445) wait_forever /opt/stack/data/venv/lib/python3.12/site-packages/cotyledon/_service_worker.py:218}}
Jul 21 15:27:22.836844 np0000005573 nova-scheduler[93445]: INFO nova.service [-] Starting scheduler node (version 33.1.0)
Jul 21 15:27:22.836844 np0000005573 nova-scheduler[93445]: INFO dbcounter [None req-681ddb6f-5567-4df8-91e4-e65077d8aa0d None None] Registered counter for database nova_cell0
Jul 21 15:27:22.837087 np0000005573 nova-scheduler[93441]: DEBUG oslo_db.sqlalchemy.engines [None req-e147cdd0-9163-4954-9f87-439d5bffdc82 None None] MySQL server mode set to STRICT_TRANS_TABLES,STRICT_ALL_TABLES,NO_ZERO_IN_DATE,NO_ZERO_DATE,ERROR_FOR_DIVISION_BY_ZERO,TRADITIONAL,NO_ENGINE_SUBSTITUTION {{(pid=93441) _check_effective_sql_mode /opt/stack/data/venv/lib/python3.12/site-packages/oslo_db/sqlalchemy/engines.py:325}}
Jul 21 15:27:22.837087 np0000005573 nova-scheduler[93441]: DEBUG dbcounter [-] [93441] Writer thread running {{(pid=93441) stat_writer /opt/stack/data/venv/lib/python3.12/site-packages/dbcounter.py:102}}
Jul 21 15:27:22.841447 np0000005573 nova-scheduler[93443]: DEBUG oslo_db.sqlalchemy.engines [None req-910c6355-9e4a-4c61-a8e4-674cc7764e19 None None] MySQL server mode set to STRICT_TRANS_TABLES,STRICT_ALL_TABLES,NO_ZERO_IN_DATE,NO_ZERO_DATE,ERROR_FOR_DIVISION_BY_ZERO,TRADITIONAL,NO_ENGINE_SUBSTITUTION {{(pid=93443) _check_effective_sql_mode /opt/stack/data/venv/lib/python3.12/site-packages/oslo_db/sqlalchemy/engines.py:325}}
Jul 21 15:27:22.854222 np0000005573 nova-scheduler[93443]: DEBUG dbcounter [-] [93443] Writer thread running {{(pid=93443) stat_writer /opt/stack/data/venv/lib/python3.12/site-packages/dbcounter.py:102}}
Jul 21 15:27:22.858652 np0000005573 nova-scheduler[93445]: DEBUG oslo_db.sqlalchemy.engines [None req-681ddb6f-5567-4df8-91e4-e65077d8aa0d None None] MySQL server mode set to STRICT_TRANS_TABLES,STRICT_ALL_TABLES,NO_ZERO_IN_DATE,NO_ZERO_DATE,ERROR_FOR_DIVISION_BY_ZERO,TRADITIONAL,NO_ENGINE_SUBSTITUTION {{(pid=93445) _check_effective_sql_mode /opt/stack/data/venv/lib/python3.12/site-packages/oslo_db/sqlalchemy/engines.py:325}}
Jul 21 15:27:22.858794 np0000005573 nova-scheduler[93441]: DEBUG nova.service [None req-e147cdd0-9163-4954-9f87-439d5bffdc82 None None] Creating RPC server for service: nova-scheduler on topic: scheduler {{(pid=93441) start /opt/stack/nova/nova/service.py:196}}
Jul 21 15:27:22.871915 np0000005573 nova-scheduler[93445]: DEBUG dbcounter [-] [93445] Writer thread running {{(pid=93445) stat_writer /opt/stack/data/venv/lib/python3.12/site-packages/dbcounter.py:102}}
Jul 21 15:27:22.874728 np0000005573 nova-scheduler[93443]: DEBUG nova.service [None req-910c6355-9e4a-4c61-a8e4-674cc7764e19 None None] Creating RPC server for service: nova-scheduler on topic: scheduler {{(pid=93443) start /opt/stack/nova/nova/service.py:196}}
Jul 21 15:27:22.875951 np0000005573 nova-scheduler[93445]: DEBUG nova.service [None req-681ddb6f-5567-4df8-91e4-e65077d8aa0d None None] Creating RPC server for service: nova-scheduler on topic: scheduler {{(pid=93445) start /opt/stack/nova/nova/service.py:196}}
Jul 21 15:27:22.896079 np0000005573 nova-scheduler[93441]: DEBUG nova.service [None req-e147cdd0-9163-4954-9f87-439d5bffdc82 None None] Join ServiceGroup membership for this service scheduler {{(pid=93441) start /opt/stack/nova/nova/service.py:222}}
Jul 21 15:27:22.896328 np0000005573 nova-scheduler[93441]: DEBUG nova.servicegroup.drivers.db [None req-e147cdd0-9163-4954-9f87-439d5bffdc82 None None] DB_Driver: join new ServiceGroup member np0000005573 to the scheduler group, service = {{(pid=93441) join /opt/stack/nova/nova/servicegroup/drivers/db.py:44}}
Jul 21 15:27:22.897008 np0000005573 nova-scheduler[93443]: DEBUG nova.service [None req-910c6355-9e4a-4c61-a8e4-674cc7764e19 None None] Join ServiceGroup membership for this service scheduler {{(pid=93443) start /opt/stack/nova/nova/service.py:222}}
Jul 21 15:27:22.897500 np0000005573 nova-scheduler[93443]: DEBUG nova.servicegroup.drivers.db [None req-910c6355-9e4a-4c61-a8e4-674cc7764e19 None None] DB_Driver: join new ServiceGroup member np0000005573 to the scheduler group, service = {{(pid=93443) join /opt/stack/nova/nova/servicegroup/drivers/db.py:44}}
Jul 21 15:27:22.902973 np0000005573 nova-scheduler[93445]: DEBUG nova.service [None req-681ddb6f-5567-4df8-91e4-e65077d8aa0d None None] Join ServiceGroup membership for this service scheduler {{(pid=93445) start /opt/stack/nova/nova/service.py:222}}
Jul 21 15:27:22.902973 np0000005573 nova-scheduler[93445]: DEBUG nova.servicegroup.drivers.db [None req-681ddb6f-5567-4df8-91e4-e65077d8aa0d None None] DB_Driver: join new ServiceGroup member np0000005573 to the scheduler group, service = {{(pid=93445) join /opt/stack/nova/nova/servicegroup/drivers/db.py:44}}
Jul 21 15:27:27.909966 np0000005573 nova-scheduler[93443]: DEBUG oslo.service.backend._threading.loopingcall [-] Fixed interval looping call 'nova.servicegroup.drivers.db.DbDriver._report_state' sleeping for 119.99 seconds {{(pid=93443) _run_loop /opt/stack/data/venv/lib/python3.12/site-packages/oslo_service/backend/_threading/loopingcall.py:125}}
Jul 21 15:27:27.910477 np0000005573 nova-scheduler[93441]: DEBUG oslo.service.backend._threading.loopingcall [-] Fixed interval looping call 'nova.servicegroup.drivers.db.DbDriver._report_state' sleeping for 119.99 seconds {{(pid=93441) _run_loop /opt/stack/data/venv/lib/python3.12/site-packages/oslo_service/backend/_threading/loopingcall.py:125}}
Jul 21 15:27:27.916417 np0000005573 nova-scheduler[93445]: DEBUG oslo.service.backend._threading.loopingcall [-] Fixed interval looping call 'nova.servicegroup.drivers.db.DbDriver._report_state' sleeping for 119.99 seconds {{(pid=93445) _run_loop /opt/stack/data/venv/lib/python3.12/site-packages/oslo_service/backend/_threading/loopingcall.py:125}}
Jul 21 15:27:31.357439 np0000005573 nova-scheduler[92246]: DEBUG dbcounter [-] [92246] Writing DB stats nova_api:SELECT=3 {{(pid=92246) stat_writer /opt/stack/data/venv/lib/python3.12/site-packages/dbcounter.py:115}}
Jul 21 15:27:31.524352 np0000005573 nova-scheduler[92246]: DEBUG dbcounter [-] [92246] Writing DB stats nova_cell0:SELECT=1 {{(pid=92246) stat_writer /opt/stack/data/venv/lib/python3.12/site-packages/dbcounter.py:115}}
Jul 21 15:27:31.529430 np0000005573 nova-scheduler[92246]: DEBUG dbcounter [-] [92246] Writing DB stats nova_cell1:SELECT=1 {{(pid=92246) stat_writer /opt/stack/data/venv/lib/python3.12/site-packages/dbcounter.py:115}}
Jul 21 15:27:37.904611 np0000005573 nova-scheduler[93443]: DEBUG dbcounter [-] [93443] Writing DB stats nova_cell0:SELECT=4,nova_cell0:INSERT=1,nova_cell0:UPDATE=1 {{(pid=93443) stat_writer /opt/stack/data/venv/lib/python3.12/site-packages/dbcounter.py:115}}
Jul 21 15:27:37.907713 np0000005573 nova-scheduler[93441]: DEBUG dbcounter [-] [93441] Writing DB stats nova_cell0:SELECT=4,nova_cell0:INSERT=1,nova_cell0:UPDATE=1 {{(pid=93441) stat_writer /opt/stack/data/venv/lib/python3.12/site-packages/dbcounter.py:115}}
Jul 21 15:27:37.912931 np0000005573 nova-scheduler[93445]: DEBUG dbcounter [-] [93445] Writing DB stats nova_cell0:SELECT=3 {{(pid=93445) stat_writer /opt/stack/data/venv/lib/python3.12/site-packages/dbcounter.py:115}}
Jul 21 15:27:43.907145 np0000005573 nova-scheduler[93445]: DEBUG oslo.service.backend._threading.loopingcall [None req-97d4744c-4fb6-4f0b-9ee4-a8de0101574b None None] Dynamic interval looping call 'nova.service.Service.periodic_tasks' sleeping for 60.00 seconds {{(pid=93445) _run_loop /opt/stack/data/venv/lib/python3.12/site-packages/oslo_service/backend/_threading/loopingcall.py:125}}
Jul 21 15:27:49.900239 np0000005573 nova-scheduler[93441]: DEBUG oslo.service.backend._threading.loopingcall [None req-008b3922-e15e-466a-b0dc-37d44f2cd639 None None] Dynamic interval looping call 'nova.service.Service.periodic_tasks' sleeping for 60.00 seconds {{(pid=93441) _run_loop /opt/stack/data/venv/lib/python3.12/site-packages/oslo_service/backend/_threading/loopingcall.py:125}}
Jul 21 15:27:56.899995 np0000005573 nova-scheduler[93443]: DEBUG oslo.service.backend._threading.loopingcall [None req-c30eec71-f9bc-4f96-9170-9d655b48db1b None None] Dynamic interval looping call 'nova.service.Service.periodic_tasks' sleeping for 60.00 seconds {{(pid=93443) _run_loop /opt/stack/data/venv/lib/python3.12/site-packages/oslo_service/backend/_threading/loopingcall.py:125}}
Jul 21 15:28:43.905652 np0000005573 nova-scheduler[93445]: DEBUG oslo.service.backend._threading.loopingcall [None req-97d4744c-4fb6-4f0b-9ee4-a8de0101574b None None] Dynamic interval looping call 'nova.service.Service.periodic_tasks' sleeping for 60.00 seconds {{(pid=93445) _run_loop /opt/stack/data/venv/lib/python3.12/site-packages/oslo_service/backend/_threading/loopingcall.py:125}}
Jul 21 15:28:49.900730 np0000005573 nova-scheduler[93441]: DEBUG oslo.service.backend._threading.loopingcall [None req-008b3922-e15e-466a-b0dc-37d44f2cd639 None None] Dynamic interval looping call 'nova.service.Service.periodic_tasks' sleeping for 60.00 seconds {{(pid=93441) _run_loop /opt/stack/data/venv/lib/python3.12/site-packages/oslo_service/backend/_threading/loopingcall.py:125}}
Jul 21 15:28:56.900995 np0000005573 nova-scheduler[93443]: DEBUG oslo.service.backend._threading.loopingcall [None req-c30eec71-f9bc-4f96-9170-9d655b48db1b None None] Dynamic interval looping call 'nova.service.Service.periodic_tasks' sleeping for 60.00 seconds {{(pid=93443) _run_loop /opt/stack/data/venv/lib/python3.12/site-packages/oslo_service/backend/_threading/loopingcall.py:125}}
Jul 21 15:29:27.907536 np0000005573 nova-scheduler[93441]: DEBUG oslo.service.backend._threading.loopingcall [-] Fixed interval looping call 'nova.servicegroup.drivers.db.DbDriver._report_state' sleeping for 119.99 seconds {{(pid=93441) _run_loop /opt/stack/data/venv/lib/python3.12/site-packages/oslo_service/backend/_threading/loopingcall.py:125}}
Jul 21 15:29:27.908473 np0000005573 nova-scheduler[93443]: DEBUG oslo.service.backend._threading.loopingcall [-] Fixed interval looping call 'nova.servicegroup.drivers.db.DbDriver._report_state' sleeping for 119.99 seconds {{(pid=93443) _run_loop /opt/stack/data/venv/lib/python3.12/site-packages/oslo_service/backend/_threading/loopingcall.py:125}}
Jul 21 15:29:27.910551 np0000005573 nova-scheduler[93445]: DEBUG oslo.service.backend._threading.loopingcall [-] Fixed interval looping call 'nova.servicegroup.drivers.db.DbDriver._report_state' sleeping for 120.00 seconds {{(pid=93445) _run_loop /opt/stack/data/venv/lib/python3.12/site-packages/oslo_service/backend/_threading/loopingcall.py:125}}
Jul 21 15:29:37.904206 np0000005573 nova-scheduler[93441]: DEBUG dbcounter [-] [93441] Writing DB stats nova_cell0:SELECT=1,nova_cell0:UPDATE=1 {{(pid=93441) stat_writer /opt/stack/data/venv/lib/python3.12/site-packages/dbcounter.py:115}}
Jul 21 15:29:37.907025 np0000005573 nova-scheduler[93443]: DEBUG dbcounter [-] [93443] Writing DB stats nova_cell0:SELECT=1,nova_cell0:UPDATE=1 {{(pid=93443) stat_writer /opt/stack/data/venv/lib/python3.12/site-packages/dbcounter.py:115}}
Jul 21 15:29:37.908739 np0000005573 nova-scheduler[93445]: DEBUG dbcounter [-] [93445] Writing DB stats nova_cell0:SELECT=1 {{(pid=93445) stat_writer /opt/stack/data/venv/lib/python3.12/site-packages/dbcounter.py:115}}
Jul 21 15:29:43.906372 np0000005573 nova-scheduler[93445]: DEBUG oslo.service.backend._threading.loopingcall [None req-97d4744c-4fb6-4f0b-9ee4-a8de0101574b None None] Dynamic interval looping call 'nova.service.Service.periodic_tasks' sleeping for 60.00 seconds {{(pid=93445) _run_loop /opt/stack/data/venv/lib/python3.12/site-packages/oslo_service/backend/_threading/loopingcall.py:125}}
Jul 21 15:29:49.901194 np0000005573 nova-scheduler[93441]: DEBUG oslo.service.backend._threading.loopingcall [None req-008b3922-e15e-466a-b0dc-37d44f2cd639 None None] Dynamic interval looping call 'nova.service.Service.periodic_tasks' sleeping for 60.00 seconds {{(pid=93441) _run_loop /opt/stack/data/venv/lib/python3.12/site-packages/oslo_service/backend/_threading/loopingcall.py:125}}
Jul 21 15:29:56.901581 np0000005573 nova-scheduler[93443]: DEBUG oslo.service.backend._threading.loopingcall [None req-c30eec71-f9bc-4f96-9170-9d655b48db1b None None] Dynamic interval looping call 'nova.service.Service.periodic_tasks' sleeping for 60.00 seconds {{(pid=93443) _run_loop /opt/stack/data/venv/lib/python3.12/site-packages/oslo_service/backend/_threading/loopingcall.py:125}}
Jul 21 15:30:03.999293 np0000005573 nova-scheduler[93441]: DEBUG nova.scheduler.manager [None req-687101cf-4c43-4bc6-b401-66d60a705197 tempest-ServersNegativeTestJSON-551361517 tempest-ServersNegativeTestJSON-551361517-project-member] Starting to schedule for instances: ['f53014fa-ea68-4747-936b-0551b776ec30'] {{(pid=93441) select_destinations /opt/stack/nova/nova/scheduler/manager.py:209}}
Jul 21 15:30:04.000105 np0000005573 nova-scheduler[93441]: DEBUG nova.scheduler.request_filter [None req-687101cf-4c43-4bc6-b401-66d60a705197 tempest-ServersNegativeTestJSON-551361517 tempest-ServersNegativeTestJSON-551361517-project-member] compute_status_filter request filter added forbidden trait COMPUTE_STATUS_DISABLED {{(pid=93441) compute_status_filter /opt/stack/nova/nova/scheduler/request_filter.py:253}}
Jul 21 15:30:04.000297 np0000005573 nova-scheduler[93441]: DEBUG nova.scheduler.request_filter [None req-687101cf-4c43-4bc6-b401-66d60a705197 tempest-ServersNegativeTestJSON-551361517 tempest-ServersNegativeTestJSON-551361517-project-member] Request filter 'compute_status_filter' took 0.0 seconds {{(pid=93441) wrapper /opt/stack/nova/nova/scheduler/request_filter.py:46}}
Jul 21 15:30:04.000633 np0000005573 nova-scheduler[93441]: DEBUG nova.scheduler.request_filter [None req-687101cf-4c43-4bc6-b401-66d60a705197 tempest-ServersNegativeTestJSON-551361517 tempest-ServersNegativeTestJSON-551361517-project-member] Request filter 'accelerators_filter' took 0.0 seconds {{(pid=93441) wrapper /opt/stack/nova/nova/scheduler/request_filter.py:46}}
Jul 21 15:30:04.000882 np0000005573 nova-scheduler[93441]: DEBUG nova.scheduler.request_filter [None req-687101cf-4c43-4bc6-b401-66d60a705197 tempest-ServersNegativeTestJSON-551361517 tempest-ServersNegativeTestJSON-551361517-project-member] Request filter 'packed_virtqueue_filter' took 0.0 seconds {{(pid=93441) wrapper /opt/stack/nova/nova/scheduler/request_filter.py:46}}
Jul 21 15:30:04.001310 np0000005573 nova-scheduler[93441]: DEBUG nova.scheduler.request_filter [None req-687101cf-4c43-4bc6-b401-66d60a705197 tempest-ServersNegativeTestJSON-551361517 tempest-ServersNegativeTestJSON-551361517-project-member] Request filter 'remote_managed_ports_filter' took 0.0 seconds {{(pid=93441) wrapper /opt/stack/nova/nova/scheduler/request_filter.py:46}}
Jul 21 15:30:04.001462 np0000005573 nova-scheduler[93441]: DEBUG nova.scheduler.request_filter [None req-687101cf-4c43-4bc6-b401-66d60a705197 tempest-ServersNegativeTestJSON-551361517 tempest-ServersNegativeTestJSON-551361517-project-member] ephemeral_encryption_filter skipped {{(pid=93441) ephemeral_encryption_filter /opt/stack/nova/nova/scheduler/request_filter.py:426}}
Jul 21 15:30:04.001639 np0000005573 nova-scheduler[93441]: DEBUG nova.scheduler.request_filter [None req-687101cf-4c43-4bc6-b401-66d60a705197 tempest-ServersNegativeTestJSON-551361517 tempest-ServersNegativeTestJSON-551361517-project-member] virtio_sound_filter skipped {{(pid=93441) virtio_sound_filter /opt/stack/nova/nova/scheduler/request_filter.py:460}}
Jul 21 15:30:04.001748 np0000005573 nova-scheduler[93441]: DEBUG nova.scheduler.request_filter [None req-687101cf-4c43-4bc6-b401-66d60a705197 tempest-ServersNegativeTestJSON-551361517 tempest-ServersNegativeTestJSON-551361517-project-member] tpm_secret_security_filter skipped {{(pid=93441) tpm_secret_security_filter /opt/stack/nova/nova/scheduler/request_filter.py:477}}
Jul 21 15:30:04.558419 np0000005573 nova-scheduler[93441]: INFO nova.utils [None req-687101cf-4c43-4bc6-b401-66d60a705197 tempest-ServersNegativeTestJSON-551361517 tempest-ServersNegativeTestJSON-551361517-project-member] The cell worker thread pool ForkProcess-1.cell_worker is initialized
Jul 21 15:30:04.558880 np0000005573 nova-scheduler[93441]: DEBUG oslo_concurrency.lockutils [None req-687101cf-4c43-4bc6-b401-66d60a705197 tempest-ServersNegativeTestJSON-551361517 tempest-ServersNegativeTestJSON-551361517-project-member] Acquiring lock "1af50319-8186-47a0-9d81-fbad0af73201" by "nova.context.set_target_cell..get_or_set_cached_cell_and_set_connections" {{(pid=93441) inner /opt/stack/data/venv/lib/python3.12/site-packages/oslo_concurrency/lockutils.py:512}}
Jul 21 15:30:04.560260 np0000005573 nova-scheduler[93441]: DEBUG oslo_concurrency.lockutils [None req-687101cf-4c43-4bc6-b401-66d60a705197 tempest-ServersNegativeTestJSON-551361517 tempest-ServersNegativeTestJSON-551361517-project-member] Lock "1af50319-8186-47a0-9d81-fbad0af73201" acquired by "nova.context.set_target_cell..get_or_set_cached_cell_and_set_connections" :: waited 0.000s {{(pid=93441) inner /opt/stack/data/venv/lib/python3.12/site-packages/oslo_concurrency/lockutils.py:525}}
Jul 21 15:30:04.560991 np0000005573 nova-scheduler[93441]: DEBUG oslo_concurrency.lockutils [None req-687101cf-4c43-4bc6-b401-66d60a705197 tempest-ServersNegativeTestJSON-551361517 tempest-ServersNegativeTestJSON-551361517-project-member] Lock "1af50319-8186-47a0-9d81-fbad0af73201" "released" by "nova.context.set_target_cell..get_or_set_cached_cell_and_set_connections" :: held 0.002s {{(pid=93441) inner /opt/stack/data/venv/lib/python3.12/site-packages/oslo_concurrency/lockutils.py:544}}
Jul 21 15:30:04.562868 np0000005573 nova-scheduler[93441]: INFO dbcounter [None req-687101cf-4c43-4bc6-b401-66d60a705197 tempest-ServersNegativeTestJSON-551361517 tempest-ServersNegativeTestJSON-551361517-project-member] Registered counter for database nova_cell1
Jul 21 15:30:04.610366 np0000005573 nova-scheduler[93441]: DEBUG oslo_db.sqlalchemy.engines [None req-687101cf-4c43-4bc6-b401-66d60a705197 tempest-ServersNegativeTestJSON-551361517 tempest-ServersNegativeTestJSON-551361517-project-member] MySQL server mode set to STRICT_TRANS_TABLES,STRICT_ALL_TABLES,NO_ZERO_IN_DATE,NO_ZERO_DATE,ERROR_FOR_DIVISION_BY_ZERO,TRADITIONAL,NO_ENGINE_SUBSTITUTION {{(pid=93441) _check_effective_sql_mode /opt/stack/data/venv/lib/python3.12/site-packages/oslo_db/sqlalchemy/engines.py:325}}
Jul 21 15:30:04.617534 np0000005573 nova-scheduler[93441]: DEBUG dbcounter [-] [93441] Writer thread running {{(pid=93441) stat_writer /opt/stack/data/venv/lib/python3.12/site-packages/dbcounter.py:102}}
Jul 21 15:30:04.634307 np0000005573 nova-scheduler[93441]: DEBUG oslo_db.sqlalchemy.engines [None req-687101cf-4c43-4bc6-b401-66d60a705197 tempest-ServersNegativeTestJSON-551361517 tempest-ServersNegativeTestJSON-551361517-project-member] Parent process 92246 forked (93441) with an open database connection, which is being discarded and recreated. {{(pid=93441) checkout /opt/stack/data/venv/lib/python3.12/site-packages/oslo_db/sqlalchemy/engines.py:402}}
Jul 21 15:30:04.682255 np0000005573 nova-scheduler[93441]: DEBUG dbcounter [-] [93441] Writer thread running {{(pid=93441) stat_writer /opt/stack/data/venv/lib/python3.12/site-packages/dbcounter.py:102}}
Jul 21 15:30:04.685293 np0000005573 nova-scheduler[93441]: DEBUG oslo_concurrency.lockutils [None req-687101cf-4c43-4bc6-b401-66d60a705197 tempest-ServersNegativeTestJSON-551361517 tempest-ServersNegativeTestJSON-551361517-project-member] Acquiring lock "1af50319-8186-47a0-9d81-fbad0af73201" by "nova.context.set_target_cell..get_or_set_cached_cell_and_set_connections" {{(pid=93441) inner /opt/stack/data/venv/lib/python3.12/site-packages/oslo_concurrency/lockutils.py:512}}
Jul 21 15:30:04.685709 np0000005573 nova-scheduler[93441]: DEBUG oslo_concurrency.lockutils [None req-687101cf-4c43-4bc6-b401-66d60a705197 tempest-ServersNegativeTestJSON-551361517 tempest-ServersNegativeTestJSON-551361517-project-member] Lock "1af50319-8186-47a0-9d81-fbad0af73201" acquired by "nova.context.set_target_cell..get_or_set_cached_cell_and_set_connections" :: waited 0.000s {{(pid=93441) inner /opt/stack/data/venv/lib/python3.12/site-packages/oslo_concurrency/lockutils.py:525}}
Jul 21 15:30:04.685709 np0000005573 nova-scheduler[93441]: DEBUG oslo_concurrency.lockutils [None req-687101cf-4c43-4bc6-b401-66d60a705197 tempest-ServersNegativeTestJSON-551361517 tempest-ServersNegativeTestJSON-551361517-project-member] Lock "1af50319-8186-47a0-9d81-fbad0af73201" "released" by "nova.context.set_target_cell..get_or_set_cached_cell_and_set_connections" :: held 0.000s {{(pid=93441) inner /opt/stack/data/venv/lib/python3.12/site-packages/oslo_concurrency/lockutils.py:544}}
Jul 21 15:30:04.690010 np0000005573 nova-scheduler[93441]: DEBUG oslo_concurrency.lockutils [None req-687101cf-4c43-4bc6-b401-66d60a705197 tempest-ServersNegativeTestJSON-551361517 tempest-ServersNegativeTestJSON-551361517-project-member] Acquiring lock "np0000005573-np0000005573" by "nova.scheduler.host_manager.HostState.update.._locked_update" {{(pid=93441) inner /opt/stack/data/venv/lib/python3.12/site-packages/oslo_concurrency/lockutils.py:512}}
Jul 21 15:30:04.690010 np0000005573 nova-scheduler[93441]: DEBUG oslo_concurrency.lockutils [None req-687101cf-4c43-4bc6-b401-66d60a705197 tempest-ServersNegativeTestJSON-551361517 tempest-ServersNegativeTestJSON-551361517-project-member] Lock "np0000005573-np0000005573" acquired by "nova.scheduler.host_manager.HostState.update.._locked_update" :: waited 0.000s {{(pid=93441) inner /opt/stack/data/venv/lib/python3.12/site-packages/oslo_concurrency/lockutils.py:525}}
Jul 21 15:30:04.691384 np0000005573 nova-scheduler[93441]: DEBUG nova.scheduler.host_manager [None req-687101cf-4c43-4bc6-b401-66d60a705197 tempest-ServersNegativeTestJSON-551361517 tempest-ServersNegativeTestJSON-551361517-project-member] Update host state from compute node: ComputeNode(cpu_allocation_ratio=4.0,cpu_info='{"arch": "x86_64", "model": "EPYC-Milan", "vendor": "AMD", "topology": {"cells": 1, "sockets": 16, "cores": 1, "threads": 1}, "maxphysaddr": {"mode": "emulate", "bits": 40}, "features": ["mtrr", "avx2", "aes", "clflush", "null-sel-clr-base", "rdseed", "sse4.1", "mmxext", "pause-filter", "umip", "invpcid", "sse4a", "vgif", "mmx", "v-vmsave-vmload", "sse2", "fxsr", "clwb", "virt-ssbd", "npt", "xsavec", "gds-no", "f16c", "nrip-save", "ssse3", "abm", "msr", "pse36", "pdpe1gb", "ibpb", "pfthreshold", "rdctl-no", "pcid", "mds-no", "svm", "misalignsse", "spec-ctrl", "svme-addr-chk", "rdtscp", "vmcb-clean", "lbrv", "smap", "sse", "cx16", "cmp_legacy", "fsgsbase", "sse4.2", "sep", "adx", "lahf_lm", "movbe", "cmov", "apic", "tsc_adjust", "perfctr_core", "tsc-scale", "xsaveopt", "pni", "arch-capabilities", "mca", "fpu", "smep", "wbnoinvd", "vme", "xgetbv1", "x2apic", "avx", "xsaves", "pku", "lfence-always-serializing", "ssbd", "cx8", "amd-ssbd", "ibrs", "stibp-always-on", "fxsr_opt", "lm", "xsaveerptr", "no-nested-data-bp", "pschange-mc-no", "tsc-deadline", "de", "arat", "syscall", "topoext", "mce", "hypervisor", "rdpid", "rdrand", "clzero", "erms", "amd-psfd", "pclmuldq", "popcnt", "amd-stibp", "sha-ni", "bmi1", "pge", "flushbyasid", "pae", "stibp", "pse", "fma", "nx", "clflushopt", "vpclmulqdq", "vaes", "fsrm", "bmi2", "osvw", "skip-l1dfl-vmentry", "xsave", "cr8legacy", "pat", "tsc", "3dnowprefetch"]}',created_at=2026-07-21T15:27:46Z,current_workload=0,deleted=False,deleted_at=None,disk_allocation_ratio=1.0,disk_available_least=73,free_disk_gb=95,free_ram_mb=62765,host='np0000005573',host_ip=10.4.3.100,hypervisor_hostname='np0000005573',hypervisor_type='QEMU',hypervisor_version=8002002,id=1,local_gb=95,local_gb_used=0,mapped=1,memory_mb=63277,memory_mb_used=512,metrics='[]',numa_topology='{"nova_object.name": "NUMATopology", "nova_object.namespace": "nova", "nova_object.version": "1.2", "nova_object.data": {"cells": [{"nova_object.name": "NUMACell", "nova_object.namespace": "nova", "nova_object.version": "1.5", "nova_object.data": {"id": 0, "cpuset": [0, 1, 2, 3, 4, 5, 6, 7, 8, 9, 10, 11, 12, 13, 14, 15], "pcpuset": [0, 1, 2, 3, 4, 5, 6, 7, 8, 9, 10, 11, 12, 13, 14, 15], "memory": 63277, "cpu_usage": 0, "memory_usage": 0, "pinned_cpus": [], "siblings": [[6], [12], [2], [15], [5], [11], [8], [14], [4], [1], [7], [10], [0], [13], [3], [9]], "mempages": [{"nova_object.name": "NUMAPagesTopology", "nova_object.namespace": "nova", "nova_object.version": "1.1", "nova_object.data": {"size_kb": 4, "total": 16177927, "used": 0, "reserved": 0}, "nova_object.changes": ["total", "size_kb", "reserved", "used"]}, {"nova_object.name": "NUMAPagesTopology", "nova_object.namespace": "nova", "nova_object.version": "1.1", "nova_object.data": {"size_kb": 2048, "total": 41, "used": 0, "reserved": 0}, "nova_object.changes": ["total", "size_kb", "reserved", "used"]}, {"nova_object.name": "NUMAPagesTopology", "nova_object.namespace": "nova", "nova_object.version": "1.1", "nova_object.data": {"size_kb": 1048576, "total": 0, "used": 0, "reserved": 0}, "nova_object.changes": ["total", "size_kb", "reserved", "used"]}], "network_metadata": {"nova_object.name": "NetworkMetadata", "nova_object.namespace": "nova", "nova_object.version": "1.0", "nova_object.data": {"physnets": [], "tunneled": false}, "nova_object.changes": ["tunneled", "physnets"]}, "socket": null}, "nova_object.changes": ["cpuset", "mempages", "network_metadata", "pcpuset", "pinned_cpus", "cpu_usage", "id", "memory", "socket", "siblings", "memory_usage"]}]}, "nova_object.changes": ["cells"]}',pci_device_pools=PciDevicePoolList,ram_allocation_ratio=1.0,running_vms=0,service_id=4,stats={failed_builds='0',uptime=' 15:29:31 up 14 min, 2 users, load average: 1.13, 1.35, 0.83
Jul 21 15:30:04.691384 np0000005573 nova-scheduler[93441]: '},supported_hv_specs=[HVSpec,HVSpec,HVSpec,HVSpec,HVSpec,HVSpec,HVSpec,HVSpec,HVSpec,HVSpec,HVSpec,HVSpec,HVSpec,HVSpec,HVSpec,HVSpec,HVSpec,HVSpec,HVSpec,HVSpec,HVSpec,HVSpec,HVSpec,HVSpec,HVSpec],updated_at=2026-07-21T15:29:32Z,uuid=0e406631-67f8-45d7-b58d-3c6ec5edc268,vcpus=16,vcpus_used=0) {{(pid=93441) _locked_update /opt/stack/nova/nova/scheduler/host_manager.py:168}}
Jul 21 15:30:04.692167 np0000005573 nova-scheduler[93441]: DEBUG nova.scheduler.host_manager [None req-687101cf-4c43-4bc6-b401-66d60a705197 tempest-ServersNegativeTestJSON-551361517 tempest-ServersNegativeTestJSON-551361517-project-member] Update host state with aggregates: [] {{(pid=93441) _locked_update /opt/stack/nova/nova/scheduler/host_manager.py:171}}
Jul 21 15:30:04.692302 np0000005573 nova-scheduler[93441]: DEBUG nova.scheduler.host_manager [None req-687101cf-4c43-4bc6-b401-66d60a705197 tempest-ServersNegativeTestJSON-551361517 tempest-ServersNegativeTestJSON-551361517-project-member] Update host state with service dict: {'id': 4, 'uuid': '87cbae53-ce9e-4fc5-8d4f-90800c7c2f07', 'host': 'np0000005573', 'binary': 'nova-compute', 'topic': 'compute', 'report_count': 2, 'disabled': False, 'disabled_reason': None, 'last_seen_up': datetime.datetime(2026, 7, 21, 15, 29, 53, tzinfo=datetime.timezone.utc), 'forced_down': False, 'version': 72, 'created_at': datetime.datetime(2026, 7, 21, 15, 27, 46, tzinfo=datetime.timezone.utc), 'updated_at': datetime.datetime(2026, 7, 21, 15, 29, 53, tzinfo=datetime.timezone.utc), 'deleted_at': None, 'deleted': False} {{(pid=93441) _locked_update /opt/stack/nova/nova/scheduler/host_manager.py:174}}
Jul 21 15:30:04.692445 np0000005573 nova-scheduler[93441]: DEBUG nova.scheduler.host_manager [None req-687101cf-4c43-4bc6-b401-66d60a705197 tempest-ServersNegativeTestJSON-551361517 tempest-ServersNegativeTestJSON-551361517-project-member] Update host state with instances: [] {{(pid=93441) _locked_update /opt/stack/nova/nova/scheduler/host_manager.py:177}}
Jul 21 15:30:04.692595 np0000005573 nova-scheduler[93441]: DEBUG oslo_concurrency.lockutils [None req-687101cf-4c43-4bc6-b401-66d60a705197 tempest-ServersNegativeTestJSON-551361517 tempest-ServersNegativeTestJSON-551361517-project-member] Lock "np0000005573-np0000005573" "released" by "nova.scheduler.host_manager.HostState.update.._locked_update" :: held 0.003s {{(pid=93441) inner /opt/stack/data/venv/lib/python3.12/site-packages/oslo_concurrency/lockutils.py:544}}
Jul 21 15:30:04.693017 np0000005573 nova-scheduler[93441]: DEBUG nova.filters [None req-687101cf-4c43-4bc6-b401-66d60a705197 tempest-ServersNegativeTestJSON-551361517 tempest-ServersNegativeTestJSON-551361517-project-member] Starting with 1 host(s) {{(pid=93441) get_filtered_objects /opt/stack/nova/nova/filters.py:70}}
Jul 21 15:30:04.693392 np0000005573 nova-scheduler[93441]: DEBUG nova.filters [None req-687101cf-4c43-4bc6-b401-66d60a705197 tempest-ServersNegativeTestJSON-551361517 tempest-ServersNegativeTestJSON-551361517-project-member] Filter ComputeFilter returned 1 host(s) {{(pid=93441) get_filtered_objects /opt/stack/nova/nova/filters.py:102}}
Jul 21 15:30:04.693533 np0000005573 nova-scheduler[93441]: DEBUG nova.filters [None req-687101cf-4c43-4bc6-b401-66d60a705197 tempest-ServersNegativeTestJSON-551361517 tempest-ServersNegativeTestJSON-551361517-project-member] Filter ComputeCapabilitiesFilter returned 1 host(s) {{(pid=93441) get_filtered_objects /opt/stack/nova/nova/filters.py:102}}
Jul 21 15:30:04.693748 np0000005573 nova-scheduler[93441]: DEBUG nova.filters [None req-687101cf-4c43-4bc6-b401-66d60a705197 tempest-ServersNegativeTestJSON-551361517 tempest-ServersNegativeTestJSON-551361517-project-member] Filter ImagePropertiesFilter returned 1 host(s) {{(pid=93441) get_filtered_objects /opt/stack/nova/nova/filters.py:102}}
Jul 21 15:30:04.693906 np0000005573 nova-scheduler[93441]: DEBUG nova.filters [None req-687101cf-4c43-4bc6-b401-66d60a705197 tempest-ServersNegativeTestJSON-551361517 tempest-ServersNegativeTestJSON-551361517-project-member] Filter ServerGroupAntiAffinityFilter returned 1 host(s) {{(pid=93441) get_filtered_objects /opt/stack/nova/nova/filters.py:102}}
Jul 21 15:30:04.694041 np0000005573 nova-scheduler[93441]: DEBUG nova.filters [None req-687101cf-4c43-4bc6-b401-66d60a705197 tempest-ServersNegativeTestJSON-551361517 tempest-ServersNegativeTestJSON-551361517-project-member] Filter ServerGroupAffinityFilter returned 1 host(s) {{(pid=93441) get_filtered_objects /opt/stack/nova/nova/filters.py:102}}
Jul 21 15:30:04.694237 np0000005573 nova-scheduler[93441]: DEBUG nova.filters [None req-687101cf-4c43-4bc6-b401-66d60a705197 tempest-ServersNegativeTestJSON-551361517 tempest-ServersNegativeTestJSON-551361517-project-member] Filter SameHostFilter returned 1 host(s) {{(pid=93441) get_filtered_objects /opt/stack/nova/nova/filters.py:102}}
Jul 21 15:30:04.695075 np0000005573 nova-scheduler[93441]: DEBUG nova.filters [None req-687101cf-4c43-4bc6-b401-66d60a705197 tempest-ServersNegativeTestJSON-551361517 tempest-ServersNegativeTestJSON-551361517-project-member] Filter DifferentHostFilter returned 1 host(s) {{(pid=93441) get_filtered_objects /opt/stack/nova/nova/filters.py:102}}
Jul 21 15:30:04.695075 np0000005573 nova-scheduler[93441]: DEBUG nova.scheduler.manager [None req-687101cf-4c43-4bc6-b401-66d60a705197 tempest-ServersNegativeTestJSON-551361517 tempest-ServersNegativeTestJSON-551361517-project-member] Filtered [(np0000005573, np0000005573) ram: 62765MB disk: 74752MB io_ops: 0 instances: 0, allocation_candidates: 1] {{(pid=93441) _get_sorted_hosts /opt/stack/nova/nova/scheduler/manager.py:742}}
Jul 21 15:30:04.695075 np0000005573 nova-scheduler[93441]: DEBUG nova.scheduler.manager [None req-687101cf-4c43-4bc6-b401-66d60a705197 tempest-ServersNegativeTestJSON-551361517 tempest-ServersNegativeTestJSON-551361517-project-member] Weighed [WeighedHost [host: (np0000005573, np0000005573) ram: 62765MB disk: 74752MB io_ops: 0 instances: 0, allocation_candidates: 1, weight: 0.0]] {{(pid=93441) _get_sorted_hosts /opt/stack/nova/nova/scheduler/manager.py:764}}
Jul 21 15:30:04.695075 np0000005573 nova-scheduler[93441]: DEBUG nova.scheduler.utils [None req-687101cf-4c43-4bc6-b401-66d60a705197 tempest-ServersNegativeTestJSON-551361517 tempest-ServersNegativeTestJSON-551361517-project-member] Attempting to claim resources in the placement API for instance f53014fa-ea68-4747-936b-0551b776ec30 {{(pid=93441) claim_resources /opt/stack/nova/nova/scheduler/utils.py:1345}}
Jul 21 15:30:04.885395 np0000005573 nova-scheduler[93441]: DEBUG nova.scheduler.manager [None req-687101cf-4c43-4bc6-b401-66d60a705197 tempest-ServersNegativeTestJSON-551361517 tempest-ServersNegativeTestJSON-551361517-project-member] [instance: f53014fa-ea68-4747-936b-0551b776ec30] Selected host: (np0000005573, np0000005573) ram: 62765MB disk: 74752MB io_ops: 0 instances: 0, allocation_candidates: 1 {{(pid=93441) _consume_selected_host /opt/stack/nova/nova/scheduler/manager.py:624}}
Jul 21 15:30:04.885571 np0000005573 nova-scheduler[93441]: DEBUG oslo_concurrency.lockutils [None req-687101cf-4c43-4bc6-b401-66d60a705197 tempest-ServersNegativeTestJSON-551361517 tempest-ServersNegativeTestJSON-551361517-project-member] Acquiring lock "np0000005573-np0000005573" by "nova.scheduler.host_manager.HostState.consume_from_request.._locked" {{(pid=93441) inner /opt/stack/data/venv/lib/python3.12/site-packages/oslo_concurrency/lockutils.py:512}}
Jul 21 15:30:04.885776 np0000005573 nova-scheduler[93441]: DEBUG oslo_concurrency.lockutils [None req-687101cf-4c43-4bc6-b401-66d60a705197 tempest-ServersNegativeTestJSON-551361517 tempest-ServersNegativeTestJSON-551361517-project-member] Lock "np0000005573-np0000005573" acquired by "nova.scheduler.host_manager.HostState.consume_from_request.._locked" :: waited 0.000s {{(pid=93441) inner /opt/stack/data/venv/lib/python3.12/site-packages/oslo_concurrency/lockutils.py:525}}
Jul 21 15:30:04.885968 np0000005573 nova-scheduler[93441]: DEBUG oslo_concurrency.lockutils [None req-687101cf-4c43-4bc6-b401-66d60a705197 tempest-ServersNegativeTestJSON-551361517 tempest-ServersNegativeTestJSON-551361517-project-member] Lock "np0000005573-np0000005573" "released" by "nova.scheduler.host_manager.HostState.consume_from_request.._locked" :: held 0.000s {{(pid=93441) inner /opt/stack/data/venv/lib/python3.12/site-packages/oslo_concurrency/lockutils.py:544}}
Jul 21 15:30:06.530845 np0000005573 nova-scheduler[93443]: DEBUG nova.scheduler.manager [None req-7f7d19d9-a2d6-46a9-90ff-2a5f35a6ab00 tempest-DeleteServersTestJSON-200673015 tempest-DeleteServersTestJSON-200673015-project-member] Starting to schedule for instances: ['4833d32c-3dbd-4c21-b07f-bf03b6d4e3e7'] {{(pid=93443) select_destinations /opt/stack/nova/nova/scheduler/manager.py:209}}
Jul 21 15:30:06.531388 np0000005573 nova-scheduler[93443]: DEBUG nova.scheduler.request_filter [None req-7f7d19d9-a2d6-46a9-90ff-2a5f35a6ab00 tempest-DeleteServersTestJSON-200673015 tempest-DeleteServersTestJSON-200673015-project-member] compute_status_filter request filter added forbidden trait COMPUTE_STATUS_DISABLED {{(pid=93443) compute_status_filter /opt/stack/nova/nova/scheduler/request_filter.py:253}}
Jul 21 15:30:06.531496 np0000005573 nova-scheduler[93443]: DEBUG nova.scheduler.request_filter [None req-7f7d19d9-a2d6-46a9-90ff-2a5f35a6ab00 tempest-DeleteServersTestJSON-200673015 tempest-DeleteServersTestJSON-200673015-project-member] Request filter 'compute_status_filter' took 0.0 seconds {{(pid=93443) wrapper /opt/stack/nova/nova/scheduler/request_filter.py:46}}
Jul 21 15:30:06.531980 np0000005573 nova-scheduler[93443]: DEBUG nova.scheduler.request_filter [None req-7f7d19d9-a2d6-46a9-90ff-2a5f35a6ab00 tempest-DeleteServersTestJSON-200673015 tempest-DeleteServersTestJSON-200673015-project-member] Request filter 'accelerators_filter' took 0.0 seconds {{(pid=93443) wrapper /opt/stack/nova/nova/scheduler/request_filter.py:46}}
Jul 21 15:30:06.532375 np0000005573 nova-scheduler[93443]: DEBUG nova.scheduler.request_filter [None req-7f7d19d9-a2d6-46a9-90ff-2a5f35a6ab00 tempest-DeleteServersTestJSON-200673015 tempest-DeleteServersTestJSON-200673015-project-member] Request filter 'packed_virtqueue_filter' took 0.0 seconds {{(pid=93443) wrapper /opt/stack/nova/nova/scheduler/request_filter.py:46}}
Jul 21 15:30:06.532784 np0000005573 nova-scheduler[93443]: DEBUG nova.scheduler.request_filter [None req-7f7d19d9-a2d6-46a9-90ff-2a5f35a6ab00 tempest-DeleteServersTestJSON-200673015 tempest-DeleteServersTestJSON-200673015-project-member] Request filter 'remote_managed_ports_filter' took 0.0 seconds {{(pid=93443) wrapper /opt/stack/nova/nova/scheduler/request_filter.py:46}}
Jul 21 15:30:06.532955 np0000005573 nova-scheduler[93443]: DEBUG nova.scheduler.request_filter [None req-7f7d19d9-a2d6-46a9-90ff-2a5f35a6ab00 tempest-DeleteServersTestJSON-200673015 tempest-DeleteServersTestJSON-200673015-project-member] ephemeral_encryption_filter skipped {{(pid=93443) ephemeral_encryption_filter /opt/stack/nova/nova/scheduler/request_filter.py:426}}
